Apr 27 23:50:58 devstack cinder-volume[81312]: DEBUG cinder.volume.drivers.quobyte [req-8a1ebd9e-2407-488f-a58d-99f54b02b14d req-43cdc6ff-e10c-487e-a69e-1f67cf4fcd0b tempest-VolumesSnapshotsTestJSON-1587579459 None] ==> create_volume: call "{'self': , 'volume': Volume(_name_id=None,admin_metadata=,attach_status='detached',availability_zone='nova',bootable=False,cluster=,cluster_name=None,consistencygroup=,consistencygroup_id=None,created_at=2026-04-27T21:50:56Z,deleted=False,deleted_at=None,display_description=None,display_name='tempest-VolumesSnapshotsTestJSON-volume-368590818',ec2_id=None,encryption_key_id=None,glance_metadata=,group=,group_id=None,host='devstack@QuobyteHD#QuobyteHD',id=6b7630a9-cf59-4488-a7c0-8ecea3f31d9e,launched_at=None,metadata={},migration_status=None,multiattach=False,previous_status=None,project_id='f829e43a47624371b535219ff58ddde1',provider_auth=None,provider_geometry=None,provider_id=None,provider_location=None,replication_driver_data=None,replication_extended_status=None,replication_status=None,scheduled_at=2026-04-27T21:50:57Z,service_uuid=None,shared_targets=True,size=1,snapshot_id=None,snapshots=,source_volid=None,status='creating',terminated_at=None,updated_at=2026-04-27T21:50:57Z,use_quota=True,user_id='d1187bee36354f518143f295f6f88c4a',volume_attachment=VolumeAttachmentList,volume_type=VolumeType(79dff977-5179-4908-b451-1ca94af885da),volume_type_id=79dff977-5179-4908-b451-1ca94af885da)}" {{(pid=81312) trace_logging_wrapper /opt/stack/cinder/cinder/volume/volume_utils.py:1498}}
Apr 27 23:50:58 devstack cinder-volume[81312]: DEBUG cinder.volume.drivers.remotefs [req-8a1ebd9e-2407-488f-a58d-99f54b02b14d req-43cdc6ff-e10c-487e-a69e-1f67cf4fcd0b tempest-VolumesSnapshotsTestJSON-1587579459 None] Creating volume 6b7630a9-cf59-4488-a7c0-8ecea3f31d9e {{(pid=81312) create_volume /opt/stack/cinder/cinder/volume/drivers/remotefs.py:292}}
Apr 27 23:50:58 devstack cinder-volume[81312]: DEBUG oslo_concurrency.lockutils [req-8a1ebd9e-2407-488f-a58d-99f54b02b14d req-43cdc6ff-e10c-487e-a69e-1f67cf4fcd0b tempest-VolumesSnapshotsTestJSON-1587579459 None] Acquiring lock "quobyte_ensure" by "cinder.volume.drivers.quobyte.QuobyteDriver._ensure_shares_mounted" {{(pid=81312) inner /opt/stack/data/venv/lib/python3.10/site-packages/oslo_concurrency/lockutils.py:506}}
Apr 27 23:50:58 devstack cinder-volume[81312]: DEBUG oslo_concurrency.lockutils [req-8a1ebd9e-2407-488f-a58d-99f54b02b14d req-43cdc6ff-e10c-487e-a69e-1f67cf4fcd0b tempest-VolumesSnapshotsTestJSON-1587579459 None] Lock "quobyte_ensure" acquired by "cinder.volume.drivers.quobyte.QuobyteDriver._ensure_shares_mounted" :: waited 0.002s {{(pid=81312) inner /opt/stack/data/venv/lib/python3.10/site-packages/oslo_concurrency/lockutils.py:519}}
Apr 27 23:50:58 devstack cinder-volume[81312]: DEBUG cinder.volume.drivers.quobyte [req-8a1ebd9e-2407-488f-a58d-99f54b02b14d req-43cdc6ff-e10c-487e-a69e-1f67cf4fcd0b tempest-VolumesSnapshotsTestJSON-1587579459 None] Quobyte Volume URL set to: {'osci02.corp.quobyte.com/cinder-vol-0cf555ff-90df-40e2-adce-520f0730e9e6': None} {{(pid=81312) _load_shares_config /opt/stack/cinder/cinder/volume/drivers/quobyte.py:617}}
Apr 27 23:50:58 devstack cinder-volume[81312]: DEBUG cinder.volume.drivers.quobyte [req-8a1ebd9e-2407-488f-a58d-99f54b02b14d req-43cdc6ff-e10c-487e-a69e-1f67cf4fcd0b tempest-VolumesSnapshotsTestJSON-1587579459 None] Available shares ['osci02.corp.quobyte.com/cinder-vol-0cf555ff-90df-40e2-adce-520f0730e9e6'] {{(pid=81312) _ensure_shares_mounted /opt/stack/cinder/cinder/volume/drivers/quobyte.py:647}}
Apr 27 23:50:58 devstack cinder-volume[81312]: DEBUG oslo_concurrency.lockutils [req-8a1ebd9e-2407-488f-a58d-99f54b02b14d req-43cdc6ff-e10c-487e-a69e-1f67cf4fcd0b tempest-VolumesSnapshotsTestJSON-1587579459 None] Lock "quobyte_ensure" "released" by "cinder.volume.drivers.quobyte.QuobyteDriver._ensure_shares_mounted" :: held 0.010s {{(pid=81312) inner /opt/stack/data/venv/lib/python3.10/site-packages/oslo_concurrency/lockutils.py:538}}
Apr 27 23:50:58 devstack cinder-volume[81312]: DEBUG cinder.volume.drivers.quobyte [req-8a1ebd9e-2407-488f-a58d-99f54b02b14d req-43cdc6ff-e10c-487e-a69e-1f67cf4fcd0b tempest-VolumesSnapshotsTestJSON-1587579459 None] Selected osci02.corp.quobyte.com/cinder-vol-0cf555ff-90df-40e2-adce-520f0730e9e6 as target Quobyte volume. {{(pid=81312) _find_share /opt/stack/cinder/cinder/volume/drivers/quobyte.py:668}}
Apr 27 23:50:58 devstack cinder-volume[81312]: INFO cinder.volume.drivers.remotefs [req-8a1ebd9e-2407-488f-a58d-99f54b02b14d req-43cdc6ff-e10c-487e-a69e-1f67cf4fcd0b tempest-VolumesSnapshotsTestJSON-1587579459 None] casted to osci02.corp.quobyte.com/cinder-vol-0cf555ff-90df-40e2-adce-520f0730e9e6
Apr 27 23:50:58 devstack cinder-volume[81312]: DEBUG oslo_concurrency.processutils [req-8a1ebd9e-2407-488f-a58d-99f54b02b14d req-43cdc6ff-e10c-487e-a69e-1f67cf4fcd0b tempest-VolumesSnapshotsTestJSON-1587579459 None] Running cmd (subprocess): sudo cinder-rootwrap /etc/cinder/rootwrap.conf qemu-img create -f qcow2 -o preallocation=metadata /opt/stack/data/cinder/mnt/d3df2a0486a98a7daa7d649946353b81/volume-6b7630a9-cf59-4488-a7c0-8ecea3f31d9e 1073741824 {{(pid=81312) execute /opt/stack/data/venv/lib/python3.10/site-packages/oslo_concurrency/processutils.py:440}}
Apr 27 23:50:58 devstack cinder-volume[81312]: DEBUG cinder.volume.manager [None req-835cc95c-d448-4364-ab49-87ac63f8193c tempest-DeleteServersTestJSON-1813792938 None] Task 'cinder.volume.flows.manager.create_volume.CreateVolumeFromSpecTask;volume:create' (9f1a11d0-1629-4678-8e00-d1fdff08d489) transitioned into state 'SUCCESS' from state 'RUNNING' with result '{'status': 'creating', 'volume_name': 'volume-8991a87a-9916-4203-8476-e83be48c94e7', 'volume_size': 1}' {{(pid=81312) _task_receiver /opt/stack/data/venv/lib/python3.10/site-packages/taskflow/listeners/logging.py:182}}
Apr 27 23:50:58 devstack cinder-volume[81312]: DEBUG cinder.volume.manager [None req-835cc95c-d448-4364-ab49-87ac63f8193c tempest-DeleteServersTestJSON-1813792938 None] Task 'cinder.volume.flows.manager.create_volume.CreateVolumeOnFinishTask;volume:create, create.end' (21e1f7ab-0ed9-4cb7-bf2f-2fe6f802d241) transitioned into state 'RUNNING' from state 'PENDING' {{(pid=81312) _task_receiver /opt/stack/data/venv/lib/python3.10/site-packages/taskflow/listeners/logging.py:194}}
Apr 27 23:50:58 devstack sudo[83068]: quobyte : PWD=/ ; USER=root ; COMMAND=/opt/stack/data/venv/bin/cinder-rootwrap /etc/cinder/rootwrap.conf qemu-img create -f qcow2 -o preallocation=metadata /opt/stack/data/cinder/mnt/d3df2a0486a98a7daa7d649946353b81/volume-6b7630a9-cf59-4488-a7c0-8ecea3f31d9e 1073741824
Apr 27 23:50:58 devstack sudo[83068]: pam_unix(sudo:session): session opened for user root(uid=0) by (uid=1000)
Apr 27 23:50:58 devstack cinder-volume[81312]: INFO cinder.volume.flows.manager.create_volume [None req-835cc95c-d448-4364-ab49-87ac63f8193c tempest-DeleteServersTestJSON-1813792938 None] Volume volume-8991a87a-9916-4203-8476-e83be48c94e7 (8991a87a-9916-4203-8476-e83be48c94e7): created successfully
Apr 27 23:50:58 devstack cinder-volume[81312]: DEBUG cinder.volume.manager [None req-835cc95c-d448-4364-ab49-87ac63f8193c tempest-DeleteServersTestJSON-1813792938 None] Task 'cinder.volume.flows.manager.create_volume.CreateVolumeOnFinishTask;volume:create, create.end' (21e1f7ab-0ed9-4cb7-bf2f-2fe6f802d241) transitioned into state 'SUCCESS' from state 'RUNNING' with result 'None' {{(pid=81312) _task_receiver /opt/stack/data/venv/lib/python3.10/site-packages/taskflow/listeners/logging.py:182}}
Apr 27 23:50:58 devstack cinder-volume[81312]: DEBUG cinder.volume.manager [None req-835cc95c-d448-4364-ab49-87ac63f8193c tempest-DeleteServersTestJSON-1813792938 None] Flow 'volume_create_manager' (6c0d5047-c743-4d01-ba60-42f1e2c6a922) transitioned into state 'SUCCESS' from state 'RUNNING' {{(pid=81312) _flow_receiver /opt/stack/data/venv/lib/python3.10/site-packages/taskflow/listeners/logging.py:145}}
Apr 27 23:50:58 devstack cinder-volume[81312]: INFO cinder.volume.manager [None req-835cc95c-d448-4364-ab49-87ac63f8193c tempest-DeleteServersTestJSON-1813792938 None] Created volume successfully.
Apr 27 23:50:59 devstack sudo[83068]: pam_unix(sudo:session): session closed for user root
Apr 27 23:50:59 devstack cinder-volume[81312]: DEBUG oslo_concurrency.processutils [req-8a1ebd9e-2407-488f-a58d-99f54b02b14d req-43cdc6ff-e10c-487e-a69e-1f67cf4fcd0b tempest-VolumesSnapshotsTestJSON-1587579459 None] CMD "sudo cinder-rootwrap /etc/cinder/rootwrap.conf qemu-img create -f qcow2 -o preallocation=metadata /opt/stack/data/cinder/mnt/d3df2a0486a98a7daa7d649946353b81/volume-6b7630a9-cf59-4488-a7c0-8ecea3f31d9e 1073741824" returned: 0 in 1.249s {{(pid=81312) execute /opt/stack/data/venv/lib/python3.10/site-packages/oslo_concurrency/processutils.py:468}}
Apr 27 23:50:59 devstack cinder-volume[81312]: DEBUG oslo_concurrency.processutils [req-8a1ebd9e-2407-488f-a58d-99f54b02b14d req-43cdc6ff-e10c-487e-a69e-1f67cf4fcd0b tempest-VolumesSnapshotsTestJSON-1587579459 None] Running cmd (subprocess): sudo cinder-rootwrap /etc/cinder/rootwrap.conf chmod ugo+rw /opt/stack/data/cinder/mnt/d3df2a0486a98a7daa7d649946353b81/volume-6b7630a9-cf59-4488-a7c0-8ecea3f31d9e {{(pid=81312) execute /opt/stack/data/venv/lib/python3.10/site-packages/oslo_concurrency/processutils.py:440}}
Apr 27 23:50:59 devstack sudo[83108]: quobyte : PWD=/ ; USER=root ; COMMAND=/opt/stack/data/venv/bin/cinder-rootwrap /etc/cinder/rootwrap.conf chmod ugo+rw /opt/stack/data/cinder/mnt/d3df2a0486a98a7daa7d649946353b81/volume-6b7630a9-cf59-4488-a7c0-8ecea3f31d9e
Apr 27 23:50:59 devstack sudo[83108]: pam_unix(sudo:session): session opened for user root(uid=0) by (uid=1000)
Apr 27 23:51:00 devstack sudo[83108]: pam_unix(sudo:session): session closed for user root
Apr 27 23:51:00 devstack cinder-volume[81312]: DEBUG oslo_concurrency.processutils [req-8a1ebd9e-2407-488f-a58d-99f54b02b14d req-43cdc6ff-e10c-487e-a69e-1f67cf4fcd0b tempest-VolumesSnapshotsTestJSON-1587579459 None] CMD "sudo cinder-rootwrap /etc/cinder/rootwrap.conf chmod ugo+rw /opt/stack/data/cinder/mnt/d3df2a0486a98a7daa7d649946353b81/volume-6b7630a9-cf59-4488-a7c0-8ecea3f31d9e" returned: 0 in 0.682s {{(pid=81312) execute /opt/stack/data/venv/lib/python3.10/site-packages/oslo_concurrency/processutils.py:468}}
Apr 27 23:51:00 devstack cinder-volume[81312]: DEBUG cinder.volume.drivers.quobyte [req-8a1ebd9e-2407-488f-a58d-99f54b02b14d req-43cdc6ff-e10c-487e-a69e-1f67cf4fcd0b tempest-VolumesSnapshotsTestJSON-1587579459 None] <== create_volume: return (2014ms) {'provider_location': 'osci02.corp.quobyte.com/cinder-vol-0cf555ff-90df-40e2-adce-520f0730e9e6'} {{(pid=81312) trace_logging_wrapper /opt/stack/cinder/cinder/volume/volume_utils.py:1523}}
Apr 27 23:51:00 devstack cinder-volume[81312]: DEBUG oslo_concurrency.lockutils [req-8a1ebd9e-2407-488f-a58d-99f54b02b14d req-43cdc6ff-e10c-487e-a69e-1f67cf4fcd0b tempest-VolumesSnapshotsTestJSON-1587579459 None] Lock "quobyte" "released" by "cinder.volume.drivers.quobyte.QuobyteDriver.create_volume" :: held 2.028s {{(pid=81312) inner /opt/stack/data/venv/lib/python3.10/site-packages/oslo_concurrency/lockutils.py:538}}
Apr 27 23:51:00 devstack cinder-volume[81312]: DEBUG cinder.volume.manager [req-8a1ebd9e-2407-488f-a58d-99f54b02b14d req-43cdc6ff-e10c-487e-a69e-1f67cf4fcd0b tempest-VolumesSnapshotsTestJSON-1587579459 None] Task 'cinder.volume.flows.manager.create_volume.CreateVolumeFromSpecTask;volume:create' (873c8c69-1604-4145-a520-bb846c02983e) transitioned into state 'SUCCESS' from state 'RUNNING' with result '{'status': 'creating', 'volume_name': 'volume-6b7630a9-cf59-4488-a7c0-8ecea3f31d9e', 'volume_size': 1}' {{(pid=81312) _task_receiver /opt/stack/data/venv/lib/python3.10/site-packages/taskflow/listeners/logging.py:182}}
Apr 27 23:51:00 devstack cinder-volume[81312]: DEBUG cinder.volume.manager [req-8a1ebd9e-2407-488f-a58d-99f54b02b14d req-43cdc6ff-e10c-487e-a69e-1f67cf4fcd0b tempest-VolumesSnapshotsTestJSON-1587579459 None] Task 'cinder.volume.flows.manager.create_volume.CreateVolumeOnFinishTask;volume:create, create.end' (a7254322-0bc4-40d0-8eba-aa0d57c61049) transitioned into state 'RUNNING' from state 'PENDING' {{(pid=81312) _task_receiver /opt/stack/data/venv/lib/python3.10/site-packages/taskflow/listeners/logging.py:194}}
Apr 27 23:51:00 devstack cinder-volume[81312]: INFO cinder.volume.flows.manager.create_volume [req-8a1ebd9e-2407-488f-a58d-99f54b02b14d req-43cdc6ff-e10c-487e-a69e-1f67cf4fcd0b tempest-VolumesSnapshotsTestJSON-1587579459 None] Volume volume-6b7630a9-cf59-4488-a7c0-8ecea3f31d9e (6b7630a9-cf59-4488-a7c0-8ecea3f31d9e): created successfully
Apr 27 23:51:00 devstack cinder-volume[81312]: DEBUG cinder.volume.manager [req-8a1ebd9e-2407-488f-a58d-99f54b02b14d req-43cdc6ff-e10c-487e-a69e-1f67cf4fcd0b tempest-VolumesSnapshotsTestJSON-1587579459 None] Task 'cinder.volume.flows.manager.create_volume.CreateVolumeOnFinishTask;volume:create, create.end' (a7254322-0bc4-40d0-8eba-aa0d57c61049) transitioned into state 'SUCCESS' from state 'RUNNING' with result 'None' {{(pid=81312) _task_receiver /opt/stack/data/venv/lib/python3.10/site-packages/taskflow/listeners/logging.py:182}}
Apr 27 23:51:00 devstack cinder-volume[81312]: DEBUG cinder.volume.manager [req-8a1ebd9e-2407-488f-a58d-99f54b02b14d req-43cdc6ff-e10c-487e-a69e-1f67cf4fcd0b tempest-VolumesSnapshotsTestJSON-1587579459 None] Flow 'volume_create_manager' (de13245b-0f72-4492-a7ae-01dc644ee1d5) transitioned into state 'SUCCESS' from state 'RUNNING' {{(pid=81312) _flow_receiver /opt/stack/data/venv/lib/python3.10/site-packages/taskflow/listeners/logging.py:145}}
Apr 27 23:51:00 devstack cinder-volume[81312]: INFO cinder.volume.manager [req-8a1ebd9e-2407-488f-a58d-99f54b02b14d req-43cdc6ff-e10c-487e-a69e-1f67cf4fcd0b tempest-VolumesSnapshotsTestJSON-1587579459 None] Created volume successfully.
Apr 27 23:51:01 devstack cinder-volume[81312]: DEBUG oslo_concurrency.lockutils [req-40e12b92-048f-43f2-9b6b-debc315555cd req-8bd7842a-1aaa-4c8d-aece-9f20a7b1b862 tempest-VolumesSnapshotsTestJSON-1587579459 None] Acquiring lock "quobyte" by "cinder.volume.drivers.quobyte.QuobyteDriver.create_snapshot" {{(pid=81312) inner /opt/stack/data/venv/lib/python3.10/site-packages/oslo_concurrency/lockutils.py:506}}
Apr 27 23:51:01 devstack cinder-volume[81312]: DEBUG oslo_concurrency.lockutils [req-40e12b92-048f-43f2-9b6b-debc315555cd req-8bd7842a-1aaa-4c8d-aece-9f20a7b1b862 tempest-VolumesSnapshotsTestJSON-1587579459 None] Lock "quobyte" acquired by "cinder.volume.drivers.quobyte.QuobyteDriver.create_snapshot" :: waited 0.002s {{(pid=81312) inner /opt/stack/data/venv/lib/python3.10/site-packages/oslo_concurrency/lockutils.py:519}}
Apr 27 23:51:01 devstack cinder-volume[81312]: DEBUG cinder.volume.drivers.remotefs [req-40e12b92-048f-43f2-9b6b-debc315555cd req-8bd7842a-1aaa-4c8d-aece-9f20a7b1b862 tempest-VolumesSnapshotsTestJSON-1587579459 None] Creating offline snapshot ff44ad54-a994-45bc-a8e9-cff78f177565 of volume 6b7630a9-cf59-4488-a7c0-8ecea3f31d9e {{(pid=81312) _create_snapshot /opt/stack/cinder/cinder/volume/drivers/remotefs.py:1816}}
Apr 27 23:51:01 devstack cinder-volume[81312]: DEBUG oslo.privsep.daemon [-] privsep: reply[400b01c8-a87a-4fa7-8874-55866fbbf6b6]: (4, 'qcow2') {{(pid=82167) _call_back /opt/stack/data/venv/lib/python3.10/site-packages/oslo_privsep/daemon.py:573}}
Apr 27 23:51:01 devstack cinder-volume[81312]: DEBUG oslo_concurrency.processutils [req-40e12b92-048f-43f2-9b6b-debc315555cd req-8bd7842a-1aaa-4c8d-aece-9f20a7b1b862 tempest-VolumesSnapshotsTestJSON-1587579459 None] Running cmd (subprocess): /opt/stack/data/venv/bin/python3.10 -m oslo_concurrency.prlimit --as=1073741824 --cpu=60 -- sudo cinder-rootwrap /etc/cinder/rootwrap.conf env LC_ALL=C qemu-img info -f qcow2 --output=json --force-share /opt/stack/data/cinder/mnt/d3df2a0486a98a7daa7d649946353b81/volume-6b7630a9-cf59-4488-a7c0-8ecea3f31d9e {{(pid=81312) execute /opt/stack/data/venv/lib/python3.10/site-packages/oslo_concurrency/processutils.py:440}}
Apr 27 23:51:01 devstack sudo[83125]: quobyte : PWD=/ ; USER=root ; COMMAND=/opt/stack/data/venv/bin/cinder-rootwrap /etc/cinder/rootwrap.conf env LC_ALL=C qemu-img info -f qcow2 --output=json --force-share /opt/stack/data/cinder/mnt/d3df2a0486a98a7daa7d649946353b81/volume-6b7630a9-cf59-4488-a7c0-8ecea3f31d9e
Apr 27 23:51:01 devstack sudo[83125]: pam_unix(sudo:session): session opened for user root(uid=0) by (uid=1000)
Apr 27 23:51:02 devstack sudo[83125]: pam_unix(sudo:session): session closed for user root
Apr 27 23:51:02 devstack cinder-volume[81312]: DEBUG oslo_concurrency.processutils [req-40e12b92-048f-43f2-9b6b-debc315555cd req-8bd7842a-1aaa-4c8d-aece-9f20a7b1b862 tempest-VolumesSnapshotsTestJSON-1587579459 None] CMD "/opt/stack/data/venv/bin/python3.10 -m oslo_concurrency.prlimit --as=1073741824 --cpu=60 -- sudo cinder-rootwrap /etc/cinder/rootwrap.conf env LC_ALL=C qemu-img info -f qcow2 --output=json --force-share /opt/stack/data/cinder/mnt/d3df2a0486a98a7daa7d649946353b81/volume-6b7630a9-cf59-4488-a7c0-8ecea3f31d9e" returned: 0 in 1.495s {{(pid=81312) execute /opt/stack/data/venv/lib/python3.10/site-packages/oslo_concurrency/processutils.py:468}}
Apr 27 23:51:02 devstack cinder-volume[81312]: DEBUG oslo_concurrency.processutils [req-40e12b92-048f-43f2-9b6b-debc315555cd req-8bd7842a-1aaa-4c8d-aece-9f20a7b1b862 tempest-VolumesSnapshotsTestJSON-1587579459 None] Running cmd (subprocess): sudo cinder-rootwrap /etc/cinder/rootwrap.conf qemu-img create -f qcow2 -o backing_file=/opt/stack/data/cinder/mnt/d3df2a0486a98a7daa7d649946353b81/volume-6b7630a9-cf59-4488-a7c0-8ecea3f31d9e,backing_fmt=qcow2 /opt/stack/data/cinder/mnt/d3df2a0486a98a7daa7d649946353b81/volume-6b7630a9-cf59-4488-a7c0-8ecea3f31d9e.ff44ad54-a994-45bc-a8e9-cff78f177565 1G {{(pid=81312) execute /opt/stack/data/venv/lib/python3.10/site-packages/oslo_concurrency/processutils.py:440}}
Apr 27 23:51:02 devstack sudo[83161]: quobyte : PWD=/ ; USER=root ; COMMAND=/opt/stack/data/venv/bin/cinder-rootwrap /etc/cinder/rootwrap.conf qemu-img create -f qcow2 -o backing_file=/opt/stack/data/cinder/mnt/d3df2a0486a98a7daa7d649946353b81/volume-6b7630a9-cf59-4488-a7c0-8ecea3f31d9e,backing_fmt=qcow2 /opt/stack/data/cinder/mnt/d3df2a0486a98a7daa7d649946353b81/volume-6b7630a9-cf59-4488-a7c0-8ecea3f31d9e.ff44ad54-a994-45bc-a8e9-cff78f177565 1G
Apr 27 23:51:02 devstack sudo[83161]: pam_unix(sudo:session): session opened for user root(uid=0) by (uid=1000)
Apr 27 23:51:04 devstack cinder-volume[81312]: DEBUG oslo_concurrency.lockutils [req-e560a8ce-453d-4841-8d09-d0e1d1eedaaf req-5a719e2b-60b5-4bc4-bef3-858be4d02375 tempest-DeleteServersTestJSON-1813792938 None] Acquiring lock "quobyte" by "cinder.volume.drivers.quobyte.QuobyteDriver.initialize_connection" {{(pid=81312) inner /opt/stack/data/venv/lib/python3.10/site-packages/oslo_concurrency/lockutils.py:506}}
Apr 27 23:51:04 devstack sudo[83161]: pam_unix(sudo:session): session closed for user root
Apr 27 23:51:04 devstack cinder-volume[81312]: DEBUG oslo_concurrency.processutils [req-40e12b92-048f-43f2-9b6b-debc315555cd req-8bd7842a-1aaa-4c8d-aece-9f20a7b1b862 tempest-VolumesSnapshotsTestJSON-1587579459 None] CMD "sudo cinder-rootwrap /etc/cinder/rootwrap.conf qemu-img create -f qcow2 -o backing_file=/opt/stack/data/cinder/mnt/d3df2a0486a98a7daa7d649946353b81/volume-6b7630a9-cf59-4488-a7c0-8ecea3f31d9e,backing_fmt=qcow2 /opt/stack/data/cinder/mnt/d3df2a0486a98a7daa7d649946353b81/volume-6b7630a9-cf59-4488-a7c0-8ecea3f31d9e.ff44ad54-a994-45bc-a8e9-cff78f177565 1G" returned: 0 in 1.402s {{(pid=81312) execute /opt/stack/data/venv/lib/python3.10/site-packages/oslo_concurrency/processutils.py:468}}
Apr 27 23:51:04 devstack cinder-volume[81312]: DEBUG oslo_concurrency.processutils [req-40e12b92-048f-43f2-9b6b-debc315555cd req-8bd7842a-1aaa-4c8d-aece-9f20a7b1b862 tempest-VolumesSnapshotsTestJSON-1587579459 None] Running cmd (subprocess): sudo cinder-rootwrap /etc/cinder/rootwrap.conf qemu-img rebase -u -b volume-6b7630a9-cf59-4488-a7c0-8ecea3f31d9e -F qcow2 /opt/stack/data/cinder/mnt/d3df2a0486a98a7daa7d649946353b81/volume-6b7630a9-cf59-4488-a7c0-8ecea3f31d9e.ff44ad54-a994-45bc-a8e9-cff78f177565 {{(pid=81312) execute /opt/stack/data/venv/lib/python3.10/site-packages/oslo_concurrency/processutils.py:440}}
Apr 27 23:51:04 devstack sudo[83176]: quobyte : PWD=/ ; USER=root ; COMMAND=/opt/stack/data/venv/bin/cinder-rootwrap /etc/cinder/rootwrap.conf qemu-img rebase -u -b volume-6b7630a9-cf59-4488-a7c0-8ecea3f31d9e -F qcow2 /opt/stack/data/cinder/mnt/d3df2a0486a98a7daa7d649946353b81/volume-6b7630a9-cf59-4488-a7c0-8ecea3f31d9e.ff44ad54-a994-45bc-a8e9-cff78f177565
Apr 27 23:51:04 devstack sudo[83176]: pam_unix(sudo:session): session opened for user root(uid=0) by (uid=1000)
Apr 27 23:51:04 devstack sudo[83176]: pam_unix(sudo:session): session closed for user root
Apr 27 23:51:04 devstack cinder-volume[81312]: DEBUG oslo_concurrency.processutils [req-40e12b92-048f-43f2-9b6b-debc315555cd req-8bd7842a-1aaa-4c8d-aece-9f20a7b1b862 tempest-VolumesSnapshotsTestJSON-1587579459 None] CMD "sudo cinder-rootwrap /etc/cinder/rootwrap.conf qemu-img rebase -u -b volume-6b7630a9-cf59-4488-a7c0-8ecea3f31d9e -F qcow2 /opt/stack/data/cinder/mnt/d3df2a0486a98a7daa7d649946353b81/volume-6b7630a9-cf59-4488-a7c0-8ecea3f31d9e.ff44ad54-a994-45bc-a8e9-cff78f177565" returned: 0 in 0.717s {{(pid=81312) execute /opt/stack/data/venv/lib/python3.10/site-packages/oslo_concurrency/processutils.py:468}}
Apr 27 23:51:04 devstack cinder-volume[81312]: WARNING cinder.volume.drivers.remotefs [req-40e12b92-048f-43f2-9b6b-debc315555cd req-8bd7842a-1aaa-4c8d-aece-9f20a7b1b862 tempest-VolumesSnapshotsTestJSON-1587579459 None] /opt/stack/data/cinder/mnt/d3df2a0486a98a7daa7d649946353b81/volume-6b7630a9-cf59-4488-a7c0-8ecea3f31d9e.ff44ad54-a994-45bc-a8e9-cff78f177565 is being set with open permissions: ugo+rw
Apr 27 23:51:04 devstack cinder-volume[81312]: DEBUG oslo_concurrency.processutils [req-40e12b92-048f-43f2-9b6b-debc315555cd req-8bd7842a-1aaa-4c8d-aece-9f20a7b1b862 tempest-VolumesSnapshotsTestJSON-1587579459 None] Running cmd (subprocess): sudo cinder-rootwrap /etc/cinder/rootwrap.conf chmod ugo+rw /opt/stack/data/cinder/mnt/d3df2a0486a98a7daa7d649946353b81/volume-6b7630a9-cf59-4488-a7c0-8ecea3f31d9e.ff44ad54-a994-45bc-a8e9-cff78f177565 {{(pid=81312) execute /opt/stack/data/venv/lib/python3.10/site-packages/oslo_concurrency/processutils.py:440}}
Apr 27 23:51:04 devstack sudo[83181]: quobyte : PWD=/ ; USER=root ; COMMAND=/opt/stack/data/venv/bin/cinder-rootwrap /etc/cinder/rootwrap.conf chmod ugo+rw /opt/stack/data/cinder/mnt/d3df2a0486a98a7daa7d649946353b81/volume-6b7630a9-cf59-4488-a7c0-8ecea3f31d9e.ff44ad54-a994-45bc-a8e9-cff78f177565
Apr 27 23:51:04 devstack sudo[83181]: pam_unix(sudo:session): session opened for user root(uid=0) by (uid=1000)
Apr 27 23:51:05 devstack sudo[83181]: pam_unix(sudo:session): session closed for user root
Apr 27 23:51:05 devstack cinder-volume[81312]: DEBUG oslo_concurrency.processutils [req-40e12b92-048f-43f2-9b6b-debc315555cd req-8bd7842a-1aaa-4c8d-aece-9f20a7b1b862 tempest-VolumesSnapshotsTestJSON-1587579459 None] CMD "sudo cinder-rootwrap /etc/cinder/rootwrap.conf chmod ugo+rw /opt/stack/data/cinder/mnt/d3df2a0486a98a7daa7d649946353b81/volume-6b7630a9-cf59-4488-a7c0-8ecea3f31d9e.ff44ad54-a994-45bc-a8e9-cff78f177565" returned: 0 in 0.705s {{(pid=81312) execute /opt/stack/data/venv/lib/python3.10/site-packages/oslo_concurrency/processutils.py:468}}
Apr 27 23:51:05 devstack cinder-volume[81312]: DEBUG oslo_concurrency.processutils [req-40e12b92-048f-43f2-9b6b-debc315555cd req-8bd7842a-1aaa-4c8d-aece-9f20a7b1b862 tempest-VolumesSnapshotsTestJSON-1587579459 None] Running cmd (subprocess): sudo cinder-rootwrap /etc/cinder/rootwrap.conf truncate -s0 /opt/stack/data/cinder/mnt/d3df2a0486a98a7daa7d649946353b81/volume-6b7630a9-cf59-4488-a7c0-8ecea3f31d9e.info {{(pid=81312) execute /opt/stack/data/venv/lib/python3.10/site-packages/oslo_concurrency/processutils.py:440}}
Apr 27 23:51:05 devstack sudo[83189]: quobyte : PWD=/ ; USER=root ; COMMAND=/opt/stack/data/venv/bin/cinder-rootwrap /etc/cinder/rootwrap.conf truncate -s0 /opt/stack/data/cinder/mnt/d3df2a0486a98a7daa7d649946353b81/volume-6b7630a9-cf59-4488-a7c0-8ecea3f31d9e.info
Apr 27 23:51:05 devstack sudo[83189]: pam_unix(sudo:session): session opened for user root(uid=0) by (uid=1000)
Apr 27 23:51:06 devstack sudo[83189]: pam_unix(sudo:session): session closed for user root
Apr 27 23:51:06 devstack cinder-volume[81312]: DEBUG oslo_concurrency.processutils [req-40e12b92-048f-43f2-9b6b-debc315555cd req-8bd7842a-1aaa-4c8d-aece-9f20a7b1b862 tempest-VolumesSnapshotsTestJSON-1587579459 None] CMD "sudo cinder-rootwrap /etc/cinder/rootwrap.conf truncate -s0 /opt/stack/data/cinder/mnt/d3df2a0486a98a7daa7d649946353b81/volume-6b7630a9-cf59-4488-a7c0-8ecea3f31d9e.info" returned: 0 in 0.641s {{(pid=81312) execute /opt/stack/data/venv/lib/python3.10/site-packages/oslo_concurrency/processutils.py:468}}
Apr 27 23:51:06 devstack cinder-volume[81312]: WARNING cinder.volume.drivers.remotefs [req-40e12b92-048f-43f2-9b6b-debc315555cd req-8bd7842a-1aaa-4c8d-aece-9f20a7b1b862 tempest-VolumesSnapshotsTestJSON-1587579459 None] /opt/stack/data/cinder/mnt/d3df2a0486a98a7daa7d649946353b81/volume-6b7630a9-cf59-4488-a7c0-8ecea3f31d9e.info is being set with open permissions: ugo+rw
Apr 27 23:51:06 devstack cinder-volume[81312]: DEBUG oslo_concurrency.processutils [req-40e12b92-048f-43f2-9b6b-debc315555cd req-8bd7842a-1aaa-4c8d-aece-9f20a7b1b862 tempest-VolumesSnapshotsTestJSON-1587579459 None] Running cmd (subprocess): sudo cinder-rootwrap /etc/cinder/rootwrap.conf chmod ugo+rw /opt/stack/data/cinder/mnt/d3df2a0486a98a7daa7d649946353b81/volume-6b7630a9-cf59-4488-a7c0-8ecea3f31d9e.info {{(pid=81312) execute /opt/stack/data/venv/lib/python3.10/site-packages/oslo_concurrency/processutils.py:440}}
Apr 27 23:51:06 devstack sudo[83195]: quobyte : PWD=/ ; USER=root ; COMMAND=/opt/stack/data/venv/bin/cinder-rootwrap /etc/cinder/rootwrap.conf chmod ugo+rw /opt/stack/data/cinder/mnt/d3df2a0486a98a7daa7d649946353b81/volume-6b7630a9-cf59-4488-a7c0-8ecea3f31d9e.info
Apr 27 23:51:06 devstack sudo[83195]: pam_unix(sudo:session): session opened for user root(uid=0) by (uid=1000)
Apr 27 23:51:06 devstack sudo[83195]: pam_unix(sudo:session): session closed for user root
Apr 27 23:51:06 devstack cinder-volume[81312]: DEBUG oslo_concurrency.processutils [req-40e12b92-048f-43f2-9b6b-debc315555cd req-8bd7842a-1aaa-4c8d-aece-9f20a7b1b862 tempest-VolumesSnapshotsTestJSON-1587579459 None] CMD "sudo cinder-rootwrap /etc/cinder/rootwrap.conf chmod ugo+rw /opt/stack/data/cinder/mnt/d3df2a0486a98a7daa7d649946353b81/volume-6b7630a9-cf59-4488-a7c0-8ecea3f31d9e.info" returned: 0 in 0.542s {{(pid=81312) execute /opt/stack/data/venv/lib/python3.10/site-packages/oslo_concurrency/processutils.py:468}}
Apr 27 23:51:06 devstack cinder-volume[81312]: DEBUG oslo_concurrency.lockutils [req-40e12b92-048f-43f2-9b6b-debc315555cd req-8bd7842a-1aaa-4c8d-aece-9f20a7b1b862 tempest-VolumesSnapshotsTestJSON-1587579459 None] Lock "quobyte" "released" by "cinder.volume.drivers.quobyte.QuobyteDriver.create_snapshot" :: held 5.621s {{(pid=81312) inner /opt/stack/data/venv/lib/python3.10/site-packages/oslo_concurrency/lockutils.py:538}}
Apr 27 23:51:06 devstack cinder-volume[81312]: DEBUG oslo_concurrency.lockutils [req-e560a8ce-453d-4841-8d09-d0e1d1eedaaf req-5a719e2b-60b5-4bc4-bef3-858be4d02375 tempest-DeleteServersTestJSON-1813792938 None] Lock "quobyte" acquired by "cinder.volume.drivers.quobyte.QuobyteDriver.initialize_connection" :: waited 2.689s {{(pid=81312) inner /opt/stack/data/venv/lib/python3.10/site-packages/oslo_concurrency/lockutils.py:519}}
Apr 27 23:51:06 devstack cinder-volume[81312]: DEBUG oslo.privsep.daemon [-] privsep: reply[27417907-172c-41d3-a500-31e6faf4e4ef]: (4, 'qcow2') {{(pid=82167) _call_back /opt/stack/data/venv/lib/python3.10/site-packages/oslo_privsep/daemon.py:573}}
Apr 27 23:51:06 devstack cinder-volume[81312]: DEBUG oslo_concurrency.processutils [req-e560a8ce-453d-4841-8d09-d0e1d1eedaaf req-5a719e2b-60b5-4bc4-bef3-858be4d02375 tempest-DeleteServersTestJSON-1813792938 None] Running cmd (subprocess): /opt/stack/data/venv/bin/python3.10 -m oslo_concurrency.prlimit --as=1073741824 --cpu=60 -- sudo cinder-rootwrap /etc/cinder/rootwrap.conf env LC_ALL=C qemu-img info -f qcow2 --output=json --force-share /opt/stack/data/cinder/mnt/d3df2a0486a98a7daa7d649946353b81/volume-8991a87a-9916-4203-8476-e83be48c94e7 {{(pid=81312) execute /opt/stack/data/venv/lib/python3.10/site-packages/oslo_concurrency/processutils.py:440}}
Apr 27 23:51:06 devstack cinder-volume[81312]: INFO cinder.volume.manager [req-40e12b92-048f-43f2-9b6b-debc315555cd req-8bd7842a-1aaa-4c8d-aece-9f20a7b1b862 tempest-VolumesSnapshotsTestJSON-1587579459 None] Create snapshot completed successfully
Apr 27 23:51:06 devstack sudo[83233]: quobyte : PWD=/ ; USER=root ; COMMAND=/opt/stack/data/venv/bin/cinder-rootwrap /etc/cinder/rootwrap.conf env LC_ALL=C qemu-img info -f qcow2 --output=json --force-share /opt/stack/data/cinder/mnt/d3df2a0486a98a7daa7d649946353b81/volume-8991a87a-9916-4203-8476-e83be48c94e7
Apr 27 23:51:06 devstack sudo[83233]: pam_unix(sudo:session): session opened for user root(uid=0) by (uid=1000)
Apr 27 23:51:07 devstack cinder-volume[81312]: DEBUG cinder.coordination [req-0f8550a1-5b2a-4ee7-894f-fed3cb3a7582 req-ff1063a8-6cee-4046-a36d-581f6d2864df tempest-VolumesSnapshotsTestJSON-1587579459 None] Acquiring lock "cinder-ff44ad54-a994-45bc-a8e9-cff78f177565-delete_snapshot" by "delete_snapshot" {{(pid=81312) __acquire /opt/stack/cinder/cinder/coordination.py:138}}
Apr 27 23:51:07 devstack cinder-volume[81312]: DEBUG cinder.coordination [req-0f8550a1-5b2a-4ee7-894f-fed3cb3a7582 req-ff1063a8-6cee-4046-a36d-581f6d2864df tempest-VolumesSnapshotsTestJSON-1587579459 None] Lock "cinder-ff44ad54-a994-45bc-a8e9-cff78f177565-delete_snapshot" acquired by "delete_snapshot" :: waited 0.025s {{(pid=81312) __acquire /opt/stack/cinder/cinder/coordination.py:141}}
Apr 27 23:51:07 devstack cinder-volume[81312]: DEBUG cinder.coordination [req-0f8550a1-5b2a-4ee7-894f-fed3cb3a7582 req-ff1063a8-6cee-4046-a36d-581f6d2864df tempest-VolumesSnapshotsTestJSON-1587579459 None] Acquiring lock "cinder-quobyte-6b7630a9-cf59-4488-a7c0-8ecea3f31d9e" by "delete_snapshot" {{(pid=81312) __acquire /opt/stack/cinder/cinder/coordination.py:138}}
Apr 27 23:51:07 devstack cinder-volume[81312]: DEBUG cinder.coordination [req-0f8550a1-5b2a-4ee7-894f-fed3cb3a7582 req-ff1063a8-6cee-4046-a36d-581f6d2864df tempest-VolumesSnapshotsTestJSON-1587579459 None] Lock "cinder-quobyte-6b7630a9-cf59-4488-a7c0-8ecea3f31d9e" acquired by "delete_snapshot" :: waited 0.019s {{(pid=81312) __acquire /opt/stack/cinder/cinder/coordination.py:141}}
Apr 27 23:51:07 devstack cinder-volume[81312]: DEBUG cinder.coordination [req-0f8550a1-5b2a-4ee7-894f-fed3cb3a7582 req-ff1063a8-6cee-4046-a36d-581f6d2864df tempest-VolumesSnapshotsTestJSON-1587579459 None] Acquiring lock "cinder-quobyte-ff44ad54-a994-45bc-a8e9-cff78f177565" by "_delete_snapshot" {{(pid=81312) __acquire /opt/stack/cinder/cinder/coordination.py:138}}
Apr 27 23:51:07 devstack cinder-volume[81312]: DEBUG cinder.coordination [req-0f8550a1-5b2a-4ee7-894f-fed3cb3a7582 req-ff1063a8-6cee-4046-a36d-581f6d2864df tempest-VolumesSnapshotsTestJSON-1587579459 None] Lock "cinder-quobyte-ff44ad54-a994-45bc-a8e9-cff78f177565" acquired by "_delete_snapshot" :: waited 0.017s {{(pid=81312) __acquire /opt/stack/cinder/cinder/coordination.py:141}}
Apr 27 23:51:07 devstack cinder-volume[81312]: DEBUG cinder.volume.drivers.remotefs [req-0f8550a1-5b2a-4ee7-894f-fed3cb3a7582 req-ff1063a8-6cee-4046-a36d-581f6d2864df tempest-VolumesSnapshotsTestJSON-1587579459 None] Deleting offline snapshot ff44ad54-a994-45bc-a8e9-cff78f177565 of volume 6b7630a9-cf59-4488-a7c0-8ecea3f31d9e {{(pid=81312) _delete_snapshot /opt/stack/cinder/cinder/volume/drivers/remotefs.py:1288}}
Apr 27 23:51:07 devstack cinder-volume[81312]: DEBUG cinder.volume.drivers.remotefs [req-0f8550a1-5b2a-4ee7-894f-fed3cb3a7582 req-ff1063a8-6cee-4046-a36d-581f6d2864df tempest-VolumesSnapshotsTestJSON-1587579459 None] snapshot_file for this snap is: volume-6b7630a9-cf59-4488-a7c0-8ecea3f31d9e.ff44ad54-a994-45bc-a8e9-cff78f177565 {{(pid=81312) _delete_snapshot /opt/stack/cinder/cinder/volume/drivers/remotefs.py:1317}}
Apr 27 23:51:07 devstack cinder-volume[81312]: DEBUG oslo.privsep.daemon [-] privsep: reply[2e8c62d8-f8ea-47ec-8aba-1e4826a7e1fe]: (4, 'qcow2') {{(pid=82167) _call_back /opt/stack/data/venv/lib/python3.10/site-packages/oslo_privsep/daemon.py:573}}
Apr 27 23:51:07 devstack cinder-volume[81312]: DEBUG oslo_concurrency.processutils [req-0f8550a1-5b2a-4ee7-894f-fed3cb3a7582 req-ff1063a8-6cee-4046-a36d-581f6d2864df tempest-VolumesSnapshotsTestJSON-1587579459 None] Running cmd (subprocess): /opt/stack/data/venv/bin/python3.10 -m oslo_concurrency.prlimit --as=1073741824 --cpu=60 -- sudo cinder-rootwrap /etc/cinder/rootwrap.conf env LC_ALL=C qemu-img info -f qcow2 --output=json --force-share /opt/stack/data/cinder/mnt/d3df2a0486a98a7daa7d649946353b81/volume-6b7630a9-cf59-4488-a7c0-8ecea3f31d9e.ff44ad54-a994-45bc-a8e9-cff78f177565 {{(pid=81312) execute /opt/stack/data/venv/lib/python3.10/site-packages/oslo_concurrency/processutils.py:440}}
Apr 27 23:51:07 devstack sudo[83233]: pam_unix(sudo:session): session closed for user root
Apr 27 23:51:07 devstack cinder-volume[81312]: DEBUG oslo_concurrency.processutils [req-e560a8ce-453d-4841-8d09-d0e1d1eedaaf req-5a719e2b-60b5-4bc4-bef3-858be4d02375 tempest-DeleteServersTestJSON-1813792938 None] CMD "/opt/stack/data/venv/bin/python3.10 -m oslo_concurrency.prlimit --as=1073741824 --cpu=60 -- sudo cinder-rootwrap /etc/cinder/rootwrap.conf env LC_ALL=C qemu-img info -f qcow2 --output=json --force-share /opt/stack/data/cinder/mnt/d3df2a0486a98a7daa7d649946353b81/volume-8991a87a-9916-4203-8476-e83be48c94e7" returned: 0 in 0.803s {{(pid=81312) execute /opt/stack/data/venv/lib/python3.10/site-packages/oslo_concurrency/processutils.py:468}}
Apr 27 23:51:07 devstack cinder-volume[81312]: DEBUG oslo_concurrency.lockutils [req-e560a8ce-453d-4841-8d09-d0e1d1eedaaf req-5a719e2b-60b5-4bc4-bef3-858be4d02375 tempest-DeleteServersTestJSON-1813792938 None] Lock "quobyte" "released" by "cinder.volume.drivers.quobyte.QuobyteDriver.initialize_connection" :: held 0.842s {{(pid=81312) inner /opt/stack/data/venv/lib/python3.10/site-packages/oslo_concurrency/lockutils.py:538}}
Apr 27 23:51:07 devstack cinder-volume[81312]: DEBUG cinder.volume.manager [req-e560a8ce-453d-4841-8d09-d0e1d1eedaaf req-5a719e2b-60b5-4bc4-bef3-858be4d02375 tempest-DeleteServersTestJSON-1813792938 None] Connection info returned from driver {'export': 'osci02.corp.quobyte.com/cinder-vol-0cf555ff-90df-40e2-adce-520f0730e9e6', 'name': 'volume-8991a87a-9916-4203-8476-e83be48c94e7', 'options': None, 'format': 'qcow2', 'qos_specs': None, 'access_mode': 'rw', 'encrypted': False, 'cacheable': False, 'driver_volume_type': 'quobyte', 'mount_point_base': '/opt/stack/data/cinder/mnt', 'attachment_id': '3f2843cb-502a-4ac1-9834-8d729b5c461c', 'enforce_multipath': True} {{(pid=81312) _connection_create /opt/stack/cinder/cinder/volume/manager.py:4924}}
Apr 27 23:51:07 devstack sudo[83247]: quobyte : PWD=/ ; USER=root ; COMMAND=/opt/stack/data/venv/bin/cinder-rootwrap /etc/cinder/rootwrap.conf env LC_ALL=C qemu-img info -f qcow2 --output=json --force-share /opt/stack/data/cinder/mnt/d3df2a0486a98a7daa7d649946353b81/volume-6b7630a9-cf59-4488-a7c0-8ecea3f31d9e.ff44ad54-a994-45bc-a8e9-cff78f177565
Apr 27 23:51:07 devstack sudo[83247]: pam_unix(sudo:session): session opened for user root(uid=0) by (uid=1000)
Apr 27 23:51:07 devstack cinder-volume[81312]: INFO cinder.volume.manager [req-e560a8ce-453d-4841-8d09-d0e1d1eedaaf req-5a719e2b-60b5-4bc4-bef3-858be4d02375 tempest-DeleteServersTestJSON-1813792938 None] attachment_update completed successfully.
Apr 27 23:51:08 devstack sudo[83247]: pam_unix(sudo:session): session closed for user root
Apr 27 23:51:08 devstack cinder-volume[81312]: DEBUG oslo_concurrency.processutils [req-0f8550a1-5b2a-4ee7-894f-fed3cb3a7582 req-ff1063a8-6cee-4046-a36d-581f6d2864df tempest-VolumesSnapshotsTestJSON-1587579459 None] CMD "/opt/stack/data/venv/bin/python3.10 -m oslo_concurrency.prlimit --as=1073741824 --cpu=60 -- sudo cinder-rootwrap /etc/cinder/rootwrap.conf env LC_ALL=C qemu-img info -f qcow2 --output=json --force-share /opt/stack/data/cinder/mnt/d3df2a0486a98a7daa7d649946353b81/volume-6b7630a9-cf59-4488-a7c0-8ecea3f31d9e.ff44ad54-a994-45bc-a8e9-cff78f177565" returned: 0 in 0.540s {{(pid=81312) execute /opt/stack/data/venv/lib/python3.10/site-packages/oslo_concurrency/processutils.py:468}}
Apr 27 23:51:08 devstack cinder-volume[81312]: DEBUG cinder.volume.drivers.remotefs [req-0f8550a1-5b2a-4ee7-894f-fed3cb3a7582 req-ff1063a8-6cee-4046-a36d-581f6d2864df tempest-VolumesSnapshotsTestJSON-1587579459 None] Fetching qemu-img info with special backing_file_template: (/opt/stack/data/cinder/mnt/[0-9a-f]+/)?(volume-6b7630a9-cf59-4488-a7c0-8ecea3f31d9e(.(tmp-snap-)?[0-9a-f-]+)?|volume_from_snapshot_cache/(tmp-snap-)?[0-9a-f-]+(.(child-|parent-)[0-9a-f-]+)?)$ {{(pid=81312) _qemu_img_info_base /opt/stack/cinder/cinder/volume/drivers/remotefs.py:896}}
Apr 27 23:51:08 devstack cinder-volume[81312]: DEBUG oslo.privsep.daemon [-] privsep: reply[64ef51ce-29b9-4496-b1d0-645d7fbd4f7e]: (4, 'qcow2') {{(pid=82167) _call_back /opt/stack/data/venv/lib/python3.10/site-packages/oslo_privsep/daemon.py:573}}
Apr 27 23:51:08 devstack cinder-volume[81312]: DEBUG oslo_concurrency.processutils [req-0f8550a1-5b2a-4ee7-894f-fed3cb3a7582 req-ff1063a8-6cee-4046-a36d-581f6d2864df tempest-VolumesSnapshotsTestJSON-1587579459 None] Running cmd (subprocess): /opt/stack/data/venv/bin/python3.10 -m oslo_concurrency.prlimit --as=1073741824 --cpu=60 -- sudo cinder-rootwrap /etc/cinder/rootwrap.conf env LC_ALL=C qemu-img info -f qcow2 --output=json --force-share /opt/stack/data/cinder/mnt/d3df2a0486a98a7daa7d649946353b81/volume-6b7630a9-cf59-4488-a7c0-8ecea3f31d9e {{(pid=81312) execute /opt/stack/data/venv/lib/python3.10/site-packages/oslo_concurrency/processutils.py:440}}
Apr 27 23:51:08 devstack sudo[83253]: quobyte : PWD=/ ; USER=root ; COMMAND=/opt/stack/data/venv/bin/cinder-rootwrap /etc/cinder/rootwrap.conf env LC_ALL=C qemu-img info -f qcow2 --output=json --force-share /opt/stack/data/cinder/mnt/d3df2a0486a98a7daa7d649946353b81/volume-6b7630a9-cf59-4488-a7c0-8ecea3f31d9e
Apr 27 23:51:08 devstack sudo[83253]: pam_unix(sudo:session): session opened for user root(uid=0) by (uid=1000)
Apr 27 23:51:08 devstack sudo[83253]: pam_unix(sudo:session): session closed for user root
Apr 27 23:51:08 devstack cinder-volume[81312]: DEBUG oslo_concurrency.processutils [req-0f8550a1-5b2a-4ee7-894f-fed3cb3a7582 req-ff1063a8-6cee-4046-a36d-581f6d2864df tempest-VolumesSnapshotsTestJSON-1587579459 None] CMD "/opt/stack/data/venv/bin/python3.10 -m oslo_concurrency.prlimit --as=1073741824 --cpu=60 -- sudo cinder-rootwrap /etc/cinder/rootwrap.conf env LC_ALL=C qemu-img info -f qcow2 --output=json --force-share /opt/stack/data/cinder/mnt/d3df2a0486a98a7daa7d649946353b81/volume-6b7630a9-cf59-4488-a7c0-8ecea3f31d9e" returned: 0 in 0.605s {{(pid=81312) execute /opt/stack/data/venv/lib/python3.10/site-packages/oslo_concurrency/processutils.py:468}}
Apr 27 23:51:08 devstack cinder-volume[81312]: DEBUG oslo_concurrency.processutils [req-0f8550a1-5b2a-4ee7-894f-fed3cb3a7582 req-ff1063a8-6cee-4046-a36d-581f6d2864df tempest-VolumesSnapshotsTestJSON-1587579459 None] Running cmd (subprocess): sudo cinder-rootwrap /etc/cinder/rootwrap.conf qemu-img commit -d /opt/stack/data/cinder/mnt/d3df2a0486a98a7daa7d649946353b81/volume-6b7630a9-cf59-4488-a7c0-8ecea3f31d9e.ff44ad54-a994-45bc-a8e9-cff78f177565 {{(pid=81312) execute /opt/stack/data/venv/lib/python3.10/site-packages/oslo_concurrency/processutils.py:440}}
Apr 27 23:51:08 devstack sudo[83263]: quobyte : PWD=/ ; USER=root ; COMMAND=/opt/stack/data/venv/bin/cinder-rootwrap /etc/cinder/rootwrap.conf qemu-img commit -d /opt/stack/data/cinder/mnt/d3df2a0486a98a7daa7d649946353b81/volume-6b7630a9-cf59-4488-a7c0-8ecea3f31d9e.ff44ad54-a994-45bc-a8e9-cff78f177565
Apr 27 23:51:08 devstack sudo[83263]: pam_unix(sudo:session): session opened for user root(uid=0) by (uid=1000)
Apr 27 23:51:09 devstack sudo[83263]: pam_unix(sudo:session): session closed for user root
Apr 27 23:51:09 devstack cinder-volume[81312]: DEBUG oslo_concurrency.processutils [req-0f8550a1-5b2a-4ee7-894f-fed3cb3a7582 req-ff1063a8-6cee-4046-a36d-581f6d2864df tempest-VolumesSnapshotsTestJSON-1587579459 None] CMD "sudo cinder-rootwrap /etc/cinder/rootwrap.conf qemu-img commit -d /opt/stack/data/cinder/mnt/d3df2a0486a98a7daa7d649946353b81/volume-6b7630a9-cf59-4488-a7c0-8ecea3f31d9e.ff44ad54-a994-45bc-a8e9-cff78f177565" returned: 0 in 0.617s {{(pid=81312) execute /opt/stack/data/venv/lib/python3.10/site-packages/oslo_concurrency/processutils.py:468}}
Apr 27 23:51:09 devstack cinder-volume[81312]: DEBUG oslo_concurrency.processutils [req-0f8550a1-5b2a-4ee7-894f-fed3cb3a7582 req-ff1063a8-6cee-4046-a36d-581f6d2864df tempest-VolumesSnapshotsTestJSON-1587579459 None] Running cmd (subprocess): sudo cinder-rootwrap /etc/cinder/rootwrap.conf rm -f /opt/stack/data/cinder/mnt/d3df2a0486a98a7daa7d649946353b81/volume-6b7630a9-cf59-4488-a7c0-8ecea3f31d9e.ff44ad54-a994-45bc-a8e9-cff78f177565 {{(pid=81312) execute /opt/stack/data/venv/lib/python3.10/site-packages/oslo_concurrency/processutils.py:440}}
Apr 27 23:51:09 devstack sudo[83271]: quobyte : PWD=/ ; USER=root ; COMMAND=/opt/stack/data/venv/bin/cinder-rootwrap /etc/cinder/rootwrap.conf rm -f /opt/stack/data/cinder/mnt/d3df2a0486a98a7daa7d649946353b81/volume-6b7630a9-cf59-4488-a7c0-8ecea3f31d9e.ff44ad54-a994-45bc-a8e9-cff78f177565
Apr 27 23:51:09 devstack sudo[83271]: pam_unix(sudo:session): session opened for user root(uid=0) by (uid=1000)
Apr 27 23:51:09 devstack sudo[83271]: pam_unix(sudo:session): session closed for user root
Apr 27 23:51:09 devstack cinder-volume[81312]: DEBUG oslo_concurrency.processutils [req-0f8550a1-5b2a-4ee7-894f-fed3cb3a7582 req-ff1063a8-6cee-4046-a36d-581f6d2864df tempest-VolumesSnapshotsTestJSON-1587579459 None] CMD "sudo cinder-rootwrap /etc/cinder/rootwrap.conf rm -f /opt/stack/data/cinder/mnt/d3df2a0486a98a7daa7d649946353b81/volume-6b7630a9-cf59-4488-a7c0-8ecea3f31d9e.ff44ad54-a994-45bc-a8e9-cff78f177565" returned: 0 in 0.532s {{(pid=81312) execute /opt/stack/data/venv/lib/python3.10/site-packages/oslo_concurrency/processutils.py:468}}
Apr 27 23:51:09 devstack cinder-volume[81312]: DEBUG cinder.coordination [req-0f8550a1-5b2a-4ee7-894f-fed3cb3a7582 req-ff1063a8-6cee-4046-a36d-581f6d2864df tempest-VolumesSnapshotsTestJSON-1587579459 None] Lock "cinder-quobyte-ff44ad54-a994-45bc-a8e9-cff78f177565" released by "_delete_snapshot" :: held 2.411s {{(pid=81312) __release /opt/stack/cinder/cinder/coordination.py:152}}
Apr 27 23:51:09 devstack cinder-volume[81312]: DEBUG cinder.coordination [req-0f8550a1-5b2a-4ee7-894f-fed3cb3a7582 req-ff1063a8-6cee-4046-a36d-581f6d2864df tempest-VolumesSnapshotsTestJSON-1587579459 None] Lock "cinder-quobyte-6b7630a9-cf59-4488-a7c0-8ecea3f31d9e" released by "delete_snapshot" :: held 2.434s {{(pid=81312) __release /opt/stack/cinder/cinder/coordination.py:152}}
Apr 27 23:51:09 devstack cinder-volume[81312]: WARNING cinder.quota [req-0f8550a1-5b2a-4ee7-894f-fed3cb3a7582 req-ff1063a8-6cee-4046-a36d-581f6d2864df tempest-VolumesSnapshotsTestJSON-1587579459 None] Deprecated: Default quota for resource: snapshots_QuobyteHD is set by the default quota flag: quota_snapshots_QuobyteHD, it is now deprecated. Please use the default quota class for default quota.
Apr 27 23:51:10 devstack cinder-volume[81312]: DEBUG cinder.quota [req-0f8550a1-5b2a-4ee7-894f-fed3cb3a7582 req-ff1063a8-6cee-4046-a36d-581f6d2864df tempest-VolumesSnapshotsTestJSON-1587579459 None] Created reservations ['d827e08b-42fb-4db4-9e9a-ffe3daadb65f', 'a9f41e30-55db-4ff8-aab4-d0adc3e599e8', 'e8060707-b31a-45b9-a4cb-6a7f7910adda', 'f6b9a6a1-8684-461b-8c39-ca95c7499fb4'] {{(pid=81312) reserve /opt/stack/cinder/cinder/quota.py:752}}
Apr 27 23:51:10 devstack cinder-volume[81312]: INFO cinder.volume.manager [req-0f8550a1-5b2a-4ee7-894f-fed3cb3a7582 req-ff1063a8-6cee-4046-a36d-581f6d2864df tempest-VolumesSnapshotsTestJSON-1587579459 None] Delete snapshot completed successfully.
Apr 27 23:51:10 devstack cinder-volume[81312]: DEBUG cinder.coordination [req-0f8550a1-5b2a-4ee7-894f-fed3cb3a7582 req-ff1063a8-6cee-4046-a36d-581f6d2864df tempest-VolumesSnapshotsTestJSON-1587579459 None] Lock "cinder-ff44ad54-a994-45bc-a8e9-cff78f177565-delete_snapshot" released by "delete_snapshot" :: held 2.622s {{(pid=81312) __release /opt/stack/cinder/cinder/coordination.py:152}}
Apr 27 23:51:11 devstack cinder-volume[81312]: DEBUG cinder.coordination [req-bf7ea9d8-7b91-4c0f-a9d2-bd23ac17aad0 req-10942ee0-fd18-42de-965a-9555174a2ba0 tempest-VolumesSnapshotsTestJSON-1587579459 None] Acquiring lock "cinder-6b7630a9-cf59-4488-a7c0-8ecea3f31d9e-delete_volume" by "delete_volume" {{(pid=81312) __acquire /opt/stack/cinder/cinder/coordination.py:138}}
Apr 27 23:51:11 devstack cinder-volume[81312]: DEBUG cinder.coordination [req-bf7ea9d8-7b91-4c0f-a9d2-bd23ac17aad0 req-10942ee0-fd18-42de-965a-9555174a2ba0 tempest-VolumesSnapshotsTestJSON-1587579459 None] Lock "cinder-6b7630a9-cf59-4488-a7c0-8ecea3f31d9e-delete_volume" acquired by "delete_volume" :: waited 0.017s {{(pid=81312) __acquire /opt/stack/cinder/cinder/coordination.py:141}}
Apr 27 23:51:11 devstack cinder-volume[81312]: DEBUG cinder.coordination [req-bf7ea9d8-7b91-4c0f-a9d2-bd23ac17aad0 req-10942ee0-fd18-42de-965a-9555174a2ba0 tempest-VolumesSnapshotsTestJSON-1587579459 None] Acquiring lock "cinder-quobyte-6b7630a9-cf59-4488-a7c0-8ecea3f31d9e" by "delete_volume" {{(pid=81312) __acquire /opt/stack/cinder/cinder/coordination.py:138}}
Apr 27 23:51:11 devstack cinder-volume[81312]: DEBUG cinder.coordination [req-bf7ea9d8-7b91-4c0f-a9d2-bd23ac17aad0 req-10942ee0-fd18-42de-965a-9555174a2ba0 tempest-VolumesSnapshotsTestJSON-1587579459 None] Lock "cinder-quobyte-6b7630a9-cf59-4488-a7c0-8ecea3f31d9e" acquired by "delete_volume" :: waited 0.012s {{(pid=81312) __acquire /opt/stack/cinder/cinder/coordination.py:141}}
Apr 27 23:51:11 devstack cinder-volume[81312]: DEBUG oslo.privsep.daemon [-] privsep: reply[eb5620b6-b693-4bca-9a19-5679d9d51b01]: (4, 'qcow2') {{(pid=82167) _call_back /opt/stack/data/venv/lib/python3.10/site-packages/oslo_privsep/daemon.py:573}}
Apr 27 23:51:11 devstack cinder-volume[81312]: DEBUG oslo_concurrency.processutils [req-bf7ea9d8-7b91-4c0f-a9d2-bd23ac17aad0 req-10942ee0-fd18-42de-965a-9555174a2ba0 tempest-VolumesSnapshotsTestJSON-1587579459 None] Running cmd (subprocess): /opt/stack/data/venv/bin/python3.10 -m oslo_concurrency.prlimit --as=1073741824 --cpu=60 -- sudo cinder-rootwrap /etc/cinder/rootwrap.conf env LC_ALL=C qemu-img info -f qcow2 --output=json --force-share /opt/stack/data/cinder/mnt/d3df2a0486a98a7daa7d649946353b81/volume-6b7630a9-cf59-4488-a7c0-8ecea3f31d9e {{(pid=81312) execute /opt/stack/data/venv/lib/python3.10/site-packages/oslo_concurrency/processutils.py:440}}
Apr 27 23:51:11 devstack sudo[83275]: quobyte : PWD=/ ; USER=root ; COMMAND=/opt/stack/data/venv/bin/cinder-rootwrap /etc/cinder/rootwrap.conf env LC_ALL=C qemu-img info -f qcow2 --output=json --force-share /opt/stack/data/cinder/mnt/d3df2a0486a98a7daa7d649946353b81/volume-6b7630a9-cf59-4488-a7c0-8ecea3f31d9e
Apr 27 23:51:11 devstack sudo[83275]: pam_unix(sudo:session): session opened for user root(uid=0) by (uid=1000)
Apr 27 23:51:11 devstack sudo[83275]: pam_unix(sudo:session): session closed for user root
Apr 27 23:51:11 devstack cinder-volume[81312]: DEBUG oslo_concurrency.processutils [req-bf7ea9d8-7b91-4c0f-a9d2-bd23ac17aad0 req-10942ee0-fd18-42de-965a-9555174a2ba0 tempest-VolumesSnapshotsTestJSON-1587579459 None] CMD "/opt/stack/data/venv/bin/python3.10 -m oslo_concurrency.prlimit --as=1073741824 --cpu=60 -- sudo cinder-rootwrap /etc/cinder/rootwrap.conf env LC_ALL=C qemu-img info -f qcow2 --output=json --force-share /opt/stack/data/cinder/mnt/d3df2a0486a98a7daa7d649946353b81/volume-6b7630a9-cf59-4488-a7c0-8ecea3f31d9e" returned: 0 in 0.833s {{(pid=81312) execute /opt/stack/data/venv/lib/python3.10/site-packages/oslo_concurrency/processutils.py:468}}
Apr 27 23:51:11 devstack cinder-volume[81312]: DEBUG oslo_concurrency.processutils [req-bf7ea9d8-7b91-4c0f-a9d2-bd23ac17aad0 req-10942ee0-fd18-42de-965a-9555174a2ba0 tempest-VolumesSnapshotsTestJSON-1587579459 None] Running cmd (subprocess): sudo cinder-rootwrap /etc/cinder/rootwrap.conf rm -f /opt/stack/data/cinder/mnt/d3df2a0486a98a7daa7d649946353b81/volume-6b7630a9-cf59-4488-a7c0-8ecea3f31d9e {{(pid=81312) execute /opt/stack/data/venv/lib/python3.10/site-packages/oslo_concurrency/processutils.py:440}}
Apr 27 23:51:12 devstack sudo[83284]: quobyte : PWD=/ ; USER=root ; COMMAND=/opt/stack/data/venv/bin/cinder-rootwrap /etc/cinder/rootwrap.conf rm -f /opt/stack/data/cinder/mnt/d3df2a0486a98a7daa7d649946353b81/volume-6b7630a9-cf59-4488-a7c0-8ecea3f31d9e
Apr 27 23:51:12 devstack sudo[83284]: pam_unix(sudo:session): session opened for user root(uid=0) by (uid=1000)
Apr 27 23:51:12 devstack sudo[83284]: pam_unix(sudo:session): session closed for user root
Apr 27 23:51:12 devstack cinder-volume[81312]: DEBUG oslo_concurrency.processutils [req-bf7ea9d8-7b91-4c0f-a9d2-bd23ac17aad0 req-10942ee0-fd18-42de-965a-9555174a2ba0 tempest-VolumesSnapshotsTestJSON-1587579459 None] CMD "sudo cinder-rootwrap /etc/cinder/rootwrap.conf rm -f /opt/stack/data/cinder/mnt/d3df2a0486a98a7daa7d649946353b81/volume-6b7630a9-cf59-4488-a7c0-8ecea3f31d9e" returned: 0 in 0.623s {{(pid=81312) execute /opt/stack/data/venv/lib/python3.10/site-packages/oslo_concurrency/processutils.py:468}}
