Sep 01 00:17:12 devstack devstack@n-api.service[61849]: DEBUG oslo_concurrency.lockutils [None req-176035ef-54fd-4341-86cf-b7dfca3fceae tempest-VolumesAdminNegativeTest-1728177864 tempest-VolumesAdminNegativeTest-1728177864-project-member] Lock "00000000-0000-0000-0000-000000000000" acquired by "nova.context.set_target_cell..get_or_set_cached_cell_and_set_connections" :: waited 0.001s {{(pid=61849) inner /opt/stack/data/venv/lib/python3.12/site-packages/oslo_concurrency/lockutils.py:525}}
Sep 01 00:17:12 devstack devstack@n-api.service[61849]: DEBUG oslo_concurrency.lockutils [None req-176035ef-54fd-4341-86cf-b7dfca3fceae tempest-VolumesAdminNegativeTest-1728177864 tempest-VolumesAdminNegativeTest-1728177864-project-member] Lock "00000000-0000-0000-0000-000000000000" "released" by "nova.context.set_target_cell..get_or_set_cached_cell_and_set_connections" :: held 0.001s {{(pid=61849) inner /opt/stack/data/venv/lib/python3.12/site-packages/oslo_concurrency/lockutils.py:544}}
Sep 01 00:17:12 devstack devstack@n-api.service[61849]: DEBUG oslo_concurrency.lockutils [None req-176035ef-54fd-4341-86cf-b7dfca3fceae tempest-VolumesAdminNegativeTest-1728177864 tempest-VolumesAdminNegativeTest-1728177864-project-member] Acquiring lock "647c5eac-3e0b-461b-ad40-40a2916e3a8f" by "nova.context.set_target_cell..get_or_set_cached_cell_and_set_connections" {{(pid=61849) inner /opt/stack/data/venv/lib/python3.12/site-packages/oslo_concurrency/lockutils.py:512}}
Sep 01 00:17:12 devstack devstack@n-api.service[61849]: DEBUG oslo_concurrency.lockutils [None req-176035ef-54fd-4341-86cf-b7dfca3fceae tempest-VolumesAdminNegativeTest-1728177864 tempest-VolumesAdminNegativeTest-1728177864-project-member] Lock "647c5eac-3e0b-461b-ad40-40a2916e3a8f" acquired by "nova.context.set_target_cell..get_or_set_cached_cell_and_set_connections" :: waited 0.002s {{(pid=61849) inner /opt/stack/data/venv/lib/python3.12/site-packages/oslo_concurrency/lockutils.py:525}}
Sep 01 00:17:12 devstack devstack@n-api.service[61849]: DEBUG oslo_concurrency.lockutils [None req-176035ef-54fd-4341-86cf-b7dfca3fceae tempest-VolumesAdminNegativeTest-1728177864 tempest-VolumesAdminNegativeTest-1728177864-project-member] Lock "647c5eac-3e0b-461b-ad40-40a2916e3a8f" "released" by "nova.context.set_target_cell..get_or_set_cached_cell_and_set_connections" :: held 0.001s {{(pid=61849) inner /opt/stack/data/venv/lib/python3.12/site-packages/oslo_concurrency/lockutils.py:544}}
Sep 01 00:17:12 devstack devstack@n-api.service[61849]: DEBUG nova.quota [None req-176035ef-54fd-4341-86cf-b7dfca3fceae tempest-VolumesAdminNegativeTest-1728177864 tempest-VolumesAdminNegativeTest-1728177864-project-member] Getting quotas for project 3dbf719876db4d4daedc12a7ab343d02. Resources: {'ram', 'instances', 'cores'} {{(pid=61849) _get_quotas /opt/stack/nova/nova/quota.py:389}}
Sep 01 00:17:12 devstack devstack@n-api.service[61849]: DEBUG nova.quota [None req-176035ef-54fd-4341-86cf-b7dfca3fceae tempest-VolumesAdminNegativeTest-1728177864 tempest-VolumesAdminNegativeTest-1728177864-project-member] Getting quotas for user cc7d9ed5604944caa95b29c7697627de and project 3dbf719876db4d4daedc12a7ab343d02. Resources: {'ram', 'instances', 'cores'} {{(pid=61849) _get_quotas /opt/stack/nova/nova/quota.py:379}}
Sep 01 00:17:12 devstack devstack@n-api.service[61849]: DEBUG nova.compute.api [None req-176035ef-54fd-4341-86cf-b7dfca3fceae tempest-VolumesAdminNegativeTest-1728177864 tempest-VolumesAdminNegativeTest-1728177864-project-member] Going to run 1 instances... {{(pid=61849) _provision_instances /opt/stack/nova/nova/compute/api.py:1482}}
Sep 01 00:17:12 devstack devstack@n-api.service[61849]: DEBUG nova.compute.api [None req-176035ef-54fd-4341-86cf-b7dfca3fceae tempest-VolumesAdminNegativeTest-1728177864 tempest-VolumesAdminNegativeTest-1728177864-project-member] [instance: 2c089fe0-efa1-4deb-bc78-05ee117be08d] block_device_mapping [BlockDeviceMapping(attachment_id=,boot_index=0,connection_info=None,created_at=,delete_on_termination=True,deleted=,deleted_at=,destination_type='local',device_name=None,device_type='disk',disk_bus=None,encrypted=False,encryption_format=None,encryption_options=None,encryption_secret_uuid=None,guest_format=None,id=,image_id='df40e229-b455-4243-a6fd-53ca30610169',instance=,instance_uuid=,no_device=False,snapshot_id=None,source_type='image',tag=None,updated_at=,uuid=,volume_id=None,volume_size=None,volume_type=None)] {{(pid=61849) _bdm_validate_set_size_and_instance /opt/stack/nova/nova/compute/api.py:1944}}
Sep 01 00:17:12 devstack devstack@n-api.service[61849]: INFO nova.api.openstack.requestlog [None req-176035ef-54fd-4341-86cf-b7dfca3fceae tempest-VolumesAdminNegativeTest-1728177864 tempest-VolumesAdminNegativeTest-1728177864-project-member] 192.168.122.147 "POST /compute/v2.1/servers" status: 202 len: 388 microversion: 2.1 time: 4.309810
Sep 01 00:17:12 devstack devstack@n-api.service[61849]: [pid: 61849|app: 0|req: 78/145] 192.168.122.147 () {60 vars in 1149 bytes} [Tue Sep 1 00:17:08 2026] POST /compute/v2.1/servers => generated 388 bytes in 4318 msecs (HTTP/1.1 202) 10 headers in 455 bytes (1 switches on core 0)
Sep 01 00:17:12 devstack devstack@n-api.service[61849]: DEBUG nova.api.openstack.wsgi [None req-d0108470-3d02-45c2-b404-7806712bb2d4 tempest-ServerRescueNegativeTestJSON-54419178 tempest-ServerRescueNegativeTestJSON-54419178-project-member] Calling method '>' {{(pid=61849) _process_stack /opt/stack/nova/nova/api/openstack/wsgi.py:551}}
Sep 01 00:17:12 devstack devstack@n-api.service[61849]: DEBUG nova.compute.api [None req-d0108470-3d02-45c2-b404-7806712bb2d4 tempest-ServerRescueNegativeTestJSON-54419178 tempest-ServerRescueNegativeTestJSON-54419178-project-member] [instance: 94d726b7-c536-43c9-a53c-dd714e672a6a] Fetching instance by UUID {{(pid=61849) get /opt/stack/nova/nova/compute/api.py:3070}}
Sep 01 00:17:12 devstack devstack@n-api.service[61849]: DEBUG oslo_concurrency.lockutils [None req-d0108470-3d02-45c2-b404-7806712bb2d4 tempest-ServerRescueNegativeTestJSON-54419178 tempest-ServerRescueNegativeTestJSON-54419178-project-member] Acquiring lock "647c5eac-3e0b-461b-ad40-40a2916e3a8f" by "nova.context.set_target_cell..get_or_set_cached_cell_and_set_connections" {{(pid=61849) inner /opt/stack/data/venv/lib/python3.12/site-packages/oslo_concurrency/lockutils.py:512}}
Sep 01 00:17:12 devstack devstack@n-api.service[61849]: DEBUG oslo_concurrency.lockutils [None req-d0108470-3d02-45c2-b404-7806712bb2d4 tempest-ServerRescueNegativeTestJSON-54419178 tempest-ServerRescueNegativeTestJSON-54419178-project-member] Lock "647c5eac-3e0b-461b-ad40-40a2916e3a8f" acquired by "nova.context.set_target_cell..get_or_set_cached_cell_and_set_connections" :: waited 0.001s {{(pid=61849) inner /opt/stack/data/venv/lib/python3.12/site-packages/oslo_concurrency/lockutils.py:525}}
Sep 01 00:17:12 devstack devstack@n-api.service[61849]: DEBUG oslo_concurrency.lockutils [None req-d0108470-3d02-45c2-b404-7806712bb2d4 tempest-ServerRescueNegativeTestJSON-54419178 tempest-ServerRescueNegativeTestJSON-54419178-project-member] Lock "647c5eac-3e0b-461b-ad40-40a2916e3a8f" "released" by "nova.context.set_target_cell..get_or_set_cached_cell_and_set_connections" :: held 0.003s {{(pid=61849) inner /opt/stack/data/venv/lib/python3.12/site-packages/oslo_concurrency/lockutils.py:544}}
Sep 01 00:17:12 devstack devstack@n-api.service[61849]: DEBUG oslo_concurrency.lockutils [None req-d0108470-3d02-45c2-b404-7806712bb2d4 tempest-ServerRescueNegativeTestJSON-54419178 tempest-ServerRescueNegativeTestJSON-54419178-project-member] Acquiring lock "647c5eac-3e0b-461b-ad40-40a2916e3a8f" by "nova.context.set_target_cell..get_or_set_cached_cell_and_set_connections" {{(pid=61849) inner /opt/stack/data/venv/lib/python3.12/site-packages/oslo_concurrency/lockutils.py:512}}
Sep 01 00:17:12 devstack devstack@n-api.service[61849]: DEBUG oslo_concurrency.lockutils [None req-d0108470-3d02-45c2-b404-7806712bb2d4 tempest-ServerRescueNegativeTestJSON-54419178 tempest-ServerRescueNegativeTestJSON-54419178-project-member] Lock "647c5eac-3e0b-461b-ad40-40a2916e3a8f" acquired by "nova.context.set_target_cell..get_or_set_cached_cell_and_set_connections" :: waited 0.001s {{(pid=61849) inner /opt/stack/data/venv/lib/python3.12/site-packages/oslo_concurrency/lockutils.py:525}}
Sep 01 00:17:12 devstack devstack@n-api.service[61849]: DEBUG oslo_concurrency.lockutils [None req-d0108470-3d02-45c2-b404-7806712bb2d4 tempest-ServerRescueNegativeTestJSON-54419178 tempest-ServerRescueNegativeTestJSON-54419178-project-member] Lock "647c5eac-3e0b-461b-ad40-40a2916e3a8f" "released" by "nova.context.set_target_cell..get_or_set_cached_cell_and_set_connections" :: held 0.006s {{(pid=61849) inner /opt/stack/data/venv/lib/python3.12/site-packages/oslo_concurrency/lockutils.py:544}}
Sep 01 00:17:12 devstack devstack@n-api.service[61849]: WARNING neutronclient.v2_0.client [None req-d0108470-3d02-45c2-b404-7806712bb2d4 tempest-ServerRescueNegativeTestJSON-54419178 tempest-ServerRescueNegativeTestJSON-54419178-project-member] The python binding code in neutronclient is deprecated in favor of OpenstackSDK, please use that as this will be removed in a future release.
Sep 01 00:17:13 devstack devstack@n-api.service[61849]: DEBUG nova.policy [None req-d0108470-3d02-45c2-b404-7806712bb2d4 tempest-ServerRescueNegativeTestJSON-54419178 tempest-ServerRescueNegativeTestJSON-54419178-project-member] Policy check for os_compute_api:os-extended-server-attributes failed with credentials {'is_admin': False, 'user_id': 'e3fdc71c878c45f5b7626d180f06d333', 'user_domain_id': 'default', 'system_scope': None, 'domain_id': None, 'project_id': '3efb1cc4e2b94f388d8145d3e5c5d1f1', 'project_domain_id': 'default', 'roles': ['reader', 'member'], 'is_admin_project': True, 'service_user_id': None, 'service_user_domain_id': None, 'service_project_id': None, 'service_project_domain_id': None, 'service_roles': []} {{(pid=61849) authorize /opt/stack/nova/nova/policy.py:202}}
Sep 01 00:17:13 devstack devstack@n-api.service[61849]: INFO nova.api.openstack.requestlog [None req-d0108470-3d02-45c2-b404-7806712bb2d4 tempest-ServerRescueNegativeTestJSON-54419178 tempest-ServerRescueNegativeTestJSON-54419178-project-member] 192.168.122.147 "GET /compute/v2.1/servers/94d726b7-c536-43c9-a53c-dd714e672a6a" status: 200 len: 1335 microversion: 2.1 time: 0.642182
Sep 01 00:17:13 devstack devstack@n-api.service[61849]: [pid: 61849|app: 0|req: 79/146] 192.168.122.147 () {58 vars in 1238 bytes} [Tue Sep 1 00:17:12 2026] GET /compute/v2.1/servers/94d726b7-c536-43c9-a53c-dd714e672a6a => generated 1335 bytes in 645 msecs (HTTP/1.1 200) 9 headers in 358 bytes (1 switches on core 0)
Sep 01 00:17:13 devstack devstack@n-api.service[61849]: DEBUG nova.api.openstack.wsgi [None req-0eed9e83-b46b-479c-b6f8-769dcafb4dcf tempest-VolumesAdminNegativeTest-1728177864 tempest-VolumesAdminNegativeTest-1728177864-project-member] Calling method '>' {{(pid=61849) _process_stack /opt/stack/nova/nova/api/openstack/wsgi.py:551}}
Sep 01 00:17:13 devstack devstack@n-api.service[61849]: DEBUG nova.compute.api [None req-0eed9e83-b46b-479c-b6f8-769dcafb4dcf tempest-VolumesAdminNegativeTest-1728177864 tempest-VolumesAdminNegativeTest-1728177864-project-member] [instance: 2c089fe0-efa1-4deb-bc78-05ee117be08d] Fetching instance by UUID {{(pid=61849) get /opt/stack/nova/nova/compute/api.py:3070}}
Sep 01 00:17:13 devstack devstack@n-api.service[61849]: WARNING neutronclient.v2_0.client [None req-0eed9e83-b46b-479c-b6f8-769dcafb4dcf tempest-VolumesAdminNegativeTest-1728177864 tempest-VolumesAdminNegativeTest-1728177864-project-member] The python binding code in neutronclient is deprecated in favor of OpenstackSDK, please use that as this will be removed in a future release.
Sep 01 00:17:13 devstack devstack@n-api.service[61849]: DEBUG nova.policy [None req-0eed9e83-b46b-479c-b6f8-769dcafb4dcf tempest-VolumesAdminNegativeTest-1728177864 tempest-VolumesAdminNegativeTest-1728177864-project-member] Policy check for os_compute_api:os-extended-server-attributes failed with credentials {'is_admin': False, 'user_id': 'cc7d9ed5604944caa95b29c7697627de', 'user_domain_id': 'default', 'system_scope': None, 'domain_id': None, 'project_id': '3dbf719876db4d4daedc12a7ab343d02', 'project_domain_id': 'default', 'roles': ['reader', 'member'], 'is_admin_project': True, 'service_user_id': None, 'service_user_domain_id': None, 'service_project_id': None, 'service_project_domain_id': None, 'service_roles': []} {{(pid=61849) authorize /opt/stack/nova/nova/policy.py:202}}
Sep 01 00:17:13 devstack devstack@n-api.service[61849]: INFO nova.api.openstack.requestlog [None req-0eed9e83-b46b-479c-b6f8-769dcafb4dcf tempest-VolumesAdminNegativeTest-1728177864 tempest-VolumesAdminNegativeTest-1728177864-project-member] 192.168.122.147 "GET /compute/v2.1/servers/2c089fe0-efa1-4deb-bc78-05ee117be08d" status: 200 len: 1229 microversion: 2.1 time: 0.252949
Sep 01 00:17:13 devstack devstack@n-api.service[61849]: [pid: 61849|app: 0|req: 80/147] 192.168.122.147 () {58 vars in 1238 bytes} [Tue Sep 1 00:17:13 2026] GET /compute/v2.1/servers/2c089fe0-efa1-4deb-bc78-05ee117be08d => generated 1229 bytes in 257 msecs (HTTP/1.1 200) 9 headers in 358 bytes (1 switches on core 0)
Sep 01 00:17:13 devstack devstack@n-api.service[61850]: INFO nova.api.openstack.requestlog [None req-6785985f-388b-41dc-a5b9-b848cb318b3f tempest-TaggedAttachmentsTest-1115928451 tempest-TaggedAttachmentsTest-1115928451-project-member] 192.168.122.147 "POST /compute/v2.1/servers/845ec573-6e8a-4677-be33-197a0b470b85/os-volume_attachments" status: 200 len: 194 microversion: 2.49 time: 1.903578
Sep 01 00:17:13 devstack devstack@n-api.service[61850]: [pid: 61850|app: 0|req: 68/148] 192.168.122.147 () {62 vars in 1366 bytes} [Tue Sep 1 00:17:11 2026] POST /compute/v2.1/servers/845ec573-6e8a-4677-be33-197a0b470b85/os-volume_attachments => generated 194 bytes in 1913 msecs (HTTP/1.1 200) 9 headers in 359 bytes (1 switches on core 0)
Sep 01 00:17:13 devstack devstack@n-api.service[61849]: DEBUG nova.api.openstack.wsgi [req-59f2579f-f5ce-4231-af97-444c41acbc1b req-0d0d5652-47fb-46b5-9fbc-7be7133dcf5a service nova] Action: 'create', calling method: >, body: {"events": [{"server_uuid": "845ec573-6e8a-4677-be33-197a0b470b85", "name": "network-vif-plugged", "status": "completed", "tag": "e53b5460-d090-4e85-a3e2-c01f18b684ec"}]} {{(pid=61849) _process_stack /opt/stack/nova/nova/api/openstack/wsgi.py:549}}
Sep 01 00:17:13 devstack devstack@n-api.service[61850]: DEBUG nova.api.openstack.wsgi [req-4e0f6b95-8f7e-4e49-a311-57d228db287f req-3f9095d6-b99e-4325-a394-5d4d7e9f0620 service nova] Action: 'create', calling method: >, body: {"events": [{"server_uuid": "3a0d5e62-fd7f-4f01-aaaa-7f6dc4473ae9", "name": "network-vif-plugged", "status": "completed", "tag": "61dad7d3-6cc1-4c38-a4bb-1f9e0c423a88"}]} {{(pid=61850) _process_stack /opt/stack/nova/nova/api/openstack/wsgi.py:549}}
Sep 01 00:17:13 devstack devstack@n-api.service[61850]: DEBUG oslo_concurrency.lockutils [req-4e0f6b95-8f7e-4e49-a311-57d228db287f req-3f9095d6-b99e-4325-a394-5d4d7e9f0620 service nova] Acquiring lock "647c5eac-3e0b-461b-ad40-40a2916e3a8f" by "nova.context.set_target_cell..get_or_set_cached_cell_and_set_connections" {{(pid=61850) inner /opt/stack/data/venv/lib/python3.12/site-packages/oslo_concurrency/lockutils.py:512}}
Sep 01 00:17:13 devstack devstack@n-api.service[61850]: DEBUG oslo_concurrency.lockutils [req-4e0f6b95-8f7e-4e49-a311-57d228db287f req-3f9095d6-b99e-4325-a394-5d4d7e9f0620 service nova] Lock "647c5eac-3e0b-461b-ad40-40a2916e3a8f" acquired by "nova.context.set_target_cell..get_or_set_cached_cell_and_set_connections" :: waited 0.001s {{(pid=61850) inner /opt/stack/data/venv/lib/python3.12/site-packages/oslo_concurrency/lockutils.py:525}}
Sep 01 00:17:13 devstack devstack@n-api.service[61850]: DEBUG oslo_concurrency.lockutils [req-4e0f6b95-8f7e-4e49-a311-57d228db287f req-3f9095d6-b99e-4325-a394-5d4d7e9f0620 service nova] Lock "647c5eac-3e0b-461b-ad40-40a2916e3a8f" "released" by "nova.context.set_target_cell..get_or_set_cached_cell_and_set_connections" :: held 0.000s {{(pid=61850) inner /opt/stack/data/venv/lib/python3.12/site-packages/oslo_concurrency/lockutils.py:544}}
Sep 01 00:17:13 devstack devstack@n-api.service[61849]: DEBUG oslo_concurrency.lockutils [req-59f2579f-f5ce-4231-af97-444c41acbc1b req-0d0d5652-47fb-46b5-9fbc-7be7133dcf5a service nova] Acquiring lock "647c5eac-3e0b-461b-ad40-40a2916e3a8f" by "nova.context.set_target_cell..get_or_set_cached_cell_and_set_connections" {{(pid=61849) inner /opt/stack/data/venv/lib/python3.12/site-packages/oslo_concurrency/lockutils.py:512}}
Sep 01 00:17:13 devstack devstack@n-api.service[61849]: DEBUG oslo_concurrency.lockutils [req-59f2579f-f5ce-4231-af97-444c41acbc1b req-0d0d5652-47fb-46b5-9fbc-7be7133dcf5a service nova] Lock "647c5eac-3e0b-461b-ad40-40a2916e3a8f" acquired by "nova.context.set_target_cell..get_or_set_cached_cell_and_set_connections" :: waited 0.011s {{(pid=61849) inner /opt/stack/data/venv/lib/python3.12/site-packages/oslo_concurrency/lockutils.py:525}}
Sep 01 00:17:13 devstack devstack@n-api.service[61849]: DEBUG oslo_concurrency.lockutils [req-59f2579f-f5ce-4231-af97-444c41acbc1b req-0d0d5652-47fb-46b5-9fbc-7be7133dcf5a service nova] Lock "647c5eac-3e0b-461b-ad40-40a2916e3a8f" "released" by "nova.context.set_target_cell..get_or_set_cached_cell_and_set_connections" :: held 0.008s {{(pid=61849) inner /opt/stack/data/venv/lib/python3.12/site-packages/oslo_concurrency/lockutils.py:544}}
Sep 01 00:17:13 devstack devstack@n-api.service[61850]: INFO nova.api.openstack.compute.server_external_events [req-4e0f6b95-8f7e-4e49-a311-57d228db287f req-3f9095d6-b99e-4325-a394-5d4d7e9f0620 service nova] Creating event network-vif-plugged:61dad7d3-6cc1-4c38-a4bb-1f9e0c423a88 for instance 3a0d5e62-fd7f-4f01-aaaa-7f6dc4473ae9 on devstack
Sep 01 00:17:13 devstack devstack@n-api.service[61850]: DEBUG nova.compute.rpcapi [req-4e0f6b95-8f7e-4e49-a311-57d228db287f req-3f9095d6-b99e-4325-a394-5d4d7e9f0620 service nova] RPC: Sending the message to topic: compute-alt {{(pid=61850) prepare_for_alt_rpcserver /opt/stack/nova/nova/compute/rpcapi.py:595}}
Sep 01 00:17:13 devstack devstack@n-api.service[61850]: INFO nova.api.openstack.requestlog [req-4e0f6b95-8f7e-4e49-a311-57d228db287f req-3f9095d6-b99e-4325-a394-5d4d7e9f0620 service nova] 192.168.122.147 "POST /compute/v2.1/os-server-external-events" status: 200 len: 183 microversion: 2.1 time: 0.114916
Sep 01 00:17:13 devstack devstack@n-api.service[61850]: [pid: 61850|app: 0|req: 69/149] 192.168.122.147 () {64 vars in 1321 bytes} [Tue Sep 1 00:17:13 2026] POST /compute/v2.1/os-server-external-events => generated 183 bytes in 124 msecs (HTTP/1.1 200) 9 headers in 357 bytes (1 switches on core 0)
Sep 01 00:17:13 devstack devstack@n-api.service[61849]: INFO nova.api.openstack.compute.server_external_events [req-59f2579f-f5ce-4231-af97-444c41acbc1b req-0d0d5652-47fb-46b5-9fbc-7be7133dcf5a service nova] Creating event network-vif-plugged:e53b5460-d090-4e85-a3e2-c01f18b684ec for instance 845ec573-6e8a-4677-be33-197a0b470b85 on devstack
Sep 01 00:17:14 devstack devstack@n-api.service[61849]: DEBUG nova.compute.rpcapi [req-59f2579f-f5ce-4231-af97-444c41acbc1b req-0d0d5652-47fb-46b5-9fbc-7be7133dcf5a service nova] RPC: Sending the message to topic: compute-alt {{(pid=61849) prepare_for_alt_rpcserver /opt/stack/nova/nova/compute/rpcapi.py:595}}
Sep 01 00:17:14 devstack devstack@n-api.service[61849]: INFO nova.api.openstack.requestlog [req-59f2579f-f5ce-4231-af97-444c41acbc1b req-0d0d5652-47fb-46b5-9fbc-7be7133dcf5a service nova] 192.168.122.147 "POST /compute/v2.1/os-server-external-events" status: 200 len: 183 microversion: 2.1 time: 0.290097
Sep 01 00:17:14 devstack devstack@n-api.service[61849]: [pid: 61849|app: 0|req: 81/150] 192.168.122.147 () {64 vars in 1321 bytes} [Tue Sep 1 00:17:13 2026] POST /compute/v2.1/os-server-external-events => generated 183 bytes in 299 msecs (HTTP/1.1 200) 9 headers in 357 bytes (1 switches on core 0)
Sep 01 00:17:14 devstack devstack@n-api.service[61849]: DEBUG nova.api.openstack.wsgi [None req-a69b45ee-ecfc-4990-8d4a-318d8bcbd9bb tempest-ServerRescueNegativeTestJSON-54419178 tempest-ServerRescueNegativeTestJSON-54419178-project-member] Calling method '>' {{(pid=61849) _process_stack /opt/stack/nova/nova/api/openstack/wsgi.py:551}}
Sep 01 00:17:14 devstack devstack@n-api.service[61849]: DEBUG nova.compute.api [None req-a69b45ee-ecfc-4990-8d4a-318d8bcbd9bb tempest-ServerRescueNegativeTestJSON-54419178 tempest-ServerRescueNegativeTestJSON-54419178-project-member] [instance: 94d726b7-c536-43c9-a53c-dd714e672a6a] Fetching instance by UUID {{(pid=61849) get /opt/stack/nova/nova/compute/api.py:3070}}
Sep 01 00:17:14 devstack devstack@n-api.service[61849]: DEBUG oslo_concurrency.lockutils [None req-a69b45ee-ecfc-4990-8d4a-318d8bcbd9bb tempest-ServerRescueNegativeTestJSON-54419178 tempest-ServerRescueNegativeTestJSON-54419178-project-member] Acquiring lock "647c5eac-3e0b-461b-ad40-40a2916e3a8f" by "nova.context.set_target_cell..get_or_set_cached_cell_and_set_connections" {{(pid=61849) inner /opt/stack/data/venv/lib/python3.12/site-packages/oslo_concurrency/lockutils.py:512}}
Sep 01 00:17:14 devstack devstack@n-api.service[61849]: DEBUG oslo_concurrency.lockutils [None req-a69b45ee-ecfc-4990-8d4a-318d8bcbd9bb tempest-ServerRescueNegativeTestJSON-54419178 tempest-ServerRescueNegativeTestJSON-54419178-project-member] Lock "647c5eac-3e0b-461b-ad40-40a2916e3a8f" acquired by "nova.context.set_target_cell..get_or_set_cached_cell_and_set_connections" :: waited 0.001s {{(pid=61849) inner /opt/stack/data/venv/lib/python3.12/site-packages/oslo_concurrency/lockutils.py:525}}
Sep 01 00:17:14 devstack devstack@n-api.service[61849]: DEBUG oslo_concurrency.lockutils [None req-a69b45ee-ecfc-4990-8d4a-318d8bcbd9bb tempest-ServerRescueNegativeTestJSON-54419178 tempest-ServerRescueNegativeTestJSON-54419178-project-member] Lock "647c5eac-3e0b-461b-ad40-40a2916e3a8f" "released" by "nova.context.set_target_cell..get_or_set_cached_cell_and_set_connections" :: held 0.002s {{(pid=61849) inner /opt/stack/data/venv/lib/python3.12/site-packages/oslo_concurrency/lockutils.py:544}}
Sep 01 00:17:14 devstack devstack@n-api.service[61849]: DEBUG oslo_concurrency.lockutils [None req-a69b45ee-ecfc-4990-8d4a-318d8bcbd9bb tempest-ServerRescueNegativeTestJSON-54419178 tempest-ServerRescueNegativeTestJSON-54419178-project-member] Acquiring lock "647c5eac-3e0b-461b-ad40-40a2916e3a8f" by "nova.context.set_target_cell..get_or_set_cached_cell_and_set_connections" {{(pid=61849) inner /opt/stack/data/venv/lib/python3.12/site-packages/oslo_concurrency/lockutils.py:512}}
Sep 01 00:17:14 devstack devstack@n-api.service[61849]: DEBUG oslo_concurrency.lockutils [None req-a69b45ee-ecfc-4990-8d4a-318d8bcbd9bb tempest-ServerRescueNegativeTestJSON-54419178 tempest-ServerRescueNegativeTestJSON-54419178-project-member] Lock "647c5eac-3e0b-461b-ad40-40a2916e3a8f" acquired by "nova.context.set_target_cell..get_or_set_cached_cell_and_set_connections" :: waited 0.001s {{(pid=61849) inner /opt/stack/data/venv/lib/python3.12/site-packages/oslo_concurrency/lockutils.py:525}}
Sep 01 00:17:14 devstack devstack@n-api.service[61849]: DEBUG oslo_concurrency.lockutils [None req-a69b45ee-ecfc-4990-8d4a-318d8bcbd9bb tempest-ServerRescueNegativeTestJSON-54419178 tempest-ServerRescueNegativeTestJSON-54419178-project-member] Lock "647c5eac-3e0b-461b-ad40-40a2916e3a8f" "released" by "nova.context.set_target_cell..get_or_set_cached_cell_and_set_connections" :: held 0.001s {{(pid=61849) inner /opt/stack/data/venv/lib/python3.12/site-packages/oslo_concurrency/lockutils.py:544}}
Sep 01 00:17:14 devstack devstack@n-api.service[61849]: WARNING neutronclient.v2_0.client [None req-a69b45ee-ecfc-4990-8d4a-318d8bcbd9bb tempest-ServerRescueNegativeTestJSON-54419178 tempest-ServerRescueNegativeTestJSON-54419178-project-member] The python binding code in neutronclient is deprecated in favor of OpenstackSDK, please use that as this will be removed in a future release.
Sep 01 00:17:14 devstack devstack@n-api.service[61849]: DEBUG nova.policy [None req-a69b45ee-ecfc-4990-8d4a-318d8bcbd9bb tempest-ServerRescueNegativeTestJSON-54419178 tempest-ServerRescueNegativeTestJSON-54419178-project-member] Policy check for os_compute_api:os-extended-server-attributes failed with credentials {'is_admin': False, 'user_id': 'e3fdc71c878c45f5b7626d180f06d333', 'user_domain_id': 'default', 'system_scope': None, 'domain_id': None, 'project_id': '3efb1cc4e2b94f388d8145d3e5c5d1f1', 'project_domain_id': 'default', 'roles': ['reader', 'member'], 'is_admin_project': True, 'service_user_id': None, 'service_user_domain_id': None, 'service_project_id': None, 'service_project_domain_id': None, 'service_roles': []} {{(pid=61849) authorize /opt/stack/nova/nova/policy.py:202}}
Sep 01 00:17:14 devstack devstack@n-api.service[61850]: DEBUG nova.api.openstack.wsgi [None req-3f226b31-25fa-499d-8c72-6d9df560acfa tempest-VolumesNegativeTest-1783861090 tempest-VolumesNegativeTest-1783861090-project-member] Action: 'create', calling method: >, body: {"volume": {"size": "#$%", "display_name": "tempest-VolumesNegativeTest-Volume-1315776520", "metadata": {"Type": "work"}}} {{(pid=61850) _process_stack /opt/stack/nova/nova/api/openstack/wsgi.py:549}}
Sep 01 00:17:14 devstack devstack@n-api.service[61849]: INFO nova.api.openstack.requestlog [None req-a69b45ee-ecfc-4990-8d4a-318d8bcbd9bb tempest-ServerRescueNegativeTestJSON-54419178 tempest-ServerRescueNegativeTestJSON-54419178-project-member] 192.168.122.147 "GET /compute/v2.1/servers/94d726b7-c536-43c9-a53c-dd714e672a6a" status: 200 len: 1335 microversion: 2.1 time: 0.421865
Sep 01 00:17:14 devstack devstack@n-api.service[61849]: [pid: 61849|app: 0|req: 82/151] 192.168.122.147 () {58 vars in 1238 bytes} [Tue Sep 1 00:17:14 2026] GET /compute/v2.1/servers/94d726b7-c536-43c9-a53c-dd714e672a6a => generated 1335 bytes in 426 msecs (HTTP/1.1 200) 9 headers in 358 bytes (1 switches on core 0)
Sep 01 00:17:14 devstack devstack@n-api.service[61849]: DEBUG nova.api.openstack.wsgi [None req-f7b969ec-41d9-4f09-b277-6402a0d93c92 tempest-VolumesAdminNegativeTest-1728177864 tempest-VolumesAdminNegativeTest-1728177864-project-member] Calling method '>' {{(pid=61849) _process_stack /opt/stack/nova/nova/api/openstack/wsgi.py:551}}
Sep 01 00:17:14 devstack devstack@n-api.service[61850]: DEBUG nova.api.openstack.wsgi [None req-3f226b31-25fa-499d-8c72-6d9df560acfa tempest-VolumesNegativeTest-1783861090 tempest-VolumesNegativeTest-1783861090-project-member] Returning 400 to user: Invalid input for field/attribute size. Value: #$%. '#$%' does not match '^[0-9]+$' {{(pid=61850) __call__ /opt/stack/nova/nova/api/openstack/wsgi.py:908}}
Sep 01 00:17:14 devstack devstack@n-api.service[61849]: DEBUG nova.compute.api [None req-f7b969ec-41d9-4f09-b277-6402a0d93c92 tempest-VolumesAdminNegativeTest-1728177864 tempest-VolumesAdminNegativeTest-1728177864-project-member] [instance: 2c089fe0-efa1-4deb-bc78-05ee117be08d] Fetching instance by UUID {{(pid=61849) get /opt/stack/nova/nova/compute/api.py:3070}}
Sep 01 00:17:14 devstack devstack@n-api.service[61850]: INFO nova.api.openstack.requestlog [None req-3f226b31-25fa-499d-8c72-6d9df560acfa tempest-VolumesNegativeTest-1783861090 tempest-VolumesNegativeTest-1783861090-project-member] 192.168.122.147 "POST /compute/v2.1/os-volumes" status: 400 len: 127 microversion: 2.1 time: 0.603543
Sep 01 00:17:14 devstack devstack@n-api.service[61850]: [pid: 61850|app: 0|req: 70/152] 192.168.122.147 () {60 vars in 1158 bytes} [Tue Sep 1 00:17:14 2026] POST /compute/v2.1/os-volumes => generated 127 bytes in 610 msecs (HTTP/1.1 400) 9 headers in 381 bytes (1 switches on core 0)
Sep 01 00:17:14 devstack devstack@n-api.service[61849]: DEBUG oslo_concurrency.lockutils [None req-f7b969ec-41d9-4f09-b277-6402a0d93c92 tempest-VolumesAdminNegativeTest-1728177864 tempest-VolumesAdminNegativeTest-1728177864-project-member] Acquiring lock "647c5eac-3e0b-461b-ad40-40a2916e3a8f" by "nova.context.set_target_cell..get_or_set_cached_cell_and_set_connections" {{(pid=61849) inner /opt/stack/data/venv/lib/python3.12/site-packages/oslo_concurrency/lockutils.py:512}}
Sep 01 00:17:14 devstack devstack@n-api.service[61849]: DEBUG oslo_concurrency.lockutils [None req-f7b969ec-41d9-4f09-b277-6402a0d93c92 tempest-VolumesAdminNegativeTest-1728177864 tempest-VolumesAdminNegativeTest-1728177864-project-member] Lock "647c5eac-3e0b-461b-ad40-40a2916e3a8f" acquired by "nova.context.set_target_cell..get_or_set_cached_cell_and_set_connections" :: waited 0.001s {{(pid=61849) inner /opt/stack/data/venv/lib/python3.12/site-packages/oslo_concurrency/lockutils.py:525}}
Sep 01 00:17:14 devstack devstack@n-api.service[61849]: DEBUG oslo_concurrency.lockutils [None req-f7b969ec-41d9-4f09-b277-6402a0d93c92 tempest-VolumesAdminNegativeTest-1728177864 tempest-VolumesAdminNegativeTest-1728177864-project-member] Lock "647c5eac-3e0b-461b-ad40-40a2916e3a8f" "released" by "nova.context.set_target_cell..get_or_set_cached_cell_and_set_connections" :: held 0.001s {{(pid=61849) inner /opt/stack/data/venv/lib/python3.12/site-packages/oslo_concurrency/lockutils.py:544}}
Sep 01 00:17:14 devstack devstack@n-api.service[61849]: DEBUG oslo_concurrency.lockutils [None req-f7b969ec-41d9-4f09-b277-6402a0d93c92 tempest-VolumesAdminNegativeTest-1728177864 tempest-VolumesAdminNegativeTest-1728177864-project-member] Acquiring lock "647c5eac-3e0b-461b-ad40-40a2916e3a8f" by "nova.context.set_target_cell..get_or_set_cached_cell_and_set_connections" {{(pid=61849) inner /opt/stack/data/venv/lib/python3.12/site-packages/oslo_concurrency/lockutils.py:512}}
Sep 01 00:17:14 devstack devstack@n-api.service[61849]: DEBUG oslo_concurrency.lockutils [None req-f7b969ec-41d9-4f09-b277-6402a0d93c92 tempest-VolumesAdminNegativeTest-1728177864 tempest-VolumesAdminNegativeTest-1728177864-project-member] Lock "647c5eac-3e0b-461b-ad40-40a2916e3a8f" acquired by "nova.context.set_target_cell..get_or_set_cached_cell_and_set_connections" :: waited 0.001s {{(pid=61849) inner /opt/stack/data/venv/lib/python3.12/site-packages/oslo_concurrency/lockutils.py:525}}
Sep 01 00:17:14 devstack devstack@n-api.service[61849]: DEBUG oslo_concurrency.lockutils [None req-f7b969ec-41d9-4f09-b277-6402a0d93c92 tempest-VolumesAdminNegativeTest-1728177864 tempest-VolumesAdminNegativeTest-1728177864-project-member] Lock "647c5eac-3e0b-461b-ad40-40a2916e3a8f" "released" by "nova.context.set_target_cell..get_or_set_cached_cell_and_set_connections" :: held 0.001s {{(pid=61849) inner /opt/stack/data/venv/lib/python3.12/site-packages/oslo_concurrency/lockutils.py:544}}
Sep 01 00:17:14 devstack devstack@n-api.service[61850]: DEBUG nova.api.openstack.wsgi [None req-e72f0a6b-588a-42cb-b578-6bc3abc9e455 tempest-VolumesNegativeTest-1783861090 tempest-VolumesNegativeTest-1783861090-project-member] Action: 'create', calling method: >, body: {"volume": {"size": "0", "display_name": "tempest-VolumesNegativeTest-Volume-1093144472", "metadata": {"Type": "work"}}} {{(pid=61850) _process_stack /opt/stack/nova/nova/api/openstack/wsgi.py:549}}
Sep 01 00:17:14 devstack devstack@n-api.service[61850]: DEBUG nova.api.openstack.wsgi [None req-e72f0a6b-588a-42cb-b578-6bc3abc9e455 tempest-VolumesNegativeTest-1783861090 tempest-VolumesNegativeTest-1783861090-project-member] Returning 400 to user: Invalid input for field/attribute size. Value: 0. 0 is less than the minimum of 1 {{(pid=61850) __call__ /opt/stack/nova/nova/api/openstack/wsgi.py:908}}
Sep 01 00:17:14 devstack devstack@n-api.service[61850]: INFO nova.api.openstack.requestlog [None req-e72f0a6b-588a-42cb-b578-6bc3abc9e455 tempest-VolumesNegativeTest-1783861090 tempest-VolumesNegativeTest-1783861090-project-member] 192.168.122.147 "POST /compute/v2.1/os-volumes" status: 400 len: 125 microversion: 2.1 time: 0.019741
Sep 01 00:17:14 devstack devstack@n-api.service[61850]: [pid: 61850|app: 0|req: 71/153] 192.168.122.147 () {60 vars in 1158 bytes} [Tue Sep 1 00:17:14 2026] POST /compute/v2.1/os-volumes => generated 125 bytes in 21 msecs (HTTP/1.1 400) 9 headers in 381 bytes (1 switches on core 0)
Sep 01 00:17:14 devstack devstack@n-api.service[61850]: DEBUG nova.api.openstack.wsgi [None req-24410f8e-a9bd-48e3-a8d1-87743630b273 tempest-VolumesNegativeTest-1783861090 tempest-VolumesNegativeTest-1783861090-project-member] Action: 'create', calling method: >, body: {"volume": {"size": "", "display_name": "tempest-VolumesNegativeTest-Volume-110482711", "metadata": {"Type": "work"}}} {{(pid=61850) _process_stack /opt/stack/nova/nova/api/openstack/wsgi.py:549}}
Sep 01 00:17:14 devstack devstack@n-api.service[61850]: DEBUG nova.api.openstack.wsgi [None req-24410f8e-a9bd-48e3-a8d1-87743630b273 tempest-VolumesNegativeTest-1783861090 tempest-VolumesNegativeTest-1783861090-project-member] Returning 400 to user: Invalid input for field/attribute size. Value: . '' does not match '^[0-9]+$' {{(pid=61850) __call__ /opt/stack/nova/nova/api/openstack/wsgi.py:908}}
Sep 01 00:17:14 devstack devstack@n-api.service[61850]: INFO nova.api.openstack.requestlog [None req-24410f8e-a9bd-48e3-a8d1-87743630b273 tempest-VolumesNegativeTest-1783861090 tempest-VolumesNegativeTest-1783861090-project-member] 192.168.122.147 "POST /compute/v2.1/os-volumes" status: 400 len: 121 microversion: 2.1 time: 0.018578
Sep 01 00:17:14 devstack devstack@n-api.service[61850]: [pid: 61850|app: 0|req: 72/154] 192.168.122.147 () {60 vars in 1158 bytes} [Tue Sep 1 00:17:14 2026] POST /compute/v2.1/os-volumes => generated 121 bytes in 20 msecs (HTTP/1.1 400) 9 headers in 381 bytes (1 switches on core 0)
Sep 01 00:17:14 devstack devstack@n-api.service[61849]: WARNING neutronclient.v2_0.client [None req-f7b969ec-41d9-4f09-b277-6402a0d93c92 tempest-VolumesAdminNegativeTest-1728177864 tempest-VolumesAdminNegativeTest-1728177864-project-member] The python binding code in neutronclient is deprecated in favor of OpenstackSDK, please use that as this will be removed in a future release.
Sep 01 00:17:14 devstack devstack@n-api.service[61850]: DEBUG nova.api.openstack.wsgi [None req-91d6304f-2a57-484a-86da-a563b5b2be67 tempest-VolumesNegativeTest-1783861090 tempest-VolumesNegativeTest-1783861090-project-member] Calling method '>' {{(pid=61850) _process_stack /opt/stack/nova/nova/api/openstack/wsgi.py:551}}
Sep 01 00:17:15 devstack devstack@n-api.service[61850]: INFO nova.api.openstack.wsgi [None req-91d6304f-2a57-484a-86da-a563b5b2be67 tempest-VolumesNegativeTest-1783861090 tempest-VolumesNegativeTest-1783861090-project-member] HTTP exception thrown: Volume tempest-invalid-817914081 could not be found.
Sep 01 00:17:15 devstack devstack@n-api.service[61850]: DEBUG nova.api.openstack.wsgi [None req-91d6304f-2a57-484a-86da-a563b5b2be67 tempest-VolumesNegativeTest-1783861090 tempest-VolumesNegativeTest-1783861090-project-member] Returning 404 to user: Volume tempest-invalid-817914081 could not be found. {{(pid=61850) __call__ /opt/stack/nova/nova/api/openstack/wsgi.py:908}}
Sep 01 00:17:15 devstack devstack@n-api.service[61850]: INFO nova.api.openstack.requestlog [None req-91d6304f-2a57-484a-86da-a563b5b2be67 tempest-VolumesNegativeTest-1783861090 tempest-VolumesNegativeTest-1783861090-project-member] 192.168.122.147 "DELETE /compute/v2.1/os-volumes/tempest-invalid-817914081" status: 404 len: 98 microversion: 2.1 time: 0.064405
Sep 01 00:17:15 devstack devstack@n-api.service[61850]: [pid: 61850|app: 0|req: 73/155] 192.168.122.147 () {58 vars in 1217 bytes} [Tue Sep 1 00:17:14 2026] DELETE /compute/v2.1/os-volumes/tempest-invalid-817914081 => generated 98 bytes in 66 msecs (HTTP/1.1 404) 9 headers in 378 bytes (1 switches on core 0)
Sep 01 00:17:15 devstack devstack@n-api.service[61850]: INFO nova.api.openstack.requestlog [None req-0904ee02-7db7-4f67-bd9b-031dcb758a7c tempest-VolumesNegativeTest-1783861090 tempest-VolumesNegativeTest-1783861090-project-member] 192.168.122.147 "DELETE /compute/v2.1/os-volumes/" status: 404 len: 112 microversion: - time: 0.004965
Sep 01 00:17:15 devstack devstack@n-api.service[61850]: [pid: 61850|app: 0|req: 74/156] 192.168.122.147 () {58 vars in 1142 bytes} [Tue Sep 1 00:17:15 2026] DELETE /compute/v2.1/os-volumes/ => generated 112 bytes in 7 msecs (HTTP/1.1 404) 5 headers in 228 bytes (1 switches on core 0)
Sep 01 00:17:15 devstack devstack@n-api.service[61849]: DEBUG nova.policy [None req-f7b969ec-41d9-4f09-b277-6402a0d93c92 tempest-VolumesAdminNegativeTest-1728177864 tempest-VolumesAdminNegativeTest-1728177864-project-member] Policy check for os_compute_api:os-extended-server-attributes failed with credentials {'is_admin': False, 'user_id': 'cc7d9ed5604944caa95b29c7697627de', 'user_domain_id': 'default', 'system_scope': None, 'domain_id': None, 'project_id': '3dbf719876db4d4daedc12a7ab343d02', 'project_domain_id': 'default', 'roles': ['reader', 'member'], 'is_admin_project': True, 'service_user_id': None, 'service_user_domain_id': None, 'service_project_id': None, 'service_project_domain_id': None, 'service_roles': []} {{(pid=61849) authorize /opt/stack/nova/nova/policy.py:202}}
Sep 01 00:17:15 devstack devstack@n-api.service[61849]: INFO nova.api.openstack.requestlog [None req-f7b969ec-41d9-4f09-b277-6402a0d93c92 tempest-VolumesAdminNegativeTest-1728177864 tempest-VolumesAdminNegativeTest-1728177864-project-member] 192.168.122.147 "GET /compute/v2.1/servers/2c089fe0-efa1-4deb-bc78-05ee117be08d" status: 200 len: 1281 microversion: 2.1 time: 0.219998
Sep 01 00:17:15 devstack devstack@n-api.service[61849]: [pid: 61849|app: 0|req: 83/157] 192.168.122.147 () {58 vars in 1238 bytes} [Tue Sep 1 00:17:14 2026] GET /compute/v2.1/servers/2c089fe0-efa1-4deb-bc78-05ee117be08d => generated 1281 bytes in 221 msecs (HTTP/1.1 200) 9 headers in 358 bytes (1 switches on core 0)
Sep 01 00:17:15 devstack devstack@n-api.service[61850]: INFO nova.api.openstack.requestlog [None req-f1b4a468-4b5d-4b6e-8ba4-d946a2217784 tempest-VolumesNegativeTest-1783861090 tempest-VolumesNegativeTest-1783861090-project-reader] 192.168.122.147 "GET /compute/v2.1/os-volumes/" status: 404 len: 112 microversion: - time: 0.127630
Sep 01 00:17:15 devstack devstack@n-api.service[61850]: [pid: 61850|app: 0|req: 75/158] 192.168.122.147 () {58 vars in 1139 bytes} [Tue Sep 1 00:17:15 2026] GET /compute/v2.1/os-volumes/ => generated 112 bytes in 130 msecs (HTTP/1.1 404) 5 headers in 228 bytes (1 switches on core 0)
Sep 01 00:17:15 devstack devstack@n-api.service[61849]: DEBUG nova.api.openstack.wsgi [None req-6d435659-3eca-48a8-a6d2-cd9583a88646 tempest-VolumesNegativeTest-1783861090 tempest-VolumesNegativeTest-1783861090-project-member] Calling method '>' {{(pid=61849) _process_stack /opt/stack/nova/nova/api/openstack/wsgi.py:551}}
Sep 01 00:17:15 devstack devstack@n-api.service[61849]: INFO nova.api.openstack.wsgi [None req-6d435659-3eca-48a8-a6d2-cd9583a88646 tempest-VolumesNegativeTest-1783861090 tempest-VolumesNegativeTest-1783861090-project-member] HTTP exception thrown: Volume ce3f84db-0894-4e17-a113-65e45105338b could not be found.
Sep 01 00:17:15 devstack devstack@n-api.service[61849]: DEBUG nova.api.openstack.wsgi [None req-6d435659-3eca-48a8-a6d2-cd9583a88646 tempest-VolumesNegativeTest-1783861090 tempest-VolumesNegativeTest-1783861090-project-member] Returning 404 to user: Volume ce3f84db-0894-4e17-a113-65e45105338b could not be found. {{(pid=61849) __call__ /opt/stack/nova/nova/api/openstack/wsgi.py:908}}
Sep 01 00:17:15 devstack devstack@n-api.service[61849]: INFO nova.api.openstack.requestlog [None req-6d435659-3eca-48a8-a6d2-cd9583a88646 tempest-VolumesNegativeTest-1783861090 tempest-VolumesNegativeTest-1783861090-project-member] 192.168.122.147 "DELETE /compute/v2.1/os-volumes/ce3f84db-0894-4e17-a113-65e45105338b" status: 404 len: 109 microversion: 2.1 time: 0.040903
Sep 01 00:17:15 devstack devstack@n-api.service[61849]: [pid: 61849|app: 0|req: 84/159] 192.168.122.147 () {58 vars in 1250 bytes} [Tue Sep 1 00:17:15 2026] DELETE /compute/v2.1/os-volumes/ce3f84db-0894-4e17-a113-65e45105338b => generated 109 bytes in 42 msecs (HTTP/1.1 404) 9 headers in 379 bytes (1 switches on core 0)
Sep 01 00:17:15 devstack devstack@n-api.service[61850]: DEBUG nova.api.openstack.wsgi [None req-e5dcf25b-dda9-4aa4-9e95-1487c36d474b tempest-VolumesNegativeTest-1783861090 tempest-VolumesNegativeTest-1783861090-project-reader] Calling method '>' {{(pid=61850) _process_stack /opt/stack/nova/nova/api/openstack/wsgi.py:551}}
Sep 01 00:17:15 devstack devstack@n-api.service[61850]: INFO nova.api.openstack.wsgi [None req-e5dcf25b-dda9-4aa4-9e95-1487c36d474b tempest-VolumesNegativeTest-1783861090 tempest-VolumesNegativeTest-1783861090-project-reader] HTTP exception thrown: Volume 512b9906-34b6-4d70-ab0a-9327ca0b0041 could not be found.
Sep 01 00:17:15 devstack devstack@n-api.service[61850]: DEBUG nova.api.openstack.wsgi [None req-e5dcf25b-dda9-4aa4-9e95-1487c36d474b tempest-VolumesNegativeTest-1783861090 tempest-VolumesNegativeTest-1783861090-project-reader] Returning 404 to user: Volume 512b9906-34b6-4d70-ab0a-9327ca0b0041 could not be found. {{(pid=61850) __call__ /opt/stack/nova/nova/api/openstack/wsgi.py:908}}
Sep 01 00:17:15 devstack devstack@n-api.service[61850]: INFO nova.api.openstack.requestlog [None req-e5dcf25b-dda9-4aa4-9e95-1487c36d474b tempest-VolumesNegativeTest-1783861090 tempest-VolumesNegativeTest-1783861090-project-reader] 192.168.122.147 "GET /compute/v2.1/os-volumes/512b9906-34b6-4d70-ab0a-9327ca0b0041" status: 404 len: 109 microversion: 2.1 time: 0.061105
Sep 01 00:17:15 devstack devstack@n-api.service[61850]: [pid: 61850|app: 0|req: 76/160] 192.168.122.147 () {58 vars in 1247 bytes} [Tue Sep 1 00:17:15 2026] GET /compute/v2.1/os-volumes/512b9906-34b6-4d70-ab0a-9327ca0b0041 => generated 109 bytes in 62 msecs (HTTP/1.1 404) 9 headers in 379 bytes (1 switches on core 0)
Sep 01 00:17:15 devstack devstack@n-api.service[61849]: DEBUG nova.api.openstack.wsgi [None req-0129c496-366d-4d4e-a9c0-cd9aab85e3ab tempest-ServerRescueNegativeTestJSON-54419178 tempest-ServerRescueNegativeTestJSON-54419178-project-member] Calling method '>' {{(pid=61849) _process_stack /opt/stack/nova/nova/api/openstack/wsgi.py:551}}
Sep 01 00:17:15 devstack devstack@n-api.service[61849]: DEBUG nova.compute.api [None req-0129c496-366d-4d4e-a9c0-cd9aab85e3ab tempest-ServerRescueNegativeTestJSON-54419178 tempest-ServerRescueNegativeTestJSON-54419178-project-member] [instance: 94d726b7-c536-43c9-a53c-dd714e672a6a] Fetching instance by UUID {{(pid=61849) get /opt/stack/nova/nova/compute/api.py:3070}}
Sep 01 00:17:15 devstack devstack@n-api.service[61849]: DEBUG oslo_concurrency.lockutils [None req-0129c496-366d-4d4e-a9c0-cd9aab85e3ab tempest-ServerRescueNegativeTestJSON-54419178 tempest-ServerRescueNegativeTestJSON-54419178-project-member] Acquiring lock "647c5eac-3e0b-461b-ad40-40a2916e3a8f" by "nova.context.set_target_cell..get_or_set_cached_cell_and_set_connections" {{(pid=61849) inner /opt/stack/data/venv/lib/python3.12/site-packages/oslo_concurrency/lockutils.py:512}}
Sep 01 00:17:15 devstack devstack@n-api.service[61849]: DEBUG oslo_concurrency.lockutils [None req-0129c496-366d-4d4e-a9c0-cd9aab85e3ab tempest-ServerRescueNegativeTestJSON-54419178 tempest-ServerRescueNegativeTestJSON-54419178-project-member] Lock "647c5eac-3e0b-461b-ad40-40a2916e3a8f" acquired by "nova.context.set_target_cell..get_or_set_cached_cell_and_set_connections" :: waited 0.002s {{(pid=61849) inner /opt/stack/data/venv/lib/python3.12/site-packages/oslo_concurrency/lockutils.py:525}}
Sep 01 00:17:15 devstack devstack@n-api.service[61849]: DEBUG oslo_concurrency.lockutils [None req-0129c496-366d-4d4e-a9c0-cd9aab85e3ab tempest-ServerRescueNegativeTestJSON-54419178 tempest-ServerRescueNegativeTestJSON-54419178-project-member] Lock "647c5eac-3e0b-461b-ad40-40a2916e3a8f" "released" by "nova.context.set_target_cell..get_or_set_cached_cell_and_set_connections" :: held 0.001s {{(pid=61849) inner /opt/stack/data/venv/lib/python3.12/site-packages/oslo_concurrency/lockutils.py:544}}
Sep 01 00:17:15 devstack devstack@n-api.service[61849]: DEBUG oslo_concurrency.lockutils [None req-0129c496-366d-4d4e-a9c0-cd9aab85e3ab tempest-ServerRescueNegativeTestJSON-54419178 tempest-ServerRescueNegativeTestJSON-54419178-project-member] Acquiring lock "647c5eac-3e0b-461b-ad40-40a2916e3a8f" by "nova.context.set_target_cell..get_or_set_cached_cell_and_set_connections" {{(pid=61849) inner /opt/stack/data/venv/lib/python3.12/site-packages/oslo_concurrency/lockutils.py:512}}
Sep 01 00:17:15 devstack devstack@n-api.service[61849]: DEBUG oslo_concurrency.lockutils [None req-0129c496-366d-4d4e-a9c0-cd9aab85e3ab tempest-ServerRescueNegativeTestJSON-54419178 tempest-ServerRescueNegativeTestJSON-54419178-project-member] Lock "647c5eac-3e0b-461b-ad40-40a2916e3a8f" acquired by "nova.context.set_target_cell..get_or_set_cached_cell_and_set_connections" :: waited 0.001s {{(pid=61849) inner /opt/stack/data/venv/lib/python3.12/site-packages/oslo_concurrency/lockutils.py:525}}
Sep 01 00:17:15 devstack devstack@n-api.service[61849]: DEBUG oslo_concurrency.lockutils [None req-0129c496-366d-4d4e-a9c0-cd9aab85e3ab tempest-ServerRescueNegativeTestJSON-54419178 tempest-ServerRescueNegativeTestJSON-54419178-project-member] Lock "647c5eac-3e0b-461b-ad40-40a2916e3a8f" "released" by "nova.context.set_target_cell..get_or_set_cached_cell_and_set_connections" :: held 0.001s {{(pid=61849) inner /opt/stack/data/venv/lib/python3.12/site-packages/oslo_concurrency/lockutils.py:544}}
Sep 01 00:17:16 devstack devstack@n-api.service[61849]: WARNING neutronclient.v2_0.client [None req-0129c496-366d-4d4e-a9c0-cd9aab85e3ab tempest-ServerRescueNegativeTestJSON-54419178 tempest-ServerRescueNegativeTestJSON-54419178-project-member] The python binding code in neutronclient is deprecated in favor of OpenstackSDK, please use that as this will be removed in a future release.
Sep 01 00:17:16 devstack devstack@n-api.service[61850]: DEBUG nova.api.openstack.wsgi [req-60f88b80-9aec-4a3a-b831-e0a48a22a34e req-66b16c3b-eade-4d93-a9a8-c914e7a18ba2 service nova] Action: 'create', calling method: >, body: {"events": [{"name": "network-changed", "server_uuid": "94d726b7-c536-43c9-a53c-dd714e672a6a", "tag": "4fd3014d-18ba-427b-97fe-a51c7a8b1b46"}]} {{(pid=61850) _process_stack /opt/stack/nova/nova/api/openstack/wsgi.py:549}}
Sep 01 00:17:16 devstack devstack@n-api.service[61850]: DEBUG oslo_concurrency.lockutils [req-60f88b80-9aec-4a3a-b831-e0a48a22a34e req-66b16c3b-eade-4d93-a9a8-c914e7a18ba2 service nova] Acquiring lock "647c5eac-3e0b-461b-ad40-40a2916e3a8f" by "nova.context.set_target_cell..get_or_set_cached_cell_and_set_connections" {{(pid=61850) inner /opt/stack/data/venv/lib/python3.12/site-packages/oslo_concurrency/lockutils.py:512}}
Sep 01 00:17:16 devstack devstack@n-api.service[61850]: DEBUG oslo_concurrency.lockutils [req-60f88b80-9aec-4a3a-b831-e0a48a22a34e req-66b16c3b-eade-4d93-a9a8-c914e7a18ba2 service nova] Lock "647c5eac-3e0b-461b-ad40-40a2916e3a8f" acquired by "nova.context.set_target_cell..get_or_set_cached_cell_and_set_connections" :: waited 0.006s {{(pid=61850) inner /opt/stack/data/venv/lib/python3.12/site-packages/oslo_concurrency/lockutils.py:525}}
Sep 01 00:17:16 devstack devstack@n-api.service[61850]: DEBUG oslo_concurrency.lockutils [req-60f88b80-9aec-4a3a-b831-e0a48a22a34e req-66b16c3b-eade-4d93-a9a8-c914e7a18ba2 service nova] Lock "647c5eac-3e0b-461b-ad40-40a2916e3a8f" "released" by "nova.context.set_target_cell..get_or_set_cached_cell_and_set_connections" :: held 0.000s {{(pid=61850) inner /opt/stack/data/venv/lib/python3.12/site-packages/oslo_concurrency/lockutils.py:544}}
Sep 01 00:17:16 devstack devstack@n-api.service[61850]: INFO nova.api.openstack.compute.server_external_events [req-60f88b80-9aec-4a3a-b831-e0a48a22a34e req-66b16c3b-eade-4d93-a9a8-c914e7a18ba2 service nova] Creating event network-changed:4fd3014d-18ba-427b-97fe-a51c7a8b1b46 for instance 94d726b7-c536-43c9-a53c-dd714e672a6a on devstack
Sep 01 00:17:16 devstack devstack@n-api.service[61850]: DEBUG nova.compute.rpcapi [req-60f88b80-9aec-4a3a-b831-e0a48a22a34e req-66b16c3b-eade-4d93-a9a8-c914e7a18ba2 service nova] RPC: Sending the message to topic: compute-alt {{(pid=61850) prepare_for_alt_rpcserver /opt/stack/nova/nova/compute/rpcapi.py:595}}
Sep 01 00:17:16 devstack devstack@n-api.service[61850]: INFO nova.api.openstack.requestlog [req-60f88b80-9aec-4a3a-b831-e0a48a22a34e req-66b16c3b-eade-4d93-a9a8-c914e7a18ba2 service nova] 192.168.122.147 "POST /compute/v2.1/os-server-external-events" status: 200 len: 179 microversion: 2.1 time: 0.183382
Sep 01 00:17:16 devstack devstack@n-api.service[61850]: [pid: 61850|app: 0|req: 77/161] 192.168.122.147 () {64 vars in 1321 bytes} [Tue Sep 1 00:17:16 2026] POST /compute/v2.1/os-server-external-events => generated 179 bytes in 185 msecs (HTTP/1.1 200) 9 headers in 357 bytes (1 switches on core 0)
Sep 01 00:17:16 devstack devstack@n-api.service[61850]: DEBUG nova.api.openstack.wsgi [None req-987c399c-b3fc-43e5-a12a-63d9cdb8e8ff tempest-VolumesAdminNegativeTest-1728177864 tempest-VolumesAdminNegativeTest-1728177864-project-member] Calling method '>' {{(pid=61850) _process_stack /opt/stack/nova/nova/api/openstack/wsgi.py:551}}
Sep 01 00:17:16 devstack devstack@n-api.service[61850]: DEBUG nova.compute.api [None req-987c399c-b3fc-43e5-a12a-63d9cdb8e8ff tempest-VolumesAdminNegativeTest-1728177864 tempest-VolumesAdminNegativeTest-1728177864-project-member] [instance: 2c089fe0-efa1-4deb-bc78-05ee117be08d] Fetching instance by UUID {{(pid=61850) get /opt/stack/nova/nova/compute/api.py:3070}}
