Aug 25 06:54:59 devstack cinder-volume[94487]: DEBUG oslo_concurrency.processutils [None req-180182a7-0cd7-4406-8738-4c117a93d69d tempest-GroupsV314Test-1652815966 None] CMD "/opt/stack/data/venv/bin/python3.12 -m oslo_concurrency.prlimit --as=1073741824 --cpu=60 -- sudo cinder-rootwrap /etc/cinder/rootwrap.conf env LC_ALL=C qemu-img info -f qcow2 --output=json --force-share /opt/stack/data/cinder/mnt/b2def32267348c07358c641749d870e3/volume-89fc4d9a-5b33-44b3-b069-237171bfa8c7.e3114ad3-2a29-40ad-974b-1428181d29f8" returned: 0 in 0.697s {{(pid=94487) execute /opt/stack/data/venv/lib/python3.12/site-packages/oslo_concurrency/processutils.py:468}}
Aug 25 06:54:59 devstack cinder-volume[94487]: DEBUG cinder.volume.drivers.remotefs [None req-180182a7-0cd7-4406-8738-4c117a93d69d tempest-GroupsV314Test-1652815966 None] Fetching qemu-img info with special backing_file_template: (/opt/stack/data/cinder/mnt/[0-9a-f]+/)?(volume-89fc4d9a-5b33-44b3-b069-237171bfa8c7(.(tmp-snap-)?[0-9a-f-]+)?|volume_from_snapshot_cache/(tmp-snap-)?[0-9a-f-]+(.(child-|parent-)[0-9a-f-]+)?)$ {{(pid=94487) _qemu_img_info_base /opt/stack/cinder/cinder/volume/drivers/remotefs.py:896}}
Aug 25 06:54:59 devstack cinder-volume[94487]: DEBUG oslo.privsep.daemon [-] privsep: reply[ca0d128a-9819-4e71-960c-43232ea75e7d]: (4, 'qcow2') {{(pid=96167) _call_back /opt/stack/data/venv/lib/python3.12/site-packages/oslo_privsep/daemon.py:580}}
Aug 25 06:54:59 devstack cinder-volume[94487]: DEBUG oslo_concurrency.processutils [None req-180182a7-0cd7-4406-8738-4c117a93d69d tempest-GroupsV314Test-1652815966 None] Running cmd (subprocess): /opt/stack/data/venv/bin/python3.12 -m oslo_concurrency.prlimit --as=1073741824 --cpu=60 -- sudo cinder-rootwrap /etc/cinder/rootwrap.conf env LC_ALL=C qemu-img info -f qcow2 --output=json --force-share /opt/stack/data/cinder/mnt/b2def32267348c07358c641749d870e3/volume-89fc4d9a-5b33-44b3-b069-237171bfa8c7 {{(pid=94487) execute /opt/stack/data/venv/lib/python3.12/site-packages/oslo_concurrency/processutils.py:440}}
Aug 25 06:54:59 devstack sudo[102458]: quobyte : PWD=/ ; USER=root ; COMMAND=/opt/stack/data/venv/bin/cinder-rootwrap /etc/cinder/rootwrap.conf env LC_ALL=C qemu-img info -f qcow2 --output=json --force-share /opt/stack/data/cinder/mnt/b2def32267348c07358c641749d870e3/volume-89fc4d9a-5b33-44b3-b069-237171bfa8c7
Aug 25 06:54:59 devstack sudo[102458]: pam_unix(sudo:session): session opened for user root(uid=0) by (uid=1000)
Aug 25 06:54:59 devstack sudo[102458]: pam_unix(sudo:session): session closed for user root
Aug 25 06:54:59 devstack cinder-volume[94487]: DEBUG oslo_concurrency.processutils [None req-180182a7-0cd7-4406-8738-4c117a93d69d tempest-GroupsV314Test-1652815966 None] CMD "/opt/stack/data/venv/bin/python3.12 -m oslo_concurrency.prlimit --as=1073741824 --cpu=60 -- sudo cinder-rootwrap /etc/cinder/rootwrap.conf env LC_ALL=C qemu-img info -f qcow2 --output=json --force-share /opt/stack/data/cinder/mnt/b2def32267348c07358c641749d870e3/volume-89fc4d9a-5b33-44b3-b069-237171bfa8c7" returned: 0 in 0.721s {{(pid=94487) execute /opt/stack/data/venv/lib/python3.12/site-packages/oslo_concurrency/processutils.py:468}}
Aug 25 06:54:59 devstack cinder-volume[94487]: DEBUG cinder.volume.drivers.quobyte [None req-180182a7-0cd7-4406-8738-4c117a93d69d tempest-GroupsV314Test-1652815966 None] will copy from snapshot at /opt/stack/data/cinder/mnt/b2def32267348c07358c641749d870e3/volume-89fc4d9a-5b33-44b3-b069-237171bfa8c7 {{(pid=94487) _copy_volume_from_snapshot /opt/stack/cinder/cinder/volume/drivers/quobyte.py:426}}
Aug 25 06:54:59 devstack cinder-volume[94487]: DEBUG cinder.volume.drivers.quobyte [None req-180182a7-0cd7-4406-8738-4c117a93d69d tempest-GroupsV314Test-1652815966 None] Creating direct copy from snapshot {{(pid=94487) _copy_volume_from_snapshot /opt/stack/cinder/cinder/volume/drivers/quobyte.py:434}}
Aug 25 06:54:59 devstack cinder-volume[94487]: DEBUG cinder.utils [None req-180182a7-0cd7-4406-8738-4c117a93d69d tempest-GroupsV314Test-1652815966 None] Path /opt/stack/data/cinder/mnt/b2def32267348c07358c641749d870e3/volume-efeb0be9-15a2-4fa0-84c0-5dbf33d195fe not found in is_blk_device check {{(pid=94487) is_blk_device /opt/stack/cinder/cinder/utils.py:615}}
Aug 25 06:54:59 devstack cinder-volume[94487]: DEBUG oslo_concurrency.processutils [None req-180182a7-0cd7-4406-8738-4c117a93d69d tempest-GroupsV314Test-1652815966 None] Running cmd (subprocess): sudo cinder-rootwrap /etc/cinder/rootwrap.conf qemu-img convert -O qcow2 /opt/stack/data/cinder/mnt/b2def32267348c07358c641749d870e3/volume-89fc4d9a-5b33-44b3-b069-237171bfa8c7 /opt/stack/data/cinder/mnt/b2def32267348c07358c641749d870e3/volume-efeb0be9-15a2-4fa0-84c0-5dbf33d195fe {{(pid=94487) execute /opt/stack/data/venv/lib/python3.12/site-packages/oslo_concurrency/processutils.py:440}}
Aug 25 06:54:59 devstack sudo[102465]: quobyte : PWD=/ ; USER=root ; COMMAND=/opt/stack/data/venv/bin/cinder-rootwrap /etc/cinder/rootwrap.conf qemu-img convert -O qcow2 /opt/stack/data/cinder/mnt/b2def32267348c07358c641749d870e3/volume-89fc4d9a-5b33-44b3-b069-237171bfa8c7 /opt/stack/data/cinder/mnt/b2def32267348c07358c641749d870e3/volume-efeb0be9-15a2-4fa0-84c0-5dbf33d195fe
Aug 25 06:54:59 devstack sudo[102465]: pam_unix(sudo:session): session opened for user root(uid=0) by (uid=1000)
Aug 25 06:55:00 devstack cinder-volume[94487]: DEBUG oslo_service.periodic_task [None req-6f159b46-1a35-4099-ae96-05387cbfa190 None None] Running periodic task VolumeManager.publish_service_capabilities {{(pid=94487) run_periodic_tasks /opt/stack/data/venv/lib/python3.12/site-packages/oslo_service/periodic_task.py:254}}
Aug 25 06:55:00 devstack cinder-volume[94487]: DEBUG oslo_concurrency.lockutils [None req-6f159b46-1a35-4099-ae96-05387cbfa190 None None] Acquiring lock "quobyte_ensure" by "cinder.volume.drivers.quobyte.QuobyteDriver._ensure_shares_mounted" {{(pid=94487) inner /opt/stack/data/venv/lib/python3.12/site-packages/oslo_concurrency/lockutils.py:512}}
Aug 25 06:55:00 devstack cinder-volume[94487]: DEBUG oslo_concurrency.lockutils [None req-6f159b46-1a35-4099-ae96-05387cbfa190 None None] Lock "quobyte_ensure" acquired by "cinder.volume.drivers.quobyte.QuobyteDriver._ensure_shares_mounted" :: waited 0.002s {{(pid=94487) inner /opt/stack/data/venv/lib/python3.12/site-packages/oslo_concurrency/lockutils.py:525}}
Aug 25 06:55:00 devstack cinder-volume[94487]: DEBUG cinder.volume.drivers.quobyte [None req-6f159b46-1a35-4099-ae96-05387cbfa190 None None] Quobyte Volume URL set to: {'osci02.corp.quobyte.com/cinder-vol-2c0ae50d-1049-4133-bf9d-f2501f7d2b07': None} {{(pid=94487) _load_shares_config /opt/stack/cinder/cinder/volume/drivers/quobyte.py:665}}
Aug 25 06:55:00 devstack cinder-volume[94487]: DEBUG cinder.volume.drivers.quobyte [None req-6f159b46-1a35-4099-ae96-05387cbfa190 None None] Available shares ['osci02.corp.quobyte.com/cinder-vol-2c0ae50d-1049-4133-bf9d-f2501f7d2b07'] {{(pid=94487) _ensure_shares_mounted /opt/stack/cinder/cinder/volume/drivers/quobyte.py:695}}
Aug 25 06:55:00 devstack cinder-volume[94487]: DEBUG oslo_concurrency.lockutils [None req-6f159b46-1a35-4099-ae96-05387cbfa190 None None] Lock "quobyte_ensure" "released" by "cinder.volume.drivers.quobyte.QuobyteDriver._ensure_shares_mounted" :: held 0.019s {{(pid=94487) inner /opt/stack/data/venv/lib/python3.12/site-packages/oslo_concurrency/lockutils.py:544}}
Aug 25 06:55:00 devstack cinder-volume[94487]: DEBUG oslo_concurrency.processutils [None req-6f159b46-1a35-4099-ae96-05387cbfa190 None None] Running cmd (subprocess): sudo cinder-rootwrap /etc/cinder/rootwrap.conf df --portability --block-size 1 /opt/stack/data/cinder/mnt/b2def32267348c07358c641749d870e3 {{(pid=94487) execute /opt/stack/data/venv/lib/python3.12/site-packages/oslo_concurrency/processutils.py:440}}
Aug 25 06:55:00 devstack sudo[102477]: quobyte : PWD=/ ; USER=root ; COMMAND=/opt/stack/data/venv/bin/cinder-rootwrap /etc/cinder/rootwrap.conf df --portability --block-size 1 /opt/stack/data/cinder/mnt/b2def32267348c07358c641749d870e3
Aug 25 06:55:00 devstack sudo[102477]: pam_unix(sudo:session): session opened for user root(uid=0) by (uid=1000)
Aug 25 06:55:01 devstack sudo[102477]: pam_unix(sudo:session): session closed for user root
Aug 25 06:55:01 devstack cinder-volume[94487]: DEBUG oslo_concurrency.processutils [None req-6f159b46-1a35-4099-ae96-05387cbfa190 None None] CMD "sudo cinder-rootwrap /etc/cinder/rootwrap.conf df --portability --block-size 1 /opt/stack/data/cinder/mnt/b2def32267348c07358c641749d870e3" returned: 0 in 0.998s {{(pid=94487) execute /opt/stack/data/venv/lib/python3.12/site-packages/oslo_concurrency/processutils.py:468}}
Aug 25 06:55:01 devstack cinder-volume[94487]: DEBUG cinder.manager [None req-6f159b46-1a35-4099-ae96-05387cbfa190 None None] Notifying Schedulers of capabilities ... {{(pid=94487) _publish_service_capabilities /opt/stack/cinder/cinder/manager.py:219}}
Aug 25 06:55:01 devstack cinder-volume[94487]: DEBUG oslo_service.periodic_task [None req-6f159b46-1a35-4099-ae96-05387cbfa190 None None] Running periodic task VolumeManager._thread_info {{(pid=94487) run_periodic_tasks /opt/stack/data/venv/lib/python3.12/site-packages/oslo_service/periodic_task.py:254}}
Aug 25 06:55:01 devstack cinder-volume[94487]: DEBUG cinder.volume.manager [None req-6f159b46-1a35-4099-ae96-05387cbfa190 None None] thread count: 28 {{(pid=94487) _thread_info /opt/stack/cinder/cinder/volume/manager.py:5569}}
Aug 25 06:55:01 devstack cinder-volume[94487]: DEBUG cinder.volume.manager [None req-6f159b46-1a35-4099-ae96-05387cbfa190 None None] thread info: [<_MainThread(MainThread, started 135685274955904)>, , , , , , , , , , , , , , , , , , , , , , , , , , , ] {{(pid=94487) _thread_info /opt/stack/cinder/cinder/volume/manager.py:5570}}
Aug 25 06:55:06 devstack cinder-volume[94487]: DEBUG dbcounter [-] [94487] Writing DB stats cinder:INSERT=15,cinder:UPDATE=65,cinder:SELECT=55,cinder:DELETE=3 {{(pid=94487) stat_writer /opt/stack/data/venv/lib/python3.12/site-packages/dbcounter.py:115}}
Aug 25 06:55:06 devstack cinder-volume[94487]: DEBUG dbcounter [-] [94487] Writing DB stats cinder:SELECT=58,cinder:INSERT=24,cinder:UPDATE=54,cinder:DELETE=6 {{(pid=94487) stat_writer /opt/stack/data/venv/lib/python3.12/site-packages/dbcounter.py:115}}
Aug 25 06:55:08 devstack sudo[102465]: pam_unix(sudo:session): session closed for user root
Aug 25 06:55:08 devstack cinder-volume[94487]: DEBUG oslo_concurrency.processutils [None req-180182a7-0cd7-4406-8738-4c117a93d69d tempest-GroupsV314Test-1652815966 None] CMD "sudo cinder-rootwrap /etc/cinder/rootwrap.conf qemu-img convert -O qcow2 /opt/stack/data/cinder/mnt/b2def32267348c07358c641749d870e3/volume-89fc4d9a-5b33-44b3-b069-237171bfa8c7 /opt/stack/data/cinder/mnt/b2def32267348c07358c641749d870e3/volume-efeb0be9-15a2-4fa0-84c0-5dbf33d195fe" returned: 0 in 8.768s {{(pid=94487) execute /opt/stack/data/venv/lib/python3.12/site-packages/oslo_concurrency/processutils.py:468}}
Aug 25 06:55:08 devstack cinder-volume[94487]: DEBUG cinder.image.image_utils [None req-180182a7-0cd7-4406-8738-4c117a93d69d tempest-GroupsV314Test-1652815966 None] Image conversion details: src /opt/stack/data/cinder/mnt/b2def32267348c07358c641749d870e3/volume-89fc4d9a-5b33-44b3-b069-237171bfa8c7, size 1024.00 MB, duration 8.77 sec, destination /opt/stack/data/cinder/mnt/b2def32267348c07358c641749d870e3/volume-efeb0be9-15a2-4fa0-84c0-5dbf33d195fe {{(pid=94487) _convert_image /opt/stack/cinder/cinder/image/image_utils.py:536}}
Aug 25 06:55:08 devstack cinder-volume[94487]: INFO cinder.image.image_utils [None req-180182a7-0cd7-4406-8738-4c117a93d69d tempest-GroupsV314Test-1652815966 None] Converted 1024.00 MB image at 116.75 MB/s
Aug 25 06:55:08 devstack cinder-volume[94487]: WARNING cinder.volume.drivers.remotefs [None req-180182a7-0cd7-4406-8738-4c117a93d69d tempest-GroupsV314Test-1652815966 None] /opt/stack/data/cinder/mnt/b2def32267348c07358c641749d870e3/volume-efeb0be9-15a2-4fa0-84c0-5dbf33d195fe is being set with open permissions: ugo+rw: NotImplementedError
Aug 25 06:55:08 devstack cinder-volume[94487]: DEBUG oslo_concurrency.processutils [None req-180182a7-0cd7-4406-8738-4c117a93d69d tempest-GroupsV314Test-1652815966 None] Running cmd (subprocess): sudo cinder-rootwrap /etc/cinder/rootwrap.conf chmod ugo+rw /opt/stack/data/cinder/mnt/b2def32267348c07358c641749d870e3/volume-efeb0be9-15a2-4fa0-84c0-5dbf33d195fe {{(pid=94487) execute /opt/stack/data/venv/lib/python3.12/site-packages/oslo_concurrency/processutils.py:440}}
Aug 25 06:55:08 devstack sudo[102633]: quobyte : PWD=/ ; USER=root ; COMMAND=/opt/stack/data/venv/bin/cinder-rootwrap /etc/cinder/rootwrap.conf chmod ugo+rw /opt/stack/data/cinder/mnt/b2def32267348c07358c641749d870e3/volume-efeb0be9-15a2-4fa0-84c0-5dbf33d195fe
Aug 25 06:55:08 devstack sudo[102633]: pam_unix(sudo:session): session opened for user root(uid=0) by (uid=1000)
Aug 25 06:55:09 devstack sudo[102633]: pam_unix(sudo:session): session closed for user root
Aug 25 06:55:09 devstack cinder-volume[94487]: DEBUG oslo_concurrency.processutils [None req-180182a7-0cd7-4406-8738-4c117a93d69d tempest-GroupsV314Test-1652815966 None] CMD "sudo cinder-rootwrap /etc/cinder/rootwrap.conf chmod ugo+rw /opt/stack/data/cinder/mnt/b2def32267348c07358c641749d870e3/volume-efeb0be9-15a2-4fa0-84c0-5dbf33d195fe" returned: 0 in 0.338s {{(pid=94487) execute /opt/stack/data/venv/lib/python3.12/site-packages/oslo_concurrency/processutils.py:468}}
Aug 25 06:55:09 devstack cinder-volume[94487]: DEBUG cinder.coordination [None req-180182a7-0cd7-4406-8738-4c117a93d69d tempest-GroupsV314Test-1652815966 None] Lock "cinder-quobyte-efeb0be9-15a2-4fa0-84c0-5dbf33d195fe" released by "_copy_volume_from_snapshot" :: held 10.679s {{(pid=94487) __release /opt/stack/cinder/cinder/coordination.py:152}}
Aug 25 06:55:09 devstack cinder-volume[94487]: DEBUG cinder.coordination [None req-180182a7-0cd7-4406-8738-4c117a93d69d tempest-GroupsV314Test-1652815966 None] Acquiring lock "cinder-quobyte-e3114ad3-2a29-40ad-974b-1428181d29f8" by "_delete_snapshot" {{(pid=94487) __acquire /opt/stack/cinder/cinder/coordination.py:138}}
Aug 25 06:55:09 devstack cinder-volume[94487]: DEBUG cinder.coordination [None req-180182a7-0cd7-4406-8738-4c117a93d69d tempest-GroupsV314Test-1652815966 None] Lock "cinder-quobyte-e3114ad3-2a29-40ad-974b-1428181d29f8" acquired by "_delete_snapshot" :: waited 0.039s {{(pid=94487) __acquire /opt/stack/cinder/cinder/coordination.py:141}}
Aug 25 06:55:09 devstack cinder-volume[94487]: DEBUG cinder.volume.drivers.remotefs [None req-180182a7-0cd7-4406-8738-4c117a93d69d tempest-GroupsV314Test-1652815966 None] Deleting offline snapshot e3114ad3-2a29-40ad-974b-1428181d29f8 of volume 89fc4d9a-5b33-44b3-b069-237171bfa8c7 {{(pid=94487) _delete_snapshot /opt/stack/cinder/cinder/volume/drivers/remotefs.py:1288}}
Aug 25 06:55:09 devstack cinder-volume[94487]: DEBUG cinder.volume.drivers.remotefs [None req-180182a7-0cd7-4406-8738-4c117a93d69d tempest-GroupsV314Test-1652815966 None] snapshot_file for this snap is: volume-89fc4d9a-5b33-44b3-b069-237171bfa8c7.e3114ad3-2a29-40ad-974b-1428181d29f8 {{(pid=94487) _delete_snapshot /opt/stack/cinder/cinder/volume/drivers/remotefs.py:1317}}
Aug 25 06:55:09 devstack cinder-volume[94487]: DEBUG oslo.privsep.daemon [-] privsep: reply[317999c9-ffb4-4f40-b365-a0cb368e552c]: (4, 'qcow2') {{(pid=96167) _call_back /opt/stack/data/venv/lib/python3.12/site-packages/oslo_privsep/daemon.py:580}}
Aug 25 06:55:09 devstack cinder-volume[94487]: DEBUG oslo_concurrency.processutils [None req-180182a7-0cd7-4406-8738-4c117a93d69d tempest-GroupsV314Test-1652815966 None] Running cmd (subprocess): /opt/stack/data/venv/bin/python3.12 -m oslo_concurrency.prlimit --as=1073741824 --cpu=60 -- sudo cinder-rootwrap /etc/cinder/rootwrap.conf env LC_ALL=C qemu-img info -f qcow2 --output=json --force-share /opt/stack/data/cinder/mnt/b2def32267348c07358c641749d870e3/volume-89fc4d9a-5b33-44b3-b069-237171bfa8c7.e3114ad3-2a29-40ad-974b-1428181d29f8 {{(pid=94487) execute /opt/stack/data/venv/lib/python3.12/site-packages/oslo_concurrency/processutils.py:440}}
Aug 25 06:55:09 devstack sudo[102753]: quobyte : PWD=/ ; USER=root ; COMMAND=/opt/stack/data/venv/bin/cinder-rootwrap /etc/cinder/rootwrap.conf env LC_ALL=C qemu-img info -f qcow2 --output=json --force-share /opt/stack/data/cinder/mnt/b2def32267348c07358c641749d870e3/volume-89fc4d9a-5b33-44b3-b069-237171bfa8c7.e3114ad3-2a29-40ad-974b-1428181d29f8
Aug 25 06:55:09 devstack sudo[102753]: pam_unix(sudo:session): session opened for user root(uid=0) by (uid=1000)
Aug 25 06:55:09 devstack sudo[102753]: pam_unix(sudo:session): session closed for user root
Aug 25 06:55:09 devstack cinder-volume[94487]: DEBUG oslo_concurrency.processutils [None req-180182a7-0cd7-4406-8738-4c117a93d69d tempest-GroupsV314Test-1652815966 None] CMD "/opt/stack/data/venv/bin/python3.12 -m oslo_concurrency.prlimit --as=1073741824 --cpu=60 -- sudo cinder-rootwrap /etc/cinder/rootwrap.conf env LC_ALL=C qemu-img info -f qcow2 --output=json --force-share /opt/stack/data/cinder/mnt/b2def32267348c07358c641749d870e3/volume-89fc4d9a-5b33-44b3-b069-237171bfa8c7.e3114ad3-2a29-40ad-974b-1428181d29f8" returned: 0 in 0.732s {{(pid=94487) execute /opt/stack/data/venv/lib/python3.12/site-packages/oslo_concurrency/processutils.py:468}}
Aug 25 06:55:09 devstack cinder-volume[94487]: DEBUG cinder.volume.drivers.remotefs [None req-180182a7-0cd7-4406-8738-4c117a93d69d tempest-GroupsV314Test-1652815966 None] Fetching qemu-img info with special backing_file_template: (/opt/stack/data/cinder/mnt/[0-9a-f]+/)?(volume-89fc4d9a-5b33-44b3-b069-237171bfa8c7(.(tmp-snap-)?[0-9a-f-]+)?|volume_from_snapshot_cache/(tmp-snap-)?[0-9a-f-]+(.(child-|parent-)[0-9a-f-]+)?)$ {{(pid=94487) _qemu_img_info_base /opt/stack/cinder/cinder/volume/drivers/remotefs.py:896}}
Aug 25 06:55:09 devstack cinder-volume[94487]: DEBUG oslo.privsep.daemon [-] privsep: reply[0fdc5c0a-6b39-40a2-b3fa-8682266707e6]: (4, 'qcow2') {{(pid=96167) _call_back /opt/stack/data/venv/lib/python3.12/site-packages/oslo_privsep/daemon.py:580}}
Aug 25 06:55:09 devstack cinder-volume[94487]: DEBUG oslo_concurrency.processutils [None req-180182a7-0cd7-4406-8738-4c117a93d69d tempest-GroupsV314Test-1652815966 None] Running cmd (subprocess): /opt/stack/data/venv/bin/python3.12 -m oslo_concurrency.prlimit --as=1073741824 --cpu=60 -- sudo cinder-rootwrap /etc/cinder/rootwrap.conf env LC_ALL=C qemu-img info -f qcow2 --output=json --force-share /opt/stack/data/cinder/mnt/b2def32267348c07358c641749d870e3/volume-89fc4d9a-5b33-44b3-b069-237171bfa8c7 {{(pid=94487) execute /opt/stack/data/venv/lib/python3.12/site-packages/oslo_concurrency/processutils.py:440}}
Aug 25 06:55:10 devstack sudo[102849]: quobyte : PWD=/ ; USER=root ; COMMAND=/opt/stack/data/venv/bin/cinder-rootwrap /etc/cinder/rootwrap.conf env LC_ALL=C qemu-img info -f qcow2 --output=json --force-share /opt/stack/data/cinder/mnt/b2def32267348c07358c641749d870e3/volume-89fc4d9a-5b33-44b3-b069-237171bfa8c7
Aug 25 06:55:10 devstack sudo[102849]: pam_unix(sudo:session): session opened for user root(uid=0) by (uid=1000)
Aug 25 06:55:10 devstack sudo[102849]: pam_unix(sudo:session): session closed for user root
Aug 25 06:55:10 devstack cinder-volume[94487]: DEBUG oslo_concurrency.processutils [None req-180182a7-0cd7-4406-8738-4c117a93d69d tempest-GroupsV314Test-1652815966 None] CMD "/opt/stack/data/venv/bin/python3.12 -m oslo_concurrency.prlimit --as=1073741824 --cpu=60 -- sudo cinder-rootwrap /etc/cinder/rootwrap.conf env LC_ALL=C qemu-img info -f qcow2 --output=json --force-share /opt/stack/data/cinder/mnt/b2def32267348c07358c641749d870e3/volume-89fc4d9a-5b33-44b3-b069-237171bfa8c7" returned: 0 in 0.754s {{(pid=94487) execute /opt/stack/data/venv/lib/python3.12/site-packages/oslo_concurrency/processutils.py:468}}
Aug 25 06:55:10 devstack cinder-volume[94487]: DEBUG oslo_concurrency.processutils [None req-180182a7-0cd7-4406-8738-4c117a93d69d tempest-GroupsV314Test-1652815966 None] Running cmd (subprocess): sudo cinder-rootwrap /etc/cinder/rootwrap.conf qemu-img commit -d /opt/stack/data/cinder/mnt/b2def32267348c07358c641749d870e3/volume-89fc4d9a-5b33-44b3-b069-237171bfa8c7.e3114ad3-2a29-40ad-974b-1428181d29f8 {{(pid=94487) execute /opt/stack/data/venv/lib/python3.12/site-packages/oslo_concurrency/processutils.py:440}}
Aug 25 06:55:10 devstack sudo[102918]: quobyte : PWD=/ ; USER=root ; COMMAND=/opt/stack/data/venv/bin/cinder-rootwrap /etc/cinder/rootwrap.conf qemu-img commit -d /opt/stack/data/cinder/mnt/b2def32267348c07358c641749d870e3/volume-89fc4d9a-5b33-44b3-b069-237171bfa8c7.e3114ad3-2a29-40ad-974b-1428181d29f8
Aug 25 06:55:10 devstack sudo[102918]: pam_unix(sudo:session): session opened for user root(uid=0) by (uid=1000)
Aug 25 06:55:11 devstack sudo[102918]: pam_unix(sudo:session): session closed for user root
Aug 25 06:55:11 devstack cinder-volume[94487]: DEBUG oslo_concurrency.processutils [None req-180182a7-0cd7-4406-8738-4c117a93d69d tempest-GroupsV314Test-1652815966 None] CMD "sudo cinder-rootwrap /etc/cinder/rootwrap.conf qemu-img commit -d /opt/stack/data/cinder/mnt/b2def32267348c07358c641749d870e3/volume-89fc4d9a-5b33-44b3-b069-237171bfa8c7.e3114ad3-2a29-40ad-974b-1428181d29f8" returned: 0 in 0.634s {{(pid=94487) execute /opt/stack/data/venv/lib/python3.12/site-packages/oslo_concurrency/processutils.py:468}}
Aug 25 06:55:11 devstack cinder-volume[94487]: DEBUG oslo_concurrency.processutils [None req-180182a7-0cd7-4406-8738-4c117a93d69d tempest-GroupsV314Test-1652815966 None] Running cmd (subprocess): sudo cinder-rootwrap /etc/cinder/rootwrap.conf rm -f /opt/stack/data/cinder/mnt/b2def32267348c07358c641749d870e3/volume-89fc4d9a-5b33-44b3-b069-237171bfa8c7.e3114ad3-2a29-40ad-974b-1428181d29f8 {{(pid=94487) execute /opt/stack/data/venv/lib/python3.12/site-packages/oslo_concurrency/processutils.py:440}}
Aug 25 06:55:11 devstack sudo[102976]: quobyte : PWD=/ ; USER=root ; COMMAND=/opt/stack/data/venv/bin/cinder-rootwrap /etc/cinder/rootwrap.conf rm -f /opt/stack/data/cinder/mnt/b2def32267348c07358c641749d870e3/volume-89fc4d9a-5b33-44b3-b069-237171bfa8c7.e3114ad3-2a29-40ad-974b-1428181d29f8
Aug 25 06:55:11 devstack sudo[102976]: pam_unix(sudo:session): session opened for user root(uid=0) by (uid=1000)
Aug 25 06:55:11 devstack sudo[102976]: pam_unix(sudo:session): session closed for user root
Aug 25 06:55:11 devstack cinder-volume[94487]: DEBUG oslo_concurrency.processutils [None req-180182a7-0cd7-4406-8738-4c117a93d69d tempest-GroupsV314Test-1652815966 None] CMD "sudo cinder-rootwrap /etc/cinder/rootwrap.conf rm -f /opt/stack/data/cinder/mnt/b2def32267348c07358c641749d870e3/volume-89fc4d9a-5b33-44b3-b069-237171bfa8c7.e3114ad3-2a29-40ad-974b-1428181d29f8" returned: 0 in 0.312s {{(pid=94487) execute /opt/stack/data/venv/lib/python3.12/site-packages/oslo_concurrency/processutils.py:468}}
Aug 25 06:55:11 devstack cinder-volume[94487]: DEBUG cinder.coordination [None req-180182a7-0cd7-4406-8738-4c117a93d69d tempest-GroupsV314Test-1652815966 None] Lock "cinder-quobyte-e3114ad3-2a29-40ad-974b-1428181d29f8" released by "_delete_snapshot" :: held 2.594s {{(pid=94487) __release /opt/stack/cinder/cinder/coordination.py:152}}
Aug 25 06:55:11 devstack cinder-volume[94487]: DEBUG oslo_concurrency.lockutils [None req-180182a7-0cd7-4406-8738-4c117a93d69d tempest-GroupsV314Test-1652815966 None] Lock "quobyte" "released" by "cinder.volume.drivers.quobyte.QuobyteDriver.create_cloned_volume" :: held 17.822s {{(pid=94487) inner /opt/stack/data/venv/lib/python3.12/site-packages/oslo_concurrency/lockutils.py:544}}
Aug 25 06:55:11 devstack cinder-volume[94487]: DEBUG oslo_concurrency.lockutils [None req-4d7a9f6c-5bf2-47e3-9989-6d554aa96082 tempest-VolumesExtendTest-761372587 None] Lock "quobyte" acquired by "cinder.volume.drivers.quobyte.QuobyteDriver.create_snapshot" :: waited 16.645s {{(pid=94487) inner /opt/stack/data/venv/lib/python3.12/site-packages/oslo_concurrency/lockutils.py:525}}
Aug 25 06:55:11 devstack cinder-volume[94487]: DEBUG cinder.volume.drivers.remotefs [None req-4d7a9f6c-5bf2-47e3-9989-6d554aa96082 tempest-VolumesExtendTest-761372587 None] Creating offline snapshot 395b0e6d-6ba8-4453-9f25-8c103cd985f4 of volume 79faa7d9-8cde-4c54-8d68-c6d3fab1e54d {{(pid=94487) _create_snapshot /opt/stack/cinder/cinder/volume/drivers/remotefs.py:1816}}
Aug 25 06:55:11 devstack cinder-volume[94487]: DEBUG oslo.privsep.daemon [-] privsep: reply[45809252-6db5-4513-8590-2465b4ab0d76]: (4, 'qcow2') {{(pid=96167) _call_back /opt/stack/data/venv/lib/python3.12/site-packages/oslo_privsep/daemon.py:580}}
Aug 25 06:55:11 devstack cinder-volume[94487]: DEBUG oslo_concurrency.processutils [None req-4d7a9f6c-5bf2-47e3-9989-6d554aa96082 tempest-VolumesExtendTest-761372587 None] Running cmd (subprocess): /opt/stack/data/venv/bin/python3.12 -m oslo_concurrency.prlimit --as=1073741824 --cpu=60 -- sudo cinder-rootwrap /etc/cinder/rootwrap.conf env LC_ALL=C qemu-img info -f qcow2 --output=json --force-share /opt/stack/data/cinder/mnt/b2def32267348c07358c641749d870e3/volume-79faa7d9-8cde-4c54-8d68-c6d3fab1e54d {{(pid=94487) execute /opt/stack/data/venv/lib/python3.12/site-packages/oslo_concurrency/processutils.py:440}}
Aug 25 06:55:11 devstack cinder-volume[94487]: INFO cinder.volume.manager [None req-180182a7-0cd7-4406-8738-4c117a93d69d tempest-GroupsV314Test-1652815966 None] Create group from source-group-310ab38f-6f8c-4aca-87c0-56d332cf3fff completed successfully.
Aug 25 06:55:11 devstack sudo[102979]: quobyte : PWD=/ ; USER=root ; COMMAND=/opt/stack/data/venv/bin/cinder-rootwrap /etc/cinder/rootwrap.conf env LC_ALL=C qemu-img info -f qcow2 --output=json --force-share /opt/stack/data/cinder/mnt/b2def32267348c07358c641749d870e3/volume-79faa7d9-8cde-4c54-8d68-c6d3fab1e54d
Aug 25 06:55:11 devstack sudo[102979]: pam_unix(sudo:session): session opened for user root(uid=0) by (uid=1000)
Aug 25 06:55:12 devstack sudo[102979]: pam_unix(sudo:session): session closed for user root
Aug 25 06:55:12 devstack cinder-volume[94487]: DEBUG oslo_concurrency.processutils [None req-4d7a9f6c-5bf2-47e3-9989-6d554aa96082 tempest-VolumesExtendTest-761372587 None] CMD "/opt/stack/data/venv/bin/python3.12 -m oslo_concurrency.prlimit --as=1073741824 --cpu=60 -- sudo cinder-rootwrap /etc/cinder/rootwrap.conf env LC_ALL=C qemu-img info -f qcow2 --output=json --force-share /opt/stack/data/cinder/mnt/b2def32267348c07358c641749d870e3/volume-79faa7d9-8cde-4c54-8d68-c6d3fab1e54d" returned: 0 in 0.510s {{(pid=94487) execute /opt/stack/data/venv/lib/python3.12/site-packages/oslo_concurrency/processutils.py:468}}
Aug 25 06:55:12 devstack cinder-volume[94487]: DEBUG oslo_concurrency.processutils [None req-4d7a9f6c-5bf2-47e3-9989-6d554aa96082 tempest-VolumesExtendTest-761372587 None] Running cmd (subprocess): sudo cinder-rootwrap /etc/cinder/rootwrap.conf qemu-img create -f qcow2 -o backing_file=/opt/stack/data/cinder/mnt/b2def32267348c07358c641749d870e3/volume-79faa7d9-8cde-4c54-8d68-c6d3fab1e54d,backing_fmt=qcow2 /opt/stack/data/cinder/mnt/b2def32267348c07358c641749d870e3/volume-79faa7d9-8cde-4c54-8d68-c6d3fab1e54d.395b0e6d-6ba8-4453-9f25-8c103cd985f4 1G {{(pid=94487) execute /opt/stack/data/venv/lib/python3.12/site-packages/oslo_concurrency/processutils.py:440}}
Aug 25 06:55:12 devstack sudo[102985]: quobyte : PWD=/ ; USER=root ; COMMAND=/opt/stack/data/venv/bin/cinder-rootwrap /etc/cinder/rootwrap.conf qemu-img create -f qcow2 -o backing_file=/opt/stack/data/cinder/mnt/b2def32267348c07358c641749d870e3/volume-79faa7d9-8cde-4c54-8d68-c6d3fab1e54d,backing_fmt=qcow2 /opt/stack/data/cinder/mnt/b2def32267348c07358c641749d870e3/volume-79faa7d9-8cde-4c54-8d68-c6d3fab1e54d.395b0e6d-6ba8-4453-9f25-8c103cd985f4 1G
Aug 25 06:55:12 devstack sudo[102985]: pam_unix(sudo:session): session opened for user root(uid=0) by (uid=1000)
Aug 25 06:55:13 devstack sudo[102985]: pam_unix(sudo:session): session closed for user root
Aug 25 06:55:13 devstack cinder-volume[94487]: DEBUG oslo_concurrency.processutils [None req-4d7a9f6c-5bf2-47e3-9989-6d554aa96082 tempest-VolumesExtendTest-761372587 None] CMD "sudo cinder-rootwrap /etc/cinder/rootwrap.conf qemu-img create -f qcow2 -o backing_file=/opt/stack/data/cinder/mnt/b2def32267348c07358c641749d870e3/volume-79faa7d9-8cde-4c54-8d68-c6d3fab1e54d,backing_fmt=qcow2 /opt/stack/data/cinder/mnt/b2def32267348c07358c641749d870e3/volume-79faa7d9-8cde-4c54-8d68-c6d3fab1e54d.395b0e6d-6ba8-4453-9f25-8c103cd985f4 1G" returned: 0 in 0.730s {{(pid=94487) execute /opt/stack/data/venv/lib/python3.12/site-packages/oslo_concurrency/processutils.py:468}}
Aug 25 06:55:13 devstack cinder-volume[94487]: DEBUG oslo_concurrency.processutils [None req-4d7a9f6c-5bf2-47e3-9989-6d554aa96082 tempest-VolumesExtendTest-761372587 None] Running cmd (subprocess): sudo cinder-rootwrap /etc/cinder/rootwrap.conf qemu-img rebase -u -b volume-79faa7d9-8cde-4c54-8d68-c6d3fab1e54d -F qcow2 /opt/stack/data/cinder/mnt/b2def32267348c07358c641749d870e3/volume-79faa7d9-8cde-4c54-8d68-c6d3fab1e54d.395b0e6d-6ba8-4453-9f25-8c103cd985f4 {{(pid=94487) execute /opt/stack/data/venv/lib/python3.12/site-packages/oslo_concurrency/processutils.py:440}}
Aug 25 06:55:13 devstack sudo[103027]: quobyte : PWD=/ ; USER=root ; COMMAND=/opt/stack/data/venv/bin/cinder-rootwrap /etc/cinder/rootwrap.conf qemu-img rebase -u -b volume-79faa7d9-8cde-4c54-8d68-c6d3fab1e54d -F qcow2 /opt/stack/data/cinder/mnt/b2def32267348c07358c641749d870e3/volume-79faa7d9-8cde-4c54-8d68-c6d3fab1e54d.395b0e6d-6ba8-4453-9f25-8c103cd985f4
Aug 25 06:55:13 devstack sudo[103027]: pam_unix(sudo:session): session opened for user root(uid=0) by (uid=1000)
Aug 25 06:55:13 devstack sudo[103027]: pam_unix(sudo:session): session closed for user root
Aug 25 06:55:13 devstack cinder-volume[94487]: DEBUG oslo_concurrency.processutils [None req-4d7a9f6c-5bf2-47e3-9989-6d554aa96082 tempest-VolumesExtendTest-761372587 None] CMD "sudo cinder-rootwrap /etc/cinder/rootwrap.conf qemu-img rebase -u -b volume-79faa7d9-8cde-4c54-8d68-c6d3fab1e54d -F qcow2 /opt/stack/data/cinder/mnt/b2def32267348c07358c641749d870e3/volume-79faa7d9-8cde-4c54-8d68-c6d3fab1e54d.395b0e6d-6ba8-4453-9f25-8c103cd985f4" returned: 0 in 0.496s {{(pid=94487) execute /opt/stack/data/venv/lib/python3.12/site-packages/oslo_concurrency/processutils.py:468}}
Aug 25 06:55:13 devstack cinder-volume[94487]: WARNING cinder.volume.drivers.remotefs [None req-4d7a9f6c-5bf2-47e3-9989-6d554aa96082 tempest-VolumesExtendTest-761372587 None] /opt/stack/data/cinder/mnt/b2def32267348c07358c641749d870e3/volume-79faa7d9-8cde-4c54-8d68-c6d3fab1e54d.395b0e6d-6ba8-4453-9f25-8c103cd985f4 is being set with open permissions: ugo+rw
Aug 25 06:55:13 devstack cinder-volume[94487]: DEBUG oslo_concurrency.processutils [None req-4d7a9f6c-5bf2-47e3-9989-6d554aa96082 tempest-VolumesExtendTest-761372587 None] Running cmd (subprocess): sudo cinder-rootwrap /etc/cinder/rootwrap.conf chmod ugo+rw /opt/stack/data/cinder/mnt/b2def32267348c07358c641749d870e3/volume-79faa7d9-8cde-4c54-8d68-c6d3fab1e54d.395b0e6d-6ba8-4453-9f25-8c103cd985f4 {{(pid=94487) execute /opt/stack/data/venv/lib/python3.12/site-packages/oslo_concurrency/processutils.py:440}}
Aug 25 06:55:13 devstack sudo[103032]: quobyte : PWD=/ ; USER=root ; COMMAND=/opt/stack/data/venv/bin/cinder-rootwrap /etc/cinder/rootwrap.conf chmod ugo+rw /opt/stack/data/cinder/mnt/b2def32267348c07358c641749d870e3/volume-79faa7d9-8cde-4c54-8d68-c6d3fab1e54d.395b0e6d-6ba8-4453-9f25-8c103cd985f4
Aug 25 06:55:13 devstack sudo[103032]: pam_unix(sudo:session): session opened for user root(uid=0) by (uid=1000)
Aug 25 06:55:13 devstack sudo[103032]: pam_unix(sudo:session): session closed for user root
Aug 25 06:55:13 devstack cinder-volume[94487]: DEBUG oslo_concurrency.processutils [None req-4d7a9f6c-5bf2-47e3-9989-6d554aa96082 tempest-VolumesExtendTest-761372587 None] CMD "sudo cinder-rootwrap /etc/cinder/rootwrap.conf chmod ugo+rw /opt/stack/data/cinder/mnt/b2def32267348c07358c641749d870e3/volume-79faa7d9-8cde-4c54-8d68-c6d3fab1e54d.395b0e6d-6ba8-4453-9f25-8c103cd985f4" returned: 0 in 0.335s {{(pid=94487) execute /opt/stack/data/venv/lib/python3.12/site-packages/oslo_concurrency/processutils.py:468}}
Aug 25 06:55:14 devstack cinder-volume[94487]: DEBUG oslo_concurrency.processutils [None req-4d7a9f6c-5bf2-47e3-9989-6d554aa96082 tempest-VolumesExtendTest-761372587 None] Running cmd (subprocess): sudo cinder-rootwrap /etc/cinder/rootwrap.conf truncate -s0 /opt/stack/data/cinder/mnt/b2def32267348c07358c641749d870e3/volume-79faa7d9-8cde-4c54-8d68-c6d3fab1e54d.info {{(pid=94487) execute /opt/stack/data/venv/lib/python3.12/site-packages/oslo_concurrency/processutils.py:440}}
Aug 25 06:55:14 devstack cinder-volume[94487]: DEBUG cinder.coordination [None req-4e0ff1fb-b0ac-4b45-a770-45009d470491 tempest-GroupsV314Test-1652815966 None] Acquiring lock "cinder-quobyte-efeb0be9-15a2-4fa0-84c0-5dbf33d195fe" by "delete_volume" {{(pid=94487) __acquire /opt/stack/cinder/cinder/coordination.py:138}}
Aug 25 06:55:14 devstack cinder-volume[94487]: DEBUG cinder.coordination [None req-4e0ff1fb-b0ac-4b45-a770-45009d470491 tempest-GroupsV314Test-1652815966 None] Lock "cinder-quobyte-efeb0be9-15a2-4fa0-84c0-5dbf33d195fe" acquired by "delete_volume" :: waited 0.018s {{(pid=94487) __acquire /opt/stack/cinder/cinder/coordination.py:141}}
Aug 25 06:55:14 devstack sudo[103035]: quobyte : PWD=/ ; USER=root ; COMMAND=/opt/stack/data/venv/bin/cinder-rootwrap /etc/cinder/rootwrap.conf truncate -s0 /opt/stack/data/cinder/mnt/b2def32267348c07358c641749d870e3/volume-79faa7d9-8cde-4c54-8d68-c6d3fab1e54d.info
Aug 25 06:55:14 devstack sudo[103035]: pam_unix(sudo:session): session opened for user root(uid=0) by (uid=1000)
Aug 25 06:55:14 devstack cinder-volume[94487]: DEBUG oslo.privsep.daemon [-] privsep: reply[f9160de4-49a3-45dc-b03f-e31c275f09a1]: (4, 'qcow2') {{(pid=96167) _call_back /opt/stack/data/venv/lib/python3.12/site-packages/oslo_privsep/daemon.py:580}}
Aug 25 06:55:14 devstack cinder-volume[94487]: DEBUG oslo_concurrency.processutils [None req-4e0ff1fb-b0ac-4b45-a770-45009d470491 tempest-GroupsV314Test-1652815966 None] Running cmd (subprocess): /opt/stack/data/venv/bin/python3.12 -m oslo_concurrency.prlimit --as=1073741824 --cpu=60 -- sudo cinder-rootwrap /etc/cinder/rootwrap.conf env LC_ALL=C qemu-img info -f qcow2 --output=json --force-share /opt/stack/data/cinder/mnt/b2def32267348c07358c641749d870e3/volume-efeb0be9-15a2-4fa0-84c0-5dbf33d195fe {{(pid=94487) execute /opt/stack/data/venv/lib/python3.12/site-packages/oslo_concurrency/processutils.py:440}}
Aug 25 06:55:14 devstack sudo[103037]: quobyte : PWD=/ ; USER=root ; COMMAND=/opt/stack/data/venv/bin/cinder-rootwrap /etc/cinder/rootwrap.conf env LC_ALL=C qemu-img info -f qcow2 --output=json --force-share /opt/stack/data/cinder/mnt/b2def32267348c07358c641749d870e3/volume-efeb0be9-15a2-4fa0-84c0-5dbf33d195fe
Aug 25 06:55:14 devstack sudo[103037]: pam_unix(sudo:session): session opened for user root(uid=0) by (uid=1000)
Aug 25 06:55:14 devstack sudo[103035]: pam_unix(sudo:session): session closed for user root
Aug 25 06:55:14 devstack cinder-volume[94487]: DEBUG oslo_concurrency.processutils [None req-4d7a9f6c-5bf2-47e3-9989-6d554aa96082 tempest-VolumesExtendTest-761372587 None] CMD "sudo cinder-rootwrap /etc/cinder/rootwrap.conf truncate -s0 /opt/stack/data/cinder/mnt/b2def32267348c07358c641749d870e3/volume-79faa7d9-8cde-4c54-8d68-c6d3fab1e54d.info" returned: 0 in 0.485s {{(pid=94487) execute /opt/stack/data/venv/lib/python3.12/site-packages/oslo_concurrency/processutils.py:468}}
Aug 25 06:55:14 devstack cinder-volume[94487]: WARNING cinder.volume.drivers.remotefs [None req-4d7a9f6c-5bf2-47e3-9989-6d554aa96082 tempest-VolumesExtendTest-761372587 None] /opt/stack/data/cinder/mnt/b2def32267348c07358c641749d870e3/volume-79faa7d9-8cde-4c54-8d68-c6d3fab1e54d.info is being set with open permissions: ugo+rw
Aug 25 06:55:14 devstack cinder-volume[94487]: DEBUG oslo_concurrency.processutils [None req-4d7a9f6c-5bf2-47e3-9989-6d554aa96082 tempest-VolumesExtendTest-761372587 None] Running cmd (subprocess): sudo cinder-rootwrap /etc/cinder/rootwrap.conf chmod ugo+rw /opt/stack/data/cinder/mnt/b2def32267348c07358c641749d870e3/volume-79faa7d9-8cde-4c54-8d68-c6d3fab1e54d.info {{(pid=94487) execute /opt/stack/data/venv/lib/python3.12/site-packages/oslo_concurrency/processutils.py:440}}
Aug 25 06:55:14 devstack sudo[103040]: quobyte : PWD=/ ; USER=root ; COMMAND=/opt/stack/data/venv/bin/cinder-rootwrap /etc/cinder/rootwrap.conf chmod ugo+rw /opt/stack/data/cinder/mnt/b2def32267348c07358c641749d870e3/volume-79faa7d9-8cde-4c54-8d68-c6d3fab1e54d.info
Aug 25 06:55:14 devstack sudo[103040]: pam_unix(sudo:session): session opened for user root(uid=0) by (uid=1000)
Aug 25 06:55:14 devstack sudo[103037]: pam_unix(sudo:session): session closed for user root
Aug 25 06:55:14 devstack cinder-volume[94487]: DEBUG oslo_concurrency.processutils [None req-4e0ff1fb-b0ac-4b45-a770-45009d470491 tempest-GroupsV314Test-1652815966 None] CMD "/opt/stack/data/venv/bin/python3.12 -m oslo_concurrency.prlimit --as=1073741824 --cpu=60 -- sudo cinder-rootwrap /etc/cinder/rootwrap.conf env LC_ALL=C qemu-img info -f qcow2 --output=json --force-share /opt/stack/data/cinder/mnt/b2def32267348c07358c641749d870e3/volume-efeb0be9-15a2-4fa0-84c0-5dbf33d195fe" returned: 0 in 0.685s {{(pid=94487) execute /opt/stack/data/venv/lib/python3.12/site-packages/oslo_concurrency/processutils.py:468}}
Aug 25 06:55:14 devstack cinder-volume[94487]: DEBUG oslo_concurrency.processutils [None req-4e0ff1fb-b0ac-4b45-a770-45009d470491 tempest-GroupsV314Test-1652815966 None] Running cmd (subprocess): sudo cinder-rootwrap /etc/cinder/rootwrap.conf rm -f /opt/stack/data/cinder/mnt/b2def32267348c07358c641749d870e3/volume-efeb0be9-15a2-4fa0-84c0-5dbf33d195fe {{(pid=94487) execute /opt/stack/data/venv/lib/python3.12/site-packages/oslo_concurrency/processutils.py:440}}
Aug 25 06:55:14 devstack sudo[103045]: quobyte : PWD=/ ; USER=root ; COMMAND=/opt/stack/data/venv/bin/cinder-rootwrap /etc/cinder/rootwrap.conf rm -f /opt/stack/data/cinder/mnt/b2def32267348c07358c641749d870e3/volume-efeb0be9-15a2-4fa0-84c0-5dbf33d195fe
Aug 25 06:55:14 devstack sudo[103045]: pam_unix(sudo:session): session opened for user root(uid=0) by (uid=1000)
Aug 25 06:55:14 devstack sudo[103040]: pam_unix(sudo:session): session closed for user root
Aug 25 06:55:14 devstack cinder-volume[94487]: DEBUG oslo_concurrency.processutils [None req-4d7a9f6c-5bf2-47e3-9989-6d554aa96082 tempest-VolumesExtendTest-761372587 None] CMD "sudo cinder-rootwrap /etc/cinder/rootwrap.conf chmod ugo+rw /opt/stack/data/cinder/mnt/b2def32267348c07358c641749d870e3/volume-79faa7d9-8cde-4c54-8d68-c6d3fab1e54d.info" returned: 0 in 0.474s {{(pid=94487) execute /opt/stack/data/venv/lib/python3.12/site-packages/oslo_concurrency/processutils.py:468}}
Aug 25 06:55:15 devstack cinder-volume[94487]: DEBUG oslo_concurrency.lockutils [None req-4d7a9f6c-5bf2-47e3-9989-6d554aa96082 tempest-VolumesExtendTest-761372587 None] Lock "quobyte" "released" by "cinder.volume.drivers.quobyte.QuobyteDriver.create_snapshot" :: held 3.270s {{(pid=94487) inner /opt/stack/data/venv/lib/python3.12/site-packages/oslo_concurrency/lockutils.py:544}}
Aug 25 06:55:15 devstack cinder-volume[94487]: INFO cinder.volume.manager [None req-4d7a9f6c-5bf2-47e3-9989-6d554aa96082 tempest-VolumesExtendTest-761372587 None] Create snapshot completed successfully
Aug 25 06:55:15 devstack sudo[103045]: pam_unix(sudo:session): session closed for user root
Aug 25 06:55:15 devstack cinder-volume[94487]: DEBUG oslo_concurrency.processutils [None req-4e0ff1fb-b0ac-4b45-a770-45009d470491 tempest-GroupsV314Test-1652815966 None] CMD "sudo cinder-rootwrap /etc/cinder/rootwrap.conf rm -f /opt/stack/data/cinder/mnt/b2def32267348c07358c641749d870e3/volume-efeb0be9-15a2-4fa0-84c0-5dbf33d195fe" returned: 0 in 0.391s {{(pid=94487) execute /opt/stack/data/venv/lib/python3.12/site-packages/oslo_concurrency/processutils.py:468}}
Aug 25 06:55:15 devstack cinder-volume[94487]: DEBUG cinder.coordination [None req-4e0ff1fb-b0ac-4b45-a770-45009d470491 tempest-GroupsV314Test-1652815966 None] Lock "cinder-quobyte-efeb0be9-15a2-4fa0-84c0-5dbf33d195fe" released by "delete_volume" :: held 1.170s {{(pid=94487) __release /opt/stack/cinder/cinder/coordination.py:152}}
Aug 25 06:55:15 devstack cinder-volume[94487]: DEBUG cinder.quota [None req-4e0ff1fb-b0ac-4b45-a770-45009d470491 tempest-GroupsV314Test-1652815966 None] Created reservations ['fd16940c-aeb5-47d7-8f7f-cb29c47d617b'] {{(pid=94487) reserve /opt/stack/cinder/cinder/quota.py:752}}
Aug 25 06:55:15 devstack cinder-volume[94487]: WARNING cinder.quota [None req-4e0ff1fb-b0ac-4b45-a770-45009d470491 tempest-GroupsV314Test-1652815966 None] Deprecated: Default quota for resource: volumes_tempest-GroupsV314Test-volume-type-2101294229 is set by the default quota flag: quota_volumes_tempest-GroupsV314Test-volume-type-2101294229, it is now deprecated. Please use the default quota class for default quota.
Aug 25 06:55:15 devstack cinder-volume[94487]: WARNING cinder.quota [None req-4e0ff1fb-b0ac-4b45-a770-45009d470491 tempest-GroupsV314Test-1652815966 None] Deprecated: Default quota for resource: gigabytes_tempest-GroupsV314Test-volume-type-2101294229 is set by the default quota flag: quota_gigabytes_tempest-GroupsV314Test-volume-type-2101294229, it is now deprecated. Please use the default quota class for default quota.
Aug 25 06:55:15 devstack cinder-volume[94487]: DEBUG cinder.quota [None req-4e0ff1fb-b0ac-4b45-a770-45009d470491 tempest-GroupsV314Test-1652815966 None] Created reservations ['acfebddf-1fa3-4d3a-b3fd-fb8e5b47e9a4', 'b32462d0-a8b9-4c28-9d2b-ce24d5324909', '72c3cc20-1899-4aba-a12b-7c5c42eafe15', '5dfa12a9-7c07-4f26-8264-7e9c644ae8bd'] {{(pid=94487) reserve /opt/stack/cinder/cinder/quota.py:752}}
Aug 25 06:55:15 devstack cinder-volume[94487]: DEBUG cinder.volume.flows.manager.create_volume [None req-e18aab68-4aa5-4def-bed1-3e2c38a51c9e tempest-ServerRescueNegativeTestJSON-1857641490 None] Volume reschedule parameters: True retry: {'num_attempts': 1, 'backends': ['devstack@QuobyteHD#QuobyteHD'], 'hosts': ['devstack@QuobyteHD#QuobyteHD']} {{(pid=94487) get_flow /opt/stack/cinder/cinder/volume/flows/manager/create_volume.py:1397}}
Aug 25 06:55:15 devstack cinder-volume[94487]: DEBUG cinder.volume.manager [None req-e18aab68-4aa5-4def-bed1-3e2c38a51c9e tempest-ServerRescueNegativeTestJSON-1857641490 None] Flow 'volume_create_manager' (2a69043b-dcf4-40ac-bf35-85f4ba24194a) transitioned into state 'RUNNING' from state 'PENDING' {{(pid=94487) _flow_receiver /opt/stack/data/venv/lib/python3.12/site-packages/taskflow/listeners/logging.py:160}}
Aug 25 06:55:15 devstack cinder-volume[94487]: DEBUG cinder.volume.manager [None req-e18aab68-4aa5-4def-bed1-3e2c38a51c9e tempest-ServerRescueNegativeTestJSON-1857641490 None] Task 'cinder.volume.flows.manager.create_volume.ExtractVolumeRefTask;volume:create' (8af7cbb9-a0da-4781-a7f8-b4630f377329) transitioned into state 'RUNNING' from state 'PENDING' {{(pid=94487) _task_receiver /opt/stack/data/venv/lib/python3.12/site-packages/taskflow/listeners/logging.py:242}}
Aug 25 06:55:15 devstack cinder-volume[94487]: DEBUG cinder.volume.manager [None req-e18aab68-4aa5-4def-bed1-3e2c38a51c9e tempest-ServerRescueNegativeTestJSON-1857641490 None] Task 'cinder.volume.flows.manager.create_volume.ExtractVolumeRefTask;volume:create' (8af7cbb9-a0da-4781-a7f8-b4630f377329) transitioned into state 'SUCCESS' from state 'RUNNING' with result 'Volume(_name_id=None,admin_metadata=,attach_status='detached',availability_zone='nova',bootable=False,cluster=,cluster_name=None,consistencygroup=,consistencygroup_id=None,created_at=2026-08-25T04:55:15Z,deleted=False,deleted_at=None,display_description=None,display_name='tempest-ServerRescueNegativeTestJSON-volume-232349785',ec2_id=None,encryption_key_id=None,glance_metadata=,group=,group_id=None,host='devstack@QuobyteHD#QuobyteHD',id=c4787f17-7d04-4d7c-a461-e979aa229cb5,launched_at=None,metadata={},migration_status=None,multiattach=False,previous_status=None,project_id='689fcd3390594cdca41b4c30b001777f',provider_auth=None,provider_geometry=None,provider_id=None,provider_location=None,replication_driver_data=None,replication_extended_status=None,replication_status=None,scheduled_at=2026-08-25T04:55:16Z,service_uuid=None,shared_targets=True,size=1,snapshot_id=None,snapshots=,source_volid=None,status='creating',terminated_at=None,updated_at=2026-08-25T04:55:16Z,use_quota=True,user_id='99e4cecb804b4ac8823a3d83f776b7cb',volume_attachment=VolumeAttachmentList,volume_type=VolumeType(801f396e-7213-4c41-bfb3-49e235af250a),volume_type_id=801f396e-7213-4c41-bfb3-49e235af250a)' {{(pid=94487) _task_receiver /opt/stack/data/venv/lib/python3.12/site-packages/taskflow/listeners/logging.py:218}}
Aug 25 06:55:15 devstack cinder-volume[94487]: DEBUG cinder.volume.manager [None req-e18aab68-4aa5-4def-bed1-3e2c38a51c9e tempest-ServerRescueNegativeTestJSON-1857641490 None] Task 'cinder.volume.flows.manager.create_volume.OnFailureRescheduleTask;volume:create' (72c4b9e6-50c3-4a7c-8cd2-2a33c9db38a0) transitioned into state 'RUNNING' from state 'PENDING' {{(pid=94487) _task_receiver /opt/stack/data/venv/lib/python3.12/site-packages/taskflow/listeners/logging.py:242}}
Aug 25 06:55:15 devstack cinder-volume[94487]: DEBUG cinder.volume.manager [None req-e18aab68-4aa5-4def-bed1-3e2c38a51c9e tempest-ServerRescueNegativeTestJSON-1857641490 None] Task 'cinder.volume.flows.manager.create_volume.OnFailureRescheduleTask;volume:create' (72c4b9e6-50c3-4a7c-8cd2-2a33c9db38a0) transitioned into state 'SUCCESS' from state 'RUNNING' with result 'None' {{(pid=94487) _task_receiver /opt/stack/data/venv/lib/python3.12/site-packages/taskflow/listeners/logging.py:218}}
Aug 25 06:55:15 devstack cinder-volume[94487]: DEBUG cinder.volume.manager [None req-e18aab68-4aa5-4def-bed1-3e2c38a51c9e tempest-ServerRescueNegativeTestJSON-1857641490 None] Task 'cinder.volume.flows.manager.create_volume.ExtractVolumeSpecTask;volume:create' (05e21a3d-235b-4caa-b25b-cbd9100ec0d8) transitioned into state 'RUNNING' from state 'PENDING' {{(pid=94487) _task_receiver /opt/stack/data/venv/lib/python3.12/site-packages/taskflow/listeners/logging.py:242}}
Aug 25 06:55:15 devstack cinder-volume[94487]: DEBUG cinder.volume.manager [None req-e18aab68-4aa5-4def-bed1-3e2c38a51c9e tempest-ServerRescueNegativeTestJSON-1857641490 None] Task 'cinder.volume.flows.manager.create_volume.ExtractVolumeSpecTask;volume:create' (05e21a3d-235b-4caa-b25b-cbd9100ec0d8) transitioned into state 'SUCCESS' from state 'RUNNING' with result '{'status': 'creating', 'type': 'raw', 'volume_id': 'c4787f17-7d04-4d7c-a461-e979aa229cb5', 'volume_name': 'volume-c4787f17-7d04-4d7c-a461-e979aa229cb5', 'volume_size': 1}' {{(pid=94487) _task_receiver /opt/stack/data/venv/lib/python3.12/site-packages/taskflow/listeners/logging.py:218}}
Aug 25 06:55:15 devstack cinder-volume[94487]: DEBUG cinder.volume.manager [None req-e18aab68-4aa5-4def-bed1-3e2c38a51c9e tempest-ServerRescueNegativeTestJSON-1857641490 None] Task 'cinder.volume.flows.manager.create_volume.NotifyVolumeActionTask;volume:create, create.start' (7752d60e-36e6-4cb7-9c37-598b6607a524) transitioned into state 'RUNNING' from state 'PENDING' {{(pid=94487) _task_receiver /opt/stack/data/venv/lib/python3.12/site-packages/taskflow/listeners/logging.py:242}}
Aug 25 06:55:15 devstack cinder-volume[94487]: DEBUG cinder.volume.manager [None req-e18aab68-4aa5-4def-bed1-3e2c38a51c9e tempest-ServerRescueNegativeTestJSON-1857641490 None] Task 'cinder.volume.flows.manager.create_volume.NotifyVolumeActionTask;volume:create, create.start' (7752d60e-36e6-4cb7-9c37-598b6607a524) transitioned into state 'SUCCESS' from state 'RUNNING' with result 'None' {{(pid=94487) _task_receiver /opt/stack/data/venv/lib/python3.12/site-packages/taskflow/listeners/logging.py:218}}
Aug 25 06:55:15 devstack cinder-volume[94487]: DEBUG cinder.volume.manager [None req-e18aab68-4aa5-4def-bed1-3e2c38a51c9e tempest-ServerRescueNegativeTestJSON-1857641490 None] Task 'cinder.volume.flows.manager.create_volume.CreateVolumeFromSpecTask;volume:create' (286573ce-d5e2-4f03-bac8-930c17958572) transitioned into state 'RUNNING' from state 'PENDING' {{(pid=94487) _task_receiver /opt/stack/data/venv/lib/python3.12/site-packages/taskflow/listeners/logging.py:242}}
Aug 25 06:55:15 devstack cinder-volume[94487]: INFO cinder.volume.flows.manager.create_volume [None req-e18aab68-4aa5-4def-bed1-3e2c38a51c9e tempest-ServerRescueNegativeTestJSON-1857641490 None] Volume c4787f17-7d04-4d7c-a461-e979aa229cb5: being created as raw with specification: {'status': 'creating', 'volume_name': 'volume-c4787f17-7d04-4d7c-a461-e979aa229cb5', 'volume_size': 1}
Aug 25 06:55:15 devstack cinder-volume[94487]: DEBUG oslo_concurrency.lockutils [None req-e18aab68-4aa5-4def-bed1-3e2c38a51c9e tempest-ServerRescueNegativeTestJSON-1857641490 None] Acquiring lock "quobyte" by "cinder.volume.drivers.quobyte.QuobyteDriver.create_volume" {{(pid=94487) inner /opt/stack/data/venv/lib/python3.12/site-packages/oslo_concurrency/lockutils.py:512}}
Aug 25 06:55:15 devstack cinder-volume[94487]: DEBUG oslo_concurrency.lockutils [None req-e18aab68-4aa5-4def-bed1-3e2c38a51c9e tempest-ServerRescueNegativeTestJSON-1857641490 None] Lock "quobyte" acquired by "cinder.volume.drivers.quobyte.QuobyteDriver.create_volume" :: waited 0.000s {{(pid=94487) inner /opt/stack/data/venv/lib/python3.12/site-packages/oslo_concurrency/lockutils.py:525}}
