Aug 25 06:54:00 devstack cinder-volume[94487]: DEBUG oslo_concurrency.processutils [None req-113fecaf-01d4-45e6-8a9c-6ef054c96eb2 tempest-GroupSnapshotsTest-1769840491 None] Running cmd (subprocess): /opt/stack/data/venv/bin/python3.12 -m oslo_concurrency.prlimit --as=1073741824 --cpu=60 -- sudo cinder-rootwrap /etc/cinder/rootwrap.conf env LC_ALL=C qemu-img info -f qcow2 --output=json --force-share /opt/stack/data/cinder/mnt/b2def32267348c07358c641749d870e3/volume-b9e94158-b3b0-4d00-8501-cedfcff05d9b {{(pid=94487) execute /opt/stack/data/venv/lib/python3.12/site-packages/oslo_concurrency/processutils.py:440}}
Aug 25 06:54:00 devstack sudo[101154]: quobyte : PWD=/ ; USER=root ; COMMAND=/opt/stack/data/venv/bin/cinder-rootwrap /etc/cinder/rootwrap.conf env LC_ALL=C qemu-img info -f qcow2 --output=json --force-share /opt/stack/data/cinder/mnt/b2def32267348c07358c641749d870e3/volume-b9e94158-b3b0-4d00-8501-cedfcff05d9b
Aug 25 06:54:00 devstack sudo[101154]: pam_unix(sudo:session): session opened for user root(uid=0) by (uid=1000)
Aug 25 06:54:00 devstack cinder-volume[94487]: DEBUG oslo_service.periodic_task [None req-6f159b46-1a35-4099-ae96-05387cbfa190 None None] Running periodic task VolumeManager.publish_service_capabilities {{(pid=94487) run_periodic_tasks /opt/stack/data/venv/lib/python3.12/site-packages/oslo_service/periodic_task.py:254}}
Aug 25 06:54:00 devstack cinder-volume[94487]: DEBUG oslo_concurrency.lockutils [None req-6f159b46-1a35-4099-ae96-05387cbfa190 None None] Acquiring lock "quobyte_ensure" by "cinder.volume.drivers.quobyte.QuobyteDriver._ensure_shares_mounted" {{(pid=94487) inner /opt/stack/data/venv/lib/python3.12/site-packages/oslo_concurrency/lockutils.py:512}}
Aug 25 06:54:00 devstack cinder-volume[94487]: DEBUG oslo_concurrency.lockutils [None req-6f159b46-1a35-4099-ae96-05387cbfa190 None None] Lock "quobyte_ensure" acquired by "cinder.volume.drivers.quobyte.QuobyteDriver._ensure_shares_mounted" :: waited 0.002s {{(pid=94487) inner /opt/stack/data/venv/lib/python3.12/site-packages/oslo_concurrency/lockutils.py:525}}
Aug 25 06:54:00 devstack cinder-volume[94487]: DEBUG cinder.volume.drivers.quobyte [None req-6f159b46-1a35-4099-ae96-05387cbfa190 None None] Quobyte Volume URL set to: {'osci02.corp.quobyte.com/cinder-vol-2c0ae50d-1049-4133-bf9d-f2501f7d2b07': None} {{(pid=94487) _load_shares_config /opt/stack/cinder/cinder/volume/drivers/quobyte.py:665}}
Aug 25 06:54:00 devstack cinder-volume[94487]: DEBUG cinder.volume.drivers.quobyte [None req-6f159b46-1a35-4099-ae96-05387cbfa190 None None] Available shares ['osci02.corp.quobyte.com/cinder-vol-2c0ae50d-1049-4133-bf9d-f2501f7d2b07'] {{(pid=94487) _ensure_shares_mounted /opt/stack/cinder/cinder/volume/drivers/quobyte.py:695}}
Aug 25 06:54:00 devstack cinder-volume[94487]: DEBUG oslo_concurrency.lockutils [None req-6f159b46-1a35-4099-ae96-05387cbfa190 None None] Lock "quobyte_ensure" "released" by "cinder.volume.drivers.quobyte.QuobyteDriver._ensure_shares_mounted" :: held 0.013s {{(pid=94487) inner /opt/stack/data/venv/lib/python3.12/site-packages/oslo_concurrency/lockutils.py:544}}
Aug 25 06:54:00 devstack cinder-volume[94487]: DEBUG oslo_concurrency.processutils [None req-6f159b46-1a35-4099-ae96-05387cbfa190 None None] Running cmd (subprocess): sudo cinder-rootwrap /etc/cinder/rootwrap.conf df --portability --block-size 1 /opt/stack/data/cinder/mnt/b2def32267348c07358c641749d870e3 {{(pid=94487) execute /opt/stack/data/venv/lib/python3.12/site-packages/oslo_concurrency/processutils.py:440}}
Aug 25 06:54:00 devstack sudo[101178]: quobyte : PWD=/ ; USER=root ; COMMAND=/opt/stack/data/venv/bin/cinder-rootwrap /etc/cinder/rootwrap.conf df --portability --block-size 1 /opt/stack/data/cinder/mnt/b2def32267348c07358c641749d870e3
Aug 25 06:54:00 devstack sudo[101178]: pam_unix(sudo:session): session opened for user root(uid=0) by (uid=1000)
Aug 25 06:54:00 devstack sudo[101154]: pam_unix(sudo:session): session closed for user root
Aug 25 06:54:00 devstack cinder-volume[94487]: DEBUG oslo_concurrency.processutils [None req-113fecaf-01d4-45e6-8a9c-6ef054c96eb2 tempest-GroupSnapshotsTest-1769840491 None] CMD "/opt/stack/data/venv/bin/python3.12 -m oslo_concurrency.prlimit --as=1073741824 --cpu=60 -- sudo cinder-rootwrap /etc/cinder/rootwrap.conf env LC_ALL=C qemu-img info -f qcow2 --output=json --force-share /opt/stack/data/cinder/mnt/b2def32267348c07358c641749d870e3/volume-b9e94158-b3b0-4d00-8501-cedfcff05d9b" returned: 0 in 0.615s {{(pid=94487) execute /opt/stack/data/venv/lib/python3.12/site-packages/oslo_concurrency/processutils.py:468}}
Aug 25 06:54:00 devstack cinder-volume[94487]: DEBUG oslo_concurrency.processutils [None req-113fecaf-01d4-45e6-8a9c-6ef054c96eb2 tempest-GroupSnapshotsTest-1769840491 None] Running cmd (subprocess): sudo cinder-rootwrap /etc/cinder/rootwrap.conf qemu-img create -f qcow2 -o backing_file=/opt/stack/data/cinder/mnt/b2def32267348c07358c641749d870e3/volume-b9e94158-b3b0-4d00-8501-cedfcff05d9b,backing_fmt=qcow2 /opt/stack/data/cinder/mnt/b2def32267348c07358c641749d870e3/volume-b9e94158-b3b0-4d00-8501-cedfcff05d9b.43c79ebc-3923-46fb-bdf1-eae742122ab3 1G {{(pid=94487) execute /opt/stack/data/venv/lib/python3.12/site-packages/oslo_concurrency/processutils.py:440}}
Aug 25 06:54:00 devstack sudo[101180]: quobyte : PWD=/ ; USER=root ; COMMAND=/opt/stack/data/venv/bin/cinder-rootwrap /etc/cinder/rootwrap.conf qemu-img create -f qcow2 -o backing_file=/opt/stack/data/cinder/mnt/b2def32267348c07358c641749d870e3/volume-b9e94158-b3b0-4d00-8501-cedfcff05d9b,backing_fmt=qcow2 /opt/stack/data/cinder/mnt/b2def32267348c07358c641749d870e3/volume-b9e94158-b3b0-4d00-8501-cedfcff05d9b.43c79ebc-3923-46fb-bdf1-eae742122ab3 1G
Aug 25 06:54:00 devstack sudo[101180]: pam_unix(sudo:session): session opened for user root(uid=0) by (uid=1000)
Aug 25 06:54:01 devstack sudo[101178]: pam_unix(sudo:session): session closed for user root
Aug 25 06:54:01 devstack cinder-volume[94487]: DEBUG oslo_concurrency.processutils [None req-6f159b46-1a35-4099-ae96-05387cbfa190 None None] CMD "sudo cinder-rootwrap /etc/cinder/rootwrap.conf df --portability --block-size 1 /opt/stack/data/cinder/mnt/b2def32267348c07358c641749d870e3" returned: 0 in 0.513s {{(pid=94487) execute /opt/stack/data/venv/lib/python3.12/site-packages/oslo_concurrency/processutils.py:468}}
Aug 25 06:54:01 devstack cinder-volume[94487]: DEBUG cinder.manager [None req-6f159b46-1a35-4099-ae96-05387cbfa190 None None] Notifying Schedulers of capabilities ... {{(pid=94487) _publish_service_capabilities /opt/stack/cinder/cinder/manager.py:219}}
Aug 25 06:54:01 devstack cinder-volume[94487]: DEBUG oslo_service.periodic_task [None req-6f159b46-1a35-4099-ae96-05387cbfa190 None None] Running periodic task VolumeManager._thread_info {{(pid=94487) run_periodic_tasks /opt/stack/data/venv/lib/python3.12/site-packages/oslo_service/periodic_task.py:254}}
Aug 25 06:54:01 devstack cinder-volume[94487]: DEBUG cinder.volume.manager [None req-6f159b46-1a35-4099-ae96-05387cbfa190 None None] thread count: 28 {{(pid=94487) _thread_info /opt/stack/cinder/cinder/volume/manager.py:5569}}
Aug 25 06:54:01 devstack cinder-volume[94487]: DEBUG cinder.volume.manager [None req-6f159b46-1a35-4099-ae96-05387cbfa190 None None] thread info: [<_MainThread(MainThread, started 135685274955904)>, , , , , , , , , , , , , , , , , , , , , , , , , , , ] {{(pid=94487) _thread_info /opt/stack/cinder/cinder/volume/manager.py:5570}}
Aug 25 06:54:01 devstack sudo[101180]: pam_unix(sudo:session): session closed for user root
Aug 25 06:54:01 devstack cinder-volume[94487]: DEBUG oslo_concurrency.processutils [None req-113fecaf-01d4-45e6-8a9c-6ef054c96eb2 tempest-GroupSnapshotsTest-1769840491 None] CMD "sudo cinder-rootwrap /etc/cinder/rootwrap.conf qemu-img create -f qcow2 -o backing_file=/opt/stack/data/cinder/mnt/b2def32267348c07358c641749d870e3/volume-b9e94158-b3b0-4d00-8501-cedfcff05d9b,backing_fmt=qcow2 /opt/stack/data/cinder/mnt/b2def32267348c07358c641749d870e3/volume-b9e94158-b3b0-4d00-8501-cedfcff05d9b.43c79ebc-3923-46fb-bdf1-eae742122ab3 1G" returned: 0 in 0.632s {{(pid=94487) execute /opt/stack/data/venv/lib/python3.12/site-packages/oslo_concurrency/processutils.py:468}}
Aug 25 06:54:01 devstack cinder-volume[94487]: DEBUG oslo_concurrency.processutils [None req-113fecaf-01d4-45e6-8a9c-6ef054c96eb2 tempest-GroupSnapshotsTest-1769840491 None] Running cmd (subprocess): sudo cinder-rootwrap /etc/cinder/rootwrap.conf qemu-img rebase -u -b volume-b9e94158-b3b0-4d00-8501-cedfcff05d9b -F qcow2 /opt/stack/data/cinder/mnt/b2def32267348c07358c641749d870e3/volume-b9e94158-b3b0-4d00-8501-cedfcff05d9b.43c79ebc-3923-46fb-bdf1-eae742122ab3 {{(pid=94487) execute /opt/stack/data/venv/lib/python3.12/site-packages/oslo_concurrency/processutils.py:440}}
Aug 25 06:54:01 devstack sudo[101193]: quobyte : PWD=/ ; USER=root ; COMMAND=/opt/stack/data/venv/bin/cinder-rootwrap /etc/cinder/rootwrap.conf qemu-img rebase -u -b volume-b9e94158-b3b0-4d00-8501-cedfcff05d9b -F qcow2 /opt/stack/data/cinder/mnt/b2def32267348c07358c641749d870e3/volume-b9e94158-b3b0-4d00-8501-cedfcff05d9b.43c79ebc-3923-46fb-bdf1-eae742122ab3
Aug 25 06:54:01 devstack sudo[101193]: pam_unix(sudo:session): session opened for user root(uid=0) by (uid=1000)
Aug 25 06:54:01 devstack sudo[101193]: pam_unix(sudo:session): session closed for user root
Aug 25 06:54:01 devstack cinder-volume[94487]: DEBUG oslo_concurrency.processutils [None req-113fecaf-01d4-45e6-8a9c-6ef054c96eb2 tempest-GroupSnapshotsTest-1769840491 None] CMD "sudo cinder-rootwrap /etc/cinder/rootwrap.conf qemu-img rebase -u -b volume-b9e94158-b3b0-4d00-8501-cedfcff05d9b -F qcow2 /opt/stack/data/cinder/mnt/b2def32267348c07358c641749d870e3/volume-b9e94158-b3b0-4d00-8501-cedfcff05d9b.43c79ebc-3923-46fb-bdf1-eae742122ab3" returned: 0 in 0.420s {{(pid=94487) execute /opt/stack/data/venv/lib/python3.12/site-packages/oslo_concurrency/processutils.py:468}}
Aug 25 06:54:01 devstack cinder-volume[94487]: WARNING cinder.volume.drivers.remotefs [None req-113fecaf-01d4-45e6-8a9c-6ef054c96eb2 tempest-GroupSnapshotsTest-1769840491 None] /opt/stack/data/cinder/mnt/b2def32267348c07358c641749d870e3/volume-b9e94158-b3b0-4d00-8501-cedfcff05d9b.43c79ebc-3923-46fb-bdf1-eae742122ab3 is being set with open permissions: ugo+rw: NotImplementedError
Aug 25 06:54:01 devstack cinder-volume[94487]: DEBUG oslo_concurrency.processutils [None req-113fecaf-01d4-45e6-8a9c-6ef054c96eb2 tempest-GroupSnapshotsTest-1769840491 None] Running cmd (subprocess): sudo cinder-rootwrap /etc/cinder/rootwrap.conf chmod ugo+rw /opt/stack/data/cinder/mnt/b2def32267348c07358c641749d870e3/volume-b9e94158-b3b0-4d00-8501-cedfcff05d9b.43c79ebc-3923-46fb-bdf1-eae742122ab3 {{(pid=94487) execute /opt/stack/data/venv/lib/python3.12/site-packages/oslo_concurrency/processutils.py:440}}
Aug 25 06:54:01 devstack sudo[101200]: quobyte : PWD=/ ; USER=root ; COMMAND=/opt/stack/data/venv/bin/cinder-rootwrap /etc/cinder/rootwrap.conf chmod ugo+rw /opt/stack/data/cinder/mnt/b2def32267348c07358c641749d870e3/volume-b9e94158-b3b0-4d00-8501-cedfcff05d9b.43c79ebc-3923-46fb-bdf1-eae742122ab3
Aug 25 06:54:01 devstack sudo[101200]: pam_unix(sudo:session): session opened for user root(uid=0) by (uid=1000)
Aug 25 06:54:02 devstack sudo[101200]: pam_unix(sudo:session): session closed for user root
Aug 25 06:54:02 devstack cinder-volume[94487]: DEBUG oslo_concurrency.processutils [None req-113fecaf-01d4-45e6-8a9c-6ef054c96eb2 tempest-GroupSnapshotsTest-1769840491 None] CMD "sudo cinder-rootwrap /etc/cinder/rootwrap.conf chmod ugo+rw /opt/stack/data/cinder/mnt/b2def32267348c07358c641749d870e3/volume-b9e94158-b3b0-4d00-8501-cedfcff05d9b.43c79ebc-3923-46fb-bdf1-eae742122ab3" returned: 0 in 0.492s {{(pid=94487) execute /opt/stack/data/venv/lib/python3.12/site-packages/oslo_concurrency/processutils.py:468}}
Aug 25 06:54:02 devstack cinder-volume[94487]: DEBUG oslo_concurrency.processutils [None req-113fecaf-01d4-45e6-8a9c-6ef054c96eb2 tempest-GroupSnapshotsTest-1769840491 None] Running cmd (subprocess): sudo cinder-rootwrap /etc/cinder/rootwrap.conf truncate -s0 /opt/stack/data/cinder/mnt/b2def32267348c07358c641749d870e3/volume-b9e94158-b3b0-4d00-8501-cedfcff05d9b.info {{(pid=94487) execute /opt/stack/data/venv/lib/python3.12/site-packages/oslo_concurrency/processutils.py:440}}
Aug 25 06:54:02 devstack sudo[101204]: quobyte : PWD=/ ; USER=root ; COMMAND=/opt/stack/data/venv/bin/cinder-rootwrap /etc/cinder/rootwrap.conf truncate -s0 /opt/stack/data/cinder/mnt/b2def32267348c07358c641749d870e3/volume-b9e94158-b3b0-4d00-8501-cedfcff05d9b.info
Aug 25 06:54:02 devstack sudo[101204]: pam_unix(sudo:session): session opened for user root(uid=0) by (uid=1000)
Aug 25 06:54:02 devstack sudo[101204]: pam_unix(sudo:session): session closed for user root
Aug 25 06:54:02 devstack cinder-volume[94487]: DEBUG oslo_concurrency.processutils [None req-113fecaf-01d4-45e6-8a9c-6ef054c96eb2 tempest-GroupSnapshotsTest-1769840491 None] CMD "sudo cinder-rootwrap /etc/cinder/rootwrap.conf truncate -s0 /opt/stack/data/cinder/mnt/b2def32267348c07358c641749d870e3/volume-b9e94158-b3b0-4d00-8501-cedfcff05d9b.info" returned: 0 in 0.312s {{(pid=94487) execute /opt/stack/data/venv/lib/python3.12/site-packages/oslo_concurrency/processutils.py:468}}
Aug 25 06:54:02 devstack cinder-volume[94487]: WARNING cinder.volume.drivers.remotefs [None req-113fecaf-01d4-45e6-8a9c-6ef054c96eb2 tempest-GroupSnapshotsTest-1769840491 None] /opt/stack/data/cinder/mnt/b2def32267348c07358c641749d870e3/volume-b9e94158-b3b0-4d00-8501-cedfcff05d9b.info is being set with open permissions: ugo+rw: NotImplementedError
Aug 25 06:54:02 devstack cinder-volume[94487]: DEBUG oslo_concurrency.processutils [None req-113fecaf-01d4-45e6-8a9c-6ef054c96eb2 tempest-GroupSnapshotsTest-1769840491 None] Running cmd (subprocess): sudo cinder-rootwrap /etc/cinder/rootwrap.conf chmod ugo+rw /opt/stack/data/cinder/mnt/b2def32267348c07358c641749d870e3/volume-b9e94158-b3b0-4d00-8501-cedfcff05d9b.info {{(pid=94487) execute /opt/stack/data/venv/lib/python3.12/site-packages/oslo_concurrency/processutils.py:440}}
Aug 25 06:54:02 devstack sudo[101207]: quobyte : PWD=/ ; USER=root ; COMMAND=/opt/stack/data/venv/bin/cinder-rootwrap /etc/cinder/rootwrap.conf chmod ugo+rw /opt/stack/data/cinder/mnt/b2def32267348c07358c641749d870e3/volume-b9e94158-b3b0-4d00-8501-cedfcff05d9b.info
Aug 25 06:54:02 devstack sudo[101207]: pam_unix(sudo:session): session opened for user root(uid=0) by (uid=1000)
Aug 25 06:54:03 devstack sudo[101207]: pam_unix(sudo:session): session closed for user root
Aug 25 06:54:03 devstack cinder-volume[94487]: DEBUG oslo_concurrency.processutils [None req-113fecaf-01d4-45e6-8a9c-6ef054c96eb2 tempest-GroupSnapshotsTest-1769840491 None] CMD "sudo cinder-rootwrap /etc/cinder/rootwrap.conf chmod ugo+rw /opt/stack/data/cinder/mnt/b2def32267348c07358c641749d870e3/volume-b9e94158-b3b0-4d00-8501-cedfcff05d9b.info" returned: 0 in 0.284s {{(pid=94487) execute /opt/stack/data/venv/lib/python3.12/site-packages/oslo_concurrency/processutils.py:468}}
Aug 25 06:54:03 devstack cinder-volume[94487]: DEBUG oslo_concurrency.lockutils [None req-113fecaf-01d4-45e6-8a9c-6ef054c96eb2 tempest-GroupSnapshotsTest-1769840491 None] Lock "quobyte" "released" by "cinder.volume.drivers.quobyte.QuobyteDriver.create_snapshot" :: held 2.897s {{(pid=94487) inner /opt/stack/data/venv/lib/python3.12/site-packages/oslo_concurrency/lockutils.py:544}}
Aug 25 06:54:03 devstack cinder-volume[94487]: DEBUG oslo_concurrency.lockutils [None req-113fecaf-01d4-45e6-8a9c-6ef054c96eb2 tempest-GroupSnapshotsTest-1769840491 None] Acquiring lock "quobyte" by "cinder.volume.drivers.quobyte.QuobyteDriver.create_snapshot" {{(pid=94487) inner /opt/stack/data/venv/lib/python3.12/site-packages/oslo_concurrency/lockutils.py:512}}
Aug 25 06:54:03 devstack cinder-volume[94487]: DEBUG oslo_concurrency.lockutils [None req-113fecaf-01d4-45e6-8a9c-6ef054c96eb2 tempest-GroupSnapshotsTest-1769840491 None] Lock "quobyte" acquired by "cinder.volume.drivers.quobyte.QuobyteDriver.create_snapshot" :: waited 0.001s {{(pid=94487) inner /opt/stack/data/venv/lib/python3.12/site-packages/oslo_concurrency/lockutils.py:525}}
Aug 25 06:54:03 devstack cinder-volume[94487]: DEBUG cinder.volume.drivers.remotefs [None req-113fecaf-01d4-45e6-8a9c-6ef054c96eb2 tempest-GroupSnapshotsTest-1769840491 None] Creating offline snapshot 7db05f27-a1aa-4acf-868a-2521aa6f4da4 of volume 8bef50bf-05b5-4c3b-8979-e03cfddb2878 {{(pid=94487) _create_snapshot /opt/stack/cinder/cinder/volume/drivers/remotefs.py:1816}}
Aug 25 06:54:03 devstack cinder-volume[94487]: DEBUG oslo.privsep.daemon [-] privsep: reply[f4428d3b-a3d9-4ee0-828c-30fd5fa875a5]: (4, 'qcow2') {{(pid=96167) _call_back /opt/stack/data/venv/lib/python3.12/site-packages/oslo_privsep/daemon.py:580}}
Aug 25 06:54:03 devstack cinder-volume[94487]: DEBUG oslo_concurrency.processutils [None req-113fecaf-01d4-45e6-8a9c-6ef054c96eb2 tempest-GroupSnapshotsTest-1769840491 None] Running cmd (subprocess): /opt/stack/data/venv/bin/python3.12 -m oslo_concurrency.prlimit --as=1073741824 --cpu=60 -- sudo cinder-rootwrap /etc/cinder/rootwrap.conf env LC_ALL=C qemu-img info -f qcow2 --output=json --force-share /opt/stack/data/cinder/mnt/b2def32267348c07358c641749d870e3/volume-8bef50bf-05b5-4c3b-8979-e03cfddb2878 {{(pid=94487) execute /opt/stack/data/venv/lib/python3.12/site-packages/oslo_concurrency/processutils.py:440}}
Aug 25 06:54:03 devstack sudo[101210]: quobyte : PWD=/ ; USER=root ; COMMAND=/opt/stack/data/venv/bin/cinder-rootwrap /etc/cinder/rootwrap.conf env LC_ALL=C qemu-img info -f qcow2 --output=json --force-share /opt/stack/data/cinder/mnt/b2def32267348c07358c641749d870e3/volume-8bef50bf-05b5-4c3b-8979-e03cfddb2878
Aug 25 06:54:03 devstack sudo[101210]: pam_unix(sudo:session): session opened for user root(uid=0) by (uid=1000)
Aug 25 06:54:03 devstack sudo[101210]: pam_unix(sudo:session): session closed for user root
Aug 25 06:54:03 devstack cinder-volume[94487]: DEBUG oslo_concurrency.processutils [None req-113fecaf-01d4-45e6-8a9c-6ef054c96eb2 tempest-GroupSnapshotsTest-1769840491 None] CMD "/opt/stack/data/venv/bin/python3.12 -m oslo_concurrency.prlimit --as=1073741824 --cpu=60 -- sudo cinder-rootwrap /etc/cinder/rootwrap.conf env LC_ALL=C qemu-img info -f qcow2 --output=json --force-share /opt/stack/data/cinder/mnt/b2def32267348c07358c641749d870e3/volume-8bef50bf-05b5-4c3b-8979-e03cfddb2878" returned: 0 in 0.554s {{(pid=94487) execute /opt/stack/data/venv/lib/python3.12/site-packages/oslo_concurrency/processutils.py:468}}
Aug 25 06:54:03 devstack cinder-volume[94487]: DEBUG oslo_concurrency.processutils [None req-113fecaf-01d4-45e6-8a9c-6ef054c96eb2 tempest-GroupSnapshotsTest-1769840491 None] Running cmd (subprocess): sudo cinder-rootwrap /etc/cinder/rootwrap.conf qemu-img create -f qcow2 -o backing_file=/opt/stack/data/cinder/mnt/b2def32267348c07358c641749d870e3/volume-8bef50bf-05b5-4c3b-8979-e03cfddb2878,backing_fmt=qcow2 /opt/stack/data/cinder/mnt/b2def32267348c07358c641749d870e3/volume-8bef50bf-05b5-4c3b-8979-e03cfddb2878.7db05f27-a1aa-4acf-868a-2521aa6f4da4 1G {{(pid=94487) execute /opt/stack/data/venv/lib/python3.12/site-packages/oslo_concurrency/processutils.py:440}}
Aug 25 06:54:03 devstack sudo[101215]: quobyte : PWD=/ ; USER=root ; COMMAND=/opt/stack/data/venv/bin/cinder-rootwrap /etc/cinder/rootwrap.conf qemu-img create -f qcow2 -o backing_file=/opt/stack/data/cinder/mnt/b2def32267348c07358c641749d870e3/volume-8bef50bf-05b5-4c3b-8979-e03cfddb2878,backing_fmt=qcow2 /opt/stack/data/cinder/mnt/b2def32267348c07358c641749d870e3/volume-8bef50bf-05b5-4c3b-8979-e03cfddb2878.7db05f27-a1aa-4acf-868a-2521aa6f4da4 1G
Aug 25 06:54:03 devstack sudo[101215]: pam_unix(sudo:session): session opened for user root(uid=0) by (uid=1000)
Aug 25 06:54:04 devstack sudo[101215]: pam_unix(sudo:session): session closed for user root
Aug 25 06:54:04 devstack cinder-volume[94487]: DEBUG oslo_concurrency.processutils [None req-113fecaf-01d4-45e6-8a9c-6ef054c96eb2 tempest-GroupSnapshotsTest-1769840491 None] CMD "sudo cinder-rootwrap /etc/cinder/rootwrap.conf qemu-img create -f qcow2 -o backing_file=/opt/stack/data/cinder/mnt/b2def32267348c07358c641749d870e3/volume-8bef50bf-05b5-4c3b-8979-e03cfddb2878,backing_fmt=qcow2 /opt/stack/data/cinder/mnt/b2def32267348c07358c641749d870e3/volume-8bef50bf-05b5-4c3b-8979-e03cfddb2878.7db05f27-a1aa-4acf-868a-2521aa6f4da4 1G" returned: 0 in 0.653s {{(pid=94487) execute /opt/stack/data/venv/lib/python3.12/site-packages/oslo_concurrency/processutils.py:468}}
Aug 25 06:54:04 devstack cinder-volume[94487]: DEBUG oslo_concurrency.processutils [None req-113fecaf-01d4-45e6-8a9c-6ef054c96eb2 tempest-GroupSnapshotsTest-1769840491 None] Running cmd (subprocess): sudo cinder-rootwrap /etc/cinder/rootwrap.conf qemu-img rebase -u -b volume-8bef50bf-05b5-4c3b-8979-e03cfddb2878 -F qcow2 /opt/stack/data/cinder/mnt/b2def32267348c07358c641749d870e3/volume-8bef50bf-05b5-4c3b-8979-e03cfddb2878.7db05f27-a1aa-4acf-868a-2521aa6f4da4 {{(pid=94487) execute /opt/stack/data/venv/lib/python3.12/site-packages/oslo_concurrency/processutils.py:440}}
Aug 25 06:54:04 devstack sudo[101221]: quobyte : PWD=/ ; USER=root ; COMMAND=/opt/stack/data/venv/bin/cinder-rootwrap /etc/cinder/rootwrap.conf qemu-img rebase -u -b volume-8bef50bf-05b5-4c3b-8979-e03cfddb2878 -F qcow2 /opt/stack/data/cinder/mnt/b2def32267348c07358c641749d870e3/volume-8bef50bf-05b5-4c3b-8979-e03cfddb2878.7db05f27-a1aa-4acf-868a-2521aa6f4da4
Aug 25 06:54:04 devstack sudo[101221]: pam_unix(sudo:session): session opened for user root(uid=0) by (uid=1000)
Aug 25 06:54:04 devstack sudo[101221]: pam_unix(sudo:session): session closed for user root
Aug 25 06:54:04 devstack cinder-volume[94487]: DEBUG oslo_concurrency.processutils [None req-113fecaf-01d4-45e6-8a9c-6ef054c96eb2 tempest-GroupSnapshotsTest-1769840491 None] CMD "sudo cinder-rootwrap /etc/cinder/rootwrap.conf qemu-img rebase -u -b volume-8bef50bf-05b5-4c3b-8979-e03cfddb2878 -F qcow2 /opt/stack/data/cinder/mnt/b2def32267348c07358c641749d870e3/volume-8bef50bf-05b5-4c3b-8979-e03cfddb2878.7db05f27-a1aa-4acf-868a-2521aa6f4da4" returned: 0 in 0.444s {{(pid=94487) execute /opt/stack/data/venv/lib/python3.12/site-packages/oslo_concurrency/processutils.py:468}}
Aug 25 06:54:04 devstack cinder-volume[94487]: WARNING cinder.volume.drivers.remotefs [None req-113fecaf-01d4-45e6-8a9c-6ef054c96eb2 tempest-GroupSnapshotsTest-1769840491 None] /opt/stack/data/cinder/mnt/b2def32267348c07358c641749d870e3/volume-8bef50bf-05b5-4c3b-8979-e03cfddb2878.7db05f27-a1aa-4acf-868a-2521aa6f4da4 is being set with open permissions: ugo+rw: NotImplementedError
Aug 25 06:54:04 devstack cinder-volume[94487]: DEBUG oslo_concurrency.processutils [None req-113fecaf-01d4-45e6-8a9c-6ef054c96eb2 tempest-GroupSnapshotsTest-1769840491 None] Running cmd (subprocess): sudo cinder-rootwrap /etc/cinder/rootwrap.conf chmod ugo+rw /opt/stack/data/cinder/mnt/b2def32267348c07358c641749d870e3/volume-8bef50bf-05b5-4c3b-8979-e03cfddb2878.7db05f27-a1aa-4acf-868a-2521aa6f4da4 {{(pid=94487) execute /opt/stack/data/venv/lib/python3.12/site-packages/oslo_concurrency/processutils.py:440}}
Aug 25 06:54:04 devstack sudo[101227]: quobyte : PWD=/ ; USER=root ; COMMAND=/opt/stack/data/venv/bin/cinder-rootwrap /etc/cinder/rootwrap.conf chmod ugo+rw /opt/stack/data/cinder/mnt/b2def32267348c07358c641749d870e3/volume-8bef50bf-05b5-4c3b-8979-e03cfddb2878.7db05f27-a1aa-4acf-868a-2521aa6f4da4
Aug 25 06:54:04 devstack sudo[101227]: pam_unix(sudo:session): session opened for user root(uid=0) by (uid=1000)
Aug 25 06:54:05 devstack sudo[101227]: pam_unix(sudo:session): session closed for user root
Aug 25 06:54:05 devstack cinder-volume[94487]: DEBUG oslo_concurrency.processutils [None req-113fecaf-01d4-45e6-8a9c-6ef054c96eb2 tempest-GroupSnapshotsTest-1769840491 None] CMD "sudo cinder-rootwrap /etc/cinder/rootwrap.conf chmod ugo+rw /opt/stack/data/cinder/mnt/b2def32267348c07358c641749d870e3/volume-8bef50bf-05b5-4c3b-8979-e03cfddb2878.7db05f27-a1aa-4acf-868a-2521aa6f4da4" returned: 0 in 0.341s {{(pid=94487) execute /opt/stack/data/venv/lib/python3.12/site-packages/oslo_concurrency/processutils.py:468}}
Aug 25 06:54:05 devstack cinder-volume[94487]: DEBUG oslo_concurrency.processutils [None req-113fecaf-01d4-45e6-8a9c-6ef054c96eb2 tempest-GroupSnapshotsTest-1769840491 None] Running cmd (subprocess): sudo cinder-rootwrap /etc/cinder/rootwrap.conf truncate -s0 /opt/stack/data/cinder/mnt/b2def32267348c07358c641749d870e3/volume-8bef50bf-05b5-4c3b-8979-e03cfddb2878.info {{(pid=94487) execute /opt/stack/data/venv/lib/python3.12/site-packages/oslo_concurrency/processutils.py:440}}
Aug 25 06:54:05 devstack sudo[101230]: quobyte : PWD=/ ; USER=root ; COMMAND=/opt/stack/data/venv/bin/cinder-rootwrap /etc/cinder/rootwrap.conf truncate -s0 /opt/stack/data/cinder/mnt/b2def32267348c07358c641749d870e3/volume-8bef50bf-05b5-4c3b-8979-e03cfddb2878.info
Aug 25 06:54:05 devstack sudo[101230]: pam_unix(sudo:session): session opened for user root(uid=0) by (uid=1000)
Aug 25 06:54:05 devstack sudo[101230]: pam_unix(sudo:session): session closed for user root
Aug 25 06:54:05 devstack cinder-volume[94487]: DEBUG oslo_concurrency.processutils [None req-113fecaf-01d4-45e6-8a9c-6ef054c96eb2 tempest-GroupSnapshotsTest-1769840491 None] CMD "sudo cinder-rootwrap /etc/cinder/rootwrap.conf truncate -s0 /opt/stack/data/cinder/mnt/b2def32267348c07358c641749d870e3/volume-8bef50bf-05b5-4c3b-8979-e03cfddb2878.info" returned: 0 in 0.389s {{(pid=94487) execute /opt/stack/data/venv/lib/python3.12/site-packages/oslo_concurrency/processutils.py:468}}
Aug 25 06:54:05 devstack cinder-volume[94487]: WARNING cinder.volume.drivers.remotefs [None req-113fecaf-01d4-45e6-8a9c-6ef054c96eb2 tempest-GroupSnapshotsTest-1769840491 None] /opt/stack/data/cinder/mnt/b2def32267348c07358c641749d870e3/volume-8bef50bf-05b5-4c3b-8979-e03cfddb2878.info is being set with open permissions: ugo+rw: NotImplementedError
Aug 25 06:54:05 devstack cinder-volume[94487]: DEBUG oslo_concurrency.processutils [None req-113fecaf-01d4-45e6-8a9c-6ef054c96eb2 tempest-GroupSnapshotsTest-1769840491 None] Running cmd (subprocess): sudo cinder-rootwrap /etc/cinder/rootwrap.conf chmod ugo+rw /opt/stack/data/cinder/mnt/b2def32267348c07358c641749d870e3/volume-8bef50bf-05b5-4c3b-8979-e03cfddb2878.info {{(pid=94487) execute /opt/stack/data/venv/lib/python3.12/site-packages/oslo_concurrency/processutils.py:440}}
Aug 25 06:54:05 devstack sudo[101234]: quobyte : PWD=/ ; USER=root ; COMMAND=/opt/stack/data/venv/bin/cinder-rootwrap /etc/cinder/rootwrap.conf chmod ugo+rw /opt/stack/data/cinder/mnt/b2def32267348c07358c641749d870e3/volume-8bef50bf-05b5-4c3b-8979-e03cfddb2878.info
Aug 25 06:54:05 devstack sudo[101234]: pam_unix(sudo:session): session opened for user root(uid=0) by (uid=1000)
Aug 25 06:54:05 devstack sudo[101234]: pam_unix(sudo:session): session closed for user root
Aug 25 06:54:05 devstack cinder-volume[94487]: DEBUG oslo_concurrency.processutils [None req-113fecaf-01d4-45e6-8a9c-6ef054c96eb2 tempest-GroupSnapshotsTest-1769840491 None] CMD "sudo cinder-rootwrap /etc/cinder/rootwrap.conf chmod ugo+rw /opt/stack/data/cinder/mnt/b2def32267348c07358c641749d870e3/volume-8bef50bf-05b5-4c3b-8979-e03cfddb2878.info" returned: 0 in 0.370s {{(pid=94487) execute /opt/stack/data/venv/lib/python3.12/site-packages/oslo_concurrency/processutils.py:468}}
Aug 25 06:54:05 devstack cinder-volume[94487]: DEBUG oslo_concurrency.lockutils [None req-113fecaf-01d4-45e6-8a9c-6ef054c96eb2 tempest-GroupSnapshotsTest-1769840491 None] Lock "quobyte" "released" by "cinder.volume.drivers.quobyte.QuobyteDriver.create_snapshot" :: held 2.876s {{(pid=94487) inner /opt/stack/data/venv/lib/python3.12/site-packages/oslo_concurrency/lockutils.py:544}}
Aug 25 06:54:06 devstack cinder-volume[94487]: INFO cinder.volume.manager [None req-113fecaf-01d4-45e6-8a9c-6ef054c96eb2 tempest-GroupSnapshotsTest-1769840491 None] group_snapshot 99e3ec39-cca8-4f5a-89dc-a8bac878079a: created successfully
Aug 25 06:54:06 devstack cinder-volume[94487]: INFO cinder.volume.manager [None req-2ea23e57-bca4-408e-a858-d891e808ad0d tempest-GroupSnapshotsTest-1769840491 None] group_snapshot 99e3ec39-cca8-4f5a-89dc-a8bac878079a: deleting
Aug 25 06:54:06 devstack cinder-volume[94487]: DEBUG cinder.volume.manager [None req-2ea23e57-bca4-408e-a858-d891e808ad0d tempest-GroupSnapshotsTest-1769840491 None] group_snapshot 99e3ec39-cca8-4f5a-89dc-a8bac878079a: deleting {{(pid=94487) delete_group_snapshot /opt/stack/cinder/cinder/volume/manager.py:4371}}
Aug 25 06:54:06 devstack cinder-volume[94487]: DEBUG cinder.coordination [None req-2ea23e57-bca4-408e-a858-d891e808ad0d tempest-GroupSnapshotsTest-1769840491 None] Acquiring lock "cinder-quobyte-b9e94158-b3b0-4d00-8501-cedfcff05d9b" by "delete_snapshot" {{(pid=94487) __acquire /opt/stack/cinder/cinder/coordination.py:138}}
Aug 25 06:54:06 devstack cinder-volume[94487]: DEBUG cinder.coordination [None req-2ea23e57-bca4-408e-a858-d891e808ad0d tempest-GroupSnapshotsTest-1769840491 None] Lock "cinder-quobyte-b9e94158-b3b0-4d00-8501-cedfcff05d9b" acquired by "delete_snapshot" :: waited 0.030s {{(pid=94487) __acquire /opt/stack/cinder/cinder/coordination.py:141}}
Aug 25 06:54:06 devstack cinder-volume[94487]: DEBUG cinder.coordination [None req-2ea23e57-bca4-408e-a858-d891e808ad0d tempest-GroupSnapshotsTest-1769840491 None] Acquiring lock "cinder-quobyte-43c79ebc-3923-46fb-bdf1-eae742122ab3" by "_delete_snapshot" {{(pid=94487) __acquire /opt/stack/cinder/cinder/coordination.py:138}}
Aug 25 06:54:06 devstack cinder-volume[94487]: DEBUG cinder.coordination [None req-2ea23e57-bca4-408e-a858-d891e808ad0d tempest-GroupSnapshotsTest-1769840491 None] Lock "cinder-quobyte-43c79ebc-3923-46fb-bdf1-eae742122ab3" acquired by "_delete_snapshot" :: waited 0.021s {{(pid=94487) __acquire /opt/stack/cinder/cinder/coordination.py:141}}
Aug 25 06:54:06 devstack cinder-volume[94487]: DEBUG cinder.volume.drivers.remotefs [None req-2ea23e57-bca4-408e-a858-d891e808ad0d tempest-GroupSnapshotsTest-1769840491 None] Deleting offline snapshot 43c79ebc-3923-46fb-bdf1-eae742122ab3 of volume b9e94158-b3b0-4d00-8501-cedfcff05d9b {{(pid=94487) _delete_snapshot /opt/stack/cinder/cinder/volume/drivers/remotefs.py:1288}}
Aug 25 06:54:06 devstack cinder-volume[94487]: DEBUG cinder.volume.drivers.remotefs [None req-2ea23e57-bca4-408e-a858-d891e808ad0d tempest-GroupSnapshotsTest-1769840491 None] snapshot_file for this snap is: volume-b9e94158-b3b0-4d00-8501-cedfcff05d9b.43c79ebc-3923-46fb-bdf1-eae742122ab3 {{(pid=94487) _delete_snapshot /opt/stack/cinder/cinder/volume/drivers/remotefs.py:1317}}
Aug 25 06:54:06 devstack cinder-volume[94487]: DEBUG oslo.privsep.daemon [-] privsep: reply[7ba9bc5b-1450-4701-bc25-a0c602fb92c1]: (4, 'qcow2') {{(pid=96167) _call_back /opt/stack/data/venv/lib/python3.12/site-packages/oslo_privsep/daemon.py:580}}
Aug 25 06:54:06 devstack cinder-volume[94487]: DEBUG oslo_concurrency.processutils [None req-2ea23e57-bca4-408e-a858-d891e808ad0d tempest-GroupSnapshotsTest-1769840491 None] Running cmd (subprocess): /opt/stack/data/venv/bin/python3.12 -m oslo_concurrency.prlimit --as=1073741824 --cpu=60 -- sudo cinder-rootwrap /etc/cinder/rootwrap.conf env LC_ALL=C qemu-img info -f qcow2 --output=json --force-share /opt/stack/data/cinder/mnt/b2def32267348c07358c641749d870e3/volume-b9e94158-b3b0-4d00-8501-cedfcff05d9b.43c79ebc-3923-46fb-bdf1-eae742122ab3 {{(pid=94487) execute /opt/stack/data/venv/lib/python3.12/site-packages/oslo_concurrency/processutils.py:440}}
Aug 25 06:54:07 devstack sudo[101238]: quobyte : PWD=/ ; USER=root ; COMMAND=/opt/stack/data/venv/bin/cinder-rootwrap /etc/cinder/rootwrap.conf env LC_ALL=C qemu-img info -f qcow2 --output=json --force-share /opt/stack/data/cinder/mnt/b2def32267348c07358c641749d870e3/volume-b9e94158-b3b0-4d00-8501-cedfcff05d9b.43c79ebc-3923-46fb-bdf1-eae742122ab3
Aug 25 06:54:07 devstack sudo[101238]: pam_unix(sudo:session): session opened for user root(uid=0) by (uid=1000)
Aug 25 06:54:07 devstack sudo[101238]: pam_unix(sudo:session): session closed for user root
Aug 25 06:54:07 devstack cinder-volume[94487]: DEBUG oslo_concurrency.processutils [None req-2ea23e57-bca4-408e-a858-d891e808ad0d tempest-GroupSnapshotsTest-1769840491 None] CMD "/opt/stack/data/venv/bin/python3.12 -m oslo_concurrency.prlimit --as=1073741824 --cpu=60 -- sudo cinder-rootwrap /etc/cinder/rootwrap.conf env LC_ALL=C qemu-img info -f qcow2 --output=json --force-share /opt/stack/data/cinder/mnt/b2def32267348c07358c641749d870e3/volume-b9e94158-b3b0-4d00-8501-cedfcff05d9b.43c79ebc-3923-46fb-bdf1-eae742122ab3" returned: 0 in 0.461s {{(pid=94487) execute /opt/stack/data/venv/lib/python3.12/site-packages/oslo_concurrency/processutils.py:468}}
Aug 25 06:54:07 devstack cinder-volume[94487]: DEBUG cinder.volume.drivers.remotefs [None req-2ea23e57-bca4-408e-a858-d891e808ad0d tempest-GroupSnapshotsTest-1769840491 None] Fetching qemu-img info with special backing_file_template: (/opt/stack/data/cinder/mnt/[0-9a-f]+/)?(volume-b9e94158-b3b0-4d00-8501-cedfcff05d9b(.(tmp-snap-)?[0-9a-f-]+)?|volume_from_snapshot_cache/(tmp-snap-)?[0-9a-f-]+(.(child-|parent-)[0-9a-f-]+)?)$ {{(pid=94487) _qemu_img_info_base /opt/stack/cinder/cinder/volume/drivers/remotefs.py:896}}
Aug 25 06:54:07 devstack cinder-volume[94487]: DEBUG oslo.privsep.daemon [-] privsep: reply[fe4f9afb-8c8a-47b6-80ac-0a3e5a10c689]: (4, 'qcow2') {{(pid=96167) _call_back /opt/stack/data/venv/lib/python3.12/site-packages/oslo_privsep/daemon.py:580}}
Aug 25 06:54:07 devstack cinder-volume[94487]: DEBUG oslo_concurrency.processutils [None req-2ea23e57-bca4-408e-a858-d891e808ad0d tempest-GroupSnapshotsTest-1769840491 None] Running cmd (subprocess): /opt/stack/data/venv/bin/python3.12 -m oslo_concurrency.prlimit --as=1073741824 --cpu=60 -- sudo cinder-rootwrap /etc/cinder/rootwrap.conf env LC_ALL=C qemu-img info -f qcow2 --output=json --force-share /opt/stack/data/cinder/mnt/b2def32267348c07358c641749d870e3/volume-b9e94158-b3b0-4d00-8501-cedfcff05d9b {{(pid=94487) execute /opt/stack/data/venv/lib/python3.12/site-packages/oslo_concurrency/processutils.py:440}}
Aug 25 06:54:07 devstack sudo[101245]: quobyte : PWD=/ ; USER=root ; COMMAND=/opt/stack/data/venv/bin/cinder-rootwrap /etc/cinder/rootwrap.conf env LC_ALL=C qemu-img info -f qcow2 --output=json --force-share /opt/stack/data/cinder/mnt/b2def32267348c07358c641749d870e3/volume-b9e94158-b3b0-4d00-8501-cedfcff05d9b
Aug 25 06:54:07 devstack sudo[101245]: pam_unix(sudo:session): session opened for user root(uid=0) by (uid=1000)
Aug 25 06:54:07 devstack sudo[101245]: pam_unix(sudo:session): session closed for user root
Aug 25 06:54:07 devstack cinder-volume[94487]: DEBUG oslo_concurrency.processutils [None req-2ea23e57-bca4-408e-a858-d891e808ad0d tempest-GroupSnapshotsTest-1769840491 None] CMD "/opt/stack/data/venv/bin/python3.12 -m oslo_concurrency.prlimit --as=1073741824 --cpu=60 -- sudo cinder-rootwrap /etc/cinder/rootwrap.conf env LC_ALL=C qemu-img info -f qcow2 --output=json --force-share /opt/stack/data/cinder/mnt/b2def32267348c07358c641749d870e3/volume-b9e94158-b3b0-4d00-8501-cedfcff05d9b" returned: 0 in 0.418s {{(pid=94487) execute /opt/stack/data/venv/lib/python3.12/site-packages/oslo_concurrency/processutils.py:468}}
Aug 25 06:54:07 devstack cinder-volume[94487]: DEBUG oslo_concurrency.processutils [None req-2ea23e57-bca4-408e-a858-d891e808ad0d tempest-GroupSnapshotsTest-1769840491 None] Running cmd (subprocess): sudo cinder-rootwrap /etc/cinder/rootwrap.conf qemu-img commit -d /opt/stack/data/cinder/mnt/b2def32267348c07358c641749d870e3/volume-b9e94158-b3b0-4d00-8501-cedfcff05d9b.43c79ebc-3923-46fb-bdf1-eae742122ab3 {{(pid=94487) execute /opt/stack/data/venv/lib/python3.12/site-packages/oslo_concurrency/processutils.py:440}}
Aug 25 06:54:07 devstack sudo[101250]: quobyte : PWD=/ ; USER=root ; COMMAND=/opt/stack/data/venv/bin/cinder-rootwrap /etc/cinder/rootwrap.conf qemu-img commit -d /opt/stack/data/cinder/mnt/b2def32267348c07358c641749d870e3/volume-b9e94158-b3b0-4d00-8501-cedfcff05d9b.43c79ebc-3923-46fb-bdf1-eae742122ab3
Aug 25 06:54:07 devstack sudo[101250]: pam_unix(sudo:session): session opened for user root(uid=0) by (uid=1000)
Aug 25 06:54:08 devstack sudo[101250]: pam_unix(sudo:session): session closed for user root
Aug 25 06:54:08 devstack cinder-volume[94487]: DEBUG oslo_concurrency.processutils [None req-2ea23e57-bca4-408e-a858-d891e808ad0d tempest-GroupSnapshotsTest-1769840491 None] CMD "sudo cinder-rootwrap /etc/cinder/rootwrap.conf qemu-img commit -d /opt/stack/data/cinder/mnt/b2def32267348c07358c641749d870e3/volume-b9e94158-b3b0-4d00-8501-cedfcff05d9b.43c79ebc-3923-46fb-bdf1-eae742122ab3" returned: 0 in 0.496s {{(pid=94487) execute /opt/stack/data/venv/lib/python3.12/site-packages/oslo_concurrency/processutils.py:468}}
Aug 25 06:54:08 devstack cinder-volume[94487]: DEBUG oslo_concurrency.processutils [None req-2ea23e57-bca4-408e-a858-d891e808ad0d tempest-GroupSnapshotsTest-1769840491 None] Running cmd (subprocess): sudo cinder-rootwrap /etc/cinder/rootwrap.conf rm -f /opt/stack/data/cinder/mnt/b2def32267348c07358c641749d870e3/volume-b9e94158-b3b0-4d00-8501-cedfcff05d9b.43c79ebc-3923-46fb-bdf1-eae742122ab3 {{(pid=94487) execute /opt/stack/data/venv/lib/python3.12/site-packages/oslo_concurrency/processutils.py:440}}
Aug 25 06:54:08 devstack sudo[101256]: quobyte : PWD=/ ; USER=root ; COMMAND=/opt/stack/data/venv/bin/cinder-rootwrap /etc/cinder/rootwrap.conf rm -f /opt/stack/data/cinder/mnt/b2def32267348c07358c641749d870e3/volume-b9e94158-b3b0-4d00-8501-cedfcff05d9b.43c79ebc-3923-46fb-bdf1-eae742122ab3
Aug 25 06:54:08 devstack sudo[101256]: pam_unix(sudo:session): session opened for user root(uid=0) by (uid=1000)
Aug 25 06:54:08 devstack sudo[101256]: pam_unix(sudo:session): session closed for user root
Aug 25 06:54:08 devstack cinder-volume[94487]: DEBUG oslo_concurrency.processutils [None req-2ea23e57-bca4-408e-a858-d891e808ad0d tempest-GroupSnapshotsTest-1769840491 None] CMD "sudo cinder-rootwrap /etc/cinder/rootwrap.conf rm -f /opt/stack/data/cinder/mnt/b2def32267348c07358c641749d870e3/volume-b9e94158-b3b0-4d00-8501-cedfcff05d9b.43c79ebc-3923-46fb-bdf1-eae742122ab3" returned: 0 in 0.331s {{(pid=94487) execute /opt/stack/data/venv/lib/python3.12/site-packages/oslo_concurrency/processutils.py:468}}
Aug 25 06:54:08 devstack cinder-volume[94487]: DEBUG cinder.coordination [None req-2ea23e57-bca4-408e-a858-d891e808ad0d tempest-GroupSnapshotsTest-1769840491 None] Lock "cinder-quobyte-43c79ebc-3923-46fb-bdf1-eae742122ab3" released by "_delete_snapshot" :: held 1.825s {{(pid=94487) __release /opt/stack/cinder/cinder/coordination.py:152}}
Aug 25 06:54:08 devstack cinder-volume[94487]: DEBUG cinder.coordination [None req-2ea23e57-bca4-408e-a858-d891e808ad0d tempest-GroupSnapshotsTest-1769840491 None] Lock "cinder-quobyte-b9e94158-b3b0-4d00-8501-cedfcff05d9b" released by "delete_snapshot" :: held 1.859s {{(pid=94487) __release /opt/stack/cinder/cinder/coordination.py:152}}
Aug 25 06:54:08 devstack cinder-volume[94487]: DEBUG cinder.coordination [None req-2ea23e57-bca4-408e-a858-d891e808ad0d tempest-GroupSnapshotsTest-1769840491 None] Acquiring lock "cinder-quobyte-8bef50bf-05b5-4c3b-8979-e03cfddb2878" by "delete_snapshot" {{(pid=94487) __acquire /opt/stack/cinder/cinder/coordination.py:138}}
Aug 25 06:54:08 devstack cinder-volume[94487]: DEBUG cinder.coordination [None req-2ea23e57-bca4-408e-a858-d891e808ad0d tempest-GroupSnapshotsTest-1769840491 None] Lock "cinder-quobyte-8bef50bf-05b5-4c3b-8979-e03cfddb2878" acquired by "delete_snapshot" :: waited 0.029s {{(pid=94487) __acquire /opt/stack/cinder/cinder/coordination.py:141}}
Aug 25 06:54:08 devstack cinder-volume[94487]: DEBUG cinder.coordination [None req-2ea23e57-bca4-408e-a858-d891e808ad0d tempest-GroupSnapshotsTest-1769840491 None] Acquiring lock "cinder-quobyte-7db05f27-a1aa-4acf-868a-2521aa6f4da4" by "_delete_snapshot" {{(pid=94487) __acquire /opt/stack/cinder/cinder/coordination.py:138}}
Aug 25 06:54:08 devstack cinder-volume[94487]: DEBUG cinder.coordination [None req-2ea23e57-bca4-408e-a858-d891e808ad0d tempest-GroupSnapshotsTest-1769840491 None] Lock "cinder-quobyte-7db05f27-a1aa-4acf-868a-2521aa6f4da4" acquired by "_delete_snapshot" :: waited 0.023s {{(pid=94487) __acquire /opt/stack/cinder/cinder/coordination.py:141}}
Aug 25 06:54:08 devstack cinder-volume[94487]: DEBUG cinder.volume.drivers.remotefs [None req-2ea23e57-bca4-408e-a858-d891e808ad0d tempest-GroupSnapshotsTest-1769840491 None] Deleting offline snapshot 7db05f27-a1aa-4acf-868a-2521aa6f4da4 of volume 8bef50bf-05b5-4c3b-8979-e03cfddb2878 {{(pid=94487) _delete_snapshot /opt/stack/cinder/cinder/volume/drivers/remotefs.py:1288}}
Aug 25 06:54:08 devstack cinder-volume[94487]: DEBUG cinder.volume.drivers.remotefs [None req-2ea23e57-bca4-408e-a858-d891e808ad0d tempest-GroupSnapshotsTest-1769840491 None] snapshot_file for this snap is: volume-8bef50bf-05b5-4c3b-8979-e03cfddb2878.7db05f27-a1aa-4acf-868a-2521aa6f4da4 {{(pid=94487) _delete_snapshot /opt/stack/cinder/cinder/volume/drivers/remotefs.py:1317}}
Aug 25 06:54:08 devstack cinder-volume[94487]: DEBUG oslo.privsep.daemon [-] privsep: reply[f9205373-3b86-4eb6-9f91-7d0a1e0770b2]: (4, 'qcow2') {{(pid=96167) _call_back /opt/stack/data/venv/lib/python3.12/site-packages/oslo_privsep/daemon.py:580}}
Aug 25 06:54:08 devstack cinder-volume[94487]: DEBUG oslo_concurrency.processutils [None req-2ea23e57-bca4-408e-a858-d891e808ad0d tempest-GroupSnapshotsTest-1769840491 None] Running cmd (subprocess): /opt/stack/data/venv/bin/python3.12 -m oslo_concurrency.prlimit --as=1073741824 --cpu=60 -- sudo cinder-rootwrap /etc/cinder/rootwrap.conf env LC_ALL=C qemu-img info -f qcow2 --output=json --force-share /opt/stack/data/cinder/mnt/b2def32267348c07358c641749d870e3/volume-8bef50bf-05b5-4c3b-8979-e03cfddb2878.7db05f27-a1aa-4acf-868a-2521aa6f4da4 {{(pid=94487) execute /opt/stack/data/venv/lib/python3.12/site-packages/oslo_concurrency/processutils.py:440}}
Aug 25 06:54:09 devstack sudo[101259]: quobyte : PWD=/ ; USER=root ; COMMAND=/opt/stack/data/venv/bin/cinder-rootwrap /etc/cinder/rootwrap.conf env LC_ALL=C qemu-img info -f qcow2 --output=json --force-share /opt/stack/data/cinder/mnt/b2def32267348c07358c641749d870e3/volume-8bef50bf-05b5-4c3b-8979-e03cfddb2878.7db05f27-a1aa-4acf-868a-2521aa6f4da4
Aug 25 06:54:09 devstack sudo[101259]: pam_unix(sudo:session): session opened for user root(uid=0) by (uid=1000)
Aug 25 06:54:09 devstack sudo[101259]: pam_unix(sudo:session): session closed for user root
Aug 25 06:54:09 devstack cinder-volume[94487]: DEBUG oslo_concurrency.processutils [None req-2ea23e57-bca4-408e-a858-d891e808ad0d tempest-GroupSnapshotsTest-1769840491 None] CMD "/opt/stack/data/venv/bin/python3.12 -m oslo_concurrency.prlimit --as=1073741824 --cpu=60 -- sudo cinder-rootwrap /etc/cinder/rootwrap.conf env LC_ALL=C qemu-img info -f qcow2 --output=json --force-share /opt/stack/data/cinder/mnt/b2def32267348c07358c641749d870e3/volume-8bef50bf-05b5-4c3b-8979-e03cfddb2878.7db05f27-a1aa-4acf-868a-2521aa6f4da4" returned: 0 in 0.548s {{(pid=94487) execute /opt/stack/data/venv/lib/python3.12/site-packages/oslo_concurrency/processutils.py:468}}
Aug 25 06:54:09 devstack cinder-volume[94487]: DEBUG cinder.volume.drivers.remotefs [None req-2ea23e57-bca4-408e-a858-d891e808ad0d tempest-GroupSnapshotsTest-1769840491 None] Fetching qemu-img info with special backing_file_template: (/opt/stack/data/cinder/mnt/[0-9a-f]+/)?(volume-8bef50bf-05b5-4c3b-8979-e03cfddb2878(.(tmp-snap-)?[0-9a-f-]+)?|volume_from_snapshot_cache/(tmp-snap-)?[0-9a-f-]+(.(child-|parent-)[0-9a-f-]+)?)$ {{(pid=94487) _qemu_img_info_base /opt/stack/cinder/cinder/volume/drivers/remotefs.py:896}}
Aug 25 06:54:09 devstack cinder-volume[94487]: DEBUG oslo.privsep.daemon [-] privsep: reply[ca42ea3d-b2e0-4352-87d9-e0c9c1e513b4]: (4, 'qcow2') {{(pid=96167) _call_back /opt/stack/data/venv/lib/python3.12/site-packages/oslo_privsep/daemon.py:580}}
Aug 25 06:54:09 devstack cinder-volume[94487]: DEBUG oslo_concurrency.processutils [None req-2ea23e57-bca4-408e-a858-d891e808ad0d tempest-GroupSnapshotsTest-1769840491 None] Running cmd (subprocess): /opt/stack/data/venv/bin/python3.12 -m oslo_concurrency.prlimit --as=1073741824 --cpu=60 -- sudo cinder-rootwrap /etc/cinder/rootwrap.conf env LC_ALL=C qemu-img info -f qcow2 --output=json --force-share /opt/stack/data/cinder/mnt/b2def32267348c07358c641749d870e3/volume-8bef50bf-05b5-4c3b-8979-e03cfddb2878 {{(pid=94487) execute /opt/stack/data/venv/lib/python3.12/site-packages/oslo_concurrency/processutils.py:440}}
Aug 25 06:54:09 devstack sudo[101264]: quobyte : PWD=/ ; USER=root ; COMMAND=/opt/stack/data/venv/bin/cinder-rootwrap /etc/cinder/rootwrap.conf env LC_ALL=C qemu-img info -f qcow2 --output=json --force-share /opt/stack/data/cinder/mnt/b2def32267348c07358c641749d870e3/volume-8bef50bf-05b5-4c3b-8979-e03cfddb2878
Aug 25 06:54:09 devstack sudo[101264]: pam_unix(sudo:session): session opened for user root(uid=0) by (uid=1000)
Aug 25 06:54:10 devstack sudo[101264]: pam_unix(sudo:session): session closed for user root
Aug 25 06:54:10 devstack cinder-volume[94487]: DEBUG oslo_concurrency.processutils [None req-2ea23e57-bca4-408e-a858-d891e808ad0d tempest-GroupSnapshotsTest-1769840491 None] CMD "/opt/stack/data/venv/bin/python3.12 -m oslo_concurrency.prlimit --as=1073741824 --cpu=60 -- sudo cinder-rootwrap /etc/cinder/rootwrap.conf env LC_ALL=C qemu-img info -f qcow2 --output=json --force-share /opt/stack/data/cinder/mnt/b2def32267348c07358c641749d870e3/volume-8bef50bf-05b5-4c3b-8979-e03cfddb2878" returned: 0 in 0.612s {{(pid=94487) execute /opt/stack/data/venv/lib/python3.12/site-packages/oslo_concurrency/processutils.py:468}}
Aug 25 06:54:10 devstack cinder-volume[94487]: DEBUG oslo_concurrency.processutils [None req-2ea23e57-bca4-408e-a858-d891e808ad0d tempest-GroupSnapshotsTest-1769840491 None] Running cmd (subprocess): sudo cinder-rootwrap /etc/cinder/rootwrap.conf qemu-img commit -d /opt/stack/data/cinder/mnt/b2def32267348c07358c641749d870e3/volume-8bef50bf-05b5-4c3b-8979-e03cfddb2878.7db05f27-a1aa-4acf-868a-2521aa6f4da4 {{(pid=94487) execute /opt/stack/data/venv/lib/python3.12/site-packages/oslo_concurrency/processutils.py:440}}
Aug 25 06:54:10 devstack sudo[101269]: quobyte : PWD=/ ; USER=root ; COMMAND=/opt/stack/data/venv/bin/cinder-rootwrap /etc/cinder/rootwrap.conf qemu-img commit -d /opt/stack/data/cinder/mnt/b2def32267348c07358c641749d870e3/volume-8bef50bf-05b5-4c3b-8979-e03cfddb2878.7db05f27-a1aa-4acf-868a-2521aa6f4da4
Aug 25 06:54:10 devstack sudo[101269]: pam_unix(sudo:session): session opened for user root(uid=0) by (uid=1000)
Aug 25 06:54:10 devstack sudo[101269]: pam_unix(sudo:session): session closed for user root
Aug 25 06:54:10 devstack cinder-volume[94487]: DEBUG oslo_concurrency.processutils [None req-2ea23e57-bca4-408e-a858-d891e808ad0d tempest-GroupSnapshotsTest-1769840491 None] CMD "sudo cinder-rootwrap /etc/cinder/rootwrap.conf qemu-img commit -d /opt/stack/data/cinder/mnt/b2def32267348c07358c641749d870e3/volume-8bef50bf-05b5-4c3b-8979-e03cfddb2878.7db05f27-a1aa-4acf-868a-2521aa6f4da4" returned: 0 in 0.456s {{(pid=94487) execute /opt/stack/data/venv/lib/python3.12/site-packages/oslo_concurrency/processutils.py:468}}
Aug 25 06:54:10 devstack cinder-volume[94487]: DEBUG oslo_concurrency.processutils [None req-2ea23e57-bca4-408e-a858-d891e808ad0d tempest-GroupSnapshotsTest-1769840491 None] Running cmd (subprocess): sudo cinder-rootwrap /etc/cinder/rootwrap.conf rm -f /opt/stack/data/cinder/mnt/b2def32267348c07358c641749d870e3/volume-8bef50bf-05b5-4c3b-8979-e03cfddb2878.7db05f27-a1aa-4acf-868a-2521aa6f4da4 {{(pid=94487) execute /opt/stack/data/venv/lib/python3.12/site-packages/oslo_concurrency/processutils.py:440}}
Aug 25 06:54:10 devstack sudo[101282]: quobyte : PWD=/ ; USER=root ; COMMAND=/opt/stack/data/venv/bin/cinder-rootwrap /etc/cinder/rootwrap.conf rm -f /opt/stack/data/cinder/mnt/b2def32267348c07358c641749d870e3/volume-8bef50bf-05b5-4c3b-8979-e03cfddb2878.7db05f27-a1aa-4acf-868a-2521aa6f4da4
Aug 25 06:54:10 devstack sudo[101282]: pam_unix(sudo:session): session opened for user root(uid=0) by (uid=1000)
Aug 25 06:54:10 devstack sudo[101282]: pam_unix(sudo:session): session closed for user root
Aug 25 06:54:10 devstack cinder-volume[94487]: DEBUG oslo_concurrency.processutils [None req-2ea23e57-bca4-408e-a858-d891e808ad0d tempest-GroupSnapshotsTest-1769840491 None] CMD "sudo cinder-rootwrap /etc/cinder/rootwrap.conf rm -f /opt/stack/data/cinder/mnt/b2def32267348c07358c641749d870e3/volume-8bef50bf-05b5-4c3b-8979-e03cfddb2878.7db05f27-a1aa-4acf-868a-2521aa6f4da4" returned: 0 in 0.285s {{(pid=94487) execute /opt/stack/data/venv/lib/python3.12/site-packages/oslo_concurrency/processutils.py:468}}
Aug 25 06:54:10 devstack cinder-volume[94487]: DEBUG cinder.coordination [None req-2ea23e57-bca4-408e-a858-d891e808ad0d tempest-GroupSnapshotsTest-1769840491 None] Lock "cinder-quobyte-7db05f27-a1aa-4acf-868a-2521aa6f4da4" released by "_delete_snapshot" :: held 2.033s {{(pid=94487) __release /opt/stack/cinder/cinder/coordination.py:152}}
Aug 25 06:54:10 devstack cinder-volume[94487]: DEBUG cinder.coordination [None req-2ea23e57-bca4-408e-a858-d891e808ad0d tempest-GroupSnapshotsTest-1769840491 None] Lock "cinder-quobyte-8bef50bf-05b5-4c3b-8979-e03cfddb2878" released by "delete_snapshot" :: held 2.066s {{(pid=94487) __release /opt/stack/cinder/cinder/coordination.py:152}}
Aug 25 06:54:10 devstack cinder-volume[94487]: WARNING cinder.quota [None req-2ea23e57-bca4-408e-a858-d891e808ad0d tempest-GroupSnapshotsTest-1769840491 None] Deprecated: Default quota for resource: gigabytes_tempest-GroupSnapshotsTest-volume-type-16437478 is set by the default quota flag: quota_gigabytes_tempest-GroupSnapshotsTest-volume-type-16437478, it is now deprecated. Please use the default quota class for default quota.
