Apr 15 10:03:59 devstack devstack@g-api.service[73789]: [uWSGI] getting INI configuration from /etc/glance/glance-uwsgi.ini
Apr 15 10:03:59 devstack devstack@g-api.service[73789]: *** Starting uWSGI 2.0.20-debian (64bit) on [Wed Apr 15 10:03:59 2026] ***
Apr 15 10:03:59 devstack devstack@g-api.service[73789]: compiled with version: 11.2.0 on 21 March 2022 11:00:44
Apr 15 10:03:59 devstack devstack@g-api.service[73789]: os: Linux-5.15.0-171-generic #181-Ubuntu SMP Fri Feb 6 22:44:50 UTC 2026
Apr 15 10:03:59 devstack devstack@g-api.service[73789]: nodename: devstack
Apr 15 10:03:59 devstack devstack@g-api.service[73789]: machine: x86_64
Apr 15 10:03:59 devstack devstack@g-api.service[73789]: clock source: unix
Apr 15 10:03:59 devstack devstack@g-api.service[73789]: pcre jit disabled
Apr 15 10:03:59 devstack devstack@g-api.service[73789]: detected number of CPU cores: 4
Apr 15 10:03:59 devstack devstack@g-api.service[73789]: current working directory: /
Apr 15 10:03:59 devstack devstack@g-api.service[73789]: detected binary path: /usr/bin/uwsgi-core
Apr 15 10:03:59 devstack devstack@g-api.service[73789]: your processes number limit is 47362
Apr 15 10:03:59 devstack devstack@g-api.service[73789]: your memory page size is 4096 bytes
Apr 15 10:03:59 devstack devstack@g-api.service[73789]: detected max file descriptor number: 2048
Apr 15 10:03:59 devstack devstack@g-api.service[73789]: lock engine: pthread robust mutexes
Apr 15 10:03:59 devstack devstack@g-api.service[73789]: thunder lock: enabled
Apr 15 10:03:59 devstack devstack@g-api.service[73789]: uwsgi socket 0 bound to TCP address 127.0.0.1:60999 fd 4
Apr 15 10:03:59 devstack devstack@g-api.service[73789]: Python version: 3.10.12 (main, Mar 3 2026, 11:56:32) [GCC 11.4.0]
Apr 15 10:03:59 devstack devstack@g-api.service[73789]: PEP 405 virtualenv detected: /opt/stack/data/venv
Apr 15 10:03:59 devstack devstack@g-api.service[73789]: Set PythonHome to /opt/stack/data/venv
Apr 15 10:03:59 devstack devstack@g-api.service[73789]: Python main interpreter initialized at 0x55fe7b9c76a0
Apr 15 10:03:59 devstack devstack@g-api.service[73789]: python threads support enabled
Apr 15 10:03:59 devstack devstack@g-api.service[73789]: your server socket listen backlog is limited to 100 connections
Apr 15 10:03:59 devstack devstack@g-api.service[73789]: your mercy for graceful operations on workers is 80 seconds
Apr 15 10:03:59 devstack devstack@g-api.service[73789]: mapped 403077 bytes (393 KB) for 2 cores
Apr 15 10:03:59 devstack devstack@g-api.service[73789]: *** Operational MODE: preforking ***
Apr 15 10:03:59 devstack devstack@g-api.service[73789]: *** uWSGI is running in multiple interpreter mode ***
Apr 15 10:03:59 devstack devstack@g-api.service[73789]: spawned uWSGI master process (pid: 73789)
Apr 15 10:03:59 devstack devstack@g-api.service[73789]: spawned uWSGI worker 1 (pid: 73793, cores: 1)
Apr 15 10:03:59 devstack devstack@g-api.service[73789]: spawned uWSGI worker 2 (pid: 73794, cores: 1)
Apr 15 10:03:59 devstack devstack@g-api.service[73789]: running "unix_signal:15 gracefully_kill_them_all" (master-start)...
Apr 15 10:03:59 devstack devstack@g-api.service[73793]: /opt/stack/data/venv/lib/python3.10/site-packages/oslo_utils/importutils.py:77: EventletDeprecationWarning:
Apr 15 10:03:59 devstack devstack@g-api.service[73793]: Eventlet is deprecated. It is currently being maintained in bugfix mode, and
Apr 15 10:03:59 devstack devstack@g-api.service[73793]: we strongly recommend against using it for new projects.
Apr 15 10:03:59 devstack devstack@g-api.service[73793]: If you are already using Eventlet, we recommend migrating to a different
Apr 15 10:03:59 devstack devstack@g-api.service[73793]: framework. For more detail see
Apr 15 10:03:59 devstack devstack@g-api.service[73793]: https://eventlet.readthedocs.io/en/latest/asyncio/migration.html
Apr 15 10:03:59 devstack devstack@g-api.service[73793]: __import__(import_str)
Apr 15 10:03:59 devstack devstack@g-api.service[73794]: /opt/stack/data/venv/lib/python3.10/site-packages/oslo_utils/importutils.py:77: EventletDeprecationWarning:
Apr 15 10:03:59 devstack devstack@g-api.service[73794]: Eventlet is deprecated. It is currently being maintained in bugfix mode, and
Apr 15 10:03:59 devstack devstack@g-api.service[73794]: we strongly recommend against using it for new projects.
Apr 15 10:03:59 devstack devstack@g-api.service[73794]: If you are already using Eventlet, we recommend migrating to a different
Apr 15 10:03:59 devstack devstack@g-api.service[73794]: framework. For more detail see
Apr 15 10:03:59 devstack devstack@g-api.service[73794]: https://eventlet.readthedocs.io/en/latest/asyncio/migration.html
Apr 15 10:03:59 devstack devstack@g-api.service[73794]: __import__(import_str)
Apr 15 10:04:00 devstack devstack@g-api.service[73793]: INFO glance.async_ [-] Threadpool model set to 'NativeThreadPoolModel'
Apr 15 10:04:00 devstack devstack@g-api.service[73794]: INFO glance.async_ [-] Threadpool model set to 'NativeThreadPoolModel'
Apr 15 10:04:00 devstack devstack@g-api.service[73793]: DEBUG oslo_concurrency.processutils [-] Running cmd (subprocess): grep -F node.session.scan /sbin/iscsiadm {{(pid=73793) execute /opt/stack/data/venv/lib/python3.10/site-packages/oslo_concurrency/processutils.py:440}}
Apr 15 10:04:00 devstack devstack@g-api.service[73793]: DEBUG oslo_concurrency.processutils [-] CMD "grep -F node.session.scan /sbin/iscsiadm" returned: 0 in 0.009s {{(pid=73793) execute /opt/stack/data/venv/lib/python3.10/site-packages/oslo_concurrency/processutils.py:468}}
Apr 15 10:04:00 devstack devstack@g-api.service[73794]: DEBUG oslo_concurrency.processutils [-] Running cmd (subprocess): grep -F node.session.scan /sbin/iscsiadm {{(pid=73794) execute /opt/stack/data/venv/lib/python3.10/site-packages/oslo_concurrency/processutils.py:440}}
Apr 15 10:04:00 devstack devstack@g-api.service[73794]: DEBUG oslo_concurrency.processutils [-] CMD "grep -F node.session.scan /sbin/iscsiadm" returned: 0 in 0.009s {{(pid=73794) execute /opt/stack/data/venv/lib/python3.10/site-packages/oslo_concurrency/processutils.py:468}}
Apr 15 10:04:00 devstack devstack@g-api.service[73793]: DEBUG glance_store.backend [-] Attempting to import store cinder {{(pid=73793) _load_store /opt/stack/data/venv/lib/python3.10/site-packages/glance_store/backend.py:215}}
Apr 15 10:04:00 devstack devstack@g-api.service[73793]: DEBUG glance_store.backend [-] Attempting to import store file {{(pid=73793) _load_store /opt/stack/data/venv/lib/python3.10/site-packages/glance_store/backend.py:215}}
Apr 15 10:04:00 devstack devstack@g-api.service[73793]: DEBUG glance_store.backend [-] Attempting to import store glance.store.cinder.Store {{(pid=73793) _load_store /opt/stack/data/venv/lib/python3.10/site-packages/glance_store/backend.py:215}}
Apr 15 10:04:00 devstack devstack@g-api.service[73793]: DEBUG glance_store.backend [-] Attempting to import store glance.store.filesystem.Store {{(pid=73793) _load_store /opt/stack/data/venv/lib/python3.10/site-packages/glance_store/backend.py:215}}
Apr 15 10:04:00 devstack devstack@g-api.service[73793]: DEBUG glance_store.backend [-] Attempting to import store glance.store.http.Store {{(pid=73793) _load_store /opt/stack/data/venv/lib/python3.10/site-packages/glance_store/backend.py:215}}
Apr 15 10:04:00 devstack devstack@g-api.service[73793]: DEBUG glance_store.backend [-] Attempting to import store glance.store.rbd.Store {{(pid=73793) _load_store /opt/stack/data/venv/lib/python3.10/site-packages/glance_store/backend.py:215}}
Apr 15 10:04:00 devstack devstack@g-api.service[73793]: DEBUG glance_store.backend [-] Attempting to import store glance.store.s3.Store {{(pid=73793) _load_store /opt/stack/data/venv/lib/python3.10/site-packages/glance_store/backend.py:215}}
Apr 15 10:04:00 devstack devstack@g-api.service[73793]: DEBUG glance_store.backend [-] Attempting to import store glance.store.swift.Store {{(pid=73793) _load_store /opt/stack/data/venv/lib/python3.10/site-packages/glance_store/backend.py:215}}
Apr 15 10:04:00 devstack devstack@g-api.service[73793]: DEBUG glance_store.backend [-] Attempting to import store glance.store.vmware_datastore.Store {{(pid=73793) _load_store /opt/stack/data/venv/lib/python3.10/site-packages/glance_store/backend.py:215}}
Apr 15 10:04:00 devstack devstack@g-api.service[73793]: DEBUG glance_store.backend [-] Attempting to import store http {{(pid=73793) _load_store /opt/stack/data/venv/lib/python3.10/site-packages/glance_store/backend.py:215}}
Apr 15 10:04:00 devstack devstack@g-api.service[73793]: DEBUG glance_store.backend [-] Attempting to import store no_conf {{(pid=73793) _load_store /opt/stack/data/venv/lib/python3.10/site-packages/glance_store/backend.py:215}}
Apr 15 10:04:00 devstack devstack@g-api.service[73793]: DEBUG glance_store.backend [-] Attempting to import store rbd {{(pid=73793) _load_store /opt/stack/data/venv/lib/python3.10/site-packages/glance_store/backend.py:215}}
Apr 15 10:04:00 devstack devstack@g-api.service[73793]: DEBUG glance_store.backend [-] Attempting to import store s3 {{(pid=73793) _load_store /opt/stack/data/venv/lib/python3.10/site-packages/glance_store/backend.py:215}}
Apr 15 10:04:00 devstack devstack@g-api.service[73793]: DEBUG glance_store.backend [-] Attempting to import store swift {{(pid=73793) _load_store /opt/stack/data/venv/lib/python3.10/site-packages/glance_store/backend.py:215}}
Apr 15 10:04:00 devstack devstack@g-api.service[73793]: DEBUG glance_store.backend [-] Attempting to import store vmware {{(pid=73793) _load_store /opt/stack/data/venv/lib/python3.10/site-packages/glance_store/backend.py:215}}
Apr 15 10:04:00 devstack devstack@g-api.service[73793]: DEBUG glance_store.backend [-] Registering options for group glance_store {{(pid=73793) register_opts /opt/stack/data/venv/lib/python3.10/site-packages/glance_store/backend.py:144}}
Apr 15 10:04:00 devstack devstack@g-api.service[73793]: DEBUG glance_store.backend [-] Registering options for group glance_store {{(pid=73793) register_opts /opt/stack/data/venv/lib/python3.10/site-packages/glance_store/backend.py:144}}
Apr 15 10:04:00 devstack devstack@g-api.service[73793]: DEBUG glance_store.backend [-] Attempting to import store http {{(pid=73793) _load_store /opt/stack/data/venv/lib/python3.10/site-packages/glance_store/backend.py:215}}
Apr 15 10:04:00 devstack devstack@g-api.service[73793]: DEBUG glance_store.capabilities [-] Store glance_store._drivers.http.Store doesn't support updating dynamic storage capabilities. Please overwrite 'update_capabilities' method of the store to implement updating logics if needed. {{(pid=73793) update_capabilities /opt/stack/data/venv/lib/python3.10/site-packages/glance_store/capabilities.py:91}}
Apr 15 10:04:00 devstack devstack@g-api.service[73793]: DEBUG glance_store.backend [-] Registering store http with schemes ('http', 'https') {{(pid=73793) create_stores /opt/stack/data/venv/lib/python3.10/site-packages/glance_store/backend.py:261}}
Apr 15 10:04:00 devstack devstack@g-api.service[73793]: DEBUG glance_store.driver [-] Late loading location class glance_store._drivers.http.StoreLocation {{(pid=73793) get_store_location_class /opt/stack/data/venv/lib/python3.10/site-packages/glance_store/driver.py:134}}
Apr 15 10:04:00 devstack devstack@g-api.service[73793]: DEBUG glance_store.location [-] Registering scheme http with {'store': , 'location_class': , 'store_entry': 'http'} {{(pid=73793) register_scheme_map /opt/stack/data/venv/lib/python3.10/site-packages/glance_store/location.py:146}}
Apr 15 10:04:00 devstack devstack@g-api.service[73793]: DEBUG glance_store.location [-] Registering scheme https with {'store': , 'location_class': , 'store_entry': 'http'} {{(pid=73793) register_scheme_map /opt/stack/data/venv/lib/python3.10/site-packages/glance_store/location.py:146}}
Apr 15 10:04:00 devstack devstack@g-api.service[73793]: DEBUG glance_store.backend [-] Attempting to import store file {{(pid=73793) _load_store /opt/stack/data/venv/lib/python3.10/site-packages/glance_store/backend.py:215}}
Apr 15 10:04:00 devstack devstack@g-api.service[73793]: DEBUG glance_store.capabilities [-] Store glance_store._drivers.filesystem.Store doesn't support updating dynamic storage capabilities. Please overwrite 'update_capabilities' method of the store to implement updating logics if needed. {{(pid=73793) update_capabilities /opt/stack/data/venv/lib/python3.10/site-packages/glance_store/capabilities.py:91}}
Apr 15 10:04:00 devstack devstack@g-api.service[73793]: DEBUG glance_store.backend [-] Registering store file with schemes ('file', 'filesystem') {{(pid=73793) create_stores /opt/stack/data/venv/lib/python3.10/site-packages/glance_store/backend.py:261}}
Apr 15 10:04:00 devstack devstack@g-api.service[73793]: DEBUG glance_store.driver [-] Late loading location class glance_store._drivers.filesystem.StoreLocation {{(pid=73793) get_store_location_class /opt/stack/data/venv/lib/python3.10/site-packages/glance_store/driver.py:134}}
Apr 15 10:04:00 devstack devstack@g-api.service[73793]: DEBUG glance_store.location [-] Registering scheme file with {'store': , 'location_class': , 'store_entry': 'file'} {{(pid=73793) register_scheme_map /opt/stack/data/venv/lib/python3.10/site-packages/glance_store/location.py:146}}
Apr 15 10:04:00 devstack devstack@g-api.service[73793]: DEBUG glance_store.location [-] Registering scheme filesystem with {'store': , 'location_class': , 'store_entry': 'file'} {{(pid=73793) register_scheme_map /opt/stack/data/venv/lib/python3.10/site-packages/glance_store/location.py:146}}
Apr 15 10:04:00 devstack devstack@g-api.service[73793]: DEBUG glance.sqlite_migration [-] SQLite caching database not located, skipping migration {{(pid=73793) get_db_path /opt/stack/glance/glance/sqlite_migration.py:68}}
Apr 15 10:04:00 devstack devstack@g-api.service[73793]: WARNING glance.common.wsgi_app [-] Import methods are enabled but staging directory /tmp/staging/ does not exist; Imports will fail!
Apr 15 10:04:00 devstack devstack@g-api.service[73794]: DEBUG glance_store.backend [-] Attempting to import store cinder {{(pid=73794) _load_store /opt/stack/data/venv/lib/python3.10/site-packages/glance_store/backend.py:215}}
Apr 15 10:04:00 devstack devstack@g-api.service[73794]: DEBUG glance_store.backend [-] Attempting to import store file {{(pid=73794) _load_store /opt/stack/data/venv/lib/python3.10/site-packages/glance_store/backend.py:215}}
Apr 15 10:04:00 devstack devstack@g-api.service[73794]: DEBUG glance_store.backend [-] Attempting to import store glance.store.cinder.Store {{(pid=73794) _load_store /opt/stack/data/venv/lib/python3.10/site-packages/glance_store/backend.py:215}}
Apr 15 10:04:00 devstack devstack@g-api.service[73794]: DEBUG glance_store.backend [-] Attempting to import store glance.store.filesystem.Store {{(pid=73794) _load_store /opt/stack/data/venv/lib/python3.10/site-packages/glance_store/backend.py:215}}
Apr 15 10:04:00 devstack devstack@g-api.service[73794]: DEBUG glance_store.backend [-] Attempting to import store glance.store.http.Store {{(pid=73794) _load_store /opt/stack/data/venv/lib/python3.10/site-packages/glance_store/backend.py:215}}
Apr 15 10:04:00 devstack devstack@g-api.service[73794]: DEBUG glance_store.backend [-] Attempting to import store glance.store.rbd.Store {{(pid=73794) _load_store /opt/stack/data/venv/lib/python3.10/site-packages/glance_store/backend.py:215}}
Apr 15 10:04:00 devstack devstack@g-api.service[73794]: DEBUG glance_store.backend [-] Attempting to import store glance.store.s3.Store {{(pid=73794) _load_store /opt/stack/data/venv/lib/python3.10/site-packages/glance_store/backend.py:215}}
Apr 15 10:04:00 devstack devstack@g-api.service[73794]: DEBUG glance_store.backend [-] Attempting to import store glance.store.swift.Store {{(pid=73794) _load_store /opt/stack/data/venv/lib/python3.10/site-packages/glance_store/backend.py:215}}
Apr 15 10:04:00 devstack devstack@g-api.service[73794]: DEBUG glance_store.backend [-] Attempting to import store glance.store.vmware_datastore.Store {{(pid=73794) _load_store /opt/stack/data/venv/lib/python3.10/site-packages/glance_store/backend.py:215}}
Apr 15 10:04:00 devstack devstack@g-api.service[73794]: DEBUG glance_store.backend [-] Attempting to import store http {{(pid=73794) _load_store /opt/stack/data/venv/lib/python3.10/site-packages/glance_store/backend.py:215}}
Apr 15 10:04:00 devstack devstack@g-api.service[73794]: DEBUG glance_store.backend [-] Attempting to import store no_conf {{(pid=73794) _load_store /opt/stack/data/venv/lib/python3.10/site-packages/glance_store/backend.py:215}}
Apr 15 10:04:00 devstack devstack@g-api.service[73794]: DEBUG glance_store.backend [-] Attempting to import store rbd {{(pid=73794) _load_store /opt/stack/data/venv/lib/python3.10/site-packages/glance_store/backend.py:215}}
Apr 15 10:04:00 devstack devstack@g-api.service[73794]: DEBUG glance_store.backend [-] Attempting to import store s3 {{(pid=73794) _load_store /opt/stack/data/venv/lib/python3.10/site-packages/glance_store/backend.py:215}}
Apr 15 10:04:00 devstack devstack@g-api.service[73794]: DEBUG glance_store.backend [-] Attempting to import store swift {{(pid=73794) _load_store /opt/stack/data/venv/lib/python3.10/site-packages/glance_store/backend.py:215}}
Apr 15 10:04:00 devstack devstack@g-api.service[73794]: DEBUG glance_store.backend [-] Attempting to import store vmware {{(pid=73794) _load_store /opt/stack/data/venv/lib/python3.10/site-packages/glance_store/backend.py:215}}
Apr 15 10:04:00 devstack devstack@g-api.service[73794]: DEBUG glance_store.backend [-] Registering options for group glance_store {{(pid=73794) register_opts /opt/stack/data/venv/lib/python3.10/site-packages/glance_store/backend.py:144}}
Apr 15 10:04:00 devstack devstack@g-api.service[73794]: DEBUG glance_store.backend [-] Registering options for group glance_store {{(pid=73794) register_opts /opt/stack/data/venv/lib/python3.10/site-packages/glance_store/backend.py:144}}
Apr 15 10:04:00 devstack devstack@g-api.service[73794]: DEBUG glance_store.backend [-] Attempting to import store http {{(pid=73794) _load_store /opt/stack/data/venv/lib/python3.10/site-packages/glance_store/backend.py:215}}
Apr 15 10:04:00 devstack devstack@g-api.service[73794]: DEBUG glance_store.capabilities [-] Store glance_store._drivers.http.Store doesn't support updating dynamic storage capabilities. Please overwrite 'update_capabilities' method of the store to implement updating logics if needed. {{(pid=73794) update_capabilities /opt/stack/data/venv/lib/python3.10/site-packages/glance_store/capabilities.py:91}}
Apr 15 10:04:00 devstack devstack@g-api.service[73794]: DEBUG glance_store.backend [-] Registering store http with schemes ('http', 'https') {{(pid=73794) create_stores /opt/stack/data/venv/lib/python3.10/site-packages/glance_store/backend.py:261}}
Apr 15 10:04:00 devstack devstack@g-api.service[73794]: DEBUG glance_store.driver [-] Late loading location class glance_store._drivers.http.StoreLocation {{(pid=73794) get_store_location_class /opt/stack/data/venv/lib/python3.10/site-packages/glance_store/driver.py:134}}
Apr 15 10:04:00 devstack devstack@g-api.service[73794]: DEBUG glance_store.location [-] Registering scheme http with {'store': , 'location_class': , 'store_entry': 'http'} {{(pid=73794) register_scheme_map /opt/stack/data/venv/lib/python3.10/site-packages/glance_store/location.py:146}}
Apr 15 10:04:00 devstack devstack@g-api.service[73794]: DEBUG glance_store.location [-] Registering scheme https with {'store': , 'location_class': , 'store_entry': 'http'} {{(pid=73794) register_scheme_map /opt/stack/data/venv/lib/python3.10/site-packages/glance_store/location.py:146}}
Apr 15 10:04:00 devstack devstack@g-api.service[73794]: DEBUG glance_store.backend [-] Attempting to import store file {{(pid=73794) _load_store /opt/stack/data/venv/lib/python3.10/site-packages/glance_store/backend.py:215}}
Apr 15 10:04:00 devstack devstack@g-api.service[73794]: DEBUG glance_store.capabilities [-] Store glance_store._drivers.filesystem.Store doesn't support updating dynamic storage capabilities. Please overwrite 'update_capabilities' method of the store to implement updating logics if needed. {{(pid=73794) update_capabilities /opt/stack/data/venv/lib/python3.10/site-packages/glance_store/capabilities.py:91}}
Apr 15 10:04:00 devstack devstack@g-api.service[73794]: DEBUG glance_store.backend [-] Registering store file with schemes ('file', 'filesystem') {{(pid=73794) create_stores /opt/stack/data/venv/lib/python3.10/site-packages/glance_store/backend.py:261}}
Apr 15 10:04:00 devstack devstack@g-api.service[73794]: DEBUG glance_store.driver [-] Late loading location class glance_store._drivers.filesystem.StoreLocation {{(pid=73794) get_store_location_class /opt/stack/data/venv/lib/python3.10/site-packages/glance_store/driver.py:134}}
Apr 15 10:04:00 devstack devstack@g-api.service[73794]: DEBUG glance_store.location [-] Registering scheme file with {'store': , 'location_class': , 'store_entry': 'file'} {{(pid=73794) register_scheme_map /opt/stack/data/venv/lib/python3.10/site-packages/glance_store/location.py:146}}
Apr 15 10:04:00 devstack devstack@g-api.service[73794]: DEBUG glance_store.location [-] Registering scheme filesystem with {'store': , 'location_class': , 'store_entry': 'file'} {{(pid=73794) register_scheme_map /opt/stack/data/venv/lib/python3.10/site-packages/glance_store/location.py:146}}
Apr 15 10:04:00 devstack devstack@g-api.service[73794]: DEBUG glance.sqlite_migration [-] SQLite caching database not located, skipping migration {{(pid=73794) get_db_path /opt/stack/glance/glance/sqlite_migration.py:68}}
Apr 15 10:04:00 devstack devstack@g-api.service[73794]: WARNING glance.common.wsgi_app [-] Import methods are enabled but staging directory /tmp/staging/ does not exist; Imports will fail!
Apr 15 10:04:01 devstack devstack@g-api.service[73793]: DEBUG glance.common.config [None req-57d98278-3af4-48e6-9006-f2bf62432769 None None] Loading glance-api-keystone+cachemanagement from /etc/glance/glance-api-paste.ini {{(pid=73793) load_paste_app /opt/stack/glance/glance/common/config.py:758}}
Apr 15 10:04:01 devstack devstack@g-api.service[73794]: DEBUG glance.common.config [None req-5cb89485-f46f-4068-b0af-acbfc3a3c856 None None] Loading glance-api-keystone+cachemanagement from /etc/glance/glance-api-paste.ini {{(pid=73794) load_paste_app /opt/stack/glance/glance/common/config.py:758}}
Apr 15 10:04:02 devstack devstack@g-api.service[73793]: INFO glance.image_cache [None req-57d98278-3af4-48e6-9006-f2bf62432769 None None] Image cache loaded driver 'centralized_db'.
Apr 15 10:04:02 devstack devstack@g-api.service[73794]: INFO glance.image_cache [None req-5cb89485-f46f-4068-b0af-acbfc3a3c856 None None] Image cache loaded driver 'centralized_db'.
Apr 15 10:04:02 devstack devstack@g-api.service[73793]: INFO dbcounter [None req-57d98278-3af4-48e6-9006-f2bf62432769 None None] Registered counter for database glance
Apr 15 10:04:02 devstack devstack@g-api.service[73794]: INFO dbcounter [None req-5cb89485-f46f-4068-b0af-acbfc3a3c856 None None] Registered counter for database glance
Apr 15 10:04:02 devstack devstack@g-api.service[73793]: DEBUG oslo_db.sqlalchemy.engines [None req-57d98278-3af4-48e6-9006-f2bf62432769 None None] MySQL server mode set to STRICT_TRANS_TABLES,STRICT_ALL_TABLES,NO_ZERO_IN_DATE,NO_ZERO_DATE,ERROR_FOR_DIVISION_BY_ZERO,TRADITIONAL,NO_ENGINE_SUBSTITUTION {{(pid=73793) _check_effective_sql_mode /opt/stack/data/venv/lib/python3.10/site-packages/oslo_db/sqlalchemy/engines.py:325}}
Apr 15 10:04:02 devstack devstack@g-api.service[73794]: DEBUG oslo_db.sqlalchemy.engines [None req-5cb89485-f46f-4068-b0af-acbfc3a3c856 None None] MySQL server mode set to STRICT_TRANS_TABLES,STRICT_ALL_TABLES,NO_ZERO_IN_DATE,NO_ZERO_DATE,ERROR_FOR_DIVISION_BY_ZERO,TRADITIONAL,NO_ENGINE_SUBSTITUTION {{(pid=73794) _check_effective_sql_mode /opt/stack/data/venv/lib/python3.10/site-packages/oslo_db/sqlalchemy/engines.py:325}}
Apr 15 10:04:02 devstack devstack@g-api.service[73793]: DEBUG dbcounter [-] [73793] Writer thread running {{(pid=73793) stat_writer /opt/stack/data/venv/lib/python3.10/site-packages/dbcounter.py:102}}
Apr 15 10:04:02 devstack devstack@g-api.service[73794]: DEBUG dbcounter [-] [73794] Writer thread running {{(pid=73794) stat_writer /opt/stack/data/venv/lib/python3.10/site-packages/dbcounter.py:102}}
Apr 15 10:04:02 devstack devstack@g-api.service[73794]: DEBUG glance.image_cache.drivers.centralized_db [None req-5cb89485-f46f-4068-b0af-acbfc3a3c856 None None] Node reference is already recorded, ignoring it {{(pid=73794) configure /opt/stack/glance/glance/image_cache/drivers/centralized_db.py:71}}
Apr 15 10:04:02 devstack devstack@g-api.service[73793]: INFO glance.image_cache [None req-57d98278-3af4-48e6-9006-f2bf62432769 None None] Image cache loaded driver 'centralized_db'.
Apr 15 10:04:02 devstack devstack@g-api.service[73794]: INFO glance.image_cache [None req-5cb89485-f46f-4068-b0af-acbfc3a3c856 None None] Image cache loaded driver 'centralized_db'.
Apr 15 10:04:02 devstack devstack@g-api.service[73793]: DEBUG glance.image_cache.drivers.centralized_db [None req-57d98278-3af4-48e6-9006-f2bf62432769 None None] Node reference is already recorded, ignoring it {{(pid=73793) configure /opt/stack/glance/glance/image_cache/drivers/centralized_db.py:71}}
Apr 15 10:04:02 devstack devstack@g-api.service[73794]: DEBUG glance.image_cache.drivers.centralized_db [None req-5cb89485-f46f-4068-b0af-acbfc3a3c856 None None] Node reference is already recorded, ignoring it {{(pid=73794) configure /opt/stack/glance/glance/image_cache/drivers/centralized_db.py:71}}
Apr 15 10:04:02 devstack devstack@g-api.service[73793]: DEBUG glance.api.v2.cached_images [None req-57d98278-3af4-48e6-9006-f2bf62432769 None None] Started cache worker thread {{(pid=73793) __init__ /opt/stack/glance/glance/api/v2/cached_images.py:69}}
Apr 15 10:04:02 devstack devstack@g-api.service[73793]: INFO glance.image_cache [None req-57d98278-3af4-48e6-9006-f2bf62432769 None None] Image cache loaded driver 'centralized_db'.
Apr 15 10:04:02 devstack devstack@g-api.service[73794]: DEBUG glance.api.v2.cached_images [None req-5cb89485-f46f-4068-b0af-acbfc3a3c856 None None] Started cache worker thread {{(pid=73794) __init__ /opt/stack/glance/glance/api/v2/cached_images.py:69}}
Apr 15 10:04:02 devstack devstack@g-api.service[73794]: INFO glance.image_cache [None req-5cb89485-f46f-4068-b0af-acbfc3a3c856 None None] Image cache loaded driver 'centralized_db'.
Apr 15 10:04:02 devstack devstack@g-api.service[73793]: DEBUG glance.image_cache.drivers.centralized_db [None req-57d98278-3af4-48e6-9006-f2bf62432769 None None] Node reference is already recorded, ignoring it {{(pid=73793) configure /opt/stack/glance/glance/image_cache/drivers/centralized_db.py:71}}
Apr 15 10:04:02 devstack devstack@g-api.service[73794]: DEBUG glance.image_cache.drivers.centralized_db [None req-5cb89485-f46f-4068-b0af-acbfc3a3c856 None None] Node reference is already recorded, ignoring it {{(pid=73794) configure /opt/stack/glance/glance/image_cache/drivers/centralized_db.py:71}}
Apr 15 10:04:02 devstack devstack@g-api.service[73793]: INFO glance.api.middleware.cache_manage [None req-57d98278-3af4-48e6-9006-f2bf62432769 None None] Initialized image cache management middleware
Apr 15 10:04:02 devstack devstack@g-api.service[73793]: INFO glance.image_cache [None req-57d98278-3af4-48e6-9006-f2bf62432769 None None] Image cache loaded driver 'centralized_db'.
Apr 15 10:04:02 devstack devstack@g-api.service[73794]: INFO glance.api.middleware.cache_manage [None req-5cb89485-f46f-4068-b0af-acbfc3a3c856 None None] Initialized image cache management middleware
Apr 15 10:04:02 devstack devstack@g-api.service[73794]: INFO glance.image_cache [None req-5cb89485-f46f-4068-b0af-acbfc3a3c856 None None] Image cache loaded driver 'centralized_db'.
Apr 15 10:04:02 devstack devstack@g-api.service[73793]: DEBUG glance.image_cache.drivers.centralized_db [None req-57d98278-3af4-48e6-9006-f2bf62432769 None None] Node reference is already recorded, ignoring it {{(pid=73793) configure /opt/stack/glance/glance/image_cache/drivers/centralized_db.py:71}}
Apr 15 10:04:02 devstack devstack@g-api.service[73794]: DEBUG glance.image_cache.drivers.centralized_db [None req-5cb89485-f46f-4068-b0af-acbfc3a3c856 None None] Node reference is already recorded, ignoring it {{(pid=73794) configure /opt/stack/glance/glance/image_cache/drivers/centralized_db.py:71}}
Apr 15 10:04:02 devstack devstack@g-api.service[73793]: INFO glance.api.middleware.cache [None req-57d98278-3af4-48e6-9006-f2bf62432769 None None] Initialized image cache middleware
Apr 15 10:04:02 devstack devstack@g-api.service[73794]: INFO glance.api.middleware.cache [None req-5cb89485-f46f-4068-b0af-acbfc3a3c856 None None] Initialized image cache middleware
Apr 15 10:04:02 devstack devstack@g-api.service[73793]: WARNING keystonemiddleware.auth_token [None req-57d98278-3af4-48e6-9006-f2bf62432769 None None] AuthToken middleware is set with keystone_authtoken.service_token_roles_required set to False. This is backwards compatible but deprecated behaviour. Please set this to True.
Apr 15 10:04:02 devstack devstack@g-api.service[73794]: WARNING keystonemiddleware.auth_token [None req-5cb89485-f46f-4068-b0af-acbfc3a3c856 None None] AuthToken middleware is set with keystone_authtoken.service_token_roles_required set to False. This is backwards compatible but deprecated behaviour. Please set this to True.
Apr 15 10:04:02 devstack devstack@g-api.service[73793]: DEBUG glance.common.config [None req-57d98278-3af4-48e6-9006-f2bf62432769 None None] ******************************************************************************** {{(pid=73793) log_opt_values /opt/stack/data/venv/lib/python3.10/site-packages/oslo_config/cfg.py:2979}}
Apr 15 10:04:02 devstack devstack@g-api.service[73793]: DEBUG glance.common.config [None req-57d98278-3af4-48e6-9006-f2bf62432769 None None] Configuration options gathered from: {{(pid=73793) log_opt_values /opt/stack/data/venv/lib/python3.10/site-packages/oslo_config/cfg.py:2980}}
Apr 15 10:04:02 devstack devstack@g-api.service[73793]: DEBUG glance.common.config [None req-57d98278-3af4-48e6-9006-f2bf62432769 None None] command line args: [] {{(pid=73793) log_opt_values /opt/stack/data/venv/lib/python3.10/site-packages/oslo_config/cfg.py:2981}}
Apr 15 10:04:02 devstack devstack@g-api.service[73793]: DEBUG glance.common.config [None req-57d98278-3af4-48e6-9006-f2bf62432769 None None] config files: ['/etc/glance/glance-image-import.conf', '/etc/glance/glance-api.conf'] {{(pid=73793) log_opt_values /opt/stack/data/venv/lib/python3.10/site-packages/oslo_config/cfg.py:2982}}
Apr 15 10:04:02 devstack devstack@g-api.service[73793]: DEBUG glance.common.config [None req-57d98278-3af4-48e6-9006-f2bf62432769 None None] ================================================================================ {{(pid=73793) log_opt_values /opt/stack/data/venv/lib/python3.10/site-packages/oslo_config/cfg.py:2987}}
Apr 15 10:04:02 devstack devstack@g-api.service[73793]: DEBUG glance.common.config [None req-57d98278-3af4-48e6-9006-f2bf62432769 None None] allow_anonymous_access = False {{(pid=73793) log_opt_values /opt/stack/data/venv/lib/python3.10/site-packages/oslo_config/cfg.py:2995}}
Apr 15 10:04:02 devstack devstack@g-api.service[73793]: DEBUG glance.common.config [None req-57d98278-3af4-48e6-9006-f2bf62432769 None None] api_limit_max = 1000 {{(pid=73793) log_opt_values /opt/stack/data/venv/lib/python3.10/site-packages/oslo_config/cfg.py:2995}}
Apr 15 10:04:02 devstack devstack@g-api.service[73793]: DEBUG glance.common.config [None req-57d98278-3af4-48e6-9006-f2bf62432769 None None] backlog = 4096 {{(pid=73793) log_opt_values /opt/stack/data/venv/lib/python3.10/site-packages/oslo_config/cfg.py:2995}}
Apr 15 10:04:02 devstack devstack@g-api.service[73793]: DEBUG glance.common.config [None req-57d98278-3af4-48e6-9006-f2bf62432769 None None] bind_host = 0.0.0.0 {{(pid=73793) log_opt_values /opt/stack/data/venv/lib/python3.10/site-packages/oslo_config/cfg.py:2995}}
Apr 15 10:04:02 devstack devstack@g-api.service[73793]: DEBUG glance.common.config [None req-57d98278-3af4-48e6-9006-f2bf62432769 None None] bind_port = None {{(pid=73793) log_opt_values /opt/stack/data/venv/lib/python3.10/site-packages/oslo_config/cfg.py:2995}}
Apr 15 10:04:02 devstack devstack@g-api.service[73793]: DEBUG glance.common.config [None req-57d98278-3af4-48e6-9006-f2bf62432769 None None] client_socket_timeout = 900 {{(pid=73793) log_opt_values /opt/stack/data/venv/lib/python3.10/site-packages/oslo_config/cfg.py:2995}}
Apr 15 10:04:02 devstack devstack@g-api.service[73793]: DEBUG glance.common.config [None req-57d98278-3af4-48e6-9006-f2bf62432769 None None] config_dir = [] {{(pid=73793) log_opt_values /opt/stack/data/venv/lib/python3.10/site-packages/oslo_config/cfg.py:2995}}
Apr 15 10:04:02 devstack devstack@g-api.service[73793]: DEBUG glance.common.config [None req-57d98278-3af4-48e6-9006-f2bf62432769 None None] config_file = ['/etc/glance/glance-image-import.conf', '/etc/glance/glance-api.conf'] {{(pid=73793) log_opt_values /opt/stack/data/venv/lib/python3.10/site-packages/oslo_config/cfg.py:2995}}
Apr 15 10:04:02 devstack devstack@g-api.service[73793]: DEBUG glance.common.config [None req-57d98278-3af4-48e6-9006-f2bf62432769 None None] config_source = [] {{(pid=73793) log_opt_values /opt/stack/data/venv/lib/python3.10/site-packages/oslo_config/cfg.py:2995}}
Apr 15 10:04:02 devstack devstack@g-api.service[73793]: DEBUG glance.common.config [None req-57d98278-3af4-48e6-9006-f2bf62432769 None None] control_exchange = glance {{(pid=73793) log_opt_values /opt/stack/data/venv/lib/python3.10/site-packages/oslo_config/cfg.py:2995}}
Apr 15 10:04:02 devstack devstack@g-api.service[73793]: DEBUG glance.common.config [None req-57d98278-3af4-48e6-9006-f2bf62432769 None None] debug = True {{(pid=73793) log_opt_values /opt/stack/data/venv/lib/python3.10/site-packages/oslo_config/cfg.py:2995}}
Apr 15 10:04:02 devstack devstack@g-api.service[73793]: DEBUG glance.common.config [None req-57d98278-3af4-48e6-9006-f2bf62432769 None None] default_log_levels = ['amqp=WARN', 'boto=WARN', 'sqlalchemy=WARN', 'suds=INFO', 'oslo.messaging=INFO', 'oslo_messaging=INFO', 'iso8601=WARN', 'requests.packages.urllib3.connectionpool=WARN', 'urllib3.connectionpool=WARN', 'websocket=WARN', 'requests.packages.urllib3.util.retry=WARN', 'urllib3.util.retry=WARN', 'keystonemiddleware=WARN', 'routes.middleware=WARN', 'stevedore=WARN', 'taskflow=WARN', 'keystoneauth=WARN', 'oslo.cache=INFO', 'oslo_policy=INFO', 'dogpile.core.dogpile=INFO'] {{(pid=73793) log_opt_values /opt/stack/data/venv/lib/python3.10/site-packages/oslo_config/cfg.py:2995}}
Apr 15 10:04:02 devstack devstack@g-api.service[73793]: DEBUG glance.common.config [None req-57d98278-3af4-48e6-9006-f2bf62432769 None None] default_publisher_id = image.localhost {{(pid=73793) log_opt_values /opt/stack/data/venv/lib/python3.10/site-packages/oslo_config/cfg.py:2995}}
Apr 15 10:04:02 devstack devstack@g-api.service[73793]: DEBUG glance.common.config [None req-57d98278-3af4-48e6-9006-f2bf62432769 None None] delayed_delete = False {{(pid=73793) log_opt_values /opt/stack/data/venv/lib/python3.10/site-packages/oslo_config/cfg.py:2995}}
Apr 15 10:04:02 devstack devstack@g-api.service[73793]: DEBUG glance.common.config [None req-57d98278-3af4-48e6-9006-f2bf62432769 None None] digest_algorithm = sha256 {{(pid=73793) log_opt_values /opt/stack/data/venv/lib/python3.10/site-packages/oslo_config/cfg.py:2995}}
Apr 15 10:04:02 devstack devstack@g-api.service[73793]: DEBUG glance.common.config [None req-57d98278-3af4-48e6-9006-f2bf62432769 None None] disabled_notifications = [] {{(pid=73793) log_opt_values /opt/stack/data/venv/lib/python3.10/site-packages/oslo_config/cfg.py:2995}}
Apr 15 10:04:02 devstack devstack@g-api.service[73793]: DEBUG glance.common.config [None req-57d98278-3af4-48e6-9006-f2bf62432769 None None] do_secure_hash = True {{(pid=73793) log_opt_values /opt/stack/data/venv/lib/python3.10/site-packages/oslo_config/cfg.py:2995}}
Apr 15 10:04:02 devstack devstack@g-api.service[73793]: DEBUG glance.common.config [None req-57d98278-3af4-48e6-9006-f2bf62432769 None None] enabled_backends = None {{(pid=73793) log_opt_values /opt/stack/data/venv/lib/python3.10/site-packages/oslo_config/cfg.py:2995}}
Apr 15 10:04:02 devstack devstack@g-api.service[73793]: DEBUG glance.common.config [None req-57d98278-3af4-48e6-9006-f2bf62432769 None None] enabled_import_methods = ['glance-direct', 'web-download', 'copy-image'] {{(pid=73793) log_opt_values /opt/stack/data/venv/lib/python3.10/site-packages/oslo_config/cfg.py:2995}}
Apr 15 10:04:02 devstack devstack@g-api.service[73793]: DEBUG glance.common.config [None req-57d98278-3af4-48e6-9006-f2bf62432769 None None] hashing_algorithm = sha512 {{(pid=73793) log_opt_values /opt/stack/data/venv/lib/python3.10/site-packages/oslo_config/cfg.py:2995}}
Apr 15 10:04:02 devstack devstack@g-api.service[73793]: DEBUG glance.common.config [None req-57d98278-3af4-48e6-9006-f2bf62432769 None None] http_keepalive = True {{(pid=73793) log_opt_values /opt/stack/data/venv/lib/python3.10/site-packages/oslo_config/cfg.py:2995}}
Apr 15 10:04:02 devstack devstack@g-api.service[73793]: DEBUG glance.common.config [None req-57d98278-3af4-48e6-9006-f2bf62432769 None None] http_retries = 3 {{(pid=73793) log_opt_values /opt/stack/data/venv/lib/python3.10/site-packages/oslo_config/cfg.py:2995}}
Apr 15 10:04:02 devstack devstack@g-api.service[73793]: DEBUG glance.common.config [None req-57d98278-3af4-48e6-9006-f2bf62432769 None None] image_cache_dir = /opt/stack/data/glance/cache/ {{(pid=73793) log_opt_values /opt/stack/data/venv/lib/python3.10/site-packages/oslo_config/cfg.py:2995}}
Apr 15 10:04:02 devstack devstack@g-api.service[73793]: DEBUG glance.common.config [None req-57d98278-3af4-48e6-9006-f2bf62432769 None None] image_cache_driver = centralized_db {{(pid=73793) log_opt_values /opt/stack/data/venv/lib/python3.10/site-packages/oslo_config/cfg.py:2995}}
Apr 15 10:04:02 devstack devstack@g-api.service[73793]: DEBUG glance.common.config [None req-57d98278-3af4-48e6-9006-f2bf62432769 None None] image_cache_max_size = 10737418240 {{(pid=73793) log_opt_values /opt/stack/data/venv/lib/python3.10/site-packages/oslo_config/cfg.py:2995}}
Apr 15 10:04:02 devstack devstack@g-api.service[73793]: DEBUG glance.common.config [None req-57d98278-3af4-48e6-9006-f2bf62432769 None None] image_cache_sqlite_db = cache.db {{(pid=73793) log_opt_values /opt/stack/data/venv/lib/python3.10/site-packages/oslo_config/cfg.py:2995}}
Apr 15 10:04:02 devstack devstack@g-api.service[73793]: DEBUG glance.common.config [None req-57d98278-3af4-48e6-9006-f2bf62432769 None None] image_cache_stall_time = 86400 {{(pid=73793) log_opt_values /opt/stack/data/venv/lib/python3.10/site-packages/oslo_config/cfg.py:2995}}
Apr 15 10:04:02 devstack devstack@g-api.service[73793]: DEBUG glance.common.config [None req-57d98278-3af4-48e6-9006-f2bf62432769 None None] image_location_quota = 10 {{(pid=73793) log_opt_values /opt/stack/data/venv/lib/python3.10/site-packages/oslo_config/cfg.py:2995}}
Apr 15 10:04:02 devstack devstack@g-api.service[73793]: DEBUG glance.common.config [None req-57d98278-3af4-48e6-9006-f2bf62432769 None None] image_member_quota = 128 {{(pid=73793) log_opt_values /opt/stack/data/venv/lib/python3.10/site-packages/oslo_config/cfg.py:2995}}
Apr 15 10:04:02 devstack devstack@g-api.service[73793]: DEBUG glance.common.config [None req-57d98278-3af4-48e6-9006-f2bf62432769 None None] image_property_quota = 128 {{(pid=73793) log_opt_values /opt/stack/data/venv/lib/python3.10/site-packages/oslo_config/cfg.py:2995}}
Apr 15 10:04:02 devstack devstack@g-api.service[73793]: DEBUG glance.common.config [None req-57d98278-3af4-48e6-9006-f2bf62432769 None None] image_size_cap = 1099511627776 {{(pid=73793) log_opt_values /opt/stack/data/venv/lib/python3.10/site-packages/oslo_config/cfg.py:2995}}
Apr 15 10:04:02 devstack devstack@g-api.service[73793]: DEBUG glance.common.config [None req-57d98278-3af4-48e6-9006-f2bf62432769 None None] image_tag_quota = 128 {{(pid=73793) log_opt_values /opt/stack/data/venv/lib/python3.10/site-packages/oslo_config/cfg.py:2995}}
Apr 15 10:04:02 devstack devstack@g-api.service[73793]: DEBUG glance.common.config [None req-57d98278-3af4-48e6-9006-f2bf62432769 None None] instance_format = [instance: %(uuid)s] {{(pid=73793) log_opt_values /opt/stack/data/venv/lib/python3.10/site-packages/oslo_config/cfg.py:2995}}
Apr 15 10:04:02 devstack devstack@g-api.service[73793]: DEBUG glance.common.config [None req-57d98278-3af4-48e6-9006-f2bf62432769 None None] instance_uuid_format = [instance: %(uuid)s] {{(pid=73793) log_opt_values /opt/stack/data/venv/lib/python3.10/site-packages/oslo_config/cfg.py:2995}}
Apr 15 10:04:02 devstack devstack@g-api.service[73793]: DEBUG glance.common.config [None req-57d98278-3af4-48e6-9006-f2bf62432769 None None] limit_param_default = 25 {{(pid=73793) log_opt_values /opt/stack/data/venv/lib/python3.10/site-packages/oslo_config/cfg.py:2995}}
Apr 15 10:04:02 devstack devstack@g-api.service[73793]: DEBUG glance.common.config [None req-57d98278-3af4-48e6-9006-f2bf62432769 None None] log_color = False {{(pid=73793) log_opt_values /opt/stack/data/venv/lib/python3.10/site-packages/oslo_config/cfg.py:2995}}
Apr 15 10:04:02 devstack devstack@g-api.service[73793]: DEBUG glance.common.config [None req-57d98278-3af4-48e6-9006-f2bf62432769 None None] log_config_append = None {{(pid=73793) log_opt_values /opt/stack/data/venv/lib/python3.10/site-packages/oslo_config/cfg.py:2995}}
Apr 15 10:04:02 devstack devstack@g-api.service[73793]: DEBUG glance.common.config [None req-57d98278-3af4-48e6-9006-f2bf62432769 None None] log_date_format = %Y-%m-%d %H:%M:%S {{(pid=73793) log_opt_values /opt/stack/data/venv/lib/python3.10/site-packages/oslo_config/cfg.py:2995}}
Apr 15 10:04:02 devstack devstack@g-api.service[73793]: DEBUG glance.common.config [None req-57d98278-3af4-48e6-9006-f2bf62432769 None None] log_dir = None {{(pid=73793) log_opt_values /opt/stack/data/venv/lib/python3.10/site-packages/oslo_config/cfg.py:2995}}
Apr 15 10:04:02 devstack devstack@g-api.service[73793]: DEBUG glance.common.config [None req-57d98278-3af4-48e6-9006-f2bf62432769 None None] log_file = None {{(pid=73793) log_opt_values /opt/stack/data/venv/lib/python3.10/site-packages/oslo_config/cfg.py:2995}}
Apr 15 10:04:02 devstack devstack@g-api.service[73793]: DEBUG glance.common.config [None req-57d98278-3af4-48e6-9006-f2bf62432769 None None] log_rotate_interval = 1 {{(pid=73793) log_opt_values /opt/stack/data/venv/lib/python3.10/site-packages/oslo_config/cfg.py:2995}}
Apr 15 10:04:02 devstack devstack@g-api.service[73794]: DEBUG glance.common.config [None req-5cb89485-f46f-4068-b0af-acbfc3a3c856 None None] ******************************************************************************** {{(pid=73794) log_opt_values /opt/stack/data/venv/lib/python3.10/site-packages/oslo_config/cfg.py:2979}}
Apr 15 10:04:02 devstack devstack@g-api.service[73793]: DEBUG glance.common.config [None req-57d98278-3af4-48e6-9006-f2bf62432769 None None] log_rotate_interval_type = days {{(pid=73793) log_opt_values /opt/stack/data/venv/lib/python3.10/site-packages/oslo_config/cfg.py:2995}}
Apr 15 10:04:02 devstack devstack@g-api.service[73794]: DEBUG glance.common.config [None req-5cb89485-f46f-4068-b0af-acbfc3a3c856 None None] Configuration options gathered from: {{(pid=73794) log_opt_values /opt/stack/data/venv/lib/python3.10/site-packages/oslo_config/cfg.py:2980}}
Apr 15 10:04:02 devstack devstack@g-api.service[73793]: DEBUG glance.common.config [None req-57d98278-3af4-48e6-9006-f2bf62432769 None None] log_rotation_type = none {{(pid=73793) log_opt_values /opt/stack/data/venv/lib/python3.10/site-packages/oslo_config/cfg.py:2995}}
Apr 15 10:04:02 devstack devstack@g-api.service[73793]: DEBUG glance.common.config [None req-57d98278-3af4-48e6-9006-f2bf62432769 None None] logging_context_format_string = %(color)s%(levelname)s %(name)s [%(global_request_id)s %(request_id)s %(project_name)s %(user_name)s%(color)s] %(instance)s%(color)s%(message)s {{(pid=73793) log_opt_values /opt/stack/data/venv/lib/python3.10/site-packages/oslo_config/cfg.py:2995}}
Apr 15 10:04:02 devstack devstack@g-api.service[73793]: DEBUG glance.common.config [None req-57d98278-3af4-48e6-9006-f2bf62432769 None None] logging_debug_format_suffix = {{(pid=%(process)d) %(funcName)s %(pathname)s:%(lineno)d}} {{(pid=73793) log_opt_values /opt/stack/data/venv/lib/python3.10/site-packages/oslo_config/cfg.py:2995}}
Apr 15 10:04:02 devstack devstack@g-api.service[73793]: DEBUG glance.common.config [None req-57d98278-3af4-48e6-9006-f2bf62432769 None None] logging_default_format_string = %(color)s%(levelname)s %(name)s [-%(color)s] %(instance)s%(color)s%(message)s {{(pid=73793) log_opt_values /opt/stack/data/venv/lib/python3.10/site-packages/oslo_config/cfg.py:2995}}
Apr 15 10:04:02 devstack devstack@g-api.service[73793]: DEBUG glance.common.config [None req-57d98278-3af4-48e6-9006-f2bf62432769 None None] logging_exception_prefix = ERROR %(name)s %(instance)s {{(pid=73793) log_opt_values /opt/stack/data/venv/lib/python3.10/site-packages/oslo_config/cfg.py:2995}}
Apr 15 10:04:02 devstack devstack@g-api.service[73793]: DEBUG glance.common.config [None req-57d98278-3af4-48e6-9006-f2bf62432769 None None] logging_user_identity_format = %(user)s %(project)s %(domain)s %(system_scope)s %(user_domain)s %(project_domain)s {{(pid=73793) log_opt_values /opt/stack/data/venv/lib/python3.10/site-packages/oslo_config/cfg.py:2995}}
Apr 15 10:04:02 devstack devstack@g-api.service[73793]: DEBUG glance.common.config [None req-57d98278-3af4-48e6-9006-f2bf62432769 None None] max_header_line = 16384 {{(pid=73793) log_opt_values /opt/stack/data/venv/lib/python3.10/site-packages/oslo_config/cfg.py:2995}}
Apr 15 10:04:02 devstack devstack@g-api.service[73793]: DEBUG glance.common.config [None req-57d98278-3af4-48e6-9006-f2bf62432769 None None] max_logfile_count = 30 {{(pid=73793) log_opt_values /opt/stack/data/venv/lib/python3.10/site-packages/oslo_config/cfg.py:2995}}
Apr 15 10:04:02 devstack devstack@g-api.service[73794]: DEBUG glance.common.config [None req-5cb89485-f46f-4068-b0af-acbfc3a3c856 None None] command line args: [] {{(pid=73794) log_opt_values /opt/stack/data/venv/lib/python3.10/site-packages/oslo_config/cfg.py:2981}}
Apr 15 10:04:02 devstack devstack@g-api.service[73793]: DEBUG glance.common.config [None req-57d98278-3af4-48e6-9006-f2bf62432769 None None] max_logfile_size_mb = 200 {{(pid=73793) log_opt_values /opt/stack/data/venv/lib/python3.10/site-packages/oslo_config/cfg.py:2995}}
Apr 15 10:04:02 devstack devstack@g-api.service[73793]: DEBUG glance.common.config [None req-57d98278-3af4-48e6-9006-f2bf62432769 None None] max_request_id_length = 64 {{(pid=73793) log_opt_values /opt/stack/data/venv/lib/python3.10/site-packages/oslo_config/cfg.py:2995}}
Apr 15 10:04:02 devstack devstack@g-api.service[73793]: DEBUG glance.common.config [None req-57d98278-3af4-48e6-9006-f2bf62432769 None None] metadata_encryption_key = **** {{(pid=73793) log_opt_values /opt/stack/data/venv/lib/python3.10/site-packages/oslo_config/cfg.py:2995}}
Apr 15 10:04:02 devstack devstack@g-api.service[73793]: DEBUG glance.common.config [None req-57d98278-3af4-48e6-9006-f2bf62432769 None None] node_staging_uri = file:///tmp/staging/ {{(pid=73793) log_opt_values /opt/stack/data/venv/lib/python3.10/site-packages/oslo_config/cfg.py:2995}}
Apr 15 10:04:02 devstack devstack@g-api.service[73794]: DEBUG glance.common.config [None req-5cb89485-f46f-4068-b0af-acbfc3a3c856 None None] config files: ['/etc/glance/glance-image-import.conf', '/etc/glance/glance-api.conf'] {{(pid=73794) log_opt_values /opt/stack/data/venv/lib/python3.10/site-packages/oslo_config/cfg.py:2982}}
Apr 15 10:04:02 devstack devstack@g-api.service[73793]: DEBUG glance.common.config [None req-57d98278-3af4-48e6-9006-f2bf62432769 None None] property_protection_file = None {{(pid=73793) log_opt_values /opt/stack/data/venv/lib/python3.10/site-packages/oslo_config/cfg.py:2995}}
Apr 15 10:04:02 devstack devstack@g-api.service[73793]: DEBUG glance.common.config [None req-57d98278-3af4-48e6-9006-f2bf62432769 None None] property_protection_rule_format = roles {{(pid=73793) log_opt_values /opt/stack/data/venv/lib/python3.10/site-packages/oslo_config/cfg.py:2995}}
Apr 15 10:04:02 devstack devstack@g-api.service[73793]: DEBUG glance.common.config [None req-57d98278-3af4-48e6-9006-f2bf62432769 None None] public_endpoint = http://192.168.122.131/image {{(pid=73793) log_opt_values /opt/stack/data/venv/lib/python3.10/site-packages/oslo_config/cfg.py:2995}}
Apr 15 10:04:02 devstack devstack@g-api.service[73793]: DEBUG glance.common.config [None req-57d98278-3af4-48e6-9006-f2bf62432769 None None] publish_errors = False {{(pid=73793) log_opt_values /opt/stack/data/venv/lib/python3.10/site-packages/oslo_config/cfg.py:2995}}
Apr 15 10:04:02 devstack devstack@g-api.service[73794]: DEBUG glance.common.config [None req-5cb89485-f46f-4068-b0af-acbfc3a3c856 None None] ================================================================================ {{(pid=73794) log_opt_values /opt/stack/data/venv/lib/python3.10/site-packages/oslo_config/cfg.py:2987}}
Apr 15 10:04:02 devstack devstack@g-api.service[73793]: DEBUG glance.common.config [None req-57d98278-3af4-48e6-9006-f2bf62432769 None None] pydev_worker_debug_host = None {{(pid=73793) log_opt_values /opt/stack/data/venv/lib/python3.10/site-packages/oslo_config/cfg.py:2995}}
