Apr 10 10:35:02 devstack cinder-volume[82313]: DEBUG oslo_concurrency.processutils [None req-d4edae55-1e64-4d5d-b4a1-f95410d0d3df tempest-GroupSnapshotsTest-1341425002 None] Running cmd (subprocess): sudo cinder-rootwrap /etc/cinder/rootwrap.conf qemu-img rebase -u -b volume-163a57db-3110-486b-9f59-bf28c76d0d56 -F qcow2 /opt/stack/data/cinder/mnt/42f4145c9f508e756a1ddee155b2eb38/volume-163a57db-3110-486b-9f59-bf28c76d0d56.4f73b0ce-7fcc-4b09-b906-76fa516f8d3e {{(pid=82313) execute /opt/stack/data/venv/lib/python3.10/site-packages/oslo_concurrency/processutils.py:440}}
Apr 10 10:35:02 devstack sudo[85308]: quobyte : PWD=/ ; USER=root ; COMMAND=/opt/stack/data/venv/bin/cinder-rootwrap /etc/cinder/rootwrap.conf qemu-img rebase -u -b volume-163a57db-3110-486b-9f59-bf28c76d0d56 -F qcow2 /opt/stack/data/cinder/mnt/42f4145c9f508e756a1ddee155b2eb38/volume-163a57db-3110-486b-9f59-bf28c76d0d56.4f73b0ce-7fcc-4b09-b906-76fa516f8d3e
Apr 10 10:35:02 devstack sudo[85308]: pam_unix(sudo:session): session opened for user root(uid=0) by (uid=1000)
Apr 10 10:35:03 devstack sudo[85308]: pam_unix(sudo:session): session closed for user root
Apr 10 10:35:03 devstack cinder-volume[82313]: DEBUG oslo_concurrency.processutils [None req-d4edae55-1e64-4d5d-b4a1-f95410d0d3df tempest-GroupSnapshotsTest-1341425002 None] CMD "sudo cinder-rootwrap /etc/cinder/rootwrap.conf qemu-img rebase -u -b volume-163a57db-3110-486b-9f59-bf28c76d0d56 -F qcow2 /opt/stack/data/cinder/mnt/42f4145c9f508e756a1ddee155b2eb38/volume-163a57db-3110-486b-9f59-bf28c76d0d56.4f73b0ce-7fcc-4b09-b906-76fa516f8d3e" returned: 0 in 0.704s {{(pid=82313) execute /opt/stack/data/venv/lib/python3.10/site-packages/oslo_concurrency/processutils.py:468}}
Apr 10 10:35:03 devstack cinder-volume[82313]: WARNING cinder.volume.drivers.remotefs [None req-d4edae55-1e64-4d5d-b4a1-f95410d0d3df tempest-GroupSnapshotsTest-1341425002 None] /opt/stack/data/cinder/mnt/42f4145c9f508e756a1ddee155b2eb38/volume-163a57db-3110-486b-9f59-bf28c76d0d56.4f73b0ce-7fcc-4b09-b906-76fa516f8d3e is being set with open permissions: ugo+rw: NotImplementedError
Apr 10 10:35:03 devstack cinder-volume[82313]: DEBUG oslo_concurrency.processutils [None req-d4edae55-1e64-4d5d-b4a1-f95410d0d3df tempest-GroupSnapshotsTest-1341425002 None] Running cmd (subprocess): sudo cinder-rootwrap /etc/cinder/rootwrap.conf chmod ugo+rw /opt/stack/data/cinder/mnt/42f4145c9f508e756a1ddee155b2eb38/volume-163a57db-3110-486b-9f59-bf28c76d0d56.4f73b0ce-7fcc-4b09-b906-76fa516f8d3e {{(pid=82313) execute /opt/stack/data/venv/lib/python3.10/site-packages/oslo_concurrency/processutils.py:440}}
Apr 10 10:35:03 devstack sudo[85313]: quobyte : PWD=/ ; USER=root ; COMMAND=/opt/stack/data/venv/bin/cinder-rootwrap /etc/cinder/rootwrap.conf chmod ugo+rw /opt/stack/data/cinder/mnt/42f4145c9f508e756a1ddee155b2eb38/volume-163a57db-3110-486b-9f59-bf28c76d0d56.4f73b0ce-7fcc-4b09-b906-76fa516f8d3e
Apr 10 10:35:03 devstack sudo[85313]: pam_unix(sudo:session): session opened for user root(uid=0) by (uid=1000)
Apr 10 10:35:04 devstack sudo[85313]: pam_unix(sudo:session): session closed for user root
Apr 10 10:35:04 devstack cinder-volume[82313]: DEBUG oslo_concurrency.processutils [None req-d4edae55-1e64-4d5d-b4a1-f95410d0d3df tempest-GroupSnapshotsTest-1341425002 None] CMD "sudo cinder-rootwrap /etc/cinder/rootwrap.conf chmod ugo+rw /opt/stack/data/cinder/mnt/42f4145c9f508e756a1ddee155b2eb38/volume-163a57db-3110-486b-9f59-bf28c76d0d56.4f73b0ce-7fcc-4b09-b906-76fa516f8d3e" returned: 0 in 0.635s {{(pid=82313) execute /opt/stack/data/venv/lib/python3.10/site-packages/oslo_concurrency/processutils.py:468}}
Apr 10 10:35:04 devstack cinder-volume[82313]: DEBUG oslo_concurrency.processutils [None req-d4edae55-1e64-4d5d-b4a1-f95410d0d3df tempest-GroupSnapshotsTest-1341425002 None] Running cmd (subprocess): sudo cinder-rootwrap /etc/cinder/rootwrap.conf truncate -s0 /opt/stack/data/cinder/mnt/42f4145c9f508e756a1ddee155b2eb38/volume-163a57db-3110-486b-9f59-bf28c76d0d56.info {{(pid=82313) execute /opt/stack/data/venv/lib/python3.10/site-packages/oslo_concurrency/processutils.py:440}}
Apr 10 10:35:04 devstack sudo[85316]: quobyte : PWD=/ ; USER=root ; COMMAND=/opt/stack/data/venv/bin/cinder-rootwrap /etc/cinder/rootwrap.conf truncate -s0 /opt/stack/data/cinder/mnt/42f4145c9f508e756a1ddee155b2eb38/volume-163a57db-3110-486b-9f59-bf28c76d0d56.info
Apr 10 10:35:04 devstack sudo[85316]: pam_unix(sudo:session): session opened for user root(uid=0) by (uid=1000)
Apr 10 10:35:04 devstack sudo[85316]: pam_unix(sudo:session): session closed for user root
Apr 10 10:35:04 devstack cinder-volume[82313]: DEBUG oslo_concurrency.processutils [None req-d4edae55-1e64-4d5d-b4a1-f95410d0d3df tempest-GroupSnapshotsTest-1341425002 None] CMD "sudo cinder-rootwrap /etc/cinder/rootwrap.conf truncate -s0 /opt/stack/data/cinder/mnt/42f4145c9f508e756a1ddee155b2eb38/volume-163a57db-3110-486b-9f59-bf28c76d0d56.info" returned: 0 in 0.650s {{(pid=82313) execute /opt/stack/data/venv/lib/python3.10/site-packages/oslo_concurrency/processutils.py:468}}
Apr 10 10:35:04 devstack cinder-volume[82313]: WARNING cinder.volume.drivers.remotefs [None req-d4edae55-1e64-4d5d-b4a1-f95410d0d3df tempest-GroupSnapshotsTest-1341425002 None] /opt/stack/data/cinder/mnt/42f4145c9f508e756a1ddee155b2eb38/volume-163a57db-3110-486b-9f59-bf28c76d0d56.info is being set with open permissions: ugo+rw: NotImplementedError
Apr 10 10:35:04 devstack cinder-volume[82313]: DEBUG oslo_concurrency.processutils [None req-d4edae55-1e64-4d5d-b4a1-f95410d0d3df tempest-GroupSnapshotsTest-1341425002 None] Running cmd (subprocess): sudo cinder-rootwrap /etc/cinder/rootwrap.conf chmod ugo+rw /opt/stack/data/cinder/mnt/42f4145c9f508e756a1ddee155b2eb38/volume-163a57db-3110-486b-9f59-bf28c76d0d56.info {{(pid=82313) execute /opt/stack/data/venv/lib/python3.10/site-packages/oslo_concurrency/processutils.py:440}}
Apr 10 10:35:04 devstack sudo[85319]: quobyte : PWD=/ ; USER=root ; COMMAND=/opt/stack/data/venv/bin/cinder-rootwrap /etc/cinder/rootwrap.conf chmod ugo+rw /opt/stack/data/cinder/mnt/42f4145c9f508e756a1ddee155b2eb38/volume-163a57db-3110-486b-9f59-bf28c76d0d56.info
Apr 10 10:35:04 devstack sudo[85319]: pam_unix(sudo:session): session opened for user root(uid=0) by (uid=1000)
Apr 10 10:35:05 devstack sudo[85319]: pam_unix(sudo:session): session closed for user root
Apr 10 10:35:05 devstack cinder-volume[82313]: DEBUG oslo_concurrency.processutils [None req-d4edae55-1e64-4d5d-b4a1-f95410d0d3df tempest-GroupSnapshotsTest-1341425002 None] CMD "sudo cinder-rootwrap /etc/cinder/rootwrap.conf chmod ugo+rw /opt/stack/data/cinder/mnt/42f4145c9f508e756a1ddee155b2eb38/volume-163a57db-3110-486b-9f59-bf28c76d0d56.info" returned: 0 in 0.789s {{(pid=82313) execute /opt/stack/data/venv/lib/python3.10/site-packages/oslo_concurrency/processutils.py:468}}
Apr 10 10:35:05 devstack cinder-volume[82313]: DEBUG oslo_concurrency.lockutils [None req-d4edae55-1e64-4d5d-b4a1-f95410d0d3df tempest-GroupSnapshotsTest-1341425002 None] Lock "quobyte" "released" by "cinder.volume.drivers.quobyte.QuobyteDriver.create_snapshot" :: held 4.605s {{(pid=82313) inner /opt/stack/data/venv/lib/python3.10/site-packages/oslo_concurrency/lockutils.py:538}}
Apr 10 10:35:05 devstack cinder-volume[82313]: DEBUG oslo_concurrency.lockutils [None req-d4edae55-1e64-4d5d-b4a1-f95410d0d3df tempest-GroupSnapshotsTest-1341425002 None] Acquiring lock "quobyte" by "cinder.volume.drivers.quobyte.QuobyteDriver.create_snapshot" {{(pid=82313) inner /opt/stack/data/venv/lib/python3.10/site-packages/oslo_concurrency/lockutils.py:506}}
Apr 10 10:35:05 devstack cinder-volume[82313]: DEBUG oslo_concurrency.lockutils [None req-d4edae55-1e64-4d5d-b4a1-f95410d0d3df tempest-GroupSnapshotsTest-1341425002 None] Lock "quobyte" acquired by "cinder.volume.drivers.quobyte.QuobyteDriver.create_snapshot" :: waited 0.001s {{(pid=82313) inner /opt/stack/data/venv/lib/python3.10/site-packages/oslo_concurrency/lockutils.py:519}}
Apr 10 10:35:05 devstack cinder-volume[82313]: DEBUG cinder.volume.drivers.remotefs [None req-d4edae55-1e64-4d5d-b4a1-f95410d0d3df tempest-GroupSnapshotsTest-1341425002 None] Creating offline snapshot c594aefd-e4b0-4024-80b7-2dde383be9a4 of volume b40a9ef1-c96b-4fca-ac02-e35726c4fa59 {{(pid=82313) _create_snapshot /opt/stack/cinder/cinder/volume/drivers/remotefs.py:1815}}
Apr 10 10:35:05 devstack cinder-volume[82313]: DEBUG oslo.privsep.daemon [-] privsep: reply[fbcfda08-5c81-45b8-ad02-f868715071ab]: (4, 'qcow2') {{(pid=83281) _call_back /opt/stack/data/venv/lib/python3.10/site-packages/oslo_privsep/daemon.py:573}}
Apr 10 10:35:05 devstack cinder-volume[82313]: DEBUG oslo_concurrency.processutils [None req-d4edae55-1e64-4d5d-b4a1-f95410d0d3df tempest-GroupSnapshotsTest-1341425002 None] Running cmd (subprocess): /opt/stack/data/venv/bin/python3.10 -m oslo_concurrency.prlimit --as=1073741824 --cpu=60 -- sudo cinder-rootwrap /etc/cinder/rootwrap.conf env LC_ALL=C qemu-img info -f qcow2 --output=json --force-share /opt/stack/data/cinder/mnt/42f4145c9f508e756a1ddee155b2eb38/volume-b40a9ef1-c96b-4fca-ac02-e35726c4fa59 {{(pid=82313) execute /opt/stack/data/venv/lib/python3.10/site-packages/oslo_concurrency/processutils.py:440}}
Apr 10 10:35:05 devstack sudo[85322]: quobyte : PWD=/ ; USER=root ; COMMAND=/opt/stack/data/venv/bin/cinder-rootwrap /etc/cinder/rootwrap.conf env LC_ALL=C qemu-img info -f qcow2 --output=json --force-share /opt/stack/data/cinder/mnt/42f4145c9f508e756a1ddee155b2eb38/volume-b40a9ef1-c96b-4fca-ac02-e35726c4fa59
Apr 10 10:35:05 devstack sudo[85322]: pam_unix(sudo:session): session opened for user root(uid=0) by (uid=1000)
Apr 10 10:35:06 devstack cinder-volume[82313]: DEBUG dbcounter [-] [82313] Writing DB stats cinder:UPDATE=75,cinder:SELECT=89,cinder:INSERT=17,cinder:DELETE=4 {{(pid=82313) stat_writer /opt/stack/data/venv/lib/python3.10/site-packages/dbcounter.py:115}}
Apr 10 10:35:06 devstack cinder-volume[82313]: DEBUG dbcounter [-] [82313] Writing DB stats cinder:SELECT=98,cinder:UPDATE=77,cinder:INSERT=39,cinder:DELETE=4 {{(pid=82313) stat_writer /opt/stack/data/venv/lib/python3.10/site-packages/dbcounter.py:115}}
Apr 10 10:35:06 devstack cinder-volume[82313]: DEBUG cinder.volume.flows.manager.create_volume [None req-ee931113-bddf-41f2-8ec3-b6155405d04d tempest-VolumesActionsTest-1423105151 None] Volume reschedule parameters: True retry: {'num_attempts': 1, 'backends': ['devstack@QuobyteHD#QuobyteHD'], 'hosts': ['devstack@QuobyteHD#QuobyteHD']} {{(pid=82313) get_flow /opt/stack/cinder/cinder/volume/flows/manager/create_volume.py:1395}}
Apr 10 10:35:06 devstack cinder-volume[82313]: DEBUG cinder.volume.manager [None req-ee931113-bddf-41f2-8ec3-b6155405d04d tempest-VolumesActionsTest-1423105151 None] Flow 'volume_create_manager' (ed7eb004-d672-4b0b-9268-15b4301e3b71) transitioned into state 'RUNNING' from state 'PENDING' {{(pid=82313) _flow_receiver /opt/stack/data/venv/lib/python3.10/site-packages/taskflow/listeners/logging.py:145}}
Apr 10 10:35:06 devstack cinder-volume[82313]: DEBUG cinder.volume.manager [None req-ee931113-bddf-41f2-8ec3-b6155405d04d tempest-VolumesActionsTest-1423105151 None] Task 'cinder.volume.flows.manager.create_volume.ExtractVolumeRefTask;volume:create' (174ca812-2071-49e5-a00c-c7513959ddf6) transitioned into state 'RUNNING' from state 'PENDING' {{(pid=82313) _task_receiver /opt/stack/data/venv/lib/python3.10/site-packages/taskflow/listeners/logging.py:194}}
Apr 10 10:35:06 devstack sudo[85322]: pam_unix(sudo:session): session closed for user root
Apr 10 10:35:06 devstack cinder-volume[82313]: DEBUG cinder.volume.manager [None req-ee931113-bddf-41f2-8ec3-b6155405d04d tempest-VolumesActionsTest-1423105151 None] Task 'cinder.volume.flows.manager.create_volume.ExtractVolumeRefTask;volume:create' (174ca812-2071-49e5-a00c-c7513959ddf6) transitioned into state 'SUCCESS' from state 'RUNNING' with result 'Volume(_name_id=None,admin_metadata=,attach_status='detached',availability_zone='nova',bootable=False,cluster=,cluster_name=None,consistencygroup=,consistencygroup_id=None,created_at=2026-04-10T08:35:06Z,deleted=False,deleted_at=None,display_description=None,display_name='tempest-VolumesActionsTest-Volume-226125577',ec2_id=None,encryption_key_id=None,glance_metadata=,group=,group_id=None,host='devstack@QuobyteHD#QuobyteHD',id=9c1c0c95-2cde-4b9a-97fe-777a858638a9,launched_at=None,metadata={},migration_status=None,multiattach=False,previous_status=None,project_id='9b6bdfe4f7c74196a7a6debbf9d16e29',provider_auth=None,provider_geometry=None,provider_id=None,provider_location=None,replication_driver_data=None,replication_extended_status=None,replication_status=None,scheduled_at=2026-04-10T08:35:06Z,service_uuid=None,shared_targets=True,size=1,snapshot_id=None,snapshots=,source_volid=None,status='creating',terminated_at=None,updated_at=2026-04-10T08:35:06Z,use_quota=True,user_id='3f10487e1a734c3c8e7157ee98c4ba75',volume_attachment=VolumeAttachmentList,volume_type=VolumeType(5fa3b0d1-3d65-4030-9bb1-1676bbf8764a),volume_type_id=5fa3b0d1-3d65-4030-9bb1-1676bbf8764a)' {{(pid=82313) _task_receiver /opt/stack/data/venv/lib/python3.10/site-packages/taskflow/listeners/logging.py:182}}
Apr 10 10:35:06 devstack cinder-volume[82313]: DEBUG cinder.volume.manager [None req-ee931113-bddf-41f2-8ec3-b6155405d04d tempest-VolumesActionsTest-1423105151 None] Task 'cinder.volume.flows.manager.create_volume.OnFailureRescheduleTask;volume:create' (cd659011-a8e4-49c1-a34d-47807b2c1875) transitioned into state 'RUNNING' from state 'PENDING' {{(pid=82313) _task_receiver /opt/stack/data/venv/lib/python3.10/site-packages/taskflow/listeners/logging.py:194}}
Apr 10 10:35:06 devstack cinder-volume[82313]: DEBUG cinder.volume.manager [None req-ee931113-bddf-41f2-8ec3-b6155405d04d tempest-VolumesActionsTest-1423105151 None] Task 'cinder.volume.flows.manager.create_volume.OnFailureRescheduleTask;volume:create' (cd659011-a8e4-49c1-a34d-47807b2c1875) transitioned into state 'SUCCESS' from state 'RUNNING' with result 'None' {{(pid=82313) _task_receiver /opt/stack/data/venv/lib/python3.10/site-packages/taskflow/listeners/logging.py:182}}
Apr 10 10:35:06 devstack cinder-volume[82313]: DEBUG cinder.volume.manager [None req-ee931113-bddf-41f2-8ec3-b6155405d04d tempest-VolumesActionsTest-1423105151 None] Task 'cinder.volume.flows.manager.create_volume.ExtractVolumeSpecTask;volume:create' (39044131-dc5a-481a-bb0c-b2fb3fef401e) transitioned into state 'RUNNING' from state 'PENDING' {{(pid=82313) _task_receiver /opt/stack/data/venv/lib/python3.10/site-packages/taskflow/listeners/logging.py:194}}
Apr 10 10:35:06 devstack cinder-volume[82313]: DEBUG cinder.volume.manager [None req-ee931113-bddf-41f2-8ec3-b6155405d04d tempest-VolumesActionsTest-1423105151 None] Task 'cinder.volume.flows.manager.create_volume.ExtractVolumeSpecTask;volume:create' (39044131-dc5a-481a-bb0c-b2fb3fef401e) transitioned into state 'SUCCESS' from state 'RUNNING' with result '{'status': 'creating', 'type': 'raw', 'volume_id': '9c1c0c95-2cde-4b9a-97fe-777a858638a9', 'volume_name': 'volume-9c1c0c95-2cde-4b9a-97fe-777a858638a9', 'volume_size': 1}' {{(pid=82313) _task_receiver /opt/stack/data/venv/lib/python3.10/site-packages/taskflow/listeners/logging.py:182}}
Apr 10 10:35:06 devstack cinder-volume[82313]: DEBUG cinder.volume.manager [None req-ee931113-bddf-41f2-8ec3-b6155405d04d tempest-VolumesActionsTest-1423105151 None] Task 'cinder.volume.flows.manager.create_volume.NotifyVolumeActionTask;volume:create, create.start' (b4157ffb-78a9-4d48-87f1-f3678474dc1d) transitioned into state 'RUNNING' from state 'PENDING' {{(pid=82313) _task_receiver /opt/stack/data/venv/lib/python3.10/site-packages/taskflow/listeners/logging.py:194}}
Apr 10 10:35:06 devstack cinder-volume[82313]: DEBUG cinder.volume.manager [None req-ee931113-bddf-41f2-8ec3-b6155405d04d tempest-VolumesActionsTest-1423105151 None] Task 'cinder.volume.flows.manager.create_volume.NotifyVolumeActionTask;volume:create, create.start' (b4157ffb-78a9-4d48-87f1-f3678474dc1d) transitioned into state 'SUCCESS' from state 'RUNNING' with result 'None' {{(pid=82313) _task_receiver /opt/stack/data/venv/lib/python3.10/site-packages/taskflow/listeners/logging.py:182}}
Apr 10 10:35:06 devstack cinder-volume[82313]: DEBUG cinder.volume.manager [None req-ee931113-bddf-41f2-8ec3-b6155405d04d tempest-VolumesActionsTest-1423105151 None] Task 'cinder.volume.flows.manager.create_volume.CreateVolumeFromSpecTask;volume:create' (38b92157-739c-4c86-bcc5-a0b15c0d7747) transitioned into state 'RUNNING' from state 'PENDING' {{(pid=82313) _task_receiver /opt/stack/data/venv/lib/python3.10/site-packages/taskflow/listeners/logging.py:194}}
Apr 10 10:35:06 devstack cinder-volume[82313]: INFO cinder.volume.flows.manager.create_volume [None req-ee931113-bddf-41f2-8ec3-b6155405d04d tempest-VolumesActionsTest-1423105151 None] Volume 9c1c0c95-2cde-4b9a-97fe-777a858638a9: being created as raw with specification: {'status': 'creating', 'volume_name': 'volume-9c1c0c95-2cde-4b9a-97fe-777a858638a9', 'volume_size': 1}
Apr 10 10:35:06 devstack cinder-volume[82313]: DEBUG oslo_concurrency.lockutils [None req-ee931113-bddf-41f2-8ec3-b6155405d04d tempest-VolumesActionsTest-1423105151 None] Acquiring lock "quobyte" by "cinder.volume.drivers.quobyte.QuobyteDriver.create_volume" {{(pid=82313) inner /opt/stack/data/venv/lib/python3.10/site-packages/oslo_concurrency/lockutils.py:506}}
Apr 10 10:35:06 devstack cinder-volume[82313]: DEBUG oslo_concurrency.processutils [None req-d4edae55-1e64-4d5d-b4a1-f95410d0d3df tempest-GroupSnapshotsTest-1341425002 None] CMD "/opt/stack/data/venv/bin/python3.10 -m oslo_concurrency.prlimit --as=1073741824 --cpu=60 -- sudo cinder-rootwrap /etc/cinder/rootwrap.conf env LC_ALL=C qemu-img info -f qcow2 --output=json --force-share /opt/stack/data/cinder/mnt/42f4145c9f508e756a1ddee155b2eb38/volume-b40a9ef1-c96b-4fca-ac02-e35726c4fa59" returned: 0 in 0.898s {{(pid=82313) execute /opt/stack/data/venv/lib/python3.10/site-packages/oslo_concurrency/processutils.py:468}}
Apr 10 10:35:06 devstack cinder-volume[82313]: DEBUG oslo_concurrency.processutils [None req-d4edae55-1e64-4d5d-b4a1-f95410d0d3df tempest-GroupSnapshotsTest-1341425002 None] Running cmd (subprocess): sudo cinder-rootwrap /etc/cinder/rootwrap.conf qemu-img create -f qcow2 -o backing_file=/opt/stack/data/cinder/mnt/42f4145c9f508e756a1ddee155b2eb38/volume-b40a9ef1-c96b-4fca-ac02-e35726c4fa59,backing_fmt=qcow2 /opt/stack/data/cinder/mnt/42f4145c9f508e756a1ddee155b2eb38/volume-b40a9ef1-c96b-4fca-ac02-e35726c4fa59.c594aefd-e4b0-4024-80b7-2dde383be9a4 1G {{(pid=82313) execute /opt/stack/data/venv/lib/python3.10/site-packages/oslo_concurrency/processutils.py:440}}
Apr 10 10:35:06 devstack sudo[85327]: quobyte : PWD=/ ; USER=root ; COMMAND=/opt/stack/data/venv/bin/cinder-rootwrap /etc/cinder/rootwrap.conf qemu-img create -f qcow2 -o backing_file=/opt/stack/data/cinder/mnt/42f4145c9f508e756a1ddee155b2eb38/volume-b40a9ef1-c96b-4fca-ac02-e35726c4fa59,backing_fmt=qcow2 /opt/stack/data/cinder/mnt/42f4145c9f508e756a1ddee155b2eb38/volume-b40a9ef1-c96b-4fca-ac02-e35726c4fa59.c594aefd-e4b0-4024-80b7-2dde383be9a4 1G
Apr 10 10:35:06 devstack sudo[85327]: pam_unix(sudo:session): session opened for user root(uid=0) by (uid=1000)
Apr 10 10:35:07 devstack sudo[85327]: pam_unix(sudo:session): session closed for user root
Apr 10 10:35:07 devstack cinder-volume[82313]: DEBUG oslo_concurrency.processutils [None req-d4edae55-1e64-4d5d-b4a1-f95410d0d3df tempest-GroupSnapshotsTest-1341425002 None] CMD "sudo cinder-rootwrap /etc/cinder/rootwrap.conf qemu-img create -f qcow2 -o backing_file=/opt/stack/data/cinder/mnt/42f4145c9f508e756a1ddee155b2eb38/volume-b40a9ef1-c96b-4fca-ac02-e35726c4fa59,backing_fmt=qcow2 /opt/stack/data/cinder/mnt/42f4145c9f508e756a1ddee155b2eb38/volume-b40a9ef1-c96b-4fca-ac02-e35726c4fa59.c594aefd-e4b0-4024-80b7-2dde383be9a4 1G" returned: 0 in 0.650s {{(pid=82313) execute /opt/stack/data/venv/lib/python3.10/site-packages/oslo_concurrency/processutils.py:468}}
Apr 10 10:35:07 devstack cinder-volume[82313]: DEBUG oslo_concurrency.processutils [None req-d4edae55-1e64-4d5d-b4a1-f95410d0d3df tempest-GroupSnapshotsTest-1341425002 None] Running cmd (subprocess): sudo cinder-rootwrap /etc/cinder/rootwrap.conf qemu-img rebase -u -b volume-b40a9ef1-c96b-4fca-ac02-e35726c4fa59 -F qcow2 /opt/stack/data/cinder/mnt/42f4145c9f508e756a1ddee155b2eb38/volume-b40a9ef1-c96b-4fca-ac02-e35726c4fa59.c594aefd-e4b0-4024-80b7-2dde383be9a4 {{(pid=82313) execute /opt/stack/data/venv/lib/python3.10/site-packages/oslo_concurrency/processutils.py:440}}
Apr 10 10:35:07 devstack sudo[85332]: quobyte : PWD=/ ; USER=root ; COMMAND=/opt/stack/data/venv/bin/cinder-rootwrap /etc/cinder/rootwrap.conf qemu-img rebase -u -b volume-b40a9ef1-c96b-4fca-ac02-e35726c4fa59 -F qcow2 /opt/stack/data/cinder/mnt/42f4145c9f508e756a1ddee155b2eb38/volume-b40a9ef1-c96b-4fca-ac02-e35726c4fa59.c594aefd-e4b0-4024-80b7-2dde383be9a4
Apr 10 10:35:07 devstack sudo[85332]: pam_unix(sudo:session): session opened for user root(uid=0) by (uid=1000)
Apr 10 10:35:07 devstack sudo[85332]: pam_unix(sudo:session): session closed for user root
Apr 10 10:35:07 devstack cinder-volume[82313]: DEBUG oslo_concurrency.processutils [None req-d4edae55-1e64-4d5d-b4a1-f95410d0d3df tempest-GroupSnapshotsTest-1341425002 None] CMD "sudo cinder-rootwrap /etc/cinder/rootwrap.conf qemu-img rebase -u -b volume-b40a9ef1-c96b-4fca-ac02-e35726c4fa59 -F qcow2 /opt/stack/data/cinder/mnt/42f4145c9f508e756a1ddee155b2eb38/volume-b40a9ef1-c96b-4fca-ac02-e35726c4fa59.c594aefd-e4b0-4024-80b7-2dde383be9a4" returned: 0 in 0.697s {{(pid=82313) execute /opt/stack/data/venv/lib/python3.10/site-packages/oslo_concurrency/processutils.py:468}}
Apr 10 10:35:07 devstack cinder-volume[82313]: WARNING cinder.volume.drivers.remotefs [None req-d4edae55-1e64-4d5d-b4a1-f95410d0d3df tempest-GroupSnapshotsTest-1341425002 None] /opt/stack/data/cinder/mnt/42f4145c9f508e756a1ddee155b2eb38/volume-b40a9ef1-c96b-4fca-ac02-e35726c4fa59.c594aefd-e4b0-4024-80b7-2dde383be9a4 is being set with open permissions: ugo+rw: NotImplementedError
Apr 10 10:35:07 devstack cinder-volume[82313]: DEBUG oslo_concurrency.processutils [None req-d4edae55-1e64-4d5d-b4a1-f95410d0d3df tempest-GroupSnapshotsTest-1341425002 None] Running cmd (subprocess): sudo cinder-rootwrap /etc/cinder/rootwrap.conf chmod ugo+rw /opt/stack/data/cinder/mnt/42f4145c9f508e756a1ddee155b2eb38/volume-b40a9ef1-c96b-4fca-ac02-e35726c4fa59.c594aefd-e4b0-4024-80b7-2dde383be9a4 {{(pid=82313) execute /opt/stack/data/venv/lib/python3.10/site-packages/oslo_concurrency/processutils.py:440}}
Apr 10 10:35:07 devstack sudo[85357]: quobyte : PWD=/ ; USER=root ; COMMAND=/opt/stack/data/venv/bin/cinder-rootwrap /etc/cinder/rootwrap.conf chmod ugo+rw /opt/stack/data/cinder/mnt/42f4145c9f508e756a1ddee155b2eb38/volume-b40a9ef1-c96b-4fca-ac02-e35726c4fa59.c594aefd-e4b0-4024-80b7-2dde383be9a4
Apr 10 10:35:07 devstack sudo[85357]: pam_unix(sudo:session): session opened for user root(uid=0) by (uid=1000)
Apr 10 10:35:08 devstack sudo[85357]: pam_unix(sudo:session): session closed for user root
Apr 10 10:35:08 devstack cinder-volume[82313]: DEBUG oslo_concurrency.processutils [None req-d4edae55-1e64-4d5d-b4a1-f95410d0d3df tempest-GroupSnapshotsTest-1341425002 None] CMD "sudo cinder-rootwrap /etc/cinder/rootwrap.conf chmod ugo+rw /opt/stack/data/cinder/mnt/42f4145c9f508e756a1ddee155b2eb38/volume-b40a9ef1-c96b-4fca-ac02-e35726c4fa59.c594aefd-e4b0-4024-80b7-2dde383be9a4" returned: 0 in 0.592s {{(pid=82313) execute /opt/stack/data/venv/lib/python3.10/site-packages/oslo_concurrency/processutils.py:468}}
Apr 10 10:35:08 devstack cinder-volume[82313]: DEBUG oslo_concurrency.processutils [None req-d4edae55-1e64-4d5d-b4a1-f95410d0d3df tempest-GroupSnapshotsTest-1341425002 None] Running cmd (subprocess): sudo cinder-rootwrap /etc/cinder/rootwrap.conf truncate -s0 /opt/stack/data/cinder/mnt/42f4145c9f508e756a1ddee155b2eb38/volume-b40a9ef1-c96b-4fca-ac02-e35726c4fa59.info {{(pid=82313) execute /opt/stack/data/venv/lib/python3.10/site-packages/oslo_concurrency/processutils.py:440}}
Apr 10 10:35:08 devstack sudo[85365]: quobyte : PWD=/ ; USER=root ; COMMAND=/opt/stack/data/venv/bin/cinder-rootwrap /etc/cinder/rootwrap.conf truncate -s0 /opt/stack/data/cinder/mnt/42f4145c9f508e756a1ddee155b2eb38/volume-b40a9ef1-c96b-4fca-ac02-e35726c4fa59.info
Apr 10 10:35:08 devstack sudo[85365]: pam_unix(sudo:session): session opened for user root(uid=0) by (uid=1000)
Apr 10 10:35:09 devstack sudo[85365]: pam_unix(sudo:session): session closed for user root
Apr 10 10:35:09 devstack cinder-volume[82313]: DEBUG oslo_concurrency.processutils [None req-d4edae55-1e64-4d5d-b4a1-f95410d0d3df tempest-GroupSnapshotsTest-1341425002 None] CMD "sudo cinder-rootwrap /etc/cinder/rootwrap.conf truncate -s0 /opt/stack/data/cinder/mnt/42f4145c9f508e756a1ddee155b2eb38/volume-b40a9ef1-c96b-4fca-ac02-e35726c4fa59.info" returned: 0 in 0.649s {{(pid=82313) execute /opt/stack/data/venv/lib/python3.10/site-packages/oslo_concurrency/processutils.py:468}}
Apr 10 10:35:09 devstack cinder-volume[82313]: WARNING cinder.volume.drivers.remotefs [None req-d4edae55-1e64-4d5d-b4a1-f95410d0d3df tempest-GroupSnapshotsTest-1341425002 None] /opt/stack/data/cinder/mnt/42f4145c9f508e756a1ddee155b2eb38/volume-b40a9ef1-c96b-4fca-ac02-e35726c4fa59.info is being set with open permissions: ugo+rw: NotImplementedError
Apr 10 10:35:09 devstack cinder-volume[82313]: DEBUG oslo_concurrency.processutils [None req-d4edae55-1e64-4d5d-b4a1-f95410d0d3df tempest-GroupSnapshotsTest-1341425002 None] Running cmd (subprocess): sudo cinder-rootwrap /etc/cinder/rootwrap.conf chmod ugo+rw /opt/stack/data/cinder/mnt/42f4145c9f508e756a1ddee155b2eb38/volume-b40a9ef1-c96b-4fca-ac02-e35726c4fa59.info {{(pid=82313) execute /opt/stack/data/venv/lib/python3.10/site-packages/oslo_concurrency/processutils.py:440}}
Apr 10 10:35:09 devstack sudo[85385]: quobyte : PWD=/ ; USER=root ; COMMAND=/opt/stack/data/venv/bin/cinder-rootwrap /etc/cinder/rootwrap.conf chmod ugo+rw /opt/stack/data/cinder/mnt/42f4145c9f508e756a1ddee155b2eb38/volume-b40a9ef1-c96b-4fca-ac02-e35726c4fa59.info
Apr 10 10:35:09 devstack sudo[85385]: pam_unix(sudo:session): session opened for user root(uid=0) by (uid=1000)
Apr 10 10:35:09 devstack sudo[85385]: pam_unix(sudo:session): session closed for user root
Apr 10 10:35:09 devstack cinder-volume[82313]: DEBUG oslo_concurrency.processutils [None req-d4edae55-1e64-4d5d-b4a1-f95410d0d3df tempest-GroupSnapshotsTest-1341425002 None] CMD "sudo cinder-rootwrap /etc/cinder/rootwrap.conf chmod ugo+rw /opt/stack/data/cinder/mnt/42f4145c9f508e756a1ddee155b2eb38/volume-b40a9ef1-c96b-4fca-ac02-e35726c4fa59.info" returned: 0 in 0.512s {{(pid=82313) execute /opt/stack/data/venv/lib/python3.10/site-packages/oslo_concurrency/processutils.py:468}}
Apr 10 10:35:09 devstack cinder-volume[82313]: DEBUG oslo_concurrency.lockutils [None req-d4edae55-1e64-4d5d-b4a1-f95410d0d3df tempest-GroupSnapshotsTest-1341425002 None] Lock "quobyte" "released" by "cinder.volume.drivers.quobyte.QuobyteDriver.create_snapshot" :: held 4.078s {{(pid=82313) inner /opt/stack/data/venv/lib/python3.10/site-packages/oslo_concurrency/lockutils.py:538}}
Apr 10 10:35:09 devstack cinder-volume[82313]: DEBUG oslo_concurrency.lockutils [None req-ee931113-bddf-41f2-8ec3-b6155405d04d tempest-VolumesActionsTest-1423105151 None] Lock "quobyte" acquired by "cinder.volume.drivers.quobyte.QuobyteDriver.create_volume" :: waited 3.148s {{(pid=82313) inner /opt/stack/data/venv/lib/python3.10/site-packages/oslo_concurrency/lockutils.py:519}}
Apr 10 10:35:09 devstack cinder-volume[82313]: DEBUG cinder.volume.drivers.quobyte [None req-ee931113-bddf-41f2-8ec3-b6155405d04d tempest-VolumesActionsTest-1423105151 None] ==> create_volume: call "{'self': , 'volume': Volume(_name_id=None,admin_metadata=,attach_status='detached',availability_zone='nova',bootable=False,cluster=,cluster_name=None,consistencygroup=,consistencygroup_id=None,created_at=2026-04-10T08:35:06Z,deleted=False,deleted_at=None,display_description=None,display_name='tempest-VolumesActionsTest-Volume-226125577',ec2_id=None,encryption_key_id=None,glance_metadata=,group=,group_id=None,host='devstack@QuobyteHD#QuobyteHD',id=9c1c0c95-2cde-4b9a-97fe-777a858638a9,launched_at=None,metadata={},migration_status=None,multiattach=False,previous_status=None,project_id='9b6bdfe4f7c74196a7a6debbf9d16e29',provider_auth=None,provider_geometry=None,provider_id=None,provider_location=None,replication_driver_data=None,replication_extended_status=None,replication_status=None,scheduled_at=2026-04-10T08:35:06Z,service_uuid=None,shared_targets=True,size=1,snapshot_id=None,snapshots=,source_volid=None,status='creating',terminated_at=None,updated_at=2026-04-10T08:35:06Z,use_quota=True,user_id='3f10487e1a734c3c8e7157ee98c4ba75',volume_attachment=VolumeAttachmentList,volume_type=VolumeType(5fa3b0d1-3d65-4030-9bb1-1676bbf8764a),volume_type_id=5fa3b0d1-3d65-4030-9bb1-1676bbf8764a)}" {{(pid=82313) trace_logging_wrapper /opt/stack/cinder/cinder/volume/volume_utils.py:1498}}
Apr 10 10:35:09 devstack cinder-volume[82313]: DEBUG cinder.volume.drivers.remotefs [None req-ee931113-bddf-41f2-8ec3-b6155405d04d tempest-VolumesActionsTest-1423105151 None] Creating volume 9c1c0c95-2cde-4b9a-97fe-777a858638a9 {{(pid=82313) create_volume /opt/stack/cinder/cinder/volume/drivers/remotefs.py:292}}
Apr 10 10:35:09 devstack cinder-volume[82313]: DEBUG oslo_concurrency.lockutils [None req-ee931113-bddf-41f2-8ec3-b6155405d04d tempest-VolumesActionsTest-1423105151 None] Acquiring lock "quobyte_ensure" by "cinder.volume.drivers.quobyte.QuobyteDriver._ensure_shares_mounted" {{(pid=82313) inner /opt/stack/data/venv/lib/python3.10/site-packages/oslo_concurrency/lockutils.py:506}}
Apr 10 10:35:09 devstack cinder-volume[82313]: DEBUG oslo_concurrency.lockutils [None req-ee931113-bddf-41f2-8ec3-b6155405d04d tempest-VolumesActionsTest-1423105151 None] Lock "quobyte_ensure" acquired by "cinder.volume.drivers.quobyte.QuobyteDriver._ensure_shares_mounted" :: waited 0.000s {{(pid=82313) inner /opt/stack/data/venv/lib/python3.10/site-packages/oslo_concurrency/lockutils.py:519}}
Apr 10 10:35:09 devstack cinder-volume[82313]: DEBUG cinder.volume.drivers.quobyte [None req-ee931113-bddf-41f2-8ec3-b6155405d04d tempest-VolumesActionsTest-1423105151 None] Quobyte Volume URL set to: {'osci02.corp.quobyte.com/cinder-vol-becefbdd-c7da-487e-8da3-877b2292edf8': None} {{(pid=82313) _load_shares_config /opt/stack/cinder/cinder/volume/drivers/quobyte.py:617}}
Apr 10 10:35:09 devstack cinder-volume[82313]: DEBUG cinder.volume.drivers.quobyte [None req-ee931113-bddf-41f2-8ec3-b6155405d04d tempest-VolumesActionsTest-1423105151 None] Available shares ['osci02.corp.quobyte.com/cinder-vol-becefbdd-c7da-487e-8da3-877b2292edf8'] {{(pid=82313) _ensure_shares_mounted /opt/stack/cinder/cinder/volume/drivers/quobyte.py:647}}
Apr 10 10:35:09 devstack cinder-volume[82313]: DEBUG oslo_concurrency.lockutils [None req-ee931113-bddf-41f2-8ec3-b6155405d04d tempest-VolumesActionsTest-1423105151 None] Lock "quobyte_ensure" "released" by "cinder.volume.drivers.quobyte.QuobyteDriver._ensure_shares_mounted" :: held 0.004s {{(pid=82313) inner /opt/stack/data/venv/lib/python3.10/site-packages/oslo_concurrency/lockutils.py:538}}
Apr 10 10:35:09 devstack cinder-volume[82313]: DEBUG cinder.volume.drivers.quobyte [None req-ee931113-bddf-41f2-8ec3-b6155405d04d tempest-VolumesActionsTest-1423105151 None] Selected osci02.corp.quobyte.com/cinder-vol-becefbdd-c7da-487e-8da3-877b2292edf8 as target Quobyte volume. {{(pid=82313) _find_share /opt/stack/cinder/cinder/volume/drivers/quobyte.py:668}}
Apr 10 10:35:09 devstack cinder-volume[82313]: INFO cinder.volume.drivers.remotefs [None req-ee931113-bddf-41f2-8ec3-b6155405d04d tempest-VolumesActionsTest-1423105151 None] casted to osci02.corp.quobyte.com/cinder-vol-becefbdd-c7da-487e-8da3-877b2292edf8
Apr 10 10:35:09 devstack cinder-volume[82313]: DEBUG oslo_concurrency.processutils [None req-ee931113-bddf-41f2-8ec3-b6155405d04d tempest-VolumesActionsTest-1423105151 None] Running cmd (subprocess): sudo cinder-rootwrap /etc/cinder/rootwrap.conf qemu-img create -f qcow2 -o preallocation=metadata /opt/stack/data/cinder/mnt/42f4145c9f508e756a1ddee155b2eb38/volume-9c1c0c95-2cde-4b9a-97fe-777a858638a9 1073741824 {{(pid=82313) execute /opt/stack/data/venv/lib/python3.10/site-packages/oslo_concurrency/processutils.py:440}}
Apr 10 10:35:09 devstack sudo[85397]: quobyte : PWD=/ ; USER=root ; COMMAND=/opt/stack/data/venv/bin/cinder-rootwrap /etc/cinder/rootwrap.conf qemu-img create -f qcow2 -o preallocation=metadata /opt/stack/data/cinder/mnt/42f4145c9f508e756a1ddee155b2eb38/volume-9c1c0c95-2cde-4b9a-97fe-777a858638a9 1073741824
Apr 10 10:35:09 devstack sudo[85397]: pam_unix(sudo:session): session opened for user root(uid=0) by (uid=1000)
Apr 10 10:35:09 devstack cinder-volume[82313]: INFO cinder.volume.manager [None req-d4edae55-1e64-4d5d-b4a1-f95410d0d3df tempest-GroupSnapshotsTest-1341425002 None] group_snapshot 2cf4f2d3-aa5d-485d-b21f-b71c80875fb3: created successfully
Apr 10 10:35:10 devstack sudo[85397]: pam_unix(sudo:session): session closed for user root
Apr 10 10:35:10 devstack cinder-volume[82313]: DEBUG oslo_concurrency.processutils [None req-ee931113-bddf-41f2-8ec3-b6155405d04d tempest-VolumesActionsTest-1423105151 None] CMD "sudo cinder-rootwrap /etc/cinder/rootwrap.conf qemu-img create -f qcow2 -o preallocation=metadata /opt/stack/data/cinder/mnt/42f4145c9f508e756a1ddee155b2eb38/volume-9c1c0c95-2cde-4b9a-97fe-777a858638a9 1073741824" returned: 0 in 0.633s {{(pid=82313) execute /opt/stack/data/venv/lib/python3.10/site-packages/oslo_concurrency/processutils.py:468}}
Apr 10 10:35:10 devstack cinder-volume[82313]: DEBUG oslo_concurrency.processutils [None req-ee931113-bddf-41f2-8ec3-b6155405d04d tempest-VolumesActionsTest-1423105151 None] Running cmd (subprocess): sudo cinder-rootwrap /etc/cinder/rootwrap.conf chmod ugo+rw /opt/stack/data/cinder/mnt/42f4145c9f508e756a1ddee155b2eb38/volume-9c1c0c95-2cde-4b9a-97fe-777a858638a9 {{(pid=82313) execute /opt/stack/data/venv/lib/python3.10/site-packages/oslo_concurrency/processutils.py:440}}
Apr 10 10:35:10 devstack sudo[85402]: quobyte : PWD=/ ; USER=root ; COMMAND=/opt/stack/data/venv/bin/cinder-rootwrap /etc/cinder/rootwrap.conf chmod ugo+rw /opt/stack/data/cinder/mnt/42f4145c9f508e756a1ddee155b2eb38/volume-9c1c0c95-2cde-4b9a-97fe-777a858638a9
Apr 10 10:35:10 devstack sudo[85402]: pam_unix(sudo:session): session opened for user root(uid=0) by (uid=1000)
Apr 10 10:35:10 devstack cinder-volume[82313]: INFO cinder.volume.manager [None req-1eab719b-881c-4ce8-baae-47c0d5ca711b tempest-GroupSnapshotsTest-1341425002 None] group_snapshot 2cf4f2d3-aa5d-485d-b21f-b71c80875fb3: deleting
Apr 10 10:35:10 devstack cinder-volume[82313]: DEBUG cinder.volume.manager [None req-1eab719b-881c-4ce8-baae-47c0d5ca711b tempest-GroupSnapshotsTest-1341425002 None] group_snapshot 2cf4f2d3-aa5d-485d-b21f-b71c80875fb3: deleting {{(pid=82313) delete_group_snapshot /opt/stack/cinder/cinder/volume/manager.py:4350}}
Apr 10 10:35:10 devstack cinder-volume[82313]: DEBUG cinder.coordination [None req-1eab719b-881c-4ce8-baae-47c0d5ca711b tempest-GroupSnapshotsTest-1341425002 None] Acquiring lock "cinder-quobyte-163a57db-3110-486b-9f59-bf28c76d0d56" by "delete_snapshot" {{(pid=82313) __acquire /opt/stack/cinder/cinder/coordination.py:138}}
Apr 10 10:35:10 devstack cinder-volume[82313]: DEBUG cinder.coordination [None req-1eab719b-881c-4ce8-baae-47c0d5ca711b tempest-GroupSnapshotsTest-1341425002 None] Lock "cinder-quobyte-163a57db-3110-486b-9f59-bf28c76d0d56" acquired by "delete_snapshot" :: waited 0.015s {{(pid=82313) __acquire /opt/stack/cinder/cinder/coordination.py:141}}
Apr 10 10:35:10 devstack cinder-volume[82313]: DEBUG cinder.coordination [None req-1eab719b-881c-4ce8-baae-47c0d5ca711b tempest-GroupSnapshotsTest-1341425002 None] Acquiring lock "cinder-quobyte-4f73b0ce-7fcc-4b09-b906-76fa516f8d3e" by "_delete_snapshot" {{(pid=82313) __acquire /opt/stack/cinder/cinder/coordination.py:138}}
Apr 10 10:35:10 devstack cinder-volume[82313]: DEBUG cinder.coordination [None req-1eab719b-881c-4ce8-baae-47c0d5ca711b tempest-GroupSnapshotsTest-1341425002 None] Lock "cinder-quobyte-4f73b0ce-7fcc-4b09-b906-76fa516f8d3e" acquired by "_delete_snapshot" :: waited 0.013s {{(pid=82313) __acquire /opt/stack/cinder/cinder/coordination.py:141}}
Apr 10 10:35:10 devstack cinder-volume[82313]: DEBUG cinder.volume.drivers.remotefs [None req-1eab719b-881c-4ce8-baae-47c0d5ca711b tempest-GroupSnapshotsTest-1341425002 None] Deleting offline snapshot 4f73b0ce-7fcc-4b09-b906-76fa516f8d3e of volume 163a57db-3110-486b-9f59-bf28c76d0d56 {{(pid=82313) _delete_snapshot /opt/stack/cinder/cinder/volume/drivers/remotefs.py:1288}}
Apr 10 10:35:10 devstack cinder-volume[82313]: DEBUG cinder.volume.drivers.remotefs [None req-1eab719b-881c-4ce8-baae-47c0d5ca711b tempest-GroupSnapshotsTest-1341425002 None] snapshot_file for this snap is: volume-163a57db-3110-486b-9f59-bf28c76d0d56.4f73b0ce-7fcc-4b09-b906-76fa516f8d3e {{(pid=82313) _delete_snapshot /opt/stack/cinder/cinder/volume/drivers/remotefs.py:1317}}
Apr 10 10:35:10 devstack cinder-volume[82313]: DEBUG oslo.privsep.daemon [-] privsep: reply[a99b040e-51c1-43d9-bc00-f45af13484ad]: (4, 'qcow2') {{(pid=83281) _call_back /opt/stack/data/venv/lib/python3.10/site-packages/oslo_privsep/daemon.py:573}}
Apr 10 10:35:10 devstack cinder-volume[82313]: DEBUG oslo_concurrency.processutils [None req-1eab719b-881c-4ce8-baae-47c0d5ca711b tempest-GroupSnapshotsTest-1341425002 None] Running cmd (subprocess): /opt/stack/data/venv/bin/python3.10 -m oslo_concurrency.prlimit --as=1073741824 --cpu=60 -- sudo cinder-rootwrap /etc/cinder/rootwrap.conf env LC_ALL=C qemu-img info -f qcow2 --output=json --force-share /opt/stack/data/cinder/mnt/42f4145c9f508e756a1ddee155b2eb38/volume-163a57db-3110-486b-9f59-bf28c76d0d56.4f73b0ce-7fcc-4b09-b906-76fa516f8d3e {{(pid=82313) execute /opt/stack/data/venv/lib/python3.10/site-packages/oslo_concurrency/processutils.py:440}}
Apr 10 10:35:10 devstack sudo[85404]: quobyte : PWD=/ ; USER=root ; COMMAND=/opt/stack/data/venv/bin/cinder-rootwrap /etc/cinder/rootwrap.conf env LC_ALL=C qemu-img info -f qcow2 --output=json --force-share /opt/stack/data/cinder/mnt/42f4145c9f508e756a1ddee155b2eb38/volume-163a57db-3110-486b-9f59-bf28c76d0d56.4f73b0ce-7fcc-4b09-b906-76fa516f8d3e
Apr 10 10:35:10 devstack sudo[85404]: pam_unix(sudo:session): session opened for user root(uid=0) by (uid=1000)
Apr 10 10:35:11 devstack sudo[85402]: pam_unix(sudo:session): session closed for user root
Apr 10 10:35:11 devstack cinder-volume[82313]: DEBUG oslo_concurrency.processutils [None req-ee931113-bddf-41f2-8ec3-b6155405d04d tempest-VolumesActionsTest-1423105151 None] CMD "sudo cinder-rootwrap /etc/cinder/rootwrap.conf chmod ugo+rw /opt/stack/data/cinder/mnt/42f4145c9f508e756a1ddee155b2eb38/volume-9c1c0c95-2cde-4b9a-97fe-777a858638a9" returned: 0 in 0.668s {{(pid=82313) execute /opt/stack/data/venv/lib/python3.10/site-packages/oslo_concurrency/processutils.py:468}}
Apr 10 10:35:11 devstack cinder-volume[82313]: DEBUG cinder.volume.drivers.quobyte [None req-ee931113-bddf-41f2-8ec3-b6155405d04d tempest-VolumesActionsTest-1423105151 None] <== create_volume: return (1334ms) {'provider_location': 'osci02.corp.quobyte.com/cinder-vol-becefbdd-c7da-487e-8da3-877b2292edf8'} {{(pid=82313) trace_logging_wrapper /opt/stack/cinder/cinder/volume/volume_utils.py:1523}}
Apr 10 10:35:11 devstack cinder-volume[82313]: DEBUG oslo_concurrency.lockutils [None req-ee931113-bddf-41f2-8ec3-b6155405d04d tempest-VolumesActionsTest-1423105151 None] Lock "quobyte" "released" by "cinder.volume.drivers.quobyte.QuobyteDriver.create_volume" :: held 1.338s {{(pid=82313) inner /opt/stack/data/venv/lib/python3.10/site-packages/oslo_concurrency/lockutils.py:538}}
Apr 10 10:35:11 devstack cinder-volume[82313]: DEBUG cinder.volume.manager [None req-ee931113-bddf-41f2-8ec3-b6155405d04d tempest-VolumesActionsTest-1423105151 None] Task 'cinder.volume.flows.manager.create_volume.CreateVolumeFromSpecTask;volume:create' (38b92157-739c-4c86-bcc5-a0b15c0d7747) transitioned into state 'SUCCESS' from state 'RUNNING' with result '{'status': 'creating', 'volume_name': 'volume-9c1c0c95-2cde-4b9a-97fe-777a858638a9', 'volume_size': 1}' {{(pid=82313) _task_receiver /opt/stack/data/venv/lib/python3.10/site-packages/taskflow/listeners/logging.py:182}}
Apr 10 10:35:11 devstack cinder-volume[82313]: DEBUG cinder.volume.manager [None req-ee931113-bddf-41f2-8ec3-b6155405d04d tempest-VolumesActionsTest-1423105151 None] Task 'cinder.volume.flows.manager.create_volume.CreateVolumeOnFinishTask;volume:create, create.end' (f8b60557-f6d3-46a1-90a6-0b31320116cd) transitioned into state 'RUNNING' from state 'PENDING' {{(pid=82313) _task_receiver /opt/stack/data/venv/lib/python3.10/site-packages/taskflow/listeners/logging.py:194}}
Apr 10 10:35:11 devstack cinder-volume[82313]: INFO cinder.volume.flows.manager.create_volume [None req-ee931113-bddf-41f2-8ec3-b6155405d04d tempest-VolumesActionsTest-1423105151 None] Volume volume-9c1c0c95-2cde-4b9a-97fe-777a858638a9 (9c1c0c95-2cde-4b9a-97fe-777a858638a9): created successfully
Apr 10 10:35:11 devstack cinder-volume[82313]: DEBUG cinder.volume.manager [None req-ee931113-bddf-41f2-8ec3-b6155405d04d tempest-VolumesActionsTest-1423105151 None] Task 'cinder.volume.flows.manager.create_volume.CreateVolumeOnFinishTask;volume:create, create.end' (f8b60557-f6d3-46a1-90a6-0b31320116cd) transitioned into state 'SUCCESS' from state 'RUNNING' with result 'None' {{(pid=82313) _task_receiver /opt/stack/data/venv/lib/python3.10/site-packages/taskflow/listeners/logging.py:182}}
Apr 10 10:35:11 devstack cinder-volume[82313]: DEBUG cinder.volume.manager [None req-ee931113-bddf-41f2-8ec3-b6155405d04d tempest-VolumesActionsTest-1423105151 None] Flow 'volume_create_manager' (ed7eb004-d672-4b0b-9268-15b4301e3b71) transitioned into state 'SUCCESS' from state 'RUNNING' {{(pid=82313) _flow_receiver /opt/stack/data/venv/lib/python3.10/site-packages/taskflow/listeners/logging.py:145}}
Apr 10 10:35:11 devstack cinder-volume[82313]: INFO cinder.volume.manager [None req-ee931113-bddf-41f2-8ec3-b6155405d04d tempest-VolumesActionsTest-1423105151 None] Created volume successfully.
Apr 10 10:35:11 devstack sudo[85404]: pam_unix(sudo:session): session closed for user root
Apr 10 10:35:11 devstack cinder-volume[82313]: DEBUG oslo_concurrency.processutils [None req-1eab719b-881c-4ce8-baae-47c0d5ca711b tempest-GroupSnapshotsTest-1341425002 None] CMD "/opt/stack/data/venv/bin/python3.10 -m oslo_concurrency.prlimit --as=1073741824 --cpu=60 -- sudo cinder-rootwrap /etc/cinder/rootwrap.conf env LC_ALL=C qemu-img info -f qcow2 --output=json --force-share /opt/stack/data/cinder/mnt/42f4145c9f508e756a1ddee155b2eb38/volume-163a57db-3110-486b-9f59-bf28c76d0d56.4f73b0ce-7fcc-4b09-b906-76fa516f8d3e" returned: 0 in 0.641s {{(pid=82313) execute /opt/stack/data/venv/lib/python3.10/site-packages/oslo_concurrency/processutils.py:468}}
Apr 10 10:35:11 devstack cinder-volume[82313]: DEBUG cinder.volume.drivers.remotefs [None req-1eab719b-881c-4ce8-baae-47c0d5ca711b tempest-GroupSnapshotsTest-1341425002 None] Fetching qemu-img info with special backing_file_template: (/opt/stack/data/cinder/mnt/[0-9a-f]+/)?(volume-163a57db-3110-486b-9f59-bf28c76d0d56(.(tmp-snap-)?[0-9a-f-]+)?|volume_from_snapshot_cache/(tmp-snap-)?[0-9a-f-]+(.(child-|parent-)[0-9a-f-]+)?)$ {{(pid=82313) _qemu_img_info_base /opt/stack/cinder/cinder/volume/drivers/remotefs.py:896}}
Apr 10 10:35:11 devstack cinder-volume[82313]: DEBUG oslo.privsep.daemon [-] privsep: reply[70c9473c-80c2-4e70-8e54-530f4620bf39]: (4, 'qcow2') {{(pid=83281) _call_back /opt/stack/data/venv/lib/python3.10/site-packages/oslo_privsep/daemon.py:573}}
Apr 10 10:35:11 devstack cinder-volume[82313]: DEBUG oslo_concurrency.processutils [None req-1eab719b-881c-4ce8-baae-47c0d5ca711b tempest-GroupSnapshotsTest-1341425002 None] Running cmd (subprocess): /opt/stack/data/venv/bin/python3.10 -m oslo_concurrency.prlimit --as=1073741824 --cpu=60 -- sudo cinder-rootwrap /etc/cinder/rootwrap.conf env LC_ALL=C qemu-img info -f qcow2 --output=json --force-share /opt/stack/data/cinder/mnt/42f4145c9f508e756a1ddee155b2eb38/volume-163a57db-3110-486b-9f59-bf28c76d0d56 {{(pid=82313) execute /opt/stack/data/venv/lib/python3.10/site-packages/oslo_concurrency/processutils.py:440}}
Apr 10 10:35:11 devstack sudo[85411]: quobyte : PWD=/ ; USER=root ; COMMAND=/opt/stack/data/venv/bin/cinder-rootwrap /etc/cinder/rootwrap.conf env LC_ALL=C qemu-img info -f qcow2 --output=json --force-share /opt/stack/data/cinder/mnt/42f4145c9f508e756a1ddee155b2eb38/volume-163a57db-3110-486b-9f59-bf28c76d0d56
Apr 10 10:35:11 devstack sudo[85411]: pam_unix(sudo:session): session opened for user root(uid=0) by (uid=1000)
Apr 10 10:35:12 devstack sudo[85411]: pam_unix(sudo:session): session closed for user root
Apr 10 10:35:12 devstack cinder-volume[82313]: DEBUG oslo_concurrency.processutils [None req-1eab719b-881c-4ce8-baae-47c0d5ca711b tempest-GroupSnapshotsTest-1341425002 None] CMD "/opt/stack/data/venv/bin/python3.10 -m oslo_concurrency.prlimit --as=1073741824 --cpu=60 -- sudo cinder-rootwrap /etc/cinder/rootwrap.conf env LC_ALL=C qemu-img info -f qcow2 --output=json --force-share /opt/stack/data/cinder/mnt/42f4145c9f508e756a1ddee155b2eb38/volume-163a57db-3110-486b-9f59-bf28c76d0d56" returned: 0 in 0.696s {{(pid=82313) execute /opt/stack/data/venv/lib/python3.10/site-packages/oslo_concurrency/processutils.py:468}}
Apr 10 10:35:12 devstack cinder-volume[82313]: DEBUG oslo_concurrency.processutils [None req-1eab719b-881c-4ce8-baae-47c0d5ca711b tempest-GroupSnapshotsTest-1341425002 None] Running cmd (subprocess): sudo cinder-rootwrap /etc/cinder/rootwrap.conf qemu-img commit -d /opt/stack/data/cinder/mnt/42f4145c9f508e756a1ddee155b2eb38/volume-163a57db-3110-486b-9f59-bf28c76d0d56.4f73b0ce-7fcc-4b09-b906-76fa516f8d3e {{(pid=82313) execute /opt/stack/data/venv/lib/python3.10/site-packages/oslo_concurrency/processutils.py:440}}
Apr 10 10:35:12 devstack sudo[85424]: quobyte : PWD=/ ; USER=root ; COMMAND=/opt/stack/data/venv/bin/cinder-rootwrap /etc/cinder/rootwrap.conf qemu-img commit -d /opt/stack/data/cinder/mnt/42f4145c9f508e756a1ddee155b2eb38/volume-163a57db-3110-486b-9f59-bf28c76d0d56.4f73b0ce-7fcc-4b09-b906-76fa516f8d3e
Apr 10 10:35:12 devstack sudo[85424]: pam_unix(sudo:session): session opened for user root(uid=0) by (uid=1000)
Apr 10 10:35:12 devstack sudo[85424]: pam_unix(sudo:session): session closed for user root
Apr 10 10:35:12 devstack cinder-volume[82313]: DEBUG oslo_concurrency.processutils [None req-1eab719b-881c-4ce8-baae-47c0d5ca711b tempest-GroupSnapshotsTest-1341425002 None] CMD "sudo cinder-rootwrap /etc/cinder/rootwrap.conf qemu-img commit -d /opt/stack/data/cinder/mnt/42f4145c9f508e756a1ddee155b2eb38/volume-163a57db-3110-486b-9f59-bf28c76d0d56.4f73b0ce-7fcc-4b09-b906-76fa516f8d3e" returned: 0 in 0.600s {{(pid=82313) execute /opt/stack/data/venv/lib/python3.10/site-packages/oslo_concurrency/processutils.py:468}}
Apr 10 10:35:12 devstack cinder-volume[82313]: DEBUG oslo_concurrency.processutils [None req-1eab719b-881c-4ce8-baae-47c0d5ca711b tempest-GroupSnapshotsTest-1341425002 None] Running cmd (subprocess): sudo cinder-rootwrap /etc/cinder/rootwrap.conf rm -f /opt/stack/data/cinder/mnt/42f4145c9f508e756a1ddee155b2eb38/volume-163a57db-3110-486b-9f59-bf28c76d0d56.4f73b0ce-7fcc-4b09-b906-76fa516f8d3e {{(pid=82313) execute /opt/stack/data/venv/lib/python3.10/site-packages/oslo_concurrency/processutils.py:440}}
Apr 10 10:35:12 devstack sudo[85429]: quobyte : PWD=/ ; USER=root ; COMMAND=/opt/stack/data/venv/bin/cinder-rootwrap /etc/cinder/rootwrap.conf rm -f /opt/stack/data/cinder/mnt/42f4145c9f508e756a1ddee155b2eb38/volume-163a57db-3110-486b-9f59-bf28c76d0d56.4f73b0ce-7fcc-4b09-b906-76fa516f8d3e
Apr 10 10:35:12 devstack sudo[85429]: pam_unix(sudo:session): session opened for user root(uid=0) by (uid=1000)
Apr 10 10:35:13 devstack sudo[85429]: pam_unix(sudo:session): session closed for user root
Apr 10 10:35:13 devstack cinder-volume[82313]: DEBUG oslo_concurrency.processutils [None req-1eab719b-881c-4ce8-baae-47c0d5ca711b tempest-GroupSnapshotsTest-1341425002 None] CMD "sudo cinder-rootwrap /etc/cinder/rootwrap.conf rm -f /opt/stack/data/cinder/mnt/42f4145c9f508e756a1ddee155b2eb38/volume-163a57db-3110-486b-9f59-bf28c76d0d56.4f73b0ce-7fcc-4b09-b906-76fa516f8d3e" returned: 0 in 0.526s {{(pid=82313) execute /opt/stack/data/venv/lib/python3.10/site-packages/oslo_concurrency/processutils.py:468}}
Apr 10 10:35:13 devstack cinder-volume[82313]: DEBUG cinder.coordination [None req-1eab719b-881c-4ce8-baae-47c0d5ca711b tempest-GroupSnapshotsTest-1341425002 None] Lock "cinder-quobyte-4f73b0ce-7fcc-4b09-b906-76fa516f8d3e" released by "_delete_snapshot" :: held 2.584s {{(pid=82313) __release /opt/stack/cinder/cinder/coordination.py:152}}
Apr 10 10:35:13 devstack cinder-volume[82313]: DEBUG cinder.coordination [None req-1eab719b-881c-4ce8-baae-47c0d5ca711b tempest-GroupSnapshotsTest-1341425002 None] Lock "cinder-quobyte-163a57db-3110-486b-9f59-bf28c76d0d56" released by "delete_snapshot" :: held 2.603s {{(pid=82313) __release /opt/stack/cinder/cinder/coordination.py:152}}
Apr 10 10:35:13 devstack cinder-volume[82313]: DEBUG cinder.coordination [None req-1eab719b-881c-4ce8-baae-47c0d5ca711b tempest-GroupSnapshotsTest-1341425002 None] Acquiring lock "cinder-quobyte-b40a9ef1-c96b-4fca-ac02-e35726c4fa59" by "delete_snapshot" {{(pid=82313) __acquire /opt/stack/cinder/cinder/coordination.py:138}}
