Aug 31 21:18:34 devstack cinder-volume[87157]: DEBUG cinder.coordination [None req-0aba15cb-e827-4aa0-921d-03c5ead53324 tempest-AttachVolumeNegativeTest-2086000552 None] Acquiring lock "cinder-c0577d6a-7cdf-49d5-90fa-2f84127c2947-delete_volume" by "delete_volume" {{(pid=87157) __acquire /opt/stack/cinder/cinder/coordination.py:138}}
Aug 31 21:18:34 devstack cinder-volume[87157]: DEBUG cinder.coordination [None req-0aba15cb-e827-4aa0-921d-03c5ead53324 tempest-AttachVolumeNegativeTest-2086000552 None] Lock "cinder-c0577d6a-7cdf-49d5-90fa-2f84127c2947-delete_volume" acquired by "delete_volume" :: waited 0.030s {{(pid=87157) __acquire /opt/stack/cinder/cinder/coordination.py:141}}
Aug 31 21:18:34 devstack cinder-volume[87157]: DEBUG dbcounter [-] [87157] Writing DB stats cinder:UPDATE=93,cinder:SELECT=76,cinder:DELETE=7,cinder:INSERT=27 {{(pid=87157) stat_writer /opt/stack/data/venv/lib/python3.12/site-packages/dbcounter.py:115}}
Aug 31 21:18:34 devstack cinder-volume[87157]: DEBUG cinder.coordination [None req-0aba15cb-e827-4aa0-921d-03c5ead53324 tempest-AttachVolumeNegativeTest-2086000552 None] Acquiring lock "cinder-quobyte-c0577d6a-7cdf-49d5-90fa-2f84127c2947" by "delete_volume" {{(pid=87157) __acquire /opt/stack/cinder/cinder/coordination.py:138}}
Aug 31 21:18:34 devstack cinder-volume[87157]: DEBUG cinder.coordination [None req-0aba15cb-e827-4aa0-921d-03c5ead53324 tempest-AttachVolumeNegativeTest-2086000552 None] Lock "cinder-quobyte-c0577d6a-7cdf-49d5-90fa-2f84127c2947" acquired by "delete_volume" :: waited 0.024s {{(pid=87157) __acquire /opt/stack/cinder/cinder/coordination.py:141}}
Aug 31 21:18:34 devstack cinder-volume[87157]: DEBUG oslo.privsep.daemon [-] privsep: reply[c0e6b794-f50c-4d54-81f8-46494ec00128]: (4, 'qcow2') {{(pid=88771) _call_back /opt/stack/data/venv/lib/python3.12/site-packages/oslo_privsep/daemon.py:580}}
Aug 31 21:18:34 devstack cinder-volume[87157]: DEBUG oslo_concurrency.processutils [None req-0aba15cb-e827-4aa0-921d-03c5ead53324 tempest-AttachVolumeNegativeTest-2086000552 None] Running cmd (subprocess): /opt/stack/data/venv/bin/python3.12 -m oslo_concurrency.prlimit --as=1073741824 --cpu=60 -- sudo cinder-rootwrap /etc/cinder/rootwrap.conf env LC_ALL=C qemu-img info -f qcow2 --output=json --force-share /opt/stack/data/cinder/mnt/557dc68e90c7790eecb69cadf4e31b7a/volume-c0577d6a-7cdf-49d5-90fa-2f84127c2947 {{(pid=87157) execute /opt/stack/data/venv/lib/python3.12/site-packages/oslo_concurrency/processutils.py:440}}
Aug 31 21:18:34 devstack sudo[96667]: pam_unix(sudo:session): session closed for user root
Aug 31 21:18:34 devstack cinder-volume[87157]: DEBUG oslo_concurrency.processutils [None req-978ee5e4-381d-4f1e-aebd-c6f8e3b2a0de tempest-GroupsV314Test-2124813912 None] CMD "sudo cinder-rootwrap /etc/cinder/rootwrap.conf qemu-img create -f qcow2 -o backing_file=/opt/stack/data/cinder/mnt/557dc68e90c7790eecb69cadf4e31b7a/volume-6ee0c657-6b99-4d29-bfad-49bb8455c6e3,backing_fmt=qcow2 /opt/stack/data/cinder/mnt/557dc68e90c7790eecb69cadf4e31b7a/volume-6ee0c657-6b99-4d29-bfad-49bb8455c6e3.39284051-ded5-4012-b10e-5b1bb84fbb5c 1G" returned: 0 in 0.842s {{(pid=87157) execute /opt/stack/data/venv/lib/python3.12/site-packages/oslo_concurrency/processutils.py:468}}
Aug 31 21:18:34 devstack cinder-volume[87157]: DEBUG oslo_concurrency.processutils [None req-978ee5e4-381d-4f1e-aebd-c6f8e3b2a0de tempest-GroupsV314Test-2124813912 None] Running cmd (subprocess): sudo cinder-rootwrap /etc/cinder/rootwrap.conf qemu-img rebase -u -b volume-6ee0c657-6b99-4d29-bfad-49bb8455c6e3 -F qcow2 /opt/stack/data/cinder/mnt/557dc68e90c7790eecb69cadf4e31b7a/volume-6ee0c657-6b99-4d29-bfad-49bb8455c6e3.39284051-ded5-4012-b10e-5b1bb84fbb5c {{(pid=87157) execute /opt/stack/data/venv/lib/python3.12/site-packages/oslo_concurrency/processutils.py:440}}
Aug 31 21:18:34 devstack sudo[96677]: quobyte : PWD=/ ; USER=root ; COMMAND=/opt/stack/data/venv/bin/cinder-rootwrap /etc/cinder/rootwrap.conf qemu-img rebase -u -b volume-6ee0c657-6b99-4d29-bfad-49bb8455c6e3 -F qcow2 /opt/stack/data/cinder/mnt/557dc68e90c7790eecb69cadf4e31b7a/volume-6ee0c657-6b99-4d29-bfad-49bb8455c6e3.39284051-ded5-4012-b10e-5b1bb84fbb5c
Aug 31 21:18:34 devstack sudo[96677]: pam_unix(sudo:session): session opened for user root(uid=0) by (uid=1000)
Aug 31 21:18:34 devstack sudo[96676]: quobyte : PWD=/ ; USER=root ; COMMAND=/opt/stack/data/venv/bin/cinder-rootwrap /etc/cinder/rootwrap.conf env LC_ALL=C qemu-img info -f qcow2 --output=json --force-share /opt/stack/data/cinder/mnt/557dc68e90c7790eecb69cadf4e31b7a/volume-c0577d6a-7cdf-49d5-90fa-2f84127c2947
Aug 31 21:18:34 devstack sudo[96676]: pam_unix(sudo:session): session opened for user root(uid=0) by (uid=1000)
Aug 31 21:18:35 devstack sudo[96677]: pam_unix(sudo:session): session closed for user root
Aug 31 21:18:35 devstack cinder-volume[87157]: DEBUG oslo_concurrency.processutils [None req-978ee5e4-381d-4f1e-aebd-c6f8e3b2a0de tempest-GroupsV314Test-2124813912 None] CMD "sudo cinder-rootwrap /etc/cinder/rootwrap.conf qemu-img rebase -u -b volume-6ee0c657-6b99-4d29-bfad-49bb8455c6e3 -F qcow2 /opt/stack/data/cinder/mnt/557dc68e90c7790eecb69cadf4e31b7a/volume-6ee0c657-6b99-4d29-bfad-49bb8455c6e3.39284051-ded5-4012-b10e-5b1bb84fbb5c" returned: 0 in 0.359s {{(pid=87157) execute /opt/stack/data/venv/lib/python3.12/site-packages/oslo_concurrency/processutils.py:468}}
Aug 31 21:18:35 devstack cinder-volume[87157]: WARNING cinder.volume.drivers.remotefs [None req-978ee5e4-381d-4f1e-aebd-c6f8e3b2a0de tempest-GroupsV314Test-2124813912 None] /opt/stack/data/cinder/mnt/557dc68e90c7790eecb69cadf4e31b7a/volume-6ee0c657-6b99-4d29-bfad-49bb8455c6e3.39284051-ded5-4012-b10e-5b1bb84fbb5c is being set with open permissions: ugo+rw: NotImplementedError
Aug 31 21:18:35 devstack cinder-volume[87157]: DEBUG oslo_concurrency.processutils [None req-978ee5e4-381d-4f1e-aebd-c6f8e3b2a0de tempest-GroupsV314Test-2124813912 None] Running cmd (subprocess): sudo cinder-rootwrap /etc/cinder/rootwrap.conf chmod ugo+rw /opt/stack/data/cinder/mnt/557dc68e90c7790eecb69cadf4e31b7a/volume-6ee0c657-6b99-4d29-bfad-49bb8455c6e3.39284051-ded5-4012-b10e-5b1bb84fbb5c {{(pid=87157) execute /opt/stack/data/venv/lib/python3.12/site-packages/oslo_concurrency/processutils.py:440}}
Aug 31 21:18:35 devstack sudo[96686]: quobyte : PWD=/ ; USER=root ; COMMAND=/opt/stack/data/venv/bin/cinder-rootwrap /etc/cinder/rootwrap.conf chmod ugo+rw /opt/stack/data/cinder/mnt/557dc68e90c7790eecb69cadf4e31b7a/volume-6ee0c657-6b99-4d29-bfad-49bb8455c6e3.39284051-ded5-4012-b10e-5b1bb84fbb5c
Aug 31 21:18:35 devstack sudo[96686]: pam_unix(sudo:session): session opened for user root(uid=0) by (uid=1000)
Aug 31 21:18:35 devstack sudo[96676]: pam_unix(sudo:session): session closed for user root
Aug 31 21:18:35 devstack cinder-volume[87157]: DEBUG oslo_concurrency.processutils [None req-0aba15cb-e827-4aa0-921d-03c5ead53324 tempest-AttachVolumeNegativeTest-2086000552 None] CMD "/opt/stack/data/venv/bin/python3.12 -m oslo_concurrency.prlimit --as=1073741824 --cpu=60 -- sudo cinder-rootwrap /etc/cinder/rootwrap.conf env LC_ALL=C qemu-img info -f qcow2 --output=json --force-share /opt/stack/data/cinder/mnt/557dc68e90c7790eecb69cadf4e31b7a/volume-c0577d6a-7cdf-49d5-90fa-2f84127c2947" returned: 0 in 0.469s {{(pid=87157) execute /opt/stack/data/venv/lib/python3.12/site-packages/oslo_concurrency/processutils.py:468}}
Aug 31 21:18:35 devstack cinder-volume[87157]: DEBUG oslo_concurrency.processutils [None req-0aba15cb-e827-4aa0-921d-03c5ead53324 tempest-AttachVolumeNegativeTest-2086000552 None] Running cmd (subprocess): sudo cinder-rootwrap /etc/cinder/rootwrap.conf rm -f /opt/stack/data/cinder/mnt/557dc68e90c7790eecb69cadf4e31b7a/volume-c0577d6a-7cdf-49d5-90fa-2f84127c2947 {{(pid=87157) execute /opt/stack/data/venv/lib/python3.12/site-packages/oslo_concurrency/processutils.py:440}}
Aug 31 21:18:35 devstack sudo[96688]: quobyte : PWD=/ ; USER=root ; COMMAND=/opt/stack/data/venv/bin/cinder-rootwrap /etc/cinder/rootwrap.conf rm -f /opt/stack/data/cinder/mnt/557dc68e90c7790eecb69cadf4e31b7a/volume-c0577d6a-7cdf-49d5-90fa-2f84127c2947
Aug 31 21:18:35 devstack sudo[96688]: pam_unix(sudo:session): session opened for user root(uid=0) by (uid=1000)
Aug 31 21:18:35 devstack sudo[96686]: pam_unix(sudo:session): session closed for user root
Aug 31 21:18:35 devstack cinder-volume[87157]: DEBUG oslo_concurrency.processutils [None req-978ee5e4-381d-4f1e-aebd-c6f8e3b2a0de tempest-GroupsV314Test-2124813912 None] CMD "sudo cinder-rootwrap /etc/cinder/rootwrap.conf chmod ugo+rw /opt/stack/data/cinder/mnt/557dc68e90c7790eecb69cadf4e31b7a/volume-6ee0c657-6b99-4d29-bfad-49bb8455c6e3.39284051-ded5-4012-b10e-5b1bb84fbb5c" returned: 0 in 0.295s {{(pid=87157) execute /opt/stack/data/venv/lib/python3.12/site-packages/oslo_concurrency/processutils.py:468}}
Aug 31 21:18:35 devstack cinder-volume[87157]: DEBUG dbcounter [-] [87157] Writing DB stats cinder:SELECT=82,cinder:INSERT=16,cinder:UPDATE=88,cinder:DELETE=8 {{(pid=87157) stat_writer /opt/stack/data/venv/lib/python3.12/site-packages/dbcounter.py:115}}
Aug 31 21:18:35 devstack cinder-volume[87157]: DEBUG oslo_concurrency.processutils [None req-978ee5e4-381d-4f1e-aebd-c6f8e3b2a0de tempest-GroupsV314Test-2124813912 None] Running cmd (subprocess): sudo cinder-rootwrap /etc/cinder/rootwrap.conf truncate -s0 /opt/stack/data/cinder/mnt/557dc68e90c7790eecb69cadf4e31b7a/volume-6ee0c657-6b99-4d29-bfad-49bb8455c6e3.info {{(pid=87157) execute /opt/stack/data/venv/lib/python3.12/site-packages/oslo_concurrency/processutils.py:440}}
Aug 31 21:18:35 devstack sudo[96692]: quobyte : PWD=/ ; USER=root ; COMMAND=/opt/stack/data/venv/bin/cinder-rootwrap /etc/cinder/rootwrap.conf truncate -s0 /opt/stack/data/cinder/mnt/557dc68e90c7790eecb69cadf4e31b7a/volume-6ee0c657-6b99-4d29-bfad-49bb8455c6e3.info
Aug 31 21:18:35 devstack sudo[96692]: pam_unix(sudo:session): session opened for user root(uid=0) by (uid=1000)
Aug 31 21:18:35 devstack sudo[96688]: pam_unix(sudo:session): session closed for user root
Aug 31 21:18:35 devstack cinder-volume[87157]: DEBUG oslo_concurrency.processutils [None req-0aba15cb-e827-4aa0-921d-03c5ead53324 tempest-AttachVolumeNegativeTest-2086000552 None] CMD "sudo cinder-rootwrap /etc/cinder/rootwrap.conf rm -f /opt/stack/data/cinder/mnt/557dc68e90c7790eecb69cadf4e31b7a/volume-c0577d6a-7cdf-49d5-90fa-2f84127c2947" returned: 0 in 0.339s {{(pid=87157) execute /opt/stack/data/venv/lib/python3.12/site-packages/oslo_concurrency/processutils.py:468}}
Aug 31 21:18:35 devstack cinder-volume[87157]: DEBUG cinder.coordination [None req-0aba15cb-e827-4aa0-921d-03c5ead53324 tempest-AttachVolumeNegativeTest-2086000552 None] Lock "cinder-quobyte-c0577d6a-7cdf-49d5-90fa-2f84127c2947" released by "delete_volume" :: held 0.888s {{(pid=87157) __release /opt/stack/cinder/cinder/coordination.py:152}}
Aug 31 21:18:35 devstack cinder-volume[87157]: DEBUG cinder.quota [None req-0aba15cb-e827-4aa0-921d-03c5ead53324 tempest-AttachVolumeNegativeTest-2086000552 None] Created reservations ['70efc573-7d73-436f-9cdf-c08bb6f80dc0', '095a0743-4d37-4bcc-ac85-d6558cd1f53d', 'f7ab51f0-ac08-4fa8-856e-0c6d07b30710', 'a4d78b10-73b5-438f-8f10-14c2974f41f4'] {{(pid=87157) reserve /opt/stack/cinder/cinder/quota.py:752}}
Aug 31 21:18:35 devstack cinder-volume[87157]: DEBUG oslo_concurrency.lockutils [None req-0aba15cb-e827-4aa0-921d-03c5ead53324 tempest-AttachVolumeNegativeTest-2086000552 None] Acquiring lock "quobyte_ensure" by "cinder.volume.drivers.quobyte.QuobyteDriver._ensure_shares_mounted" {{(pid=87157) inner /opt/stack/data/venv/lib/python3.12/site-packages/oslo_concurrency/lockutils.py:512}}
Aug 31 21:18:35 devstack cinder-volume[87157]: DEBUG oslo_concurrency.lockutils [None req-0aba15cb-e827-4aa0-921d-03c5ead53324 tempest-AttachVolumeNegativeTest-2086000552 None] Lock "quobyte_ensure" acquired by "cinder.volume.drivers.quobyte.QuobyteDriver._ensure_shares_mounted" :: waited 0.001s {{(pid=87157) inner /opt/stack/data/venv/lib/python3.12/site-packages/oslo_concurrency/lockutils.py:525}}
Aug 31 21:18:35 devstack cinder-volume[87157]: DEBUG cinder.volume.drivers.quobyte [None req-0aba15cb-e827-4aa0-921d-03c5ead53324 tempest-AttachVolumeNegativeTest-2086000552 None] Quobyte Volume URL set to: {'osci02.corp.quobyte.com/cinder-vol-54f0806f-9175-4987-b008-88645c2d794e': None} {{(pid=87157) _load_shares_config /opt/stack/cinder/cinder/volume/drivers/quobyte.py:665}}
Aug 31 21:18:35 devstack cinder-volume[87157]: DEBUG cinder.volume.drivers.quobyte [None req-0aba15cb-e827-4aa0-921d-03c5ead53324 tempest-AttachVolumeNegativeTest-2086000552 None] Available shares ['osci02.corp.quobyte.com/cinder-vol-54f0806f-9175-4987-b008-88645c2d794e'] {{(pid=87157) _ensure_shares_mounted /opt/stack/cinder/cinder/volume/drivers/quobyte.py:695}}
Aug 31 21:18:35 devstack cinder-volume[87157]: DEBUG oslo_concurrency.lockutils [None req-0aba15cb-e827-4aa0-921d-03c5ead53324 tempest-AttachVolumeNegativeTest-2086000552 None] Lock "quobyte_ensure" "released" by "cinder.volume.drivers.quobyte.QuobyteDriver._ensure_shares_mounted" :: held 0.007s {{(pid=87157) inner /opt/stack/data/venv/lib/python3.12/site-packages/oslo_concurrency/lockutils.py:544}}
Aug 31 21:18:35 devstack cinder-volume[87157]: DEBUG oslo_concurrency.processutils [None req-0aba15cb-e827-4aa0-921d-03c5ead53324 tempest-AttachVolumeNegativeTest-2086000552 None] Running cmd (subprocess): sudo cinder-rootwrap /etc/cinder/rootwrap.conf df --portability --block-size 1 /opt/stack/data/cinder/mnt/557dc68e90c7790eecb69cadf4e31b7a {{(pid=87157) execute /opt/stack/data/venv/lib/python3.12/site-packages/oslo_concurrency/processutils.py:440}}
Aug 31 21:18:35 devstack sudo[96694]: quobyte : PWD=/ ; USER=root ; COMMAND=/opt/stack/data/venv/bin/cinder-rootwrap /etc/cinder/rootwrap.conf df --portability --block-size 1 /opt/stack/data/cinder/mnt/557dc68e90c7790eecb69cadf4e31b7a
Aug 31 21:18:35 devstack sudo[96694]: pam_unix(sudo:session): session opened for user root(uid=0) by (uid=1000)
Aug 31 21:18:35 devstack sudo[96692]: pam_unix(sudo:session): session closed for user root
Aug 31 21:18:35 devstack cinder-volume[87157]: DEBUG oslo_concurrency.processutils [None req-978ee5e4-381d-4f1e-aebd-c6f8e3b2a0de tempest-GroupsV314Test-2124813912 None] CMD "sudo cinder-rootwrap /etc/cinder/rootwrap.conf truncate -s0 /opt/stack/data/cinder/mnt/557dc68e90c7790eecb69cadf4e31b7a/volume-6ee0c657-6b99-4d29-bfad-49bb8455c6e3.info" returned: 0 in 0.362s {{(pid=87157) execute /opt/stack/data/venv/lib/python3.12/site-packages/oslo_concurrency/processutils.py:468}}
Aug 31 21:18:35 devstack cinder-volume[87157]: WARNING cinder.volume.drivers.remotefs [None req-978ee5e4-381d-4f1e-aebd-c6f8e3b2a0de tempest-GroupsV314Test-2124813912 None] /opt/stack/data/cinder/mnt/557dc68e90c7790eecb69cadf4e31b7a/volume-6ee0c657-6b99-4d29-bfad-49bb8455c6e3.info is being set with open permissions: ugo+rw: NotImplementedError
Aug 31 21:18:35 devstack cinder-volume[87157]: DEBUG oslo_concurrency.processutils [None req-978ee5e4-381d-4f1e-aebd-c6f8e3b2a0de tempest-GroupsV314Test-2124813912 None] Running cmd (subprocess): sudo cinder-rootwrap /etc/cinder/rootwrap.conf chmod ugo+rw /opt/stack/data/cinder/mnt/557dc68e90c7790eecb69cadf4e31b7a/volume-6ee0c657-6b99-4d29-bfad-49bb8455c6e3.info {{(pid=87157) execute /opt/stack/data/venv/lib/python3.12/site-packages/oslo_concurrency/processutils.py:440}}
Aug 31 21:18:35 devstack sudo[96697]: quobyte : PWD=/ ; USER=root ; COMMAND=/opt/stack/data/venv/bin/cinder-rootwrap /etc/cinder/rootwrap.conf chmod ugo+rw /opt/stack/data/cinder/mnt/557dc68e90c7790eecb69cadf4e31b7a/volume-6ee0c657-6b99-4d29-bfad-49bb8455c6e3.info
Aug 31 21:18:35 devstack sudo[96697]: pam_unix(sudo:session): session opened for user root(uid=0) by (uid=1000)
Aug 31 21:18:36 devstack sudo[96694]: pam_unix(sudo:session): session closed for user root
Aug 31 21:18:36 devstack cinder-volume[87157]: DEBUG oslo_concurrency.processutils [None req-0aba15cb-e827-4aa0-921d-03c5ead53324 tempest-AttachVolumeNegativeTest-2086000552 None] CMD "sudo cinder-rootwrap /etc/cinder/rootwrap.conf df --portability --block-size 1 /opt/stack/data/cinder/mnt/557dc68e90c7790eecb69cadf4e31b7a" returned: 0 in 0.298s {{(pid=87157) execute /opt/stack/data/venv/lib/python3.12/site-packages/oslo_concurrency/processutils.py:468}}
Aug 31 21:18:36 devstack cinder-volume[87157]: DEBUG cinder.manager [None req-0aba15cb-e827-4aa0-921d-03c5ead53324 tempest-AttachVolumeNegativeTest-2086000552 None] Notifying Schedulers of capabilities ... {{(pid=87157) _publish_service_capabilities /opt/stack/cinder/cinder/manager.py:219}}
Aug 31 21:18:36 devstack cinder-volume[87157]: INFO cinder.volume.manager [None req-0aba15cb-e827-4aa0-921d-03c5ead53324 tempest-AttachVolumeNegativeTest-2086000552 None] Deleted volume successfully.
Aug 31 21:18:36 devstack cinder-volume[87157]: DEBUG cinder.coordination [None req-0aba15cb-e827-4aa0-921d-03c5ead53324 tempest-AttachVolumeNegativeTest-2086000552 None] Lock "cinder-c0577d6a-7cdf-49d5-90fa-2f84127c2947-delete_volume" released by "delete_volume" :: held 1.517s {{(pid=87157) __release /opt/stack/cinder/cinder/coordination.py:152}}
Aug 31 21:18:36 devstack sudo[96697]: pam_unix(sudo:session): session closed for user root
Aug 31 21:18:36 devstack cinder-volume[87157]: DEBUG oslo_concurrency.processutils [None req-978ee5e4-381d-4f1e-aebd-c6f8e3b2a0de tempest-GroupsV314Test-2124813912 None] CMD "sudo cinder-rootwrap /etc/cinder/rootwrap.conf chmod ugo+rw /opt/stack/data/cinder/mnt/557dc68e90c7790eecb69cadf4e31b7a/volume-6ee0c657-6b99-4d29-bfad-49bb8455c6e3.info" returned: 0 in 0.344s {{(pid=87157) execute /opt/stack/data/venv/lib/python3.12/site-packages/oslo_concurrency/processutils.py:468}}
Aug 31 21:18:36 devstack cinder-volume[87157]: DEBUG cinder.coordination [None req-978ee5e4-381d-4f1e-aebd-c6f8e3b2a0de tempest-GroupsV314Test-2124813912 None] Acquiring lock "cinder-quobyte-f829efa4-c3d8-40a5-8f24-69543551067a" by "_copy_volume_from_snapshot" {{(pid=87157) __acquire /opt/stack/cinder/cinder/coordination.py:138}}
Aug 31 21:18:36 devstack cinder-volume[87157]: DEBUG cinder.coordination [None req-978ee5e4-381d-4f1e-aebd-c6f8e3b2a0de tempest-GroupsV314Test-2124813912 None] Lock "cinder-quobyte-f829efa4-c3d8-40a5-8f24-69543551067a" acquired by "_copy_volume_from_snapshot" :: waited 0.021s {{(pid=87157) __acquire /opt/stack/cinder/cinder/coordination.py:141}}
Aug 31 21:18:36 devstack cinder-volume[87157]: DEBUG cinder.volume.drivers.quobyte [None req-978ee5e4-381d-4f1e-aebd-c6f8e3b2a0de tempest-GroupsV314Test-2124813912 None] snapshot: 39284051-ded5-4012-b10e-5b1bb84fbb5c, volume: f829efa4-c3d8-40a5-8f24-69543551067a, {{(pid=87157) _copy_volume_from_snapshot /opt/stack/cinder/cinder/volume/drivers/quobyte.py:405}}
Aug 31 21:18:36 devstack cinder-volume[87157]: DEBUG oslo_concurrency.lockutils [None req-978ee5e4-381d-4f1e-aebd-c6f8e3b2a0de tempest-GroupsV314Test-2124813912 None] Acquiring lock "quobyte_ensure" by "cinder.volume.drivers.quobyte.QuobyteDriver._ensure_shares_mounted" {{(pid=87157) inner /opt/stack/data/venv/lib/python3.12/site-packages/oslo_concurrency/lockutils.py:512}}
Aug 31 21:18:36 devstack cinder-volume[87157]: DEBUG oslo_concurrency.lockutils [None req-978ee5e4-381d-4f1e-aebd-c6f8e3b2a0de tempest-GroupsV314Test-2124813912 None] Lock "quobyte_ensure" acquired by "cinder.volume.drivers.quobyte.QuobyteDriver._ensure_shares_mounted" :: waited 0.001s {{(pid=87157) inner /opt/stack/data/venv/lib/python3.12/site-packages/oslo_concurrency/lockutils.py:525}}
Aug 31 21:18:36 devstack cinder-volume[87157]: DEBUG cinder.volume.drivers.quobyte [None req-978ee5e4-381d-4f1e-aebd-c6f8e3b2a0de tempest-GroupsV314Test-2124813912 None] Quobyte Volume URL set to: {'osci02.corp.quobyte.com/cinder-vol-54f0806f-9175-4987-b008-88645c2d794e': None} {{(pid=87157) _load_shares_config /opt/stack/cinder/cinder/volume/drivers/quobyte.py:665}}
Aug 31 21:18:36 devstack cinder-volume[87157]: DEBUG cinder.volume.drivers.quobyte [None req-978ee5e4-381d-4f1e-aebd-c6f8e3b2a0de tempest-GroupsV314Test-2124813912 None] Available shares ['osci02.corp.quobyte.com/cinder-vol-54f0806f-9175-4987-b008-88645c2d794e'] {{(pid=87157) _ensure_shares_mounted /opt/stack/cinder/cinder/volume/drivers/quobyte.py:695}}
Aug 31 21:18:36 devstack cinder-volume[87157]: DEBUG oslo_concurrency.lockutils [None req-978ee5e4-381d-4f1e-aebd-c6f8e3b2a0de tempest-GroupsV314Test-2124813912 None] Lock "quobyte_ensure" "released" by "cinder.volume.drivers.quobyte.QuobyteDriver._ensure_shares_mounted" :: held 0.009s {{(pid=87157) inner /opt/stack/data/venv/lib/python3.12/site-packages/oslo_concurrency/lockutils.py:544}}
Aug 31 21:18:36 devstack cinder-volume[87157]: DEBUG oslo.privsep.daemon [-] privsep: reply[690dd514-4dd8-4668-986e-18c032062e70]: (4, 'qcow2') {{(pid=88771) _call_back /opt/stack/data/venv/lib/python3.12/site-packages/oslo_privsep/daemon.py:580}}
Aug 31 21:18:36 devstack cinder-volume[87157]: DEBUG oslo_concurrency.processutils [None req-978ee5e4-381d-4f1e-aebd-c6f8e3b2a0de tempest-GroupsV314Test-2124813912 None] Running cmd (subprocess): /opt/stack/data/venv/bin/python3.12 -m oslo_concurrency.prlimit --as=1073741824 --cpu=60 -- sudo cinder-rootwrap /etc/cinder/rootwrap.conf env LC_ALL=C qemu-img info -f qcow2 --output=json --force-share /opt/stack/data/cinder/mnt/557dc68e90c7790eecb69cadf4e31b7a/volume-6ee0c657-6b99-4d29-bfad-49bb8455c6e3.39284051-ded5-4012-b10e-5b1bb84fbb5c {{(pid=87157) execute /opt/stack/data/venv/lib/python3.12/site-packages/oslo_concurrency/processutils.py:440}}
Aug 31 21:18:36 devstack sudo[96701]: quobyte : PWD=/ ; USER=root ; COMMAND=/opt/stack/data/venv/bin/cinder-rootwrap /etc/cinder/rootwrap.conf env LC_ALL=C qemu-img info -f qcow2 --output=json --force-share /opt/stack/data/cinder/mnt/557dc68e90c7790eecb69cadf4e31b7a/volume-6ee0c657-6b99-4d29-bfad-49bb8455c6e3.39284051-ded5-4012-b10e-5b1bb84fbb5c
Aug 31 21:18:36 devstack sudo[96701]: pam_unix(sudo:session): session opened for user root(uid=0) by (uid=1000)
Aug 31 21:18:36 devstack sudo[96701]: pam_unix(sudo:session): session closed for user root
Aug 31 21:18:36 devstack cinder-volume[87157]: DEBUG oslo_concurrency.processutils [None req-978ee5e4-381d-4f1e-aebd-c6f8e3b2a0de tempest-GroupsV314Test-2124813912 None] CMD "/opt/stack/data/venv/bin/python3.12 -m oslo_concurrency.prlimit --as=1073741824 --cpu=60 -- sudo cinder-rootwrap /etc/cinder/rootwrap.conf env LC_ALL=C qemu-img info -f qcow2 --output=json --force-share /opt/stack/data/cinder/mnt/557dc68e90c7790eecb69cadf4e31b7a/volume-6ee0c657-6b99-4d29-bfad-49bb8455c6e3.39284051-ded5-4012-b10e-5b1bb84fbb5c" returned: 0 in 0.426s {{(pid=87157) execute /opt/stack/data/venv/lib/python3.12/site-packages/oslo_concurrency/processutils.py:468}}
Aug 31 21:18:36 devstack cinder-volume[87157]: DEBUG cinder.volume.drivers.remotefs [None req-978ee5e4-381d-4f1e-aebd-c6f8e3b2a0de tempest-GroupsV314Test-2124813912 None] Fetching qemu-img info with special backing_file_template: (/opt/stack/data/cinder/mnt/[0-9a-f]+/)?(volume-6ee0c657-6b99-4d29-bfad-49bb8455c6e3(.(tmp-snap-)?[0-9a-f-]+)?|volume_from_snapshot_cache/(tmp-snap-)?[0-9a-f-]+(.(child-|parent-)[0-9a-f-]+)?)$ {{(pid=87157) _qemu_img_info_base /opt/stack/cinder/cinder/volume/drivers/remotefs.py:896}}
Aug 31 21:18:36 devstack cinder-volume[87157]: DEBUG oslo.privsep.daemon [-] privsep: reply[b89646c6-b42a-4e8a-bf66-7f83fad0b9b2]: (4, 'qcow2') {{(pid=88771) _call_back /opt/stack/data/venv/lib/python3.12/site-packages/oslo_privsep/daemon.py:580}}
Aug 31 21:18:36 devstack cinder-volume[87157]: DEBUG oslo_concurrency.processutils [None req-978ee5e4-381d-4f1e-aebd-c6f8e3b2a0de tempest-GroupsV314Test-2124813912 None] Running cmd (subprocess): /opt/stack/data/venv/bin/python3.12 -m oslo_concurrency.prlimit --as=1073741824 --cpu=60 -- sudo cinder-rootwrap /etc/cinder/rootwrap.conf env LC_ALL=C qemu-img info -f qcow2 --output=json --force-share /opt/stack/data/cinder/mnt/557dc68e90c7790eecb69cadf4e31b7a/volume-6ee0c657-6b99-4d29-bfad-49bb8455c6e3 {{(pid=87157) execute /opt/stack/data/venv/lib/python3.12/site-packages/oslo_concurrency/processutils.py:440}}
Aug 31 21:18:36 devstack sudo[96707]: quobyte : PWD=/ ; USER=root ; COMMAND=/opt/stack/data/venv/bin/cinder-rootwrap /etc/cinder/rootwrap.conf env LC_ALL=C qemu-img info -f qcow2 --output=json --force-share /opt/stack/data/cinder/mnt/557dc68e90c7790eecb69cadf4e31b7a/volume-6ee0c657-6b99-4d29-bfad-49bb8455c6e3
Aug 31 21:18:36 devstack sudo[96707]: pam_unix(sudo:session): session opened for user root(uid=0) by (uid=1000)
Aug 31 21:18:37 devstack sudo[96707]: pam_unix(sudo:session): session closed for user root
Aug 31 21:18:37 devstack cinder-volume[87157]: DEBUG oslo_concurrency.processutils [None req-978ee5e4-381d-4f1e-aebd-c6f8e3b2a0de tempest-GroupsV314Test-2124813912 None] CMD "/opt/stack/data/venv/bin/python3.12 -m oslo_concurrency.prlimit --as=1073741824 --cpu=60 -- sudo cinder-rootwrap /etc/cinder/rootwrap.conf env LC_ALL=C qemu-img info -f qcow2 --output=json --force-share /opt/stack/data/cinder/mnt/557dc68e90c7790eecb69cadf4e31b7a/volume-6ee0c657-6b99-4d29-bfad-49bb8455c6e3" returned: 0 in 0.444s {{(pid=87157) execute /opt/stack/data/venv/lib/python3.12/site-packages/oslo_concurrency/processutils.py:468}}
Aug 31 21:18:37 devstack cinder-volume[87157]: DEBUG cinder.volume.drivers.quobyte [None req-978ee5e4-381d-4f1e-aebd-c6f8e3b2a0de tempest-GroupsV314Test-2124813912 None] will copy from snapshot at /opt/stack/data/cinder/mnt/557dc68e90c7790eecb69cadf4e31b7a/volume-6ee0c657-6b99-4d29-bfad-49bb8455c6e3 {{(pid=87157) _copy_volume_from_snapshot /opt/stack/cinder/cinder/volume/drivers/quobyte.py:426}}
Aug 31 21:18:37 devstack cinder-volume[87157]: DEBUG cinder.volume.drivers.quobyte [None req-978ee5e4-381d-4f1e-aebd-c6f8e3b2a0de tempest-GroupsV314Test-2124813912 None] Creating direct copy from snapshot {{(pid=87157) _copy_volume_from_snapshot /opt/stack/cinder/cinder/volume/drivers/quobyte.py:434}}
Aug 31 21:18:37 devstack cinder-volume[87157]: DEBUG cinder.utils [None req-978ee5e4-381d-4f1e-aebd-c6f8e3b2a0de tempest-GroupsV314Test-2124813912 None] Path /opt/stack/data/cinder/mnt/557dc68e90c7790eecb69cadf4e31b7a/volume-f829efa4-c3d8-40a5-8f24-69543551067a not found in is_blk_device check {{(pid=87157) is_blk_device /opt/stack/cinder/cinder/utils.py:622}}
Aug 31 21:18:37 devstack cinder-volume[87157]: DEBUG oslo_concurrency.processutils [None req-978ee5e4-381d-4f1e-aebd-c6f8e3b2a0de tempest-GroupsV314Test-2124813912 None] Running cmd (subprocess): sudo cinder-rootwrap /etc/cinder/rootwrap.conf qemu-img convert -O qcow2 /opt/stack/data/cinder/mnt/557dc68e90c7790eecb69cadf4e31b7a/volume-6ee0c657-6b99-4d29-bfad-49bb8455c6e3 /opt/stack/data/cinder/mnt/557dc68e90c7790eecb69cadf4e31b7a/volume-f829efa4-c3d8-40a5-8f24-69543551067a {{(pid=87157) execute /opt/stack/data/venv/lib/python3.12/site-packages/oslo_concurrency/processutils.py:440}}
Aug 31 21:18:37 devstack sudo[96712]: quobyte : PWD=/ ; USER=root ; COMMAND=/opt/stack/data/venv/bin/cinder-rootwrap /etc/cinder/rootwrap.conf qemu-img convert -O qcow2 /opt/stack/data/cinder/mnt/557dc68e90c7790eecb69cadf4e31b7a/volume-6ee0c657-6b99-4d29-bfad-49bb8455c6e3 /opt/stack/data/cinder/mnt/557dc68e90c7790eecb69cadf4e31b7a/volume-f829efa4-c3d8-40a5-8f24-69543551067a
Aug 31 21:18:37 devstack sudo[96712]: pam_unix(sudo:session): session opened for user root(uid=0) by (uid=1000)
Aug 31 21:18:43 devstack sudo[96712]: pam_unix(sudo:session): session closed for user root
Aug 31 21:18:43 devstack cinder-volume[87157]: DEBUG oslo_concurrency.processutils [None req-978ee5e4-381d-4f1e-aebd-c6f8e3b2a0de tempest-GroupsV314Test-2124813912 None] CMD "sudo cinder-rootwrap /etc/cinder/rootwrap.conf qemu-img convert -O qcow2 /opt/stack/data/cinder/mnt/557dc68e90c7790eecb69cadf4e31b7a/volume-6ee0c657-6b99-4d29-bfad-49bb8455c6e3 /opt/stack/data/cinder/mnt/557dc68e90c7790eecb69cadf4e31b7a/volume-f829efa4-c3d8-40a5-8f24-69543551067a" returned: 0 in 6.141s {{(pid=87157) execute /opt/stack/data/venv/lib/python3.12/site-packages/oslo_concurrency/processutils.py:468}}
Aug 31 21:18:43 devstack cinder-volume[87157]: DEBUG cinder.image.image_utils [None req-978ee5e4-381d-4f1e-aebd-c6f8e3b2a0de tempest-GroupsV314Test-2124813912 None] Image conversion details: src /opt/stack/data/cinder/mnt/557dc68e90c7790eecb69cadf4e31b7a/volume-6ee0c657-6b99-4d29-bfad-49bb8455c6e3, size 1024.00 MB, duration 6.14 sec, destination /opt/stack/data/cinder/mnt/557dc68e90c7790eecb69cadf4e31b7a/volume-f829efa4-c3d8-40a5-8f24-69543551067a {{(pid=87157) _convert_image /opt/stack/cinder/cinder/image/image_utils.py:536}}
Aug 31 21:18:43 devstack cinder-volume[87157]: INFO cinder.image.image_utils [None req-978ee5e4-381d-4f1e-aebd-c6f8e3b2a0de tempest-GroupsV314Test-2124813912 None] Converted 1024.00 MB image at 166.69 MB/s
Aug 31 21:18:43 devstack cinder-volume[87157]: WARNING cinder.volume.drivers.remotefs [None req-978ee5e4-381d-4f1e-aebd-c6f8e3b2a0de tempest-GroupsV314Test-2124813912 None] /opt/stack/data/cinder/mnt/557dc68e90c7790eecb69cadf4e31b7a/volume-f829efa4-c3d8-40a5-8f24-69543551067a is being set with open permissions: ugo+rw: NotImplementedError
Aug 31 21:18:43 devstack cinder-volume[87157]: DEBUG oslo_concurrency.processutils [None req-978ee5e4-381d-4f1e-aebd-c6f8e3b2a0de tempest-GroupsV314Test-2124813912 None] Running cmd (subprocess): sudo cinder-rootwrap /etc/cinder/rootwrap.conf chmod ugo+rw /opt/stack/data/cinder/mnt/557dc68e90c7790eecb69cadf4e31b7a/volume-f829efa4-c3d8-40a5-8f24-69543551067a {{(pid=87157) execute /opt/stack/data/venv/lib/python3.12/site-packages/oslo_concurrency/processutils.py:440}}
Aug 31 21:18:43 devstack sudo[96733]: quobyte : PWD=/ ; USER=root ; COMMAND=/opt/stack/data/venv/bin/cinder-rootwrap /etc/cinder/rootwrap.conf chmod ugo+rw /opt/stack/data/cinder/mnt/557dc68e90c7790eecb69cadf4e31b7a/volume-f829efa4-c3d8-40a5-8f24-69543551067a
Aug 31 21:18:43 devstack sudo[96733]: pam_unix(sudo:session): session opened for user root(uid=0) by (uid=1000)
Aug 31 21:18:43 devstack sudo[96733]: pam_unix(sudo:session): session closed for user root
Aug 31 21:18:43 devstack cinder-volume[87157]: DEBUG oslo_concurrency.processutils [None req-978ee5e4-381d-4f1e-aebd-c6f8e3b2a0de tempest-GroupsV314Test-2124813912 None] CMD "sudo cinder-rootwrap /etc/cinder/rootwrap.conf chmod ugo+rw /opt/stack/data/cinder/mnt/557dc68e90c7790eecb69cadf4e31b7a/volume-f829efa4-c3d8-40a5-8f24-69543551067a" returned: 0 in 0.331s {{(pid=87157) execute /opt/stack/data/venv/lib/python3.12/site-packages/oslo_concurrency/processutils.py:468}}
Aug 31 21:18:43 devstack cinder-volume[87157]: DEBUG cinder.coordination [None req-978ee5e4-381d-4f1e-aebd-c6f8e3b2a0de tempest-GroupsV314Test-2124813912 None] Lock "cinder-quobyte-f829efa4-c3d8-40a5-8f24-69543551067a" released by "_copy_volume_from_snapshot" :: held 7.443s {{(pid=87157) __release /opt/stack/cinder/cinder/coordination.py:152}}
Aug 31 21:18:43 devstack cinder-volume[87157]: DEBUG cinder.coordination [None req-978ee5e4-381d-4f1e-aebd-c6f8e3b2a0de tempest-GroupsV314Test-2124813912 None] Acquiring lock "cinder-quobyte-39284051-ded5-4012-b10e-5b1bb84fbb5c" by "_delete_snapshot" {{(pid=87157) __acquire /opt/stack/cinder/cinder/coordination.py:138}}
Aug 31 21:18:43 devstack cinder-volume[87157]: DEBUG cinder.coordination [None req-978ee5e4-381d-4f1e-aebd-c6f8e3b2a0de tempest-GroupsV314Test-2124813912 None] Lock "cinder-quobyte-39284051-ded5-4012-b10e-5b1bb84fbb5c" acquired by "_delete_snapshot" :: waited 0.019s {{(pid=87157) __acquire /opt/stack/cinder/cinder/coordination.py:141}}
Aug 31 21:18:43 devstack cinder-volume[87157]: DEBUG cinder.volume.drivers.remotefs [None req-978ee5e4-381d-4f1e-aebd-c6f8e3b2a0de tempest-GroupsV314Test-2124813912 None] Deleting offline snapshot 39284051-ded5-4012-b10e-5b1bb84fbb5c of volume 6ee0c657-6b99-4d29-bfad-49bb8455c6e3 {{(pid=87157) _delete_snapshot /opt/stack/cinder/cinder/volume/drivers/remotefs.py:1288}}
Aug 31 21:18:43 devstack cinder-volume[87157]: DEBUG cinder.volume.drivers.remotefs [None req-978ee5e4-381d-4f1e-aebd-c6f8e3b2a0de tempest-GroupsV314Test-2124813912 None] snapshot_file for this snap is: volume-6ee0c657-6b99-4d29-bfad-49bb8455c6e3.39284051-ded5-4012-b10e-5b1bb84fbb5c {{(pid=87157) _delete_snapshot /opt/stack/cinder/cinder/volume/drivers/remotefs.py:1317}}
Aug 31 21:18:43 devstack cinder-volume[87157]: DEBUG oslo.privsep.daemon [-] privsep: reply[c537d734-d2fd-45b4-bdf7-b781df5bb4a8]: (4, 'qcow2') {{(pid=88771) _call_back /opt/stack/data/venv/lib/python3.12/site-packages/oslo_privsep/daemon.py:580}}
Aug 31 21:18:43 devstack cinder-volume[87157]: DEBUG oslo_concurrency.processutils [None req-978ee5e4-381d-4f1e-aebd-c6f8e3b2a0de tempest-GroupsV314Test-2124813912 None] Running cmd (subprocess): /opt/stack/data/venv/bin/python3.12 -m oslo_concurrency.prlimit --as=1073741824 --cpu=60 -- sudo cinder-rootwrap /etc/cinder/rootwrap.conf env LC_ALL=C qemu-img info -f qcow2 --output=json --force-share /opt/stack/data/cinder/mnt/557dc68e90c7790eecb69cadf4e31b7a/volume-6ee0c657-6b99-4d29-bfad-49bb8455c6e3.39284051-ded5-4012-b10e-5b1bb84fbb5c {{(pid=87157) execute /opt/stack/data/venv/lib/python3.12/site-packages/oslo_concurrency/processutils.py:440}}
Aug 31 21:18:43 devstack sudo[96740]: quobyte : PWD=/ ; USER=root ; COMMAND=/opt/stack/data/venv/bin/cinder-rootwrap /etc/cinder/rootwrap.conf env LC_ALL=C qemu-img info -f qcow2 --output=json --force-share /opt/stack/data/cinder/mnt/557dc68e90c7790eecb69cadf4e31b7a/volume-6ee0c657-6b99-4d29-bfad-49bb8455c6e3.39284051-ded5-4012-b10e-5b1bb84fbb5c
Aug 31 21:18:43 devstack sudo[96740]: pam_unix(sudo:session): session opened for user root(uid=0) by (uid=1000)
Aug 31 21:18:44 devstack sudo[96740]: pam_unix(sudo:session): session closed for user root
Aug 31 21:18:44 devstack cinder-volume[87157]: DEBUG oslo_concurrency.processutils [None req-978ee5e4-381d-4f1e-aebd-c6f8e3b2a0de tempest-GroupsV314Test-2124813912 None] CMD "/opt/stack/data/venv/bin/python3.12 -m oslo_concurrency.prlimit --as=1073741824 --cpu=60 -- sudo cinder-rootwrap /etc/cinder/rootwrap.conf env LC_ALL=C qemu-img info -f qcow2 --output=json --force-share /opt/stack/data/cinder/mnt/557dc68e90c7790eecb69cadf4e31b7a/volume-6ee0c657-6b99-4d29-bfad-49bb8455c6e3.39284051-ded5-4012-b10e-5b1bb84fbb5c" returned: 0 in 0.420s {{(pid=87157) execute /opt/stack/data/venv/lib/python3.12/site-packages/oslo_concurrency/processutils.py:468}}
Aug 31 21:18:44 devstack cinder-volume[87157]: DEBUG cinder.volume.drivers.remotefs [None req-978ee5e4-381d-4f1e-aebd-c6f8e3b2a0de tempest-GroupsV314Test-2124813912 None] Fetching qemu-img info with special backing_file_template: (/opt/stack/data/cinder/mnt/[0-9a-f]+/)?(volume-6ee0c657-6b99-4d29-bfad-49bb8455c6e3(.(tmp-snap-)?[0-9a-f-]+)?|volume_from_snapshot_cache/(tmp-snap-)?[0-9a-f-]+(.(child-|parent-)[0-9a-f-]+)?)$ {{(pid=87157) _qemu_img_info_base /opt/stack/cinder/cinder/volume/drivers/remotefs.py:896}}
Aug 31 21:18:44 devstack cinder-volume[87157]: DEBUG oslo.privsep.daemon [-] privsep: reply[1b140ea1-e691-4411-bed3-e27480308088]: (4, 'qcow2') {{(pid=88771) _call_back /opt/stack/data/venv/lib/python3.12/site-packages/oslo_privsep/daemon.py:580}}
Aug 31 21:18:44 devstack cinder-volume[87157]: DEBUG oslo_concurrency.processutils [None req-978ee5e4-381d-4f1e-aebd-c6f8e3b2a0de tempest-GroupsV314Test-2124813912 None] Running cmd (subprocess): /opt/stack/data/venv/bin/python3.12 -m oslo_concurrency.prlimit --as=1073741824 --cpu=60 -- sudo cinder-rootwrap /etc/cinder/rootwrap.conf env LC_ALL=C qemu-img info -f qcow2 --output=json --force-share /opt/stack/data/cinder/mnt/557dc68e90c7790eecb69cadf4e31b7a/volume-6ee0c657-6b99-4d29-bfad-49bb8455c6e3 {{(pid=87157) execute /opt/stack/data/venv/lib/python3.12/site-packages/oslo_concurrency/processutils.py:440}}
Aug 31 21:18:44 devstack sudo[96759]: quobyte : PWD=/ ; USER=root ; COMMAND=/opt/stack/data/venv/bin/cinder-rootwrap /etc/cinder/rootwrap.conf env LC_ALL=C qemu-img info -f qcow2 --output=json --force-share /opt/stack/data/cinder/mnt/557dc68e90c7790eecb69cadf4e31b7a/volume-6ee0c657-6b99-4d29-bfad-49bb8455c6e3
Aug 31 21:18:44 devstack sudo[96759]: pam_unix(sudo:session): session opened for user root(uid=0) by (uid=1000)
Aug 31 21:18:44 devstack sudo[96759]: pam_unix(sudo:session): session closed for user root
Aug 31 21:18:44 devstack cinder-volume[87157]: DEBUG oslo_concurrency.processutils [None req-978ee5e4-381d-4f1e-aebd-c6f8e3b2a0de tempest-GroupsV314Test-2124813912 None] CMD "/opt/stack/data/venv/bin/python3.12 -m oslo_concurrency.prlimit --as=1073741824 --cpu=60 -- sudo cinder-rootwrap /etc/cinder/rootwrap.conf env LC_ALL=C qemu-img info -f qcow2 --output=json --force-share /opt/stack/data/cinder/mnt/557dc68e90c7790eecb69cadf4e31b7a/volume-6ee0c657-6b99-4d29-bfad-49bb8455c6e3" returned: 0 in 0.698s {{(pid=87157) execute /opt/stack/data/venv/lib/python3.12/site-packages/oslo_concurrency/processutils.py:468}}
Aug 31 21:18:44 devstack cinder-volume[87157]: DEBUG oslo_concurrency.processutils [None req-978ee5e4-381d-4f1e-aebd-c6f8e3b2a0de tempest-GroupsV314Test-2124813912 None] Running cmd (subprocess): sudo cinder-rootwrap /etc/cinder/rootwrap.conf qemu-img commit -d /opt/stack/data/cinder/mnt/557dc68e90c7790eecb69cadf4e31b7a/volume-6ee0c657-6b99-4d29-bfad-49bb8455c6e3.39284051-ded5-4012-b10e-5b1bb84fbb5c {{(pid=87157) execute /opt/stack/data/venv/lib/python3.12/site-packages/oslo_concurrency/processutils.py:440}}
Aug 31 21:18:45 devstack sudo[96765]: quobyte : PWD=/ ; USER=root ; COMMAND=/opt/stack/data/venv/bin/cinder-rootwrap /etc/cinder/rootwrap.conf qemu-img commit -d /opt/stack/data/cinder/mnt/557dc68e90c7790eecb69cadf4e31b7a/volume-6ee0c657-6b99-4d29-bfad-49bb8455c6e3.39284051-ded5-4012-b10e-5b1bb84fbb5c
Aug 31 21:18:45 devstack sudo[96765]: pam_unix(sudo:session): session opened for user root(uid=0) by (uid=1000)
Aug 31 21:18:45 devstack sudo[96765]: pam_unix(sudo:session): session closed for user root
Aug 31 21:18:45 devstack cinder-volume[87157]: DEBUG oslo_concurrency.processutils [None req-978ee5e4-381d-4f1e-aebd-c6f8e3b2a0de tempest-GroupsV314Test-2124813912 None] CMD "sudo cinder-rootwrap /etc/cinder/rootwrap.conf qemu-img commit -d /opt/stack/data/cinder/mnt/557dc68e90c7790eecb69cadf4e31b7a/volume-6ee0c657-6b99-4d29-bfad-49bb8455c6e3.39284051-ded5-4012-b10e-5b1bb84fbb5c" returned: 0 in 0.399s {{(pid=87157) execute /opt/stack/data/venv/lib/python3.12/site-packages/oslo_concurrency/processutils.py:468}}
Aug 31 21:18:45 devstack cinder-volume[87157]: DEBUG oslo_concurrency.processutils [None req-978ee5e4-381d-4f1e-aebd-c6f8e3b2a0de tempest-GroupsV314Test-2124813912 None] Running cmd (subprocess): sudo cinder-rootwrap /etc/cinder/rootwrap.conf rm -f /opt/stack/data/cinder/mnt/557dc68e90c7790eecb69cadf4e31b7a/volume-6ee0c657-6b99-4d29-bfad-49bb8455c6e3.39284051-ded5-4012-b10e-5b1bb84fbb5c {{(pid=87157) execute /opt/stack/data/venv/lib/python3.12/site-packages/oslo_concurrency/processutils.py:440}}
Aug 31 21:18:45 devstack sudo[96771]: quobyte : PWD=/ ; USER=root ; COMMAND=/opt/stack/data/venv/bin/cinder-rootwrap /etc/cinder/rootwrap.conf rm -f /opt/stack/data/cinder/mnt/557dc68e90c7790eecb69cadf4e31b7a/volume-6ee0c657-6b99-4d29-bfad-49bb8455c6e3.39284051-ded5-4012-b10e-5b1bb84fbb5c
Aug 31 21:18:45 devstack sudo[96771]: pam_unix(sudo:session): session opened for user root(uid=0) by (uid=1000)
Aug 31 21:18:45 devstack sudo[96771]: pam_unix(sudo:session): session closed for user root
Aug 31 21:18:45 devstack cinder-volume[87157]: DEBUG oslo_concurrency.processutils [None req-978ee5e4-381d-4f1e-aebd-c6f8e3b2a0de tempest-GroupsV314Test-2124813912 None] CMD "sudo cinder-rootwrap /etc/cinder/rootwrap.conf rm -f /opt/stack/data/cinder/mnt/557dc68e90c7790eecb69cadf4e31b7a/volume-6ee0c657-6b99-4d29-bfad-49bb8455c6e3.39284051-ded5-4012-b10e-5b1bb84fbb5c" returned: 0 in 0.402s {{(pid=87157) execute /opt/stack/data/venv/lib/python3.12/site-packages/oslo_concurrency/processutils.py:468}}
Aug 31 21:18:45 devstack cinder-volume[87157]: DEBUG cinder.coordination [None req-978ee5e4-381d-4f1e-aebd-c6f8e3b2a0de tempest-GroupsV314Test-2124813912 None] Lock "cinder-quobyte-39284051-ded5-4012-b10e-5b1bb84fbb5c" released by "_delete_snapshot" :: held 2.058s {{(pid=87157) __release /opt/stack/cinder/cinder/coordination.py:152}}
Aug 31 21:18:45 devstack cinder-volume[87157]: DEBUG oslo_concurrency.lockutils [None req-978ee5e4-381d-4f1e-aebd-c6f8e3b2a0de tempest-GroupsV314Test-2124813912 None] Lock "quobyte" "released" by "cinder.volume.drivers.quobyte.QuobyteDriver.create_cloned_volume" :: held 12.717s {{(pid=87157) inner /opt/stack/data/venv/lib/python3.12/site-packages/oslo_concurrency/lockutils.py:544}}
Aug 31 21:18:46 devstack cinder-volume[87157]: INFO cinder.volume.manager [None req-978ee5e4-381d-4f1e-aebd-c6f8e3b2a0de tempest-GroupsV314Test-2124813912 None] Create group from source-group-e64af934-5d8b-4026-b6a8-f9acf7aedb95 completed successfully.
Aug 31 21:18:47 devstack cinder-volume[87157]: DEBUG cinder.coordination [None req-b002bfc9-2efd-470e-8b78-c366a9169920 tempest-GroupsV314Test-2124813912 None] Acquiring lock "cinder-quobyte-f829efa4-c3d8-40a5-8f24-69543551067a" by "delete_volume" {{(pid=87157) __acquire /opt/stack/cinder/cinder/coordination.py:138}}
Aug 31 21:18:47 devstack cinder-volume[87157]: DEBUG cinder.coordination [None req-b002bfc9-2efd-470e-8b78-c366a9169920 tempest-GroupsV314Test-2124813912 None] Lock "cinder-quobyte-f829efa4-c3d8-40a5-8f24-69543551067a" acquired by "delete_volume" :: waited 0.028s {{(pid=87157) __acquire /opt/stack/cinder/cinder/coordination.py:141}}
Aug 31 21:18:47 devstack cinder-volume[87157]: DEBUG oslo.privsep.daemon [-] privsep: reply[67faac01-eba3-4a0d-8c30-0dd8a1dee865]: (4, 'qcow2') {{(pid=88771) _call_back /opt/stack/data/venv/lib/python3.12/site-packages/oslo_privsep/daemon.py:580}}
Aug 31 21:18:47 devstack cinder-volume[87157]: DEBUG oslo_concurrency.processutils [None req-b002bfc9-2efd-470e-8b78-c366a9169920 tempest-GroupsV314Test-2124813912 None] Running cmd (subprocess): /opt/stack/data/venv/bin/python3.12 -m oslo_concurrency.prlimit --as=1073741824 --cpu=60 -- sudo cinder-rootwrap /etc/cinder/rootwrap.conf env LC_ALL=C qemu-img info -f qcow2 --output=json --force-share /opt/stack/data/cinder/mnt/557dc68e90c7790eecb69cadf4e31b7a/volume-f829efa4-c3d8-40a5-8f24-69543551067a {{(pid=87157) execute /opt/stack/data/venv/lib/python3.12/site-packages/oslo_concurrency/processutils.py:440}}
Aug 31 21:18:48 devstack sudo[96776]: quobyte : PWD=/ ; USER=root ; COMMAND=/opt/stack/data/venv/bin/cinder-rootwrap /etc/cinder/rootwrap.conf env LC_ALL=C qemu-img info -f qcow2 --output=json --force-share /opt/stack/data/cinder/mnt/557dc68e90c7790eecb69cadf4e31b7a/volume-f829efa4-c3d8-40a5-8f24-69543551067a
Aug 31 21:18:48 devstack sudo[96776]: pam_unix(sudo:session): session opened for user root(uid=0) by (uid=1000)
Aug 31 21:18:48 devstack sudo[96776]: pam_unix(sudo:session): session closed for user root
Aug 31 21:18:48 devstack cinder-volume[87157]: DEBUG oslo_concurrency.processutils [None req-b002bfc9-2efd-470e-8b78-c366a9169920 tempest-GroupsV314Test-2124813912 None] CMD "/opt/stack/data/venv/bin/python3.12 -m oslo_concurrency.prlimit --as=1073741824 --cpu=60 -- sudo cinder-rootwrap /etc/cinder/rootwrap.conf env LC_ALL=C qemu-img info -f qcow2 --output=json --force-share /opt/stack/data/cinder/mnt/557dc68e90c7790eecb69cadf4e31b7a/volume-f829efa4-c3d8-40a5-8f24-69543551067a" returned: 0 in 0.493s {{(pid=87157) execute /opt/stack/data/venv/lib/python3.12/site-packages/oslo_concurrency/processutils.py:468}}
Aug 31 21:18:48 devstack cinder-volume[87157]: DEBUG oslo_concurrency.processutils [None req-b002bfc9-2efd-470e-8b78-c366a9169920 tempest-GroupsV314Test-2124813912 None] Running cmd (subprocess): sudo cinder-rootwrap /etc/cinder/rootwrap.conf rm -f /opt/stack/data/cinder/mnt/557dc68e90c7790eecb69cadf4e31b7a/volume-f829efa4-c3d8-40a5-8f24-69543551067a {{(pid=87157) execute /opt/stack/data/venv/lib/python3.12/site-packages/oslo_concurrency/processutils.py:440}}
Aug 31 21:18:48 devstack sudo[96781]: quobyte : PWD=/ ; USER=root ; COMMAND=/opt/stack/data/venv/bin/cinder-rootwrap /etc/cinder/rootwrap.conf rm -f /opt/stack/data/cinder/mnt/557dc68e90c7790eecb69cadf4e31b7a/volume-f829efa4-c3d8-40a5-8f24-69543551067a
Aug 31 21:18:48 devstack sudo[96781]: pam_unix(sudo:session): session opened for user root(uid=0) by (uid=1000)
Aug 31 21:18:48 devstack sudo[96781]: pam_unix(sudo:session): session closed for user root
Aug 31 21:18:48 devstack cinder-volume[87157]: DEBUG oslo_concurrency.processutils [None req-b002bfc9-2efd-470e-8b78-c366a9169920 tempest-GroupsV314Test-2124813912 None] CMD "sudo cinder-rootwrap /etc/cinder/rootwrap.conf rm -f /opt/stack/data/cinder/mnt/557dc68e90c7790eecb69cadf4e31b7a/volume-f829efa4-c3d8-40a5-8f24-69543551067a" returned: 0 in 0.419s {{(pid=87157) execute /opt/stack/data/venv/lib/python3.12/site-packages/oslo_concurrency/processutils.py:468}}
Aug 31 21:18:48 devstack cinder-volume[87157]: DEBUG cinder.coordination [None req-b002bfc9-2efd-470e-8b78-c366a9169920 tempest-GroupsV314Test-2124813912 None] Lock "cinder-quobyte-f829efa4-c3d8-40a5-8f24-69543551067a" released by "delete_volume" :: held 0.981s {{(pid=87157) __release /opt/stack/cinder/cinder/coordination.py:152}}
Aug 31 21:18:48 devstack cinder-volume[87157]: DEBUG cinder.quota [None req-b002bfc9-2efd-470e-8b78-c366a9169920 tempest-GroupsV314Test-2124813912 None] Created reservations ['a4389bde-b826-47c7-a6a8-8cc867a8bb12'] {{(pid=87157) reserve /opt/stack/cinder/cinder/quota.py:752}}
Aug 31 21:18:49 devstack cinder-volume[87157]: WARNING cinder.quota [None req-b002bfc9-2efd-470e-8b78-c366a9169920 tempest-GroupsV314Test-2124813912 None] Deprecated: Default quota for resource: volumes_tempest-GroupsV314Test-volume-type-2082322876 is set by the default quota flag: quota_volumes_tempest-GroupsV314Test-volume-type-2082322876, it is now deprecated. Please use the default quota class for default quota.
Aug 31 21:18:49 devstack cinder-volume[87157]: WARNING cinder.quota [None req-b002bfc9-2efd-470e-8b78-c366a9169920 tempest-GroupsV314Test-2124813912 None] Deprecated: Default quota for resource: gigabytes_tempest-GroupsV314Test-volume-type-2082322876 is set by the default quota flag: quota_gigabytes_tempest-GroupsV314Test-volume-type-2082322876, it is now deprecated. Please use the default quota class for default quota.
Aug 31 21:18:49 devstack cinder-volume[87157]: DEBUG cinder.quota [None req-b002bfc9-2efd-470e-8b78-c366a9169920 tempest-GroupsV314Test-2124813912 None] Created reservations ['a54d9cf1-e6e0-4800-8210-4f7e41ec54b7', 'c0fa60b5-082c-45c7-891e-8c9610d35e45', 'c3bd9c6b-cdfb-408c-9457-22b7f612ff76', 'fb2182e4-f104-40ee-b284-ec47e016f047'] {{(pid=87157) reserve /opt/stack/cinder/cinder/quota.py:752}}
Aug 31 21:18:49 devstack cinder-volume[87157]: DEBUG oslo_concurrency.lockutils [None req-b002bfc9-2efd-470e-8b78-c366a9169920 tempest-GroupsV314Test-2124813912 None] Acquiring lock "quobyte_ensure" by "cinder.volume.drivers.quobyte.QuobyteDriver._ensure_shares_mounted" {{(pid=87157) inner /opt/stack/data/venv/lib/python3.12/site-packages/oslo_concurrency/lockutils.py:512}}
Aug 31 21:18:49 devstack cinder-volume[87157]: DEBUG oslo_concurrency.lockutils [None req-b002bfc9-2efd-470e-8b78-c366a9169920 tempest-GroupsV314Test-2124813912 None] Lock "quobyte_ensure" acquired by "cinder.volume.drivers.quobyte.QuobyteDriver._ensure_shares_mounted" :: waited 0.001s {{(pid=87157) inner /opt/stack/data/venv/lib/python3.12/site-packages/oslo_concurrency/lockutils.py:525}}
Aug 31 21:18:49 devstack cinder-volume[87157]: DEBUG cinder.volume.drivers.quobyte [None req-b002bfc9-2efd-470e-8b78-c366a9169920 tempest-GroupsV314Test-2124813912 None] Quobyte Volume URL set to: {'osci02.corp.quobyte.com/cinder-vol-54f0806f-9175-4987-b008-88645c2d794e': None} {{(pid=87157) _load_shares_config /opt/stack/cinder/cinder/volume/drivers/quobyte.py:665}}
Aug 31 21:18:49 devstack cinder-volume[87157]: DEBUG cinder.volume.drivers.quobyte [None req-b002bfc9-2efd-470e-8b78-c366a9169920 tempest-GroupsV314Test-2124813912 None] Available shares ['osci02.corp.quobyte.com/cinder-vol-54f0806f-9175-4987-b008-88645c2d794e'] {{(pid=87157) _ensure_shares_mounted /opt/stack/cinder/cinder/volume/drivers/quobyte.py:695}}
Aug 31 21:18:49 devstack cinder-volume[87157]: DEBUG oslo_concurrency.lockutils [None req-b002bfc9-2efd-470e-8b78-c366a9169920 tempest-GroupsV314Test-2124813912 None] Lock "quobyte_ensure" "released" by "cinder.volume.drivers.quobyte.QuobyteDriver._ensure_shares_mounted" :: held 0.029s {{(pid=87157) inner /opt/stack/data/venv/lib/python3.12/site-packages/oslo_concurrency/lockutils.py:544}}
Aug 31 21:18:49 devstack cinder-volume[87157]: DEBUG oslo_concurrency.processutils [None req-b002bfc9-2efd-470e-8b78-c366a9169920 tempest-GroupsV314Test-2124813912 None] Running cmd (subprocess): sudo cinder-rootwrap /etc/cinder/rootwrap.conf df --portability --block-size 1 /opt/stack/data/cinder/mnt/557dc68e90c7790eecb69cadf4e31b7a {{(pid=87157) execute /opt/stack/data/venv/lib/python3.12/site-packages/oslo_concurrency/processutils.py:440}}
Aug 31 21:18:49 devstack sudo[96824]: quobyte : PWD=/ ; USER=root ; COMMAND=/opt/stack/data/venv/bin/cinder-rootwrap /etc/cinder/rootwrap.conf df --portability --block-size 1 /opt/stack/data/cinder/mnt/557dc68e90c7790eecb69cadf4e31b7a
Aug 31 21:18:49 devstack sudo[96824]: pam_unix(sudo:session): session opened for user root(uid=0) by (uid=1000)
Aug 31 21:18:49 devstack sudo[96824]: pam_unix(sudo:session): session closed for user root
