Apr 25 15:38:38 devstack devstack@n-api.service[59487]: DEBUG nova.policy [None req-fcd93c7a-0179-46a8-a999-1af5a3e61a84 tempest-ServerBootFromVolumeStableRescueTest-1638949673 tempest-ServerBootFromVolumeStableRescueTest-1638949673-project-member] Policy check for os_compute_api:servers:show:host_status:unknown-only failed with credentials {'is_admin': False, 'user_id': 'cbc835d9afd8439db89ad389705ea3ec', 'user_domain_id': 'default', 'system_scope': None, 'domain_id': None, 'project_id': '35fe9361c02d4f9dad1a654abc9cba4c', 'project_domain_id': 'default', 'roles': ['member', 'reader'], 'is_admin_project': True, 'service_user_id': None, 'service_user_domain_id': None, 'service_project_id': None, 'service_project_domain_id': None, 'service_roles': []} {{(pid=59487) authorize /opt/stack/nova/nova/policy.py:192}}
Apr 25 15:38:38 devstack devstack@n-api.service[59487]: INFO nova.api.openstack.requestlog [None req-fcd93c7a-0179-46a8-a999-1af5a3e61a84 tempest-ServerBootFromVolumeStableRescueTest-1638949673 tempest-ServerBootFromVolumeStableRescueTest-1638949673-project-member] 192.168.122.23 "GET /compute/v2.1/servers/fb1a7b59-fd5e-4ff9-930d-11232814a600" status: 200 len: 1506 microversion: 2.87 time: 3.036406
Apr 25 15:38:38 devstack devstack@n-api.service[59487]: [pid: 59487|app: 0|req: 34/85] 192.168.122.23 () {60 vars in 1285 bytes} [Sat Apr 25 15:38:35 2026] GET /compute/v2.1/servers/fb1a7b59-fd5e-4ff9-930d-11232814a600 => generated 1506 bytes in 3038 msecs (HTTP/1.1 200) 9 headers in 360 bytes (1 switches on core 0)
Apr 25 15:38:38 devstack devstack@n-api.service[59488]: DEBUG nova.api.openstack.wsgi [None req-3341d40b-debb-41c4-aa2f-3f7ed34ab848 tempest-VolumesGetTestJSON-398893760 tempest-VolumesGetTestJSON-398893760-project-member] Calling method '>' {{(pid=59488) _process_stack /opt/stack/nova/nova/api/openstack/wsgi.py:551}}
Apr 25 15:38:38 devstack devstack@n-api.service[59488]: INFO nova.api.openstack.requestlog [None req-3341d40b-debb-41c4-aa2f-3f7ed34ab848 tempest-VolumesGetTestJSON-398893760 tempest-VolumesGetTestJSON-398893760-project-member] 192.168.122.23 "GET /compute/v2.1/os-volumes/e323b680-f6bd-40d6-85fb-204843d17859" status: 200 len: 350 microversion: 2.1 time: 0.087576
Apr 25 15:38:38 devstack devstack@n-api.service[59488]: [pid: 59488|app: 0|req: 52/86] 192.168.122.23 () {58 vars in 1253 bytes} [Sat Apr 25 15:38:38 2026] GET /compute/v2.1/os-volumes/e323b680-f6bd-40d6-85fb-204843d17859 => generated 350 bytes in 89 msecs (HTTP/1.1 200) 9 headers in 357 bytes (1 switches on core 0)
Apr 25 15:38:38 devstack devstack@n-api.service[59487]: DEBUG nova.api.openstack.wsgi [None req-9368729d-cb11-4dac-8fa2-e2eb81e73d19 tempest-VolumesAdminNegativeTest-2088190791 tempest-VolumesAdminNegativeTest-2088190791-project-member] Action: 'create', calling method: >, body: {"server": {"name": "tempest-VolumesAdminNegativeTest-server-1226312228", "imageRef": "384ea2ff-0729-4408-9ef9-a17fdd299cbd", "flavorRef": "42", "networks": [{"uuid": "19b9c681-ab37-43b6-a24c-607bb8849456"}]}} {{(pid=59487) _process_stack /opt/stack/nova/nova/api/openstack/wsgi.py:549}}
Apr 25 15:38:38 devstack devstack@n-api.service[59487]: DEBUG oslo_concurrency.lockutils [None req-9368729d-cb11-4dac-8fa2-e2eb81e73d19 tempest-VolumesAdminNegativeTest-2088190791 tempest-VolumesAdminNegativeTest-2088190791-project-member] Acquiring lock "00000000-0000-0000-0000-000000000000" by "nova.context.set_target_cell..get_or_set_cached_cell_and_set_connections" {{(pid=59487) inner /opt/stack/data/venv/lib/python3.10/site-packages/oslo_concurrency/lockutils.py:506}}
Apr 25 15:38:38 devstack devstack@n-api.service[59487]: DEBUG oslo_concurrency.lockutils [None req-9368729d-cb11-4dac-8fa2-e2eb81e73d19 tempest-VolumesAdminNegativeTest-2088190791 tempest-VolumesAdminNegativeTest-2088190791-project-member] Lock "00000000-0000-0000-0000-000000000000" acquired by "nova.context.set_target_cell..get_or_set_cached_cell_and_set_connections" :: waited 0.001s {{(pid=59487) inner /opt/stack/data/venv/lib/python3.10/site-packages/oslo_concurrency/lockutils.py:519}}
Apr 25 15:38:38 devstack devstack@n-api.service[59487]: DEBUG oslo_concurrency.lockutils [None req-9368729d-cb11-4dac-8fa2-e2eb81e73d19 tempest-VolumesAdminNegativeTest-2088190791 tempest-VolumesAdminNegativeTest-2088190791-project-member] Lock "00000000-0000-0000-0000-000000000000" "released" by "nova.context.set_target_cell..get_or_set_cached_cell_and_set_connections" :: held 0.000s {{(pid=59487) inner /opt/stack/data/venv/lib/python3.10/site-packages/oslo_concurrency/lockutils.py:538}}
Apr 25 15:38:38 devstack devstack@n-api.service[59487]: DEBUG oslo_concurrency.lockutils [None req-9368729d-cb11-4dac-8fa2-e2eb81e73d19 tempest-VolumesAdminNegativeTest-2088190791 tempest-VolumesAdminNegativeTest-2088190791-project-member] Acquiring lock "bc17b40a-39af-4647-be2d-7239836c5d09" by "nova.context.set_target_cell..get_or_set_cached_cell_and_set_connections" {{(pid=59487) inner /opt/stack/data/venv/lib/python3.10/site-packages/oslo_concurrency/lockutils.py:506}}
Apr 25 15:38:38 devstack devstack@n-api.service[59487]: DEBUG oslo_concurrency.lockutils [None req-9368729d-cb11-4dac-8fa2-e2eb81e73d19 tempest-VolumesAdminNegativeTest-2088190791 tempest-VolumesAdminNegativeTest-2088190791-project-member] Lock "bc17b40a-39af-4647-be2d-7239836c5d09" acquired by "nova.context.set_target_cell..get_or_set_cached_cell_and_set_connections" :: waited 0.000s {{(pid=59487) inner /opt/stack/data/venv/lib/python3.10/site-packages/oslo_concurrency/lockutils.py:519}}
Apr 25 15:38:38 devstack devstack@n-api.service[59487]: DEBUG oslo_concurrency.lockutils [None req-9368729d-cb11-4dac-8fa2-e2eb81e73d19 tempest-VolumesAdminNegativeTest-2088190791 tempest-VolumesAdminNegativeTest-2088190791-project-member] Lock "bc17b40a-39af-4647-be2d-7239836c5d09" "released" by "nova.context.set_target_cell..get_or_set_cached_cell_and_set_connections" :: held 0.000s {{(pid=59487) inner /opt/stack/data/venv/lib/python3.10/site-packages/oslo_concurrency/lockutils.py:538}}
Apr 25 15:38:38 devstack devstack@n-api.service[59487]: DEBUG nova.network.neutron [None req-9368729d-cb11-4dac-8fa2-e2eb81e73d19 tempest-VolumesAdminNegativeTest-2088190791 tempest-VolumesAdminNegativeTest-2088190791-project-member] validate_networks() for [('19b9c681-ab37-43b6-a24c-607bb8849456', None, None, None, None, None)] {{(pid=59487) validate_networks /opt/stack/nova/nova/network/neutron.py:2685}}
Apr 25 15:38:38 devstack devstack@n-api.service[59487]: WARNING neutronclient.v2_0.client [None req-9368729d-cb11-4dac-8fa2-e2eb81e73d19 tempest-VolumesAdminNegativeTest-2088190791 tempest-VolumesAdminNegativeTest-2088190791-project-member] The python binding code in neutronclient is deprecated in favor of OpenstackSDK, please use that as this will be removed in a future release.
Apr 25 15:38:39 devstack devstack@n-api.service[59488]: DEBUG nova.api.openstack.wsgi [None req-d4f2f94d-e29e-4fc7-9508-8acb752b7142 tempest-ServerBootFromVolumeStableRescueTest-1638949673 tempest-ServerBootFromVolumeStableRescueTest-1638949673-project-member] Calling method '>' {{(pid=59488) _process_stack /opt/stack/nova/nova/api/openstack/wsgi.py:551}}
Apr 25 15:38:39 devstack devstack@n-api.service[59488]: DEBUG nova.compute.api [None req-d4f2f94d-e29e-4fc7-9508-8acb752b7142 tempest-ServerBootFromVolumeStableRescueTest-1638949673 tempest-ServerBootFromVolumeStableRescueTest-1638949673-project-member] [instance: fb1a7b59-fd5e-4ff9-930d-11232814a600] Fetching instance by UUID {{(pid=59488) get /opt/stack/nova/nova/compute/api.py:3056}}
Apr 25 15:38:39 devstack devstack@n-api.service[59487]: WARNING neutronclient.v2_0.client [None req-9368729d-cb11-4dac-8fa2-e2eb81e73d19 tempest-VolumesAdminNegativeTest-2088190791 tempest-VolumesAdminNegativeTest-2088190791-project-member] The python binding code in neutronclient is deprecated in favor of OpenstackSDK, please use that as this will be removed in a future release.
Apr 25 15:38:39 devstack devstack@n-api.service[59488]: DEBUG oslo_concurrency.lockutils [None req-d4f2f94d-e29e-4fc7-9508-8acb752b7142 tempest-ServerBootFromVolumeStableRescueTest-1638949673 tempest-ServerBootFromVolumeStableRescueTest-1638949673-project-member] Acquiring lock "bc17b40a-39af-4647-be2d-7239836c5d09" by "nova.context.set_target_cell..get_or_set_cached_cell_and_set_connections" {{(pid=59488) inner /opt/stack/data/venv/lib/python3.10/site-packages/oslo_concurrency/lockutils.py:506}}
Apr 25 15:38:39 devstack devstack@n-api.service[59488]: DEBUG oslo_concurrency.lockutils [None req-d4f2f94d-e29e-4fc7-9508-8acb752b7142 tempest-ServerBootFromVolumeStableRescueTest-1638949673 tempest-ServerBootFromVolumeStableRescueTest-1638949673-project-member] Lock "bc17b40a-39af-4647-be2d-7239836c5d09" acquired by "nova.context.set_target_cell..get_or_set_cached_cell_and_set_connections" :: waited 0.001s {{(pid=59488) inner /opt/stack/data/venv/lib/python3.10/site-packages/oslo_concurrency/lockutils.py:519}}
Apr 25 15:38:39 devstack devstack@n-api.service[59488]: DEBUG oslo_concurrency.lockutils [None req-d4f2f94d-e29e-4fc7-9508-8acb752b7142 tempest-ServerBootFromVolumeStableRescueTest-1638949673 tempest-ServerBootFromVolumeStableRescueTest-1638949673-project-member] Lock "bc17b40a-39af-4647-be2d-7239836c5d09" "released" by "nova.context.set_target_cell..get_or_set_cached_cell_and_set_connections" :: held 0.000s {{(pid=59488) inner /opt/stack/data/venv/lib/python3.10/site-packages/oslo_concurrency/lockutils.py:538}}
Apr 25 15:38:39 devstack devstack@n-api.service[59488]: DEBUG oslo_concurrency.lockutils [None req-d4f2f94d-e29e-4fc7-9508-8acb752b7142 tempest-ServerBootFromVolumeStableRescueTest-1638949673 tempest-ServerBootFromVolumeStableRescueTest-1638949673-project-member] Acquiring lock "bc17b40a-39af-4647-be2d-7239836c5d09" by "nova.context.set_target_cell..get_or_set_cached_cell_and_set_connections" {{(pid=59488) inner /opt/stack/data/venv/lib/python3.10/site-packages/oslo_concurrency/lockutils.py:506}}
Apr 25 15:38:39 devstack devstack@n-api.service[59488]: DEBUG oslo_concurrency.lockutils [None req-d4f2f94d-e29e-4fc7-9508-8acb752b7142 tempest-ServerBootFromVolumeStableRescueTest-1638949673 tempest-ServerBootFromVolumeStableRescueTest-1638949673-project-member] Lock "bc17b40a-39af-4647-be2d-7239836c5d09" acquired by "nova.context.set_target_cell..get_or_set_cached_cell_and_set_connections" :: waited 0.000s {{(pid=59488) inner /opt/stack/data/venv/lib/python3.10/site-packages/oslo_concurrency/lockutils.py:519}}
Apr 25 15:38:39 devstack devstack@n-api.service[59488]: DEBUG oslo_concurrency.lockutils [None req-d4f2f94d-e29e-4fc7-9508-8acb752b7142 tempest-ServerBootFromVolumeStableRescueTest-1638949673 tempest-ServerBootFromVolumeStableRescueTest-1638949673-project-member] Lock "bc17b40a-39af-4647-be2d-7239836c5d09" "released" by "nova.context.set_target_cell..get_or_set_cached_cell_and_set_connections" :: held 0.003s {{(pid=59488) inner /opt/stack/data/venv/lib/python3.10/site-packages/oslo_concurrency/lockutils.py:538}}
Apr 25 15:38:39 devstack devstack@n-api.service[59488]: WARNING neutronclient.v2_0.client [None req-d4f2f94d-e29e-4fc7-9508-8acb752b7142 tempest-ServerBootFromVolumeStableRescueTest-1638949673 tempest-ServerBootFromVolumeStableRescueTest-1638949673-project-member] The python binding code in neutronclient is deprecated in favor of OpenstackSDK, please use that as this will be removed in a future release.
Apr 25 15:38:39 devstack devstack@n-api.service[59487]: DEBUG nova.virt.hardware [None req-9368729d-cb11-4dac-8fa2-e2eb81e73d19 tempest-VolumesAdminNegativeTest-2088190791 tempest-VolumesAdminNegativeTest-2088190791-project-member] Flavor limits 0:0:0 {{(pid=59487) get_cpu_topology_constraints /opt/stack/nova/nova/virt/hardware.py:418}}
Apr 25 15:38:39 devstack devstack@n-api.service[59487]: DEBUG nova.virt.hardware [None req-9368729d-cb11-4dac-8fa2-e2eb81e73d19 tempest-VolumesAdminNegativeTest-2088190791 tempest-VolumesAdminNegativeTest-2088190791-project-member] Image limits 0:0:0 {{(pid=59487) get_cpu_topology_constraints /opt/stack/nova/nova/virt/hardware.py:422}}
Apr 25 15:38:39 devstack devstack@n-api.service[59487]: DEBUG nova.virt.hardware [None req-9368729d-cb11-4dac-8fa2-e2eb81e73d19 tempest-VolumesAdminNegativeTest-2088190791 tempest-VolumesAdminNegativeTest-2088190791-project-member] Flavor pref 0:0:0 {{(pid=59487) get_cpu_topology_constraints /opt/stack/nova/nova/virt/hardware.py:458}}
Apr 25 15:38:39 devstack devstack@n-api.service[59487]: DEBUG nova.virt.hardware [None req-9368729d-cb11-4dac-8fa2-e2eb81e73d19 tempest-VolumesAdminNegativeTest-2088190791 tempest-VolumesAdminNegativeTest-2088190791-project-member] Image pref 0:0:0 {{(pid=59487) get_cpu_topology_constraints /opt/stack/nova/nova/virt/hardware.py:462}}
Apr 25 15:38:39 devstack devstack@n-api.service[59487]: DEBUG nova.virt.hardware [None req-9368729d-cb11-4dac-8fa2-e2eb81e73d19 tempest-VolumesAdminNegativeTest-2088190791 tempest-VolumesAdminNegativeTest-2088190791-project-member] Chose sockets=0, cores=0, threads=0; limits were sockets=65536, cores=65536, threads=65536 {{(pid=59487) get_cpu_topology_constraints /opt/stack/nova/nova/virt/hardware.py:500}}
Apr 25 15:38:39 devstack devstack@n-api.service[59487]: DEBUG oslo_concurrency.lockutils [None req-9368729d-cb11-4dac-8fa2-e2eb81e73d19 tempest-VolumesAdminNegativeTest-2088190791 tempest-VolumesAdminNegativeTest-2088190791-project-member] Acquiring lock "00000000-0000-0000-0000-000000000000" by "nova.context.set_target_cell..get_or_set_cached_cell_and_set_connections" {{(pid=59487) inner /opt/stack/data/venv/lib/python3.10/site-packages/oslo_concurrency/lockutils.py:506}}
Apr 25 15:38:39 devstack devstack@n-api.service[59487]: DEBUG oslo_concurrency.lockutils [None req-9368729d-cb11-4dac-8fa2-e2eb81e73d19 tempest-VolumesAdminNegativeTest-2088190791 tempest-VolumesAdminNegativeTest-2088190791-project-member] Lock "00000000-0000-0000-0000-000000000000" acquired by "nova.context.set_target_cell..get_or_set_cached_cell_and_set_connections" :: waited 0.001s {{(pid=59487) inner /opt/stack/data/venv/lib/python3.10/site-packages/oslo_concurrency/lockutils.py:519}}
Apr 25 15:38:39 devstack devstack@n-api.service[59487]: DEBUG oslo_concurrency.lockutils [None req-9368729d-cb11-4dac-8fa2-e2eb81e73d19 tempest-VolumesAdminNegativeTest-2088190791 tempest-VolumesAdminNegativeTest-2088190791-project-member] Lock "00000000-0000-0000-0000-000000000000" "released" by "nova.context.set_target_cell..get_or_set_cached_cell_and_set_connections" :: held 0.001s {{(pid=59487) inner /opt/stack/data/venv/lib/python3.10/site-packages/oslo_concurrency/lockutils.py:538}}
Apr 25 15:38:39 devstack devstack@n-api.service[59487]: DEBUG oslo_concurrency.lockutils [None req-9368729d-cb11-4dac-8fa2-e2eb81e73d19 tempest-VolumesAdminNegativeTest-2088190791 tempest-VolumesAdminNegativeTest-2088190791-project-member] Acquiring lock "bc17b40a-39af-4647-be2d-7239836c5d09" by "nova.context.set_target_cell..get_or_set_cached_cell_and_set_connections" {{(pid=59487) inner /opt/stack/data/venv/lib/python3.10/site-packages/oslo_concurrency/lockutils.py:506}}
Apr 25 15:38:39 devstack devstack@n-api.service[59487]: DEBUG oslo_concurrency.lockutils [None req-9368729d-cb11-4dac-8fa2-e2eb81e73d19 tempest-VolumesAdminNegativeTest-2088190791 tempest-VolumesAdminNegativeTest-2088190791-project-member] Lock "bc17b40a-39af-4647-be2d-7239836c5d09" acquired by "nova.context.set_target_cell..get_or_set_cached_cell_and_set_connections" :: waited 0.006s {{(pid=59487) inner /opt/stack/data/venv/lib/python3.10/site-packages/oslo_concurrency/lockutils.py:519}}
Apr 25 15:38:39 devstack devstack@n-api.service[59487]: DEBUG oslo_concurrency.lockutils [None req-9368729d-cb11-4dac-8fa2-e2eb81e73d19 tempest-VolumesAdminNegativeTest-2088190791 tempest-VolumesAdminNegativeTest-2088190791-project-member] Lock "bc17b40a-39af-4647-be2d-7239836c5d09" "released" by "nova.context.set_target_cell..get_or_set_cached_cell_and_set_connections" :: held 0.001s {{(pid=59487) inner /opt/stack/data/venv/lib/python3.10/site-packages/oslo_concurrency/lockutils.py:538}}
Apr 25 15:38:39 devstack devstack@n-api.service[59487]: DEBUG nova.quota [None req-9368729d-cb11-4dac-8fa2-e2eb81e73d19 tempest-VolumesAdminNegativeTest-2088190791 tempest-VolumesAdminNegativeTest-2088190791-project-member] Getting quotas for project 02948ad5969241a0893158d65823139a. Resources: {'ram', 'cores', 'instances'} {{(pid=59487) _get_quotas /opt/stack/nova/nova/quota.py:392}}
Apr 25 15:38:39 devstack devstack@n-api.service[59487]: DEBUG nova.quota [None req-9368729d-cb11-4dac-8fa2-e2eb81e73d19 tempest-VolumesAdminNegativeTest-2088190791 tempest-VolumesAdminNegativeTest-2088190791-project-member] Getting quotas for user 8fbd3d03a9cb4948b01bcf0b078cf9a7 and project 02948ad5969241a0893158d65823139a. Resources: {'ram', 'cores', 'instances'} {{(pid=59487) _get_quotas /opt/stack/nova/nova/quota.py:382}}
Apr 25 15:38:39 devstack devstack@n-api.service[59487]: DEBUG nova.compute.api [None req-9368729d-cb11-4dac-8fa2-e2eb81e73d19 tempest-VolumesAdminNegativeTest-2088190791 tempest-VolumesAdminNegativeTest-2088190791-project-member] Going to run 1 instances... {{(pid=59487) _provision_instances /opt/stack/nova/nova/compute/api.py:1466}}
Apr 25 15:38:39 devstack devstack@n-api.service[59487]: DEBUG nova.compute.api [None req-9368729d-cb11-4dac-8fa2-e2eb81e73d19 tempest-VolumesAdminNegativeTest-2088190791 tempest-VolumesAdminNegativeTest-2088190791-project-member] [instance: 9084a3c5-3951-473b-aecc-845896150826] block_device_mapping [BlockDeviceMapping(attachment_id=,boot_index=0,connection_info=None,created_at=,delete_on_termination=True,deleted=,deleted_at=,destination_type='local',device_name=None,device_type='disk',disk_bus=None,encrypted=False,encryption_format=None,encryption_options=None,encryption_secret_uuid=None,guest_format=None,id=,image_id='384ea2ff-0729-4408-9ef9-a17fdd299cbd',instance=,instance_uuid=,no_device=False,snapshot_id=None,source_type='image',tag=None,updated_at=,uuid=,volume_id=None,volume_size=None,volume_type=None)] {{(pid=59487) _bdm_validate_set_size_and_instance /opt/stack/nova/nova/compute/api.py:1934}}
Apr 25 15:38:39 devstack devstack@n-api.service[59487]: INFO nova.api.openstack.requestlog [None req-9368729d-cb11-4dac-8fa2-e2eb81e73d19 tempest-VolumesAdminNegativeTest-2088190791 tempest-VolumesAdminNegativeTest-2088190791-project-member] 192.168.122.23 "POST /compute/v2.1/servers" status: 202 len: 386 microversion: 2.1 time: 1.305284
Apr 25 15:38:39 devstack devstack@n-api.service[59487]: [pid: 59487|app: 0|req: 35/87] 192.168.122.23 () {60 vars in 1155 bytes} [Sat Apr 25 15:38:38 2026] POST /compute/v2.1/servers => generated 386 bytes in 1307 msecs (HTTP/1.1 202) 10 headers in 454 bytes (1 switches on core 0)
Apr 25 15:38:39 devstack devstack@n-api.service[59487]: DEBUG nova.api.openstack.wsgi [None req-b921c6ed-fe71-48d9-8d6d-cd0975a0c8a0 tempest-VolumesGetTestJSON-398893760 tempest-VolumesGetTestJSON-398893760-project-member] Calling method '>' {{(pid=59487) _process_stack /opt/stack/nova/nova/api/openstack/wsgi.py:551}}
Apr 25 15:38:39 devstack devstack@n-api.service[59488]: DEBUG nova.policy [None req-d4f2f94d-e29e-4fc7-9508-8acb752b7142 tempest-ServerBootFromVolumeStableRescueTest-1638949673 tempest-ServerBootFromVolumeStableRescueTest-1638949673-project-member] Policy check for os_compute_api:os-extended-server-attributes failed with credentials {'is_admin': False, 'user_id': 'cbc835d9afd8439db89ad389705ea3ec', 'user_domain_id': 'default', 'system_scope': None, 'domain_id': None, 'project_id': '35fe9361c02d4f9dad1a654abc9cba4c', 'project_domain_id': 'default', 'roles': ['member', 'reader'], 'is_admin_project': True, 'service_user_id': None, 'service_user_domain_id': None, 'service_project_id': None, 'service_project_domain_id': None, 'service_roles': []} {{(pid=59488) authorize /opt/stack/nova/nova/policy.py:192}}
Apr 25 15:38:39 devstack devstack@n-api.service[59488]: DEBUG nova.policy [None req-d4f2f94d-e29e-4fc7-9508-8acb752b7142 tempest-ServerBootFromVolumeStableRescueTest-1638949673 tempest-ServerBootFromVolumeStableRescueTest-1638949673-project-member] Policy check for os_compute_api:servers:show:host_status failed with credentials {'is_admin': False, 'user_id': 'cbc835d9afd8439db89ad389705ea3ec', 'user_domain_id': 'default', 'system_scope': None, 'domain_id': None, 'project_id': '35fe9361c02d4f9dad1a654abc9cba4c', 'project_domain_id': 'default', 'roles': ['member', 'reader'], 'is_admin_project': True, 'service_user_id': None, 'service_user_domain_id': None, 'service_project_id': None, 'service_project_domain_id': None, 'service_roles': []} {{(pid=59488) authorize /opt/stack/nova/nova/policy.py:192}}
Apr 25 15:38:39 devstack devstack@n-api.service[59488]: DEBUG nova.policy [None req-d4f2f94d-e29e-4fc7-9508-8acb752b7142 tempest-ServerBootFromVolumeStableRescueTest-1638949673 tempest-ServerBootFromVolumeStableRescueTest-1638949673-project-member] Policy check for os_compute_api:servers:show:host_status:unknown-only failed with credentials {'is_admin': False, 'user_id': 'cbc835d9afd8439db89ad389705ea3ec', 'user_domain_id': 'default', 'system_scope': None, 'domain_id': None, 'project_id': '35fe9361c02d4f9dad1a654abc9cba4c', 'project_domain_id': 'default', 'roles': ['member', 'reader'], 'is_admin_project': True, 'service_user_id': None, 'service_user_domain_id': None, 'service_project_id': None, 'service_project_domain_id': None, 'service_roles': []} {{(pid=59488) authorize /opt/stack/nova/nova/policy.py:192}}
Apr 25 15:38:39 devstack devstack@n-api.service[59487]: INFO nova.api.openstack.requestlog [None req-b921c6ed-fe71-48d9-8d6d-cd0975a0c8a0 tempest-VolumesGetTestJSON-398893760 tempest-VolumesGetTestJSON-398893760-project-member] 192.168.122.23 "GET /compute/v2.1/os-volumes/e323b680-f6bd-40d6-85fb-204843d17859" status: 200 len: 350 microversion: 2.1 time: 0.090073
Apr 25 15:38:39 devstack devstack@n-api.service[59487]: [pid: 59487|app: 0|req: 36/88] 192.168.122.23 () {58 vars in 1253 bytes} [Sat Apr 25 15:38:39 2026] GET /compute/v2.1/os-volumes/e323b680-f6bd-40d6-85fb-204843d17859 => generated 350 bytes in 97 msecs (HTTP/1.1 200) 9 headers in 357 bytes (1 switches on core 0)
Apr 25 15:38:40 devstack devstack@n-api.service[59487]: DEBUG nova.api.openstack.wsgi [req-88b88a48-c6b6-4c09-ae72-283b1493d391 req-e80fa04e-7529-4524-bf5f-c9aed4d779fd service nova] Action: 'create', calling method: >, body: {"events": [{"server_uuid": "fb1a7b59-fd5e-4ff9-930d-11232814a600", "name": "network-vif-unplugged", "status": "completed", "tag": "10e27042-bd7b-446a-a36b-f7f5f131126a"}]} {{(pid=59487) _process_stack /opt/stack/nova/nova/api/openstack/wsgi.py:549}}
Apr 25 15:38:40 devstack devstack@n-api.service[59487]: DEBUG oslo_concurrency.lockutils [req-88b88a48-c6b6-4c09-ae72-283b1493d391 req-e80fa04e-7529-4524-bf5f-c9aed4d779fd service nova] Acquiring lock "bc17b40a-39af-4647-be2d-7239836c5d09" by "nova.context.set_target_cell..get_or_set_cached_cell_and_set_connections" {{(pid=59487) inner /opt/stack/data/venv/lib/python3.10/site-packages/oslo_concurrency/lockutils.py:506}}
Apr 25 15:38:40 devstack devstack@n-api.service[59487]: DEBUG oslo_concurrency.lockutils [req-88b88a48-c6b6-4c09-ae72-283b1493d391 req-e80fa04e-7529-4524-bf5f-c9aed4d779fd service nova] Lock "bc17b40a-39af-4647-be2d-7239836c5d09" acquired by "nova.context.set_target_cell..get_or_set_cached_cell_and_set_connections" :: waited 0.001s {{(pid=59487) inner /opt/stack/data/venv/lib/python3.10/site-packages/oslo_concurrency/lockutils.py:519}}
Apr 25 15:38:40 devstack devstack@n-api.service[59487]: DEBUG oslo_concurrency.lockutils [req-88b88a48-c6b6-4c09-ae72-283b1493d391 req-e80fa04e-7529-4524-bf5f-c9aed4d779fd service nova] Lock "bc17b40a-39af-4647-be2d-7239836c5d09" "released" by "nova.context.set_target_cell..get_or_set_cached_cell_and_set_connections" :: held 0.000s {{(pid=59487) inner /opt/stack/data/venv/lib/python3.10/site-packages/oslo_concurrency/lockutils.py:538}}
Apr 25 15:38:40 devstack devstack@n-api.service[59488]: INFO nova.api.openstack.requestlog [None req-d4f2f94d-e29e-4fc7-9508-8acb752b7142 tempest-ServerBootFromVolumeStableRescueTest-1638949673 tempest-ServerBootFromVolumeStableRescueTest-1638949673-project-member] 192.168.122.23 "GET /compute/v2.1/servers/fb1a7b59-fd5e-4ff9-930d-11232814a600" status: 200 len: 1506 microversion: 2.87 time: 0.650853
Apr 25 15:38:40 devstack devstack@n-api.service[59488]: [pid: 59488|app: 0|req: 53/89] 192.168.122.23 () {60 vars in 1285 bytes} [Sat Apr 25 15:38:39 2026] GET /compute/v2.1/servers/fb1a7b59-fd5e-4ff9-930d-11232814a600 => generated 1506 bytes in 655 msecs (HTTP/1.1 200) 9 headers in 360 bytes (2 switches on core 0)
Apr 25 15:38:40 devstack devstack@n-api.service[59488]: DEBUG nova.api.openstack.wsgi [None req-c72ab82c-6225-4be5-a239-7be53b8b49d6 tempest-VolumesAdminNegativeTest-2088190791 tempest-VolumesAdminNegativeTest-2088190791-project-member] Calling method '>' {{(pid=59488) _process_stack /opt/stack/nova/nova/api/openstack/wsgi.py:551}}
Apr 25 15:38:40 devstack devstack@n-api.service[59488]: DEBUG nova.compute.api [None req-c72ab82c-6225-4be5-a239-7be53b8b49d6 tempest-VolumesAdminNegativeTest-2088190791 tempest-VolumesAdminNegativeTest-2088190791-project-member] [instance: 9084a3c5-3951-473b-aecc-845896150826] Fetching instance by UUID {{(pid=59488) get /opt/stack/nova/nova/compute/api.py:3056}}
Apr 25 15:38:40 devstack devstack@n-api.service[59487]: INFO nova.api.openstack.compute.server_external_events [req-88b88a48-c6b6-4c09-ae72-283b1493d391 req-e80fa04e-7529-4524-bf5f-c9aed4d779fd service nova] Creating event network-vif-unplugged:10e27042-bd7b-446a-a36b-f7f5f131126a for instance fb1a7b59-fd5e-4ff9-930d-11232814a600 on devstack
Apr 25 15:38:40 devstack devstack@n-api.service[59487]: DEBUG oslo_concurrency.lockutils [req-88b88a48-c6b6-4c09-ae72-283b1493d391 req-e80fa04e-7529-4524-bf5f-c9aed4d779fd service nova] Acquiring lock "compute-rpcapi-router" {{(pid=59487) lock /opt/stack/data/venv/lib/python3.10/site-packages/oslo_concurrency/lockutils.py:390}}
Apr 25 15:38:40 devstack devstack@n-api.service[59487]: DEBUG oslo_concurrency.lockutils [req-88b88a48-c6b6-4c09-ae72-283b1493d391 req-e80fa04e-7529-4524-bf5f-c9aed4d779fd service nova] Acquired lock "compute-rpcapi-router" {{(pid=59487) lock /opt/stack/data/venv/lib/python3.10/site-packages/oslo_concurrency/lockutils.py:393}}
Apr 25 15:38:40 devstack devstack@n-api.service[59487]: DEBUG oslo_concurrency.lockutils [None req-fe8d9169-4817-4f83-8aa1-f6f43cee1815 None None] Acquiring lock "00000000-0000-0000-0000-000000000000" by "nova.context.set_target_cell..get_or_set_cached_cell_and_set_connections" {{(pid=59487) inner /opt/stack/data/venv/lib/python3.10/site-packages/oslo_concurrency/lockutils.py:506}}
Apr 25 15:38:40 devstack devstack@n-api.service[59487]: DEBUG oslo_concurrency.lockutils [None req-fe8d9169-4817-4f83-8aa1-f6f43cee1815 None None] Lock "00000000-0000-0000-0000-000000000000" acquired by "nova.context.set_target_cell..get_or_set_cached_cell_and_set_connections" :: waited 0.000s {{(pid=59487) inner /opt/stack/data/venv/lib/python3.10/site-packages/oslo_concurrency/lockutils.py:519}}
Apr 25 15:38:40 devstack devstack@n-api.service[59487]: DEBUG oslo_concurrency.lockutils [None req-fe8d9169-4817-4f83-8aa1-f6f43cee1815 None None] Lock "00000000-0000-0000-0000-000000000000" "released" by "nova.context.set_target_cell..get_or_set_cached_cell_and_set_connections" :: held 0.000s {{(pid=59487) inner /opt/stack/data/venv/lib/python3.10/site-packages/oslo_concurrency/lockutils.py:538}}
Apr 25 15:38:40 devstack devstack@n-api.service[59487]: DEBUG oslo_concurrency.lockutils [None req-fe8d9169-4817-4f83-8aa1-f6f43cee1815 None None] Acquiring lock "bc17b40a-39af-4647-be2d-7239836c5d09" by "nova.context.set_target_cell..get_or_set_cached_cell_and_set_connections" {{(pid=59487) inner /opt/stack/data/venv/lib/python3.10/site-packages/oslo_concurrency/lockutils.py:506}}
Apr 25 15:38:40 devstack devstack@n-api.service[59487]: DEBUG oslo_concurrency.lockutils [None req-fe8d9169-4817-4f83-8aa1-f6f43cee1815 None None] Lock "bc17b40a-39af-4647-be2d-7239836c5d09" acquired by "nova.context.set_target_cell..get_or_set_cached_cell_and_set_connections" :: waited 0.005s {{(pid=59487) inner /opt/stack/data/venv/lib/python3.10/site-packages/oslo_concurrency/lockutils.py:519}}
Apr 25 15:38:40 devstack devstack@n-api.service[59487]: DEBUG oslo_concurrency.lockutils [None req-fe8d9169-4817-4f83-8aa1-f6f43cee1815 None None] Lock "bc17b40a-39af-4647-be2d-7239836c5d09" "released" by "nova.context.set_target_cell..get_or_set_cached_cell_and_set_connections" :: held 0.000s {{(pid=59487) inner /opt/stack/data/venv/lib/python3.10/site-packages/oslo_concurrency/lockutils.py:538}}
Apr 25 15:38:40 devstack devstack@n-api.service[59487]: INFO nova.compute.rpcapi [None req-fe8d9169-4817-4f83-8aa1-f6f43cee1815 None None] Automatically selected compute RPC version 6.5 from minimum service version 72
Apr 25 15:38:40 devstack devstack@n-api.service[59487]: DEBUG oslo_concurrency.lockutils [None req-fe8d9169-4817-4f83-8aa1-f6f43cee1815 None None] Releasing lock "compute-rpcapi-router" {{(pid=59487) lock /opt/stack/data/venv/lib/python3.10/site-packages/oslo_concurrency/lockutils.py:413}}
Apr 25 15:38:40 devstack devstack@n-api.service[59487]: DEBUG nova.compute.rpcapi [None req-fe8d9169-4817-4f83-8aa1-f6f43cee1815 None None] RPC: Sending the message to topic: compute-alt {{(pid=59487) prepare_for_alt_rpcserver /opt/stack/nova/nova/compute/rpcapi.py:595}}
Apr 25 15:38:40 devstack devstack@n-api.service[59488]: WARNING neutronclient.v2_0.client [None req-c72ab82c-6225-4be5-a239-7be53b8b49d6 tempest-VolumesAdminNegativeTest-2088190791 tempest-VolumesAdminNegativeTest-2088190791-project-member] The python binding code in neutronclient is deprecated in favor of OpenstackSDK, please use that as this will be removed in a future release.
Apr 25 15:38:40 devstack devstack@n-api.service[59487]: INFO nova.api.openstack.requestlog [None req-fe8d9169-4817-4f83-8aa1-f6f43cee1815 None None] 192.168.122.23 "POST /compute/v2.1/os-server-external-events" status: 200 len: 185 microversion: 2.1 time: 0.104185
Apr 25 15:38:40 devstack devstack@n-api.service[59487]: [pid: 59487|app: 0|req: 37/90] 192.168.122.23 () {64 vars in 1327 bytes} [Sat Apr 25 15:38:39 2026] POST /compute/v2.1/os-server-external-events => generated 185 bytes in 106 msecs (HTTP/1.1 200) 9 headers in 357 bytes (1 switches on core 0)
Apr 25 15:38:40 devstack devstack@n-api.service[59488]: DEBUG nova.policy [None req-c72ab82c-6225-4be5-a239-7be53b8b49d6 tempest-VolumesAdminNegativeTest-2088190791 tempest-VolumesAdminNegativeTest-2088190791-project-member] Policy check for os_compute_api:os-extended-server-attributes failed with credentials {'is_admin': False, 'user_id': '8fbd3d03a9cb4948b01bcf0b078cf9a7', 'user_domain_id': 'default', 'system_scope': None, 'domain_id': None, 'project_id': '02948ad5969241a0893158d65823139a', 'project_domain_id': 'default', 'roles': ['member', 'reader'], 'is_admin_project': True, 'service_user_id': None, 'service_user_domain_id': None, 'service_project_id': None, 'service_project_domain_id': None, 'service_roles': []} {{(pid=59488) authorize /opt/stack/nova/nova/policy.py:192}}
Apr 25 15:38:40 devstack devstack@n-api.service[59488]: INFO nova.api.openstack.requestlog [None req-c72ab82c-6225-4be5-a239-7be53b8b49d6 tempest-VolumesAdminNegativeTest-2088190791 tempest-VolumesAdminNegativeTest-2088190791-project-member] 192.168.122.23 "GET /compute/v2.1/servers/9084a3c5-3951-473b-aecc-845896150826" status: 200 len: 1228 microversion: 2.1 time: 0.181738
Apr 25 15:38:40 devstack devstack@n-api.service[59488]: [pid: 59488|app: 0|req: 54/91] 192.168.122.23 () {58 vars in 1244 bytes} [Sat Apr 25 15:38:40 2026] GET /compute/v2.1/servers/9084a3c5-3951-473b-aecc-845896150826 => generated 1228 bytes in 183 msecs (HTTP/1.1 200) 9 headers in 358 bytes (1 switches on core 0)
Apr 25 15:38:41 devstack devstack@n-api.service[59487]: DEBUG nova.api.openstack.wsgi [None req-df2b2812-c8c0-43c9-9e57-129905ae0757 tempest-VolumesGetTestJSON-398893760 tempest-VolumesGetTestJSON-398893760-project-member] Calling method '>' {{(pid=59487) _process_stack /opt/stack/nova/nova/api/openstack/wsgi.py:551}}
Apr 25 15:38:41 devstack devstack@n-api.service[59488]: DEBUG nova.api.openstack.wsgi [None req-6385101e-6b5e-4c66-9af9-e34cc6472610 tempest-ServerBootFromVolumeStableRescueTest-1638949673 tempest-ServerBootFromVolumeStableRescueTest-1638949673-project-member] Calling method '>' {{(pid=59488) _process_stack /opt/stack/nova/nova/api/openstack/wsgi.py:551}}
Apr 25 15:38:41 devstack devstack@n-api.service[59488]: DEBUG nova.compute.api [None req-6385101e-6b5e-4c66-9af9-e34cc6472610 tempest-ServerBootFromVolumeStableRescueTest-1638949673 tempest-ServerBootFromVolumeStableRescueTest-1638949673-project-member] [instance: fb1a7b59-fd5e-4ff9-930d-11232814a600] Fetching instance by UUID {{(pid=59488) get /opt/stack/nova/nova/compute/api.py:3056}}
Apr 25 15:38:41 devstack devstack@n-api.service[59488]: DEBUG oslo_concurrency.lockutils [None req-6385101e-6b5e-4c66-9af9-e34cc6472610 tempest-ServerBootFromVolumeStableRescueTest-1638949673 tempest-ServerBootFromVolumeStableRescueTest-1638949673-project-member] Acquiring lock "bc17b40a-39af-4647-be2d-7239836c5d09" by "nova.context.set_target_cell..get_or_set_cached_cell_and_set_connections" {{(pid=59488) inner /opt/stack/data/venv/lib/python3.10/site-packages/oslo_concurrency/lockutils.py:506}}
Apr 25 15:38:41 devstack devstack@n-api.service[59488]: DEBUG oslo_concurrency.lockutils [None req-6385101e-6b5e-4c66-9af9-e34cc6472610 tempest-ServerBootFromVolumeStableRescueTest-1638949673 tempest-ServerBootFromVolumeStableRescueTest-1638949673-project-member] Lock "bc17b40a-39af-4647-be2d-7239836c5d09" acquired by "nova.context.set_target_cell..get_or_set_cached_cell_and_set_connections" :: waited 0.002s {{(pid=59488) inner /opt/stack/data/venv/lib/python3.10/site-packages/oslo_concurrency/lockutils.py:519}}
Apr 25 15:38:41 devstack devstack@n-api.service[59488]: DEBUG oslo_concurrency.lockutils [None req-6385101e-6b5e-4c66-9af9-e34cc6472610 tempest-ServerBootFromVolumeStableRescueTest-1638949673 tempest-ServerBootFromVolumeStableRescueTest-1638949673-project-member] Lock "bc17b40a-39af-4647-be2d-7239836c5d09" "released" by "nova.context.set_target_cell..get_or_set_cached_cell_and_set_connections" :: held 0.001s {{(pid=59488) inner /opt/stack/data/venv/lib/python3.10/site-packages/oslo_concurrency/lockutils.py:538}}
Apr 25 15:38:41 devstack devstack@n-api.service[59488]: DEBUG oslo_concurrency.lockutils [None req-6385101e-6b5e-4c66-9af9-e34cc6472610 tempest-ServerBootFromVolumeStableRescueTest-1638949673 tempest-ServerBootFromVolumeStableRescueTest-1638949673-project-member] Acquiring lock "bc17b40a-39af-4647-be2d-7239836c5d09" by "nova.context.set_target_cell..get_or_set_cached_cell_and_set_connections" {{(pid=59488) inner /opt/stack/data/venv/lib/python3.10/site-packages/oslo_concurrency/lockutils.py:506}}
Apr 25 15:38:41 devstack devstack@n-api.service[59488]: DEBUG oslo_concurrency.lockutils [None req-6385101e-6b5e-4c66-9af9-e34cc6472610 tempest-ServerBootFromVolumeStableRescueTest-1638949673 tempest-ServerBootFromVolumeStableRescueTest-1638949673-project-member] Lock "bc17b40a-39af-4647-be2d-7239836c5d09" acquired by "nova.context.set_target_cell..get_or_set_cached_cell_and_set_connections" :: waited 0.001s {{(pid=59488) inner /opt/stack/data/venv/lib/python3.10/site-packages/oslo_concurrency/lockutils.py:519}}
Apr 25 15:38:41 devstack devstack@n-api.service[59488]: DEBUG oslo_concurrency.lockutils [None req-6385101e-6b5e-4c66-9af9-e34cc6472610 tempest-ServerBootFromVolumeStableRescueTest-1638949673 tempest-ServerBootFromVolumeStableRescueTest-1638949673-project-member] Lock "bc17b40a-39af-4647-be2d-7239836c5d09" "released" by "nova.context.set_target_cell..get_or_set_cached_cell_and_set_connections" :: held 0.001s {{(pid=59488) inner /opt/stack/data/venv/lib/python3.10/site-packages/oslo_concurrency/lockutils.py:538}}
Apr 25 15:38:41 devstack devstack@n-api.service[59487]: INFO nova.api.openstack.requestlog [None req-df2b2812-c8c0-43c9-9e57-129905ae0757 tempest-VolumesGetTestJSON-398893760 tempest-VolumesGetTestJSON-398893760-project-member] 192.168.122.23 "GET /compute/v2.1/os-volumes/e323b680-f6bd-40d6-85fb-204843d17859" status: 200 len: 350 microversion: 2.1 time: 0.108758
Apr 25 15:38:41 devstack devstack@n-api.service[59487]: [pid: 59487|app: 0|req: 38/92] 192.168.122.23 () {58 vars in 1253 bytes} [Sat Apr 25 15:38:40 2026] GET /compute/v2.1/os-volumes/e323b680-f6bd-40d6-85fb-204843d17859 => generated 350 bytes in 111 msecs (HTTP/1.1 200) 9 headers in 357 bytes (1 switches on core 0)
Apr 25 15:38:41 devstack devstack@n-api.service[59488]: WARNING neutronclient.v2_0.client [None req-6385101e-6b5e-4c66-9af9-e34cc6472610 tempest-ServerBootFromVolumeStableRescueTest-1638949673 tempest-ServerBootFromVolumeStableRescueTest-1638949673-project-member] The python binding code in neutronclient is deprecated in favor of OpenstackSDK, please use that as this will be removed in a future release.
Apr 25 15:38:41 devstack devstack@n-api.service[59487]: DEBUG nova.api.openstack.wsgi [None req-52431f1d-a070-4aa6-be99-330e0e898624 tempest-VolumesAdminNegativeTest-2088190791 tempest-VolumesAdminNegativeTest-2088190791-project-member] Calling method '>' {{(pid=59487) _process_stack /opt/stack/nova/nova/api/openstack/wsgi.py:551}}
Apr 25 15:38:41 devstack devstack@n-api.service[59487]: DEBUG nova.compute.api [None req-52431f1d-a070-4aa6-be99-330e0e898624 tempest-VolumesAdminNegativeTest-2088190791 tempest-VolumesAdminNegativeTest-2088190791-project-member] [instance: 9084a3c5-3951-473b-aecc-845896150826] Fetching instance by UUID {{(pid=59487) get /opt/stack/nova/nova/compute/api.py:3056}}
Apr 25 15:38:41 devstack devstack@n-api.service[59487]: DEBUG oslo_concurrency.lockutils [None req-52431f1d-a070-4aa6-be99-330e0e898624 tempest-VolumesAdminNegativeTest-2088190791 tempest-VolumesAdminNegativeTest-2088190791-project-member] Acquiring lock "bc17b40a-39af-4647-be2d-7239836c5d09" by "nova.context.set_target_cell..get_or_set_cached_cell_and_set_connections" {{(pid=59487) inner /opt/stack/data/venv/lib/python3.10/site-packages/oslo_concurrency/lockutils.py:506}}
Apr 25 15:38:41 devstack devstack@n-api.service[59487]: DEBUG oslo_concurrency.lockutils [None req-52431f1d-a070-4aa6-be99-330e0e898624 tempest-VolumesAdminNegativeTest-2088190791 tempest-VolumesAdminNegativeTest-2088190791-project-member] Lock "bc17b40a-39af-4647-be2d-7239836c5d09" acquired by "nova.context.set_target_cell..get_or_set_cached_cell_and_set_connections" :: waited 0.003s {{(pid=59487) inner /opt/stack/data/venv/lib/python3.10/site-packages/oslo_concurrency/lockutils.py:519}}
Apr 25 15:38:41 devstack devstack@n-api.service[59487]: DEBUG oslo_concurrency.lockutils [None req-52431f1d-a070-4aa6-be99-330e0e898624 tempest-VolumesAdminNegativeTest-2088190791 tempest-VolumesAdminNegativeTest-2088190791-project-member] Lock "bc17b40a-39af-4647-be2d-7239836c5d09" "released" by "nova.context.set_target_cell..get_or_set_cached_cell_and_set_connections" :: held 0.001s {{(pid=59487) inner /opt/stack/data/venv/lib/python3.10/site-packages/oslo_concurrency/lockutils.py:538}}
Apr 25 15:38:41 devstack devstack@n-api.service[59487]: DEBUG oslo_concurrency.lockutils [None req-52431f1d-a070-4aa6-be99-330e0e898624 tempest-VolumesAdminNegativeTest-2088190791 tempest-VolumesAdminNegativeTest-2088190791-project-member] Acquiring lock "bc17b40a-39af-4647-be2d-7239836c5d09" by "nova.context.set_target_cell..get_or_set_cached_cell_and_set_connections" {{(pid=59487) inner /opt/stack/data/venv/lib/python3.10/site-packages/oslo_concurrency/lockutils.py:506}}
Apr 25 15:38:41 devstack devstack@n-api.service[59487]: DEBUG oslo_concurrency.lockutils [None req-52431f1d-a070-4aa6-be99-330e0e898624 tempest-VolumesAdminNegativeTest-2088190791 tempest-VolumesAdminNegativeTest-2088190791-project-member] Lock "bc17b40a-39af-4647-be2d-7239836c5d09" acquired by "nova.context.set_target_cell..get_or_set_cached_cell_and_set_connections" :: waited 0.001s {{(pid=59487) inner /opt/stack/data/venv/lib/python3.10/site-packages/oslo_concurrency/lockutils.py:519}}
Apr 25 15:38:41 devstack devstack@n-api.service[59487]: DEBUG oslo_concurrency.lockutils [None req-52431f1d-a070-4aa6-be99-330e0e898624 tempest-VolumesAdminNegativeTest-2088190791 tempest-VolumesAdminNegativeTest-2088190791-project-member] Lock "bc17b40a-39af-4647-be2d-7239836c5d09" "released" by "nova.context.set_target_cell..get_or_set_cached_cell_and_set_connections" :: held 0.002s {{(pid=59487) inner /opt/stack/data/venv/lib/python3.10/site-packages/oslo_concurrency/lockutils.py:538}}
Apr 25 15:38:41 devstack devstack@n-api.service[59487]: WARNING neutronclient.v2_0.client [None req-52431f1d-a070-4aa6-be99-330e0e898624 tempest-VolumesAdminNegativeTest-2088190791 tempest-VolumesAdminNegativeTest-2088190791-project-member] The python binding code in neutronclient is deprecated in favor of OpenstackSDK, please use that as this will be removed in a future release.
Apr 25 15:38:41 devstack devstack@n-api.service[59488]: DEBUG nova.policy [None req-6385101e-6b5e-4c66-9af9-e34cc6472610 tempest-ServerBootFromVolumeStableRescueTest-1638949673 tempest-ServerBootFromVolumeStableRescueTest-1638949673-project-member] Policy check for os_compute_api:os-extended-server-attributes failed with credentials {'is_admin': False, 'user_id': 'cbc835d9afd8439db89ad389705ea3ec', 'user_domain_id': 'default', 'system_scope': None, 'domain_id': None, 'project_id': '35fe9361c02d4f9dad1a654abc9cba4c', 'project_domain_id': 'default', 'roles': ['member', 'reader'], 'is_admin_project': True, 'service_user_id': None, 'service_user_domain_id': None, 'service_project_id': None, 'service_project_domain_id': None, 'service_roles': []} {{(pid=59488) authorize /opt/stack/nova/nova/policy.py:192}}
Apr 25 15:38:41 devstack devstack@n-api.service[59488]: DEBUG nova.policy [None req-6385101e-6b5e-4c66-9af9-e34cc6472610 tempest-ServerBootFromVolumeStableRescueTest-1638949673 tempest-ServerBootFromVolumeStableRescueTest-1638949673-project-member] Policy check for os_compute_api:servers:show:host_status failed with credentials {'is_admin': False, 'user_id': 'cbc835d9afd8439db89ad389705ea3ec', 'user_domain_id': 'default', 'system_scope': None, 'domain_id': None, 'project_id': '35fe9361c02d4f9dad1a654abc9cba4c', 'project_domain_id': 'default', 'roles': ['member', 'reader'], 'is_admin_project': True, 'service_user_id': None, 'service_user_domain_id': None, 'service_project_id': None, 'service_project_domain_id': None, 'service_roles': []} {{(pid=59488) authorize /opt/stack/nova/nova/policy.py:192}}
Apr 25 15:38:41 devstack devstack@n-api.service[59488]: DEBUG nova.policy [None req-6385101e-6b5e-4c66-9af9-e34cc6472610 tempest-ServerBootFromVolumeStableRescueTest-1638949673 tempest-ServerBootFromVolumeStableRescueTest-1638949673-project-member] Policy check for os_compute_api:servers:show:host_status:unknown-only failed with credentials {'is_admin': False, 'user_id': 'cbc835d9afd8439db89ad389705ea3ec', 'user_domain_id': 'default', 'system_scope': None, 'domain_id': None, 'project_id': '35fe9361c02d4f9dad1a654abc9cba4c', 'project_domain_id': 'default', 'roles': ['member', 'reader'], 'is_admin_project': True, 'service_user_id': None, 'service_user_domain_id': None, 'service_project_id': None, 'service_project_domain_id': None, 'service_roles': []} {{(pid=59488) authorize /opt/stack/nova/nova/policy.py:192}}
Apr 25 15:38:41 devstack devstack@n-api.service[59487]: DEBUG nova.policy [None req-52431f1d-a070-4aa6-be99-330e0e898624 tempest-VolumesAdminNegativeTest-2088190791 tempest-VolumesAdminNegativeTest-2088190791-project-member] Policy check for os_compute_api:os-extended-server-attributes failed with credentials {'is_admin': False, 'user_id': '8fbd3d03a9cb4948b01bcf0b078cf9a7', 'user_domain_id': 'default', 'system_scope': None, 'domain_id': None, 'project_id': '02948ad5969241a0893158d65823139a', 'project_domain_id': 'default', 'roles': ['member', 'reader'], 'is_admin_project': True, 'service_user_id': None, 'service_user_domain_id': None, 'service_project_id': None, 'service_project_domain_id': None, 'service_roles': []} {{(pid=59487) authorize /opt/stack/nova/nova/policy.py:192}}
Apr 25 15:38:41 devstack devstack@n-api.service[59488]: INFO nova.api.openstack.requestlog [None req-6385101e-6b5e-4c66-9af9-e34cc6472610 tempest-ServerBootFromVolumeStableRescueTest-1638949673 tempest-ServerBootFromVolumeStableRescueTest-1638949673-project-member] 192.168.122.23 "GET /compute/v2.1/servers/fb1a7b59-fd5e-4ff9-930d-11232814a600" status: 200 len: 1506 microversion: 2.87 time: 0.420436
Apr 25 15:38:41 devstack devstack@n-api.service[59488]: [pid: 59488|app: 0|req: 55/93] 192.168.122.23 () {60 vars in 1285 bytes} [Sat Apr 25 15:38:41 2026] GET /compute/v2.1/servers/fb1a7b59-fd5e-4ff9-930d-11232814a600 => generated 1506 bytes in 423 msecs (HTTP/1.1 200) 9 headers in 360 bytes (1 switches on core 0)
Apr 25 15:38:41 devstack devstack@n-api.service[59487]: INFO nova.api.openstack.requestlog [None req-52431f1d-a070-4aa6-be99-330e0e898624 tempest-VolumesAdminNegativeTest-2088190791 tempest-VolumesAdminNegativeTest-2088190791-project-member] 192.168.122.23 "GET /compute/v2.1/servers/9084a3c5-3951-473b-aecc-845896150826" status: 200 len: 1232 microversion: 2.1 time: 0.251375
Apr 25 15:38:41 devstack devstack@n-api.service[59487]: [pid: 59487|app: 0|req: 39/94] 192.168.122.23 () {58 vars in 1244 bytes} [Sat Apr 25 15:38:41 2026] GET /compute/v2.1/servers/9084a3c5-3951-473b-aecc-845896150826 => generated 1232 bytes in 253 msecs (HTTP/1.1 200) 9 headers in 358 bytes (1 switches on core 0)
Apr 25 15:38:42 devstack devstack@n-api.service[59488]: DEBUG nova.api.openstack.wsgi [None req-f9b02cd7-515d-42a1-9df0-45236c1911ee tempest-VolumesGetTestJSON-398893760 tempest-VolumesGetTestJSON-398893760-project-member] Calling method '>' {{(pid=59488) _process_stack /opt/stack/nova/nova/api/openstack/wsgi.py:551}}
Apr 25 15:38:42 devstack devstack@n-api.service[59488]: INFO nova.api.openstack.requestlog [None req-f9b02cd7-515d-42a1-9df0-45236c1911ee tempest-VolumesGetTestJSON-398893760 tempest-VolumesGetTestJSON-398893760-project-member] 192.168.122.23 "GET /compute/v2.1/os-volumes/e323b680-f6bd-40d6-85fb-204843d17859" status: 200 len: 350 microversion: 2.1 time: 0.058616
Apr 25 15:38:42 devstack devstack@n-api.service[59488]: [pid: 59488|app: 0|req: 56/95] 192.168.122.23 () {58 vars in 1253 bytes} [Sat Apr 25 15:38:42 2026] GET /compute/v2.1/os-volumes/e323b680-f6bd-40d6-85fb-204843d17859 => generated 350 bytes in 60 msecs (HTTP/1.1 200) 9 headers in 357 bytes (1 switches on core 0)
Apr 25 15:38:42 devstack devstack@n-api.service[59487]: DEBUG nova.api.openstack.wsgi [None req-252434bc-bcca-4f31-a592-f14c2999e7f1 tempest-ServerBootFromVolumeStableRescueTest-1638949673 tempest-ServerBootFromVolumeStableRescueTest-1638949673-project-member] Calling method '>' {{(pid=59487) _process_stack /opt/stack/nova/nova/api/openstack/wsgi.py:551}}
Apr 25 15:38:42 devstack devstack@n-api.service[59487]: DEBUG nova.compute.api [None req-252434bc-bcca-4f31-a592-f14c2999e7f1 tempest-ServerBootFromVolumeStableRescueTest-1638949673 tempest-ServerBootFromVolumeStableRescueTest-1638949673-project-member] [instance: fb1a7b59-fd5e-4ff9-930d-11232814a600] Fetching instance by UUID {{(pid=59487) get /opt/stack/nova/nova/compute/api.py:3056}}
Apr 25 15:38:42 devstack devstack@n-api.service[59487]: DEBUG oslo_concurrency.lockutils [None req-252434bc-bcca-4f31-a592-f14c2999e7f1 tempest-ServerBootFromVolumeStableRescueTest-1638949673 tempest-ServerBootFromVolumeStableRescueTest-1638949673-project-member] Acquiring lock "bc17b40a-39af-4647-be2d-7239836c5d09" by "nova.context.set_target_cell..get_or_set_cached_cell_and_set_connections" {{(pid=59487) inner /opt/stack/data/venv/lib/python3.10/site-packages/oslo_concurrency/lockutils.py:506}}
Apr 25 15:38:42 devstack devstack@n-api.service[59487]: DEBUG oslo_concurrency.lockutils [None req-252434bc-bcca-4f31-a592-f14c2999e7f1 tempest-ServerBootFromVolumeStableRescueTest-1638949673 tempest-ServerBootFromVolumeStableRescueTest-1638949673-project-member] Lock "bc17b40a-39af-4647-be2d-7239836c5d09" acquired by "nova.context.set_target_cell..get_or_set_cached_cell_and_set_connections" :: waited 0.000s {{(pid=59487) inner /opt/stack/data/venv/lib/python3.10/site-packages/oslo_concurrency/lockutils.py:519}}
Apr 25 15:38:42 devstack devstack@n-api.service[59487]: DEBUG oslo_concurrency.lockutils [None req-252434bc-bcca-4f31-a592-f14c2999e7f1 tempest-ServerBootFromVolumeStableRescueTest-1638949673 tempest-ServerBootFromVolumeStableRescueTest-1638949673-project-member] Lock "bc17b40a-39af-4647-be2d-7239836c5d09" "released" by "nova.context.set_target_cell..get_or_set_cached_cell_and_set_connections" :: held 0.000s {{(pid=59487) inner /opt/stack/data/venv/lib/python3.10/site-packages/oslo_concurrency/lockutils.py:538}}
Apr 25 15:38:42 devstack devstack@n-api.service[59487]: DEBUG oslo_concurrency.lockutils [None req-252434bc-bcca-4f31-a592-f14c2999e7f1 tempest-ServerBootFromVolumeStableRescueTest-1638949673 tempest-ServerBootFromVolumeStableRescueTest-1638949673-project-member] Acquiring lock "bc17b40a-39af-4647-be2d-7239836c5d09" by "nova.context.set_target_cell..get_or_set_cached_cell_and_set_connections" {{(pid=59487) inner /opt/stack/data/venv/lib/python3.10/site-packages/oslo_concurrency/lockutils.py:506}}
