Jan 09 07:45:19 devstack cinder-volume[81357]: DEBUG oslo_concurrency.processutils [None req-8f95d6ce-3a80-4dec-95c3-ad9256f69fb8 tempest-TaggedBootDevicesTest-1300478212 None] Running cmd (subprocess): sudo cinder-rootwrap /etc/cinder/rootwrap.conf df --portability --block-size 1 /opt/stack/data/cinder/mnt/b56066e4f3d5415c7b04ea4220c9fea9 {{(pid=81357) execute /opt/stack/data/venv/lib/python3.10/site-packages/oslo_concurrency/processutils.py:349}}
Jan 09 07:45:19 devstack sudo[88886]: quobyte : PWD=/ ; USER=root ; COMMAND=/opt/stack/data/venv/bin/cinder-rootwrap /etc/cinder/rootwrap.conf df --portability --block-size 1 /opt/stack/data/cinder/mnt/b56066e4f3d5415c7b04ea4220c9fea9
Jan 09 07:45:19 devstack sudo[88886]: pam_unix(sudo:session): session opened for user root(uid=0) by (uid=1000)
Jan 09 07:45:19 devstack sudo[88882]: pam_unix(sudo:session): session closed for user root
Jan 09 07:45:19 devstack cinder-volume[81357]: DEBUG oslo_concurrency.processutils [None req-078434f5-2228-4213-801a-809d243e3e74 tempest-AttachVolumeNegativeTest-1107983345 None] CMD "sudo cinder-rootwrap /etc/cinder/rootwrap.conf chmod ugo+rw /opt/stack/data/cinder/mnt/b56066e4f3d5415c7b04ea4220c9fea9/volume-e2e10726-98f0-4b74-9bbc-8e9681a8229c" returned: 0 in 0.521s {{(pid=81357) execute /opt/stack/data/venv/lib/python3.10/site-packages/oslo_concurrency/processutils.py:372}}
Jan 09 07:45:19 devstack cinder-volume[81357]: DEBUG cinder.volume.drivers.quobyte [None req-078434f5-2228-4213-801a-809d243e3e74 tempest-AttachVolumeNegativeTest-1107983345 None] <== create_volume: return (1105ms) {'provider_location': 'osci02.corp.quobyte.com/cinder-vol-0a2e536e-57c9-47a8-ba01-7c780d5fd8dd'} {{(pid=81357) trace_logging_wrapper /opt/stack/cinder/cinder/volume/volume_utils.py:1523}}
Jan 09 07:45:19 devstack cinder-volume[81357]: DEBUG oslo_concurrency.lockutils [None req-078434f5-2228-4213-801a-809d243e3e74 tempest-AttachVolumeNegativeTest-1107983345 None] Lock "quobyte" "released" by "cinder.volume.drivers.quobyte.QuobyteDriver.create_volume" :: held 1.107s {{(pid=81357) inner /opt/stack/data/venv/lib/python3.10/site-packages/oslo_concurrency/lockutils.py:424}}
Jan 09 07:45:19 devstack cinder-volume[81357]: DEBUG oslo_concurrency.lockutils [None req-2180a209-12d5-4d07-a5b9-4996e0d59d7c tempest-VolumesDeleteCascade-1326011744 None] Lock "quobyte" acquired by "cinder.volume.drivers.quobyte.QuobyteDriver.create_snapshot" :: waited 0.177s {{(pid=81357) inner /opt/stack/data/venv/lib/python3.10/site-packages/oslo_concurrency/lockutils.py:410}}
Jan 09 07:45:19 devstack cinder-volume[81357]: DEBUG cinder.volume.drivers.remotefs [None req-2180a209-12d5-4d07-a5b9-4996e0d59d7c tempest-VolumesDeleteCascade-1326011744 None] Creating offline snapshot dfbb6323-6455-4d77-b4ea-6599393db0d7 of volume a3fb3ee2-4349-44d3-b93d-5f813d8311e5 {{(pid=81357) _create_snapshot /opt/stack/cinder/cinder/volume/drivers/remotefs.py:1694}}
Jan 09 07:45:19 devstack cinder-volume[81357]: DEBUG cinder.volume.manager [None req-078434f5-2228-4213-801a-809d243e3e74 tempest-AttachVolumeNegativeTest-1107983345 None] Task 'cinder.volume.flows.manager.create_volume.CreateVolumeFromSpecTask;volume:create' (d25b3a51-94e9-44a3-b038-29c77074366c) transitioned into state 'SUCCESS' from state 'RUNNING' with result '{'status': 'creating', 'volume_name': 'volume-e2e10726-98f0-4b74-9bbc-8e9681a8229c', 'volume_size': 1}' {{(pid=81357) _task_receiver /opt/stack/data/venv/lib/python3.10/site-packages/taskflow/listeners/logging.py:182}}
Jan 09 07:45:19 devstack cinder-volume[81357]: DEBUG cinder.volume.manager [None req-078434f5-2228-4213-801a-809d243e3e74 tempest-AttachVolumeNegativeTest-1107983345 None] Task 'cinder.volume.flows.manager.create_volume.CreateVolumeOnFinishTask;volume:create, create.end' (e41f7f28-14ce-4ce2-879b-5e19938e7d46) transitioned into state 'RUNNING' from state 'PENDING' {{(pid=81357) _task_receiver /opt/stack/data/venv/lib/python3.10/site-packages/taskflow/listeners/logging.py:194}}
Jan 09 07:45:19 devstack cinder-volume[81357]: DEBUG oslo.privsep.daemon [-] privsep: reply[9e46c8e9-34a9-4efa-8742-e41b6bd07bc7]: (4, 'qcow2') {{(pid=82407) _call_back /opt/stack/data/venv/lib/python3.10/site-packages/oslo_privsep/daemon.py:515}}
Jan 09 07:45:19 devstack cinder-volume[81357]: DEBUG oslo_concurrency.processutils [None req-2180a209-12d5-4d07-a5b9-4996e0d59d7c tempest-VolumesDeleteCascade-1326011744 None] Running cmd (subprocess): /opt/stack/data/venv/bin/python3.10 -m oslo_concurrency.prlimit --as=1073741824 --cpu=60 -- sudo cinder-rootwrap /etc/cinder/rootwrap.conf env LC_ALL=C qemu-img info -f qcow2 --output=json --force-share /opt/stack/data/cinder/mnt/b56066e4f3d5415c7b04ea4220c9fea9/volume-a3fb3ee2-4349-44d3-b93d-5f813d8311e5 {{(pid=81357) execute /opt/stack/data/venv/lib/python3.10/site-packages/oslo_concurrency/processutils.py:349}}
Jan 09 07:45:19 devstack cinder-volume[81357]: INFO cinder.volume.flows.manager.create_volume [None req-078434f5-2228-4213-801a-809d243e3e74 tempest-AttachVolumeNegativeTest-1107983345 None] Volume volume-e2e10726-98f0-4b74-9bbc-8e9681a8229c (e2e10726-98f0-4b74-9bbc-8e9681a8229c): created successfully
Jan 09 07:45:19 devstack cinder-volume[81357]: DEBUG cinder.volume.manager [None req-078434f5-2228-4213-801a-809d243e3e74 tempest-AttachVolumeNegativeTest-1107983345 None] Task 'cinder.volume.flows.manager.create_volume.CreateVolumeOnFinishTask;volume:create, create.end' (e41f7f28-14ce-4ce2-879b-5e19938e7d46) transitioned into state 'SUCCESS' from state 'RUNNING' with result 'None' {{(pid=81357) _task_receiver /opt/stack/data/venv/lib/python3.10/site-packages/taskflow/listeners/logging.py:182}}
Jan 09 07:45:19 devstack cinder-volume[81357]: DEBUG cinder.volume.manager [None req-078434f5-2228-4213-801a-809d243e3e74 tempest-AttachVolumeNegativeTest-1107983345 None] Flow 'volume_create_manager' (a4b2a167-26c0-4a9e-8abb-a05e6f743365) transitioned into state 'SUCCESS' from state 'RUNNING' {{(pid=81357) _flow_receiver /opt/stack/data/venv/lib/python3.10/site-packages/taskflow/listeners/logging.py:145}}
Jan 09 07:45:19 devstack cinder-volume[81357]: INFO cinder.volume.manager [None req-078434f5-2228-4213-801a-809d243e3e74 tempest-AttachVolumeNegativeTest-1107983345 None] Created volume successfully.
Jan 09 07:45:19 devstack sudo[88888]: quobyte : PWD=/ ; USER=root ; COMMAND=/opt/stack/data/venv/bin/cinder-rootwrap /etc/cinder/rootwrap.conf env LC_ALL=C qemu-img info -f qcow2 --output=json --force-share /opt/stack/data/cinder/mnt/b56066e4f3d5415c7b04ea4220c9fea9/volume-a3fb3ee2-4349-44d3-b93d-5f813d8311e5
Jan 09 07:45:19 devstack sudo[88888]: pam_unix(sudo:session): session opened for user root(uid=0) by (uid=1000)
Jan 09 07:45:19 devstack sudo[88886]: pam_unix(sudo:session): session closed for user root
Jan 09 07:45:19 devstack cinder-volume[81357]: DEBUG oslo_concurrency.processutils [None req-8f95d6ce-3a80-4dec-95c3-ad9256f69fb8 tempest-TaggedBootDevicesTest-1300478212 None] CMD "sudo cinder-rootwrap /etc/cinder/rootwrap.conf df --portability --block-size 1 /opt/stack/data/cinder/mnt/b56066e4f3d5415c7b04ea4220c9fea9" returned: 0 in 0.475s {{(pid=81357) execute /opt/stack/data/venv/lib/python3.10/site-packages/oslo_concurrency/processutils.py:372}}
Jan 09 07:45:19 devstack cinder-volume[81357]: DEBUG cinder.manager [None req-8f95d6ce-3a80-4dec-95c3-ad9256f69fb8 tempest-TaggedBootDevicesTest-1300478212 None] Notifying Schedulers of capabilities ... {{(pid=81357) _publish_service_capabilities /opt/stack/cinder/cinder/manager.py:202}}
Jan 09 07:45:19 devstack cinder-volume[81357]: INFO cinder.volume.manager [None req-8f95d6ce-3a80-4dec-95c3-ad9256f69fb8 tempest-TaggedBootDevicesTest-1300478212 None] Deleted volume successfully.
Jan 09 07:45:19 devstack cinder-volume[81357]: DEBUG cinder.coordination [None req-8f95d6ce-3a80-4dec-95c3-ad9256f69fb8 tempest-TaggedBootDevicesTest-1300478212 None] Lock "cinder-0ccc94bd-5dc2-4808-add8-cabe7ef3b4e8-delete_volume" released by "delete_volume" :: held 2.666s {{(pid=81357) __release /opt/stack/cinder/cinder/coordination.py:157}}
Jan 09 07:45:19 devstack sudo[88888]: pam_unix(sudo:session): session closed for user root
Jan 09 07:45:19 devstack cinder-volume[81357]: DEBUG oslo_concurrency.processutils [None req-2180a209-12d5-4d07-a5b9-4996e0d59d7c tempest-VolumesDeleteCascade-1326011744 None] CMD "/opt/stack/data/venv/bin/python3.10 -m oslo_concurrency.prlimit --as=1073741824 --cpu=60 -- sudo cinder-rootwrap /etc/cinder/rootwrap.conf env LC_ALL=C qemu-img info -f qcow2 --output=json --force-share /opt/stack/data/cinder/mnt/b56066e4f3d5415c7b04ea4220c9fea9/volume-a3fb3ee2-4349-44d3-b93d-5f813d8311e5" returned: 0 in 0.605s {{(pid=81357) execute /opt/stack/data/venv/lib/python3.10/site-packages/oslo_concurrency/processutils.py:372}}
Jan 09 07:45:19 devstack cinder-volume[81357]: DEBUG oslo_concurrency.processutils [None req-2180a209-12d5-4d07-a5b9-4996e0d59d7c tempest-VolumesDeleteCascade-1326011744 None] Running cmd (subprocess): sudo cinder-rootwrap /etc/cinder/rootwrap.conf qemu-img create -f qcow2 -o backing_file=/opt/stack/data/cinder/mnt/b56066e4f3d5415c7b04ea4220c9fea9/volume-a3fb3ee2-4349-44d3-b93d-5f813d8311e5,backing_fmt=qcow2 /opt/stack/data/cinder/mnt/b56066e4f3d5415c7b04ea4220c9fea9/volume-a3fb3ee2-4349-44d3-b93d-5f813d8311e5.dfbb6323-6455-4d77-b4ea-6599393db0d7 1G {{(pid=81357) execute /opt/stack/data/venv/lib/python3.10/site-packages/oslo_concurrency/processutils.py:349}}
Jan 09 07:45:20 devstack sudo[88894]: quobyte : PWD=/ ; USER=root ; COMMAND=/opt/stack/data/venv/bin/cinder-rootwrap /etc/cinder/rootwrap.conf qemu-img create -f qcow2 -o backing_file=/opt/stack/data/cinder/mnt/b56066e4f3d5415c7b04ea4220c9fea9/volume-a3fb3ee2-4349-44d3-b93d-5f813d8311e5,backing_fmt=qcow2 /opt/stack/data/cinder/mnt/b56066e4f3d5415c7b04ea4220c9fea9/volume-a3fb3ee2-4349-44d3-b93d-5f813d8311e5.dfbb6323-6455-4d77-b4ea-6599393db0d7 1G
Jan 09 07:45:20 devstack sudo[88894]: pam_unix(sudo:session): session opened for user root(uid=0) by (uid=1000)
Jan 09 07:45:20 devstack sudo[88894]: pam_unix(sudo:session): session closed for user root
Jan 09 07:45:20 devstack cinder-volume[81357]: DEBUG oslo_concurrency.processutils [None req-2180a209-12d5-4d07-a5b9-4996e0d59d7c tempest-VolumesDeleteCascade-1326011744 None] CMD "sudo cinder-rootwrap /etc/cinder/rootwrap.conf qemu-img create -f qcow2 -o backing_file=/opt/stack/data/cinder/mnt/b56066e4f3d5415c7b04ea4220c9fea9/volume-a3fb3ee2-4349-44d3-b93d-5f813d8311e5,backing_fmt=qcow2 /opt/stack/data/cinder/mnt/b56066e4f3d5415c7b04ea4220c9fea9/volume-a3fb3ee2-4349-44d3-b93d-5f813d8311e5.dfbb6323-6455-4d77-b4ea-6599393db0d7 1G" returned: 0 in 0.701s {{(pid=81357) execute /opt/stack/data/venv/lib/python3.10/site-packages/oslo_concurrency/processutils.py:372}}
Jan 09 07:45:20 devstack cinder-volume[81357]: DEBUG oslo_concurrency.processutils [None req-2180a209-12d5-4d07-a5b9-4996e0d59d7c tempest-VolumesDeleteCascade-1326011744 None] Running cmd (subprocess): sudo cinder-rootwrap /etc/cinder/rootwrap.conf qemu-img rebase -u -b volume-a3fb3ee2-4349-44d3-b93d-5f813d8311e5 -F qcow2 /opt/stack/data/cinder/mnt/b56066e4f3d5415c7b04ea4220c9fea9/volume-a3fb3ee2-4349-44d3-b93d-5f813d8311e5.dfbb6323-6455-4d77-b4ea-6599393db0d7 {{(pid=81357) execute /opt/stack/data/venv/lib/python3.10/site-packages/oslo_concurrency/processutils.py:349}}
Jan 09 07:45:20 devstack sudo[88899]: quobyte : PWD=/ ; USER=root ; COMMAND=/opt/stack/data/venv/bin/cinder-rootwrap /etc/cinder/rootwrap.conf qemu-img rebase -u -b volume-a3fb3ee2-4349-44d3-b93d-5f813d8311e5 -F qcow2 /opt/stack/data/cinder/mnt/b56066e4f3d5415c7b04ea4220c9fea9/volume-a3fb3ee2-4349-44d3-b93d-5f813d8311e5.dfbb6323-6455-4d77-b4ea-6599393db0d7
Jan 09 07:45:20 devstack sudo[88899]: pam_unix(sudo:session): session opened for user root(uid=0) by (uid=1000)
Jan 09 07:45:21 devstack sudo[88899]: pam_unix(sudo:session): session closed for user root
Jan 09 07:45:21 devstack cinder-volume[81357]: DEBUG oslo_concurrency.processutils [None req-2180a209-12d5-4d07-a5b9-4996e0d59d7c tempest-VolumesDeleteCascade-1326011744 None] CMD "sudo cinder-rootwrap /etc/cinder/rootwrap.conf qemu-img rebase -u -b volume-a3fb3ee2-4349-44d3-b93d-5f813d8311e5 -F qcow2 /opt/stack/data/cinder/mnt/b56066e4f3d5415c7b04ea4220c9fea9/volume-a3fb3ee2-4349-44d3-b93d-5f813d8311e5.dfbb6323-6455-4d77-b4ea-6599393db0d7" returned: 0 in 0.564s {{(pid=81357) execute /opt/stack/data/venv/lib/python3.10/site-packages/oslo_concurrency/processutils.py:372}}
Jan 09 07:45:21 devstack cinder-volume[81357]: WARNING cinder.volume.drivers.remotefs [None req-2180a209-12d5-4d07-a5b9-4996e0d59d7c tempest-VolumesDeleteCascade-1326011744 None] /opt/stack/data/cinder/mnt/b56066e4f3d5415c7b04ea4220c9fea9/volume-a3fb3ee2-4349-44d3-b93d-5f813d8311e5.dfbb6323-6455-4d77-b4ea-6599393db0d7 is being set with open permissions: ugo+rw
Jan 09 07:45:21 devstack cinder-volume[81357]: DEBUG oslo_concurrency.processutils [None req-2180a209-12d5-4d07-a5b9-4996e0d59d7c tempest-VolumesDeleteCascade-1326011744 None] Running cmd (subprocess): sudo cinder-rootwrap /etc/cinder/rootwrap.conf chmod ugo+rw /opt/stack/data/cinder/mnt/b56066e4f3d5415c7b04ea4220c9fea9/volume-a3fb3ee2-4349-44d3-b93d-5f813d8311e5.dfbb6323-6455-4d77-b4ea-6599393db0d7 {{(pid=81357) execute /opt/stack/data/venv/lib/python3.10/site-packages/oslo_concurrency/processutils.py:349}}
Jan 09 07:45:21 devstack sudo[88904]: quobyte : PWD=/ ; USER=root ; COMMAND=/opt/stack/data/venv/bin/cinder-rootwrap /etc/cinder/rootwrap.conf chmod ugo+rw /opt/stack/data/cinder/mnt/b56066e4f3d5415c7b04ea4220c9fea9/volume-a3fb3ee2-4349-44d3-b93d-5f813d8311e5.dfbb6323-6455-4d77-b4ea-6599393db0d7
Jan 09 07:45:21 devstack sudo[88904]: pam_unix(sudo:session): session opened for user root(uid=0) by (uid=1000)
Jan 09 07:45:21 devstack sudo[88904]: pam_unix(sudo:session): session closed for user root
Jan 09 07:45:21 devstack cinder-volume[81357]: DEBUG oslo_concurrency.processutils [None req-2180a209-12d5-4d07-a5b9-4996e0d59d7c tempest-VolumesDeleteCascade-1326011744 None] CMD "sudo cinder-rootwrap /etc/cinder/rootwrap.conf chmod ugo+rw /opt/stack/data/cinder/mnt/b56066e4f3d5415c7b04ea4220c9fea9/volume-a3fb3ee2-4349-44d3-b93d-5f813d8311e5.dfbb6323-6455-4d77-b4ea-6599393db0d7" returned: 0 in 0.555s {{(pid=81357) execute /opt/stack/data/venv/lib/python3.10/site-packages/oslo_concurrency/processutils.py:372}}
Jan 09 07:45:21 devstack cinder-volume[81357]: DEBUG oslo_concurrency.processutils [None req-2180a209-12d5-4d07-a5b9-4996e0d59d7c tempest-VolumesDeleteCascade-1326011744 None] Running cmd (subprocess): sudo cinder-rootwrap /etc/cinder/rootwrap.conf truncate -s0 /opt/stack/data/cinder/mnt/b56066e4f3d5415c7b04ea4220c9fea9/volume-a3fb3ee2-4349-44d3-b93d-5f813d8311e5.info {{(pid=81357) execute /opt/stack/data/venv/lib/python3.10/site-packages/oslo_concurrency/processutils.py:349}}
Jan 09 07:45:21 devstack sudo[88908]: quobyte : PWD=/ ; USER=root ; COMMAND=/opt/stack/data/venv/bin/cinder-rootwrap /etc/cinder/rootwrap.conf truncate -s0 /opt/stack/data/cinder/mnt/b56066e4f3d5415c7b04ea4220c9fea9/volume-a3fb3ee2-4349-44d3-b93d-5f813d8311e5.info
Jan 09 07:45:21 devstack sudo[88908]: pam_unix(sudo:session): session opened for user root(uid=0) by (uid=1000)
Jan 09 07:45:22 devstack sudo[88908]: pam_unix(sudo:session): session closed for user root
Jan 09 07:45:22 devstack cinder-volume[81357]: DEBUG oslo_concurrency.processutils [None req-2180a209-12d5-4d07-a5b9-4996e0d59d7c tempest-VolumesDeleteCascade-1326011744 None] CMD "sudo cinder-rootwrap /etc/cinder/rootwrap.conf truncate -s0 /opt/stack/data/cinder/mnt/b56066e4f3d5415c7b04ea4220c9fea9/volume-a3fb3ee2-4349-44d3-b93d-5f813d8311e5.info" returned: 0 in 0.476s {{(pid=81357) execute /opt/stack/data/venv/lib/python3.10/site-packages/oslo_concurrency/processutils.py:372}}
Jan 09 07:45:22 devstack cinder-volume[81357]: WARNING cinder.volume.drivers.remotefs [None req-2180a209-12d5-4d07-a5b9-4996e0d59d7c tempest-VolumesDeleteCascade-1326011744 None] /opt/stack/data/cinder/mnt/b56066e4f3d5415c7b04ea4220c9fea9/volume-a3fb3ee2-4349-44d3-b93d-5f813d8311e5.info is being set with open permissions: ugo+rw
Jan 09 07:45:22 devstack cinder-volume[81357]: DEBUG oslo_concurrency.processutils [None req-2180a209-12d5-4d07-a5b9-4996e0d59d7c tempest-VolumesDeleteCascade-1326011744 None] Running cmd (subprocess): sudo cinder-rootwrap /etc/cinder/rootwrap.conf chmod ugo+rw /opt/stack/data/cinder/mnt/b56066e4f3d5415c7b04ea4220c9fea9/volume-a3fb3ee2-4349-44d3-b93d-5f813d8311e5.info {{(pid=81357) execute /opt/stack/data/venv/lib/python3.10/site-packages/oslo_concurrency/processutils.py:349}}
Jan 09 07:45:22 devstack sudo[88911]: quobyte : PWD=/ ; USER=root ; COMMAND=/opt/stack/data/venv/bin/cinder-rootwrap /etc/cinder/rootwrap.conf chmod ugo+rw /opt/stack/data/cinder/mnt/b56066e4f3d5415c7b04ea4220c9fea9/volume-a3fb3ee2-4349-44d3-b93d-5f813d8311e5.info
Jan 09 07:45:22 devstack sudo[88911]: pam_unix(sudo:session): session opened for user root(uid=0) by (uid=1000)
Jan 09 07:45:22 devstack cinder-volume[81357]: DEBUG oslo_concurrency.lockutils [req-21f39f82-0eee-4ca2-8fb7-2525c72a6514 req-847279ef-148d-4cdd-aa6d-ecff4005577a tempest-AttachVolumeNegativeTest-1107983345 None] Acquiring lock "quobyte" by "cinder.volume.drivers.quobyte.QuobyteDriver.initialize_connection" {{(pid=81357) inner /opt/stack/data/venv/lib/python3.10/site-packages/oslo_concurrency/lockutils.py:405}}
Jan 09 07:45:22 devstack sudo[88911]: pam_unix(sudo:session): session closed for user root
Jan 09 07:45:22 devstack cinder-volume[81357]: DEBUG oslo_concurrency.processutils [None req-2180a209-12d5-4d07-a5b9-4996e0d59d7c tempest-VolumesDeleteCascade-1326011744 None] CMD "sudo cinder-rootwrap /etc/cinder/rootwrap.conf chmod ugo+rw /opt/stack/data/cinder/mnt/b56066e4f3d5415c7b04ea4220c9fea9/volume-a3fb3ee2-4349-44d3-b93d-5f813d8311e5.info" returned: 0 in 0.578s {{(pid=81357) execute /opt/stack/data/venv/lib/python3.10/site-packages/oslo_concurrency/processutils.py:372}}
Jan 09 07:45:22 devstack cinder-volume[81357]: DEBUG oslo_concurrency.lockutils [None req-2180a209-12d5-4d07-a5b9-4996e0d59d7c tempest-VolumesDeleteCascade-1326011744 None] Lock "quobyte" "released" by "cinder.volume.drivers.quobyte.QuobyteDriver.create_snapshot" :: held 3.557s {{(pid=81357) inner /opt/stack/data/venv/lib/python3.10/site-packages/oslo_concurrency/lockutils.py:424}}
Jan 09 07:45:22 devstack cinder-volume[81357]: DEBUG oslo_concurrency.lockutils [req-21f39f82-0eee-4ca2-8fb7-2525c72a6514 req-847279ef-148d-4cdd-aa6d-ecff4005577a tempest-AttachVolumeNegativeTest-1107983345 None] Lock "quobyte" acquired by "cinder.volume.drivers.quobyte.QuobyteDriver.initialize_connection" :: waited 0.307s {{(pid=81357) inner /opt/stack/data/venv/lib/python3.10/site-packages/oslo_concurrency/lockutils.py:410}}
Jan 09 07:45:22 devstack cinder-volume[81357]: DEBUG oslo.privsep.daemon [-] privsep: reply[a9efbc32-c500-4dbd-925f-f42dc7984b1a]: (4, 'qcow2') {{(pid=82407) _call_back /opt/stack/data/venv/lib/python3.10/site-packages/oslo_privsep/daemon.py:515}}
Jan 09 07:45:22 devstack cinder-volume[81357]: DEBUG oslo_concurrency.processutils [req-21f39f82-0eee-4ca2-8fb7-2525c72a6514 req-847279ef-148d-4cdd-aa6d-ecff4005577a tempest-AttachVolumeNegativeTest-1107983345 None] Running cmd (subprocess): /opt/stack/data/venv/bin/python3.10 -m oslo_concurrency.prlimit --as=1073741824 --cpu=60 -- sudo cinder-rootwrap /etc/cinder/rootwrap.conf env LC_ALL=C qemu-img info -f qcow2 --output=json --force-share /opt/stack/data/cinder/mnt/b56066e4f3d5415c7b04ea4220c9fea9/volume-e2e10726-98f0-4b74-9bbc-8e9681a8229c {{(pid=81357) execute /opt/stack/data/venv/lib/python3.10/site-packages/oslo_concurrency/processutils.py:349}}
Jan 09 07:45:22 devstack cinder-volume[81357]: INFO cinder.volume.manager [None req-2180a209-12d5-4d07-a5b9-4996e0d59d7c tempest-VolumesDeleteCascade-1326011744 None] Create snapshot completed successfully
Jan 09 07:45:23 devstack sudo[88922]: quobyte : PWD=/ ; USER=root ; COMMAND=/opt/stack/data/venv/bin/cinder-rootwrap /etc/cinder/rootwrap.conf env LC_ALL=C qemu-img info -f qcow2 --output=json --force-share /opt/stack/data/cinder/mnt/b56066e4f3d5415c7b04ea4220c9fea9/volume-e2e10726-98f0-4b74-9bbc-8e9681a8229c
Jan 09 07:45:23 devstack sudo[88922]: pam_unix(sudo:session): session opened for user root(uid=0) by (uid=1000)
Jan 09 07:45:23 devstack cinder-volume[81357]: WARNING cinder.volume.volume_utils [None req-ecfc2a6f-12bb-4659-9517-43a7ee3b1619 tempest-VolumesDeleteCascade-1326011744 None] Volume driver (QuobyteDriver 1.1.13) is currently unsupported and may be removed in the next release of OpenStack. Use at your own risk.
Jan 09 07:45:23 devstack cinder-volume[81357]: DEBUG oslo_concurrency.lockutils [None req-ecfc2a6f-12bb-4659-9517-43a7ee3b1619 tempest-VolumesDeleteCascade-1326011744 None] Acquiring lock "quobyte" by "cinder.volume.drivers.quobyte.QuobyteDriver.create_snapshot" {{(pid=81357) inner /opt/stack/data/venv/lib/python3.10/site-packages/oslo_concurrency/lockutils.py:405}}
Jan 09 07:45:23 devstack sudo[88922]: pam_unix(sudo:session): session closed for user root
Jan 09 07:45:23 devstack cinder-volume[81357]: DEBUG oslo_concurrency.processutils [req-21f39f82-0eee-4ca2-8fb7-2525c72a6514 req-847279ef-148d-4cdd-aa6d-ecff4005577a tempest-AttachVolumeNegativeTest-1107983345 None] CMD "/opt/stack/data/venv/bin/python3.10 -m oslo_concurrency.prlimit --as=1073741824 --cpu=60 -- sudo cinder-rootwrap /etc/cinder/rootwrap.conf env LC_ALL=C qemu-img info -f qcow2 --output=json --force-share /opt/stack/data/cinder/mnt/b56066e4f3d5415c7b04ea4220c9fea9/volume-e2e10726-98f0-4b74-9bbc-8e9681a8229c" returned: 0 in 0.652s {{(pid=81357) execute /opt/stack/data/venv/lib/python3.10/site-packages/oslo_concurrency/processutils.py:372}}
Jan 09 07:45:23 devstack cinder-volume[81357]: DEBUG oslo_concurrency.lockutils [req-21f39f82-0eee-4ca2-8fb7-2525c72a6514 req-847279ef-148d-4cdd-aa6d-ecff4005577a tempest-AttachVolumeNegativeTest-1107983345 None] Lock "quobyte" "released" by "cinder.volume.drivers.quobyte.QuobyteDriver.initialize_connection" :: held 0.663s {{(pid=81357) inner /opt/stack/data/venv/lib/python3.10/site-packages/oslo_concurrency/lockutils.py:424}}
Jan 09 07:45:23 devstack cinder-volume[81357]: DEBUG oslo_concurrency.lockutils [None req-ecfc2a6f-12bb-4659-9517-43a7ee3b1619 tempest-VolumesDeleteCascade-1326011744 None] Lock "quobyte" acquired by "cinder.volume.drivers.quobyte.QuobyteDriver.create_snapshot" :: waited 0.148s {{(pid=81357) inner /opt/stack/data/venv/lib/python3.10/site-packages/oslo_concurrency/lockutils.py:410}}
Jan 09 07:45:23 devstack cinder-volume[81357]: DEBUG cinder.volume.manager [req-21f39f82-0eee-4ca2-8fb7-2525c72a6514 req-847279ef-148d-4cdd-aa6d-ecff4005577a tempest-AttachVolumeNegativeTest-1107983345 None] Connection info returned from driver {'export': 'osci02.corp.quobyte.com/cinder-vol-0a2e536e-57c9-47a8-ba01-7c780d5fd8dd', 'name': 'volume-e2e10726-98f0-4b74-9bbc-8e9681a8229c', 'options': None, 'format': 'qcow2', 'qos_specs': None, 'access_mode': 'rw', 'encrypted': False, 'cacheable': False, 'driver_volume_type': 'quobyte', 'mount_point_base': '/opt/stack/data/cinder/mnt', 'attachment_id': '62a83095-0587-4b77-9f1a-1ad40b3856a8', 'enforce_multipath': True} {{(pid=81357) _connection_create /opt/stack/cinder/cinder/volume/manager.py:4891}}
Jan 09 07:45:23 devstack cinder-volume[81357]: WARNING cinder.volume.volume_utils [req-21f39f82-0eee-4ca2-8fb7-2525c72a6514 req-847279ef-148d-4cdd-aa6d-ecff4005577a tempest-AttachVolumeNegativeTest-1107983345 None] Volume driver (QuobyteDriver 1.1.13) is currently unsupported and may be removed in the next release of OpenStack. Use at your own risk.
Jan 09 07:45:23 devstack cinder-volume[81357]: DEBUG cinder.volume.drivers.remotefs [None req-ecfc2a6f-12bb-4659-9517-43a7ee3b1619 tempest-VolumesDeleteCascade-1326011744 None] Creating offline snapshot fed8cce8-b99d-41df-b360-f7599077fe2e of volume a3fb3ee2-4349-44d3-b93d-5f813d8311e5 {{(pid=81357) _create_snapshot /opt/stack/cinder/cinder/volume/drivers/remotefs.py:1694}}
Jan 09 07:45:23 devstack cinder-volume[81357]: DEBUG oslo.privsep.daemon [-] privsep: reply[3d27b6b6-5949-4cf0-8473-12e7d1a48d7d]: (4, 'qcow2') {{(pid=82407) _call_back /opt/stack/data/venv/lib/python3.10/site-packages/oslo_privsep/daemon.py:515}}
Jan 09 07:45:23 devstack cinder-volume[81357]: DEBUG oslo_concurrency.processutils [None req-ecfc2a6f-12bb-4659-9517-43a7ee3b1619 tempest-VolumesDeleteCascade-1326011744 None] Running cmd (subprocess): /opt/stack/data/venv/bin/python3.10 -m oslo_concurrency.prlimit --as=1073741824 --cpu=60 -- sudo cinder-rootwrap /etc/cinder/rootwrap.conf env LC_ALL=C qemu-img info -f qcow2 --output=json --force-share /opt/stack/data/cinder/mnt/b56066e4f3d5415c7b04ea4220c9fea9/volume-a3fb3ee2-4349-44d3-b93d-5f813d8311e5.dfbb6323-6455-4d77-b4ea-6599393db0d7 {{(pid=81357) execute /opt/stack/data/venv/lib/python3.10/site-packages/oslo_concurrency/processutils.py:349}}
Jan 09 07:45:23 devstack cinder-volume[81357]: INFO cinder.volume.manager [req-21f39f82-0eee-4ca2-8fb7-2525c72a6514 req-847279ef-148d-4cdd-aa6d-ecff4005577a tempest-AttachVolumeNegativeTest-1107983345 None] attachment_update completed successfully.
Jan 09 07:45:23 devstack sudo[88928]: quobyte : PWD=/ ; USER=root ; COMMAND=/opt/stack/data/venv/bin/cinder-rootwrap /etc/cinder/rootwrap.conf env LC_ALL=C qemu-img info -f qcow2 --output=json --force-share /opt/stack/data/cinder/mnt/b56066e4f3d5415c7b04ea4220c9fea9/volume-a3fb3ee2-4349-44d3-b93d-5f813d8311e5.dfbb6323-6455-4d77-b4ea-6599393db0d7
Jan 09 07:45:23 devstack sudo[88928]: pam_unix(sudo:session): session opened for user root(uid=0) by (uid=1000)
Jan 09 07:45:24 devstack sudo[88928]: pam_unix(sudo:session): session closed for user root
Jan 09 07:45:24 devstack cinder-volume[81357]: DEBUG oslo_concurrency.processutils [None req-ecfc2a6f-12bb-4659-9517-43a7ee3b1619 tempest-VolumesDeleteCascade-1326011744 None] CMD "/opt/stack/data/venv/bin/python3.10 -m oslo_concurrency.prlimit --as=1073741824 --cpu=60 -- sudo cinder-rootwrap /etc/cinder/rootwrap.conf env LC_ALL=C qemu-img info -f qcow2 --output=json --force-share /opt/stack/data/cinder/mnt/b56066e4f3d5415c7b04ea4220c9fea9/volume-a3fb3ee2-4349-44d3-b93d-5f813d8311e5.dfbb6323-6455-4d77-b4ea-6599393db0d7" returned: 0 in 0.690s {{(pid=81357) execute /opt/stack/data/venv/lib/python3.10/site-packages/oslo_concurrency/processutils.py:372}}
Jan 09 07:45:24 devstack cinder-volume[81357]: DEBUG cinder.volume.drivers.remotefs [None req-ecfc2a6f-12bb-4659-9517-43a7ee3b1619 tempest-VolumesDeleteCascade-1326011744 None] Fetching qemu-img info with special backing_file_template: (/opt/stack/data/cinder/mnt/[0-9a-f]+/)?(volume-a3fb3ee2-4349-44d3-b93d-5f813d8311e5(.(tmp-snap-)?[0-9a-f-]+)?|volume_from_snapshot_cache/(tmp-snap-)?[0-9a-f-]+(.(child-|parent-)[0-9a-f-]+)?)$ {{(pid=81357) _qemu_img_info_base /opt/stack/cinder/cinder/volume/drivers/remotefs.py:886}}
Jan 09 07:45:24 devstack cinder-volume[81357]: DEBUG oslo_concurrency.processutils [None req-ecfc2a6f-12bb-4659-9517-43a7ee3b1619 tempest-VolumesDeleteCascade-1326011744 None] Running cmd (subprocess): sudo cinder-rootwrap /etc/cinder/rootwrap.conf qemu-img create -f qcow2 -o backing_file=/opt/stack/data/cinder/mnt/b56066e4f3d5415c7b04ea4220c9fea9/volume-a3fb3ee2-4349-44d3-b93d-5f813d8311e5.dfbb6323-6455-4d77-b4ea-6599393db0d7,backing_fmt=qcow2 /opt/stack/data/cinder/mnt/b56066e4f3d5415c7b04ea4220c9fea9/volume-a3fb3ee2-4349-44d3-b93d-5f813d8311e5.fed8cce8-b99d-41df-b360-f7599077fe2e 1G {{(pid=81357) execute /opt/stack/data/venv/lib/python3.10/site-packages/oslo_concurrency/processutils.py:349}}
Jan 09 07:45:24 devstack sudo[89000]: quobyte : PWD=/ ; USER=root ; COMMAND=/opt/stack/data/venv/bin/cinder-rootwrap /etc/cinder/rootwrap.conf qemu-img create -f qcow2 -o backing_file=/opt/stack/data/cinder/mnt/b56066e4f3d5415c7b04ea4220c9fea9/volume-a3fb3ee2-4349-44d3-b93d-5f813d8311e5.dfbb6323-6455-4d77-b4ea-6599393db0d7,backing_fmt=qcow2 /opt/stack/data/cinder/mnt/b56066e4f3d5415c7b04ea4220c9fea9/volume-a3fb3ee2-4349-44d3-b93d-5f813d8311e5.fed8cce8-b99d-41df-b360-f7599077fe2e 1G
Jan 09 07:45:24 devstack sudo[89000]: pam_unix(sudo:session): session opened for user root(uid=0) by (uid=1000)
Jan 09 07:45:25 devstack sudo[89000]: pam_unix(sudo:session): session closed for user root
Jan 09 07:45:25 devstack cinder-volume[81357]: DEBUG oslo_concurrency.processutils [None req-ecfc2a6f-12bb-4659-9517-43a7ee3b1619 tempest-VolumesDeleteCascade-1326011744 None] CMD "sudo cinder-rootwrap /etc/cinder/rootwrap.conf qemu-img create -f qcow2 -o backing_file=/opt/stack/data/cinder/mnt/b56066e4f3d5415c7b04ea4220c9fea9/volume-a3fb3ee2-4349-44d3-b93d-5f813d8311e5.dfbb6323-6455-4d77-b4ea-6599393db0d7,backing_fmt=qcow2 /opt/stack/data/cinder/mnt/b56066e4f3d5415c7b04ea4220c9fea9/volume-a3fb3ee2-4349-44d3-b93d-5f813d8311e5.fed8cce8-b99d-41df-b360-f7599077fe2e 1G" returned: 0 in 0.736s {{(pid=81357) execute /opt/stack/data/venv/lib/python3.10/site-packages/oslo_concurrency/processutils.py:372}}
Jan 09 07:45:25 devstack cinder-volume[81357]: DEBUG oslo_concurrency.processutils [None req-ecfc2a6f-12bb-4659-9517-43a7ee3b1619 tempest-VolumesDeleteCascade-1326011744 None] Running cmd (subprocess): sudo cinder-rootwrap /etc/cinder/rootwrap.conf qemu-img rebase -u -b volume-a3fb3ee2-4349-44d3-b93d-5f813d8311e5.dfbb6323-6455-4d77-b4ea-6599393db0d7 -F qcow2 /opt/stack/data/cinder/mnt/b56066e4f3d5415c7b04ea4220c9fea9/volume-a3fb3ee2-4349-44d3-b93d-5f813d8311e5.fed8cce8-b99d-41df-b360-f7599077fe2e {{(pid=81357) execute /opt/stack/data/venv/lib/python3.10/site-packages/oslo_concurrency/processutils.py:349}}
Jan 09 07:45:25 devstack sudo[89327]: quobyte : PWD=/ ; USER=root ; COMMAND=/opt/stack/data/venv/bin/cinder-rootwrap /etc/cinder/rootwrap.conf qemu-img rebase -u -b volume-a3fb3ee2-4349-44d3-b93d-5f813d8311e5.dfbb6323-6455-4d77-b4ea-6599393db0d7 -F qcow2 /opt/stack/data/cinder/mnt/b56066e4f3d5415c7b04ea4220c9fea9/volume-a3fb3ee2-4349-44d3-b93d-5f813d8311e5.fed8cce8-b99d-41df-b360-f7599077fe2e
Jan 09 07:45:25 devstack sudo[89327]: pam_unix(sudo:session): session opened for user root(uid=0) by (uid=1000)
Jan 09 07:45:25 devstack sudo[89327]: pam_unix(sudo:session): session closed for user root
Jan 09 07:45:25 devstack cinder-volume[81357]: DEBUG oslo_concurrency.processutils [None req-ecfc2a6f-12bb-4659-9517-43a7ee3b1619 tempest-VolumesDeleteCascade-1326011744 None] CMD "sudo cinder-rootwrap /etc/cinder/rootwrap.conf qemu-img rebase -u -b volume-a3fb3ee2-4349-44d3-b93d-5f813d8311e5.dfbb6323-6455-4d77-b4ea-6599393db0d7 -F qcow2 /opt/stack/data/cinder/mnt/b56066e4f3d5415c7b04ea4220c9fea9/volume-a3fb3ee2-4349-44d3-b93d-5f813d8311e5.fed8cce8-b99d-41df-b360-f7599077fe2e" returned: 0 in 0.627s {{(pid=81357) execute /opt/stack/data/venv/lib/python3.10/site-packages/oslo_concurrency/processutils.py:372}}
Jan 09 07:45:25 devstack cinder-volume[81357]: WARNING cinder.volume.drivers.remotefs [None req-ecfc2a6f-12bb-4659-9517-43a7ee3b1619 tempest-VolumesDeleteCascade-1326011744 None] /opt/stack/data/cinder/mnt/b56066e4f3d5415c7b04ea4220c9fea9/volume-a3fb3ee2-4349-44d3-b93d-5f813d8311e5.fed8cce8-b99d-41df-b360-f7599077fe2e is being set with open permissions: ugo+rw
Jan 09 07:45:25 devstack cinder-volume[81357]: DEBUG oslo_concurrency.processutils [None req-ecfc2a6f-12bb-4659-9517-43a7ee3b1619 tempest-VolumesDeleteCascade-1326011744 None] Running cmd (subprocess): sudo cinder-rootwrap /etc/cinder/rootwrap.conf chmod ugo+rw /opt/stack/data/cinder/mnt/b56066e4f3d5415c7b04ea4220c9fea9/volume-a3fb3ee2-4349-44d3-b93d-5f813d8311e5.fed8cce8-b99d-41df-b360-f7599077fe2e {{(pid=81357) execute /opt/stack/data/venv/lib/python3.10/site-packages/oslo_concurrency/processutils.py:349}}
Jan 09 07:45:25 devstack sudo[89333]: quobyte : PWD=/ ; USER=root ; COMMAND=/opt/stack/data/venv/bin/cinder-rootwrap /etc/cinder/rootwrap.conf chmod ugo+rw /opt/stack/data/cinder/mnt/b56066e4f3d5415c7b04ea4220c9fea9/volume-a3fb3ee2-4349-44d3-b93d-5f813d8311e5.fed8cce8-b99d-41df-b360-f7599077fe2e
Jan 09 07:45:25 devstack sudo[89333]: pam_unix(sudo:session): session opened for user root(uid=0) by (uid=1000)
Jan 09 07:45:26 devstack sudo[89333]: pam_unix(sudo:session): session closed for user root
Jan 09 07:45:26 devstack cinder-volume[81357]: DEBUG oslo_concurrency.processutils [None req-ecfc2a6f-12bb-4659-9517-43a7ee3b1619 tempest-VolumesDeleteCascade-1326011744 None] CMD "sudo cinder-rootwrap /etc/cinder/rootwrap.conf chmod ugo+rw /opt/stack/data/cinder/mnt/b56066e4f3d5415c7b04ea4220c9fea9/volume-a3fb3ee2-4349-44d3-b93d-5f813d8311e5.fed8cce8-b99d-41df-b360-f7599077fe2e" returned: 0 in 0.622s {{(pid=81357) execute /opt/stack/data/venv/lib/python3.10/site-packages/oslo_concurrency/processutils.py:372}}
Jan 09 07:45:26 devstack cinder-volume[81357]: DEBUG oslo_concurrency.lockutils [None req-ecfc2a6f-12bb-4659-9517-43a7ee3b1619 tempest-VolumesDeleteCascade-1326011744 None] Lock "quobyte" "released" by "cinder.volume.drivers.quobyte.QuobyteDriver.create_snapshot" :: held 2.793s {{(pid=81357) inner /opt/stack/data/venv/lib/python3.10/site-packages/oslo_concurrency/lockutils.py:424}}
Jan 09 07:45:26 devstack cinder-volume[81357]: INFO cinder.volume.manager [None req-ecfc2a6f-12bb-4659-9517-43a7ee3b1619 tempest-VolumesDeleteCascade-1326011744 None] Create snapshot completed successfully
Jan 09 07:45:26 devstack cinder-volume[81357]: DEBUG cinder.coordination [None req-a1424cbe-d5f2-4e1b-b712-291cc7111878 tempest-VolumesDeleteCascade-1326011744 None] Acquiring lock "cinder-a3fb3ee2-4349-44d3-b93d-5f813d8311e5-delete_volume" by "delete_volume" {{(pid=81357) __acquire /opt/stack/cinder/cinder/coordination.py:143}}
Jan 09 07:45:26 devstack cinder-volume[81357]: DEBUG cinder.coordination [None req-a1424cbe-d5f2-4e1b-b712-291cc7111878 tempest-VolumesDeleteCascade-1326011744 None] Lock "cinder-a3fb3ee2-4349-44d3-b93d-5f813d8311e5-delete_volume" acquired by "delete_volume" :: waited 0.010s {{(pid=81357) __acquire /opt/stack/cinder/cinder/coordination.py:146}}
Jan 09 07:45:26 devstack cinder-volume[81357]: WARNING cinder.volume.volume_utils [None req-a1424cbe-d5f2-4e1b-b712-291cc7111878 tempest-VolumesDeleteCascade-1326011744 None] Volume driver (QuobyteDriver 1.1.13) is currently unsupported and may be removed in the next release of OpenStack. Use at your own risk.
Jan 09 07:45:26 devstack cinder-volume[81357]: DEBUG cinder.volume.manager [None req-a1424cbe-d5f2-4e1b-b712-291cc7111878 tempest-VolumesDeleteCascade-1326011744 None] Performing cascade delete. {{(pid=81357) delete_volume /opt/stack/cinder/cinder/volume/manager.py:995}}
Jan 09 07:45:26 devstack cinder-volume[81357]: DEBUG cinder.coordination [None req-a1424cbe-d5f2-4e1b-b712-291cc7111878 tempest-VolumesDeleteCascade-1326011744 None] Acquiring lock "cinder-dfbb6323-6455-4d77-b4ea-6599393db0d7-delete_snapshot" by "delete_snapshot" {{(pid=81357) __acquire /opt/stack/cinder/cinder/coordination.py:143}}
Jan 09 07:45:26 devstack cinder-volume[81357]: DEBUG cinder.coordination [None req-a1424cbe-d5f2-4e1b-b712-291cc7111878 tempest-VolumesDeleteCascade-1326011744 None] Lock "cinder-dfbb6323-6455-4d77-b4ea-6599393db0d7-delete_snapshot" acquired by "delete_snapshot" :: waited 0.008s {{(pid=81357) __acquire /opt/stack/cinder/cinder/coordination.py:146}}
Jan 09 07:45:26 devstack cinder-volume[81357]: WARNING cinder.volume.volume_utils [None req-a1424cbe-d5f2-4e1b-b712-291cc7111878 tempest-VolumesDeleteCascade-1326011744 None] Volume driver (QuobyteDriver 1.1.13) is currently unsupported and may be removed in the next release of OpenStack. Use at your own risk.
Jan 09 07:45:26 devstack cinder-volume[81357]: DEBUG cinder.coordination [None req-a1424cbe-d5f2-4e1b-b712-291cc7111878 tempest-VolumesDeleteCascade-1326011744 None] Acquiring lock "cinder-quobyte-a3fb3ee2-4349-44d3-b93d-5f813d8311e5" by "delete_snapshot" {{(pid=81357) __acquire /opt/stack/cinder/cinder/coordination.py:143}}
Jan 09 07:45:26 devstack cinder-volume[81357]: DEBUG cinder.coordination [None req-a1424cbe-d5f2-4e1b-b712-291cc7111878 tempest-VolumesDeleteCascade-1326011744 None] Lock "cinder-quobyte-a3fb3ee2-4349-44d3-b93d-5f813d8311e5" acquired by "delete_snapshot" :: waited 0.009s {{(pid=81357) __acquire /opt/stack/cinder/cinder/coordination.py:146}}
Jan 09 07:45:26 devstack cinder-volume[81357]: DEBUG cinder.coordination [None req-a1424cbe-d5f2-4e1b-b712-291cc7111878 tempest-VolumesDeleteCascade-1326011744 None] Acquiring lock "cinder-quobyte-dfbb6323-6455-4d77-b4ea-6599393db0d7" by "_delete_snapshot" {{(pid=81357) __acquire /opt/stack/cinder/cinder/coordination.py:143}}
Jan 09 07:45:26 devstack cinder-volume[81357]: DEBUG cinder.coordination [None req-a1424cbe-d5f2-4e1b-b712-291cc7111878 tempest-VolumesDeleteCascade-1326011744 None] Lock "cinder-quobyte-dfbb6323-6455-4d77-b4ea-6599393db0d7" acquired by "_delete_snapshot" :: waited 0.012s {{(pid=81357) __acquire /opt/stack/cinder/cinder/coordination.py:146}}
Jan 09 07:45:26 devstack cinder-volume[81357]: DEBUG cinder.volume.drivers.remotefs [None req-a1424cbe-d5f2-4e1b-b712-291cc7111878 tempest-VolumesDeleteCascade-1326011744 None] Deleting offline snapshot dfbb6323-6455-4d77-b4ea-6599393db0d7 of volume a3fb3ee2-4349-44d3-b93d-5f813d8311e5 {{(pid=81357) _delete_snapshot /opt/stack/cinder/cinder/volume/drivers/remotefs.py:1278}}
Jan 09 07:45:26 devstack cinder-volume[81357]: DEBUG cinder.volume.drivers.remotefs [None req-a1424cbe-d5f2-4e1b-b712-291cc7111878 tempest-VolumesDeleteCascade-1326011744 None] snapshot_file for this snap is: volume-a3fb3ee2-4349-44d3-b93d-5f813d8311e5.dfbb6323-6455-4d77-b4ea-6599393db0d7 {{(pid=81357) _delete_snapshot /opt/stack/cinder/cinder/volume/drivers/remotefs.py:1307}}
Jan 09 07:45:26 devstack cinder-volume[81357]: DEBUG oslo.privsep.daemon [-] privsep: reply[f273cc0e-d67e-4019-84b8-e6f2a8010cd8]: (4, 'qcow2') {{(pid=82407) _call_back /opt/stack/data/venv/lib/python3.10/site-packages/oslo_privsep/daemon.py:515}}
Jan 09 07:45:26 devstack cinder-volume[81357]: DEBUG oslo_concurrency.processutils [None req-a1424cbe-d5f2-4e1b-b712-291cc7111878 tempest-VolumesDeleteCascade-1326011744 None] Running cmd (subprocess): /opt/stack/data/venv/bin/python3.10 -m oslo_concurrency.prlimit --as=1073741824 --cpu=60 -- sudo cinder-rootwrap /etc/cinder/rootwrap.conf env LC_ALL=C qemu-img info -f qcow2 --output=json --force-share /opt/stack/data/cinder/mnt/b56066e4f3d5415c7b04ea4220c9fea9/volume-a3fb3ee2-4349-44d3-b93d-5f813d8311e5.dfbb6323-6455-4d77-b4ea-6599393db0d7 {{(pid=81357) execute /opt/stack/data/venv/lib/python3.10/site-packages/oslo_concurrency/processutils.py:349}}
Jan 09 07:45:26 devstack sudo[89372]: quobyte : PWD=/ ; USER=root ; COMMAND=/opt/stack/data/venv/bin/cinder-rootwrap /etc/cinder/rootwrap.conf env LC_ALL=C qemu-img info -f qcow2 --output=json --force-share /opt/stack/data/cinder/mnt/b56066e4f3d5415c7b04ea4220c9fea9/volume-a3fb3ee2-4349-44d3-b93d-5f813d8311e5.dfbb6323-6455-4d77-b4ea-6599393db0d7
Jan 09 07:45:26 devstack sudo[89372]: pam_unix(sudo:session): session opened for user root(uid=0) by (uid=1000)
Jan 09 07:45:27 devstack sudo[89372]: pam_unix(sudo:session): session closed for user root
Jan 09 07:45:27 devstack cinder-volume[81357]: DEBUG oslo_concurrency.processutils [None req-a1424cbe-d5f2-4e1b-b712-291cc7111878 tempest-VolumesDeleteCascade-1326011744 None] CMD "/opt/stack/data/venv/bin/python3.10 -m oslo_concurrency.prlimit --as=1073741824 --cpu=60 -- sudo cinder-rootwrap /etc/cinder/rootwrap.conf env LC_ALL=C qemu-img info -f qcow2 --output=json --force-share /opt/stack/data/cinder/mnt/b56066e4f3d5415c7b04ea4220c9fea9/volume-a3fb3ee2-4349-44d3-b93d-5f813d8311e5.dfbb6323-6455-4d77-b4ea-6599393db0d7" returned: 0 in 0.680s {{(pid=81357) execute /opt/stack/data/venv/lib/python3.10/site-packages/oslo_concurrency/processutils.py:372}}
Jan 09 07:45:27 devstack cinder-volume[81357]: DEBUG cinder.volume.drivers.remotefs [None req-a1424cbe-d5f2-4e1b-b712-291cc7111878 tempest-VolumesDeleteCascade-1326011744 None] Fetching qemu-img info with special backing_file_template: (/opt/stack/data/cinder/mnt/[0-9a-f]+/)?(volume-a3fb3ee2-4349-44d3-b93d-5f813d8311e5(.(tmp-snap-)?[0-9a-f-]+)?|volume_from_snapshot_cache/(tmp-snap-)?[0-9a-f-]+(.(child-|parent-)[0-9a-f-]+)?)$ {{(pid=81357) _qemu_img_info_base /opt/stack/cinder/cinder/volume/drivers/remotefs.py:886}}
Jan 09 07:45:27 devstack cinder-volume[81357]: DEBUG oslo.privsep.daemon [-] privsep: reply[ef309cf8-1f5c-4c5e-a181-f47676e1917b]: (4, 'qcow2') {{(pid=82407) _call_back /opt/stack/data/venv/lib/python3.10/site-packages/oslo_privsep/daemon.py:515}}
Jan 09 07:45:27 devstack cinder-volume[81357]: DEBUG oslo_concurrency.processutils [None req-a1424cbe-d5f2-4e1b-b712-291cc7111878 tempest-VolumesDeleteCascade-1326011744 None] Running cmd (subprocess): /opt/stack/data/venv/bin/python3.10 -m oslo_concurrency.prlimit --as=1073741824 --cpu=60 -- sudo cinder-rootwrap /etc/cinder/rootwrap.conf env LC_ALL=C qemu-img info -f qcow2 --output=json --force-share /opt/stack/data/cinder/mnt/b56066e4f3d5415c7b04ea4220c9fea9/volume-a3fb3ee2-4349-44d3-b93d-5f813d8311e5 {{(pid=81357) execute /opt/stack/data/venv/lib/python3.10/site-packages/oslo_concurrency/processutils.py:349}}
Jan 09 07:45:27 devstack sudo[89377]: quobyte : PWD=/ ; USER=root ; COMMAND=/opt/stack/data/venv/bin/cinder-rootwrap /etc/cinder/rootwrap.conf env LC_ALL=C qemu-img info -f qcow2 --output=json --force-share /opt/stack/data/cinder/mnt/b56066e4f3d5415c7b04ea4220c9fea9/volume-a3fb3ee2-4349-44d3-b93d-5f813d8311e5
Jan 09 07:45:27 devstack sudo[89377]: pam_unix(sudo:session): session opened for user root(uid=0) by (uid=1000)
Jan 09 07:45:28 devstack sudo[89377]: pam_unix(sudo:session): session closed for user root
Jan 09 07:45:28 devstack cinder-volume[81357]: DEBUG oslo_concurrency.processutils [None req-a1424cbe-d5f2-4e1b-b712-291cc7111878 tempest-VolumesDeleteCascade-1326011744 None] CMD "/opt/stack/data/venv/bin/python3.10 -m oslo_concurrency.prlimit --as=1073741824 --cpu=60 -- sudo cinder-rootwrap /etc/cinder/rootwrap.conf env LC_ALL=C qemu-img info -f qcow2 --output=json --force-share /opt/stack/data/cinder/mnt/b56066e4f3d5415c7b04ea4220c9fea9/volume-a3fb3ee2-4349-44d3-b93d-5f813d8311e5" returned: 0 in 0.588s {{(pid=81357) execute /opt/stack/data/venv/lib/python3.10/site-packages/oslo_concurrency/processutils.py:372}}
Jan 09 07:45:28 devstack cinder-volume[81357]: DEBUG oslo.privsep.daemon [-] privsep: reply[855dcac3-217e-4a57-9a1c-0efdc435b539]: (4, 'qcow2') {{(pid=82407) _call_back /opt/stack/data/venv/lib/python3.10/site-packages/oslo_privsep/daemon.py:515}}
Jan 09 07:45:28 devstack cinder-volume[81357]: DEBUG oslo_concurrency.processutils [None req-a1424cbe-d5f2-4e1b-b712-291cc7111878 tempest-VolumesDeleteCascade-1326011744 None] Running cmd (subprocess): /opt/stack/data/venv/bin/python3.10 -m oslo_concurrency.prlimit --as=1073741824 --cpu=60 -- sudo cinder-rootwrap /etc/cinder/rootwrap.conf env LC_ALL=C qemu-img info -f qcow2 --output=json --force-share /opt/stack/data/cinder/mnt/b56066e4f3d5415c7b04ea4220c9fea9/volume-a3fb3ee2-4349-44d3-b93d-5f813d8311e5.fed8cce8-b99d-41df-b360-f7599077fe2e {{(pid=81357) execute /opt/stack/data/venv/lib/python3.10/site-packages/oslo_concurrency/processutils.py:349}}
Jan 09 07:45:28 devstack sudo[89382]: quobyte : PWD=/ ; USER=root ; COMMAND=/opt/stack/data/venv/bin/cinder-rootwrap /etc/cinder/rootwrap.conf env LC_ALL=C qemu-img info -f qcow2 --output=json --force-share /opt/stack/data/cinder/mnt/b56066e4f3d5415c7b04ea4220c9fea9/volume-a3fb3ee2-4349-44d3-b93d-5f813d8311e5.fed8cce8-b99d-41df-b360-f7599077fe2e
Jan 09 07:45:28 devstack sudo[89382]: pam_unix(sudo:session): session opened for user root(uid=0) by (uid=1000)
Jan 09 07:45:28 devstack sudo[89382]: pam_unix(sudo:session): session closed for user root
Jan 09 07:45:28 devstack cinder-volume[81357]: DEBUG oslo_concurrency.processutils [None req-a1424cbe-d5f2-4e1b-b712-291cc7111878 tempest-VolumesDeleteCascade-1326011744 None] CMD "/opt/stack/data/venv/bin/python3.10 -m oslo_concurrency.prlimit --as=1073741824 --cpu=60 -- sudo cinder-rootwrap /etc/cinder/rootwrap.conf env LC_ALL=C qemu-img info -f qcow2 --output=json --force-share /opt/stack/data/cinder/mnt/b56066e4f3d5415c7b04ea4220c9fea9/volume-a3fb3ee2-4349-44d3-b93d-5f813d8311e5.fed8cce8-b99d-41df-b360-f7599077fe2e" returned: 0 in 0.634s {{(pid=81357) execute /opt/stack/data/venv/lib/python3.10/site-packages/oslo_concurrency/processutils.py:372}}
Jan 09 07:45:28 devstack cinder-volume[81357]: DEBUG cinder.volume.drivers.remotefs [None req-a1424cbe-d5f2-4e1b-b712-291cc7111878 tempest-VolumesDeleteCascade-1326011744 None] Fetching qemu-img info with special backing_file_template: (/opt/stack/data/cinder/mnt/[0-9a-f]+/)?(volume-a3fb3ee2-4349-44d3-b93d-5f813d8311e5(.(tmp-snap-)?[0-9a-f-]+)?|volume_from_snapshot_cache/(tmp-snap-)?[0-9a-f-]+(.(child-|parent-)[0-9a-f-]+)?)$ {{(pid=81357) _qemu_img_info_base /opt/stack/cinder/cinder/volume/drivers/remotefs.py:886}}
Jan 09 07:45:28 devstack cinder-volume[81357]: DEBUG oslo.privsep.daemon [-] privsep: reply[4eadaebf-33e9-496e-a76e-077c8b22a195]: (4, 'qcow2') {{(pid=82407) _call_back /opt/stack/data/venv/lib/python3.10/site-packages/oslo_privsep/daemon.py:515}}
Jan 09 07:45:28 devstack cinder-volume[81357]: DEBUG oslo_concurrency.processutils [None req-a1424cbe-d5f2-4e1b-b712-291cc7111878 tempest-VolumesDeleteCascade-1326011744 None] Running cmd (subprocess): /opt/stack/data/venv/bin/python3.10 -m oslo_concurrency.prlimit --as=1073741824 --cpu=60 -- sudo cinder-rootwrap /etc/cinder/rootwrap.conf env LC_ALL=C qemu-img info -f qcow2 --output=json --force-share /opt/stack/data/cinder/mnt/b56066e4f3d5415c7b04ea4220c9fea9/volume-a3fb3ee2-4349-44d3-b93d-5f813d8311e5.dfbb6323-6455-4d77-b4ea-6599393db0d7 {{(pid=81357) execute /opt/stack/data/venv/lib/python3.10/site-packages/oslo_concurrency/processutils.py:349}}
Jan 09 07:45:28 devstack sudo[89388]: quobyte : PWD=/ ; USER=root ; COMMAND=/opt/stack/data/venv/bin/cinder-rootwrap /etc/cinder/rootwrap.conf env LC_ALL=C qemu-img info -f qcow2 --output=json --force-share /opt/stack/data/cinder/mnt/b56066e4f3d5415c7b04ea4220c9fea9/volume-a3fb3ee2-4349-44d3-b93d-5f813d8311e5.dfbb6323-6455-4d77-b4ea-6599393db0d7
Jan 09 07:45:28 devstack sudo[89388]: pam_unix(sudo:session): session opened for user root(uid=0) by (uid=1000)
Jan 09 07:45:29 devstack sudo[89388]: pam_unix(sudo:session): session closed for user root
Jan 09 07:45:29 devstack cinder-volume[81357]: DEBUG oslo_concurrency.processutils [None req-a1424cbe-d5f2-4e1b-b712-291cc7111878 tempest-VolumesDeleteCascade-1326011744 None] CMD "/opt/stack/data/venv/bin/python3.10 -m oslo_concurrency.prlimit --as=1073741824 --cpu=60 -- sudo cinder-rootwrap /etc/cinder/rootwrap.conf env LC_ALL=C qemu-img info -f qcow2 --output=json --force-share /opt/stack/data/cinder/mnt/b56066e4f3d5415c7b04ea4220c9fea9/volume-a3fb3ee2-4349-44d3-b93d-5f813d8311e5.dfbb6323-6455-4d77-b4ea-6599393db0d7" returned: 0 in 0.766s {{(pid=81357) execute /opt/stack/data/venv/lib/python3.10/site-packages/oslo_concurrency/processutils.py:372}}
Jan 09 07:45:29 devstack cinder-volume[81357]: DEBUG cinder.volume.drivers.remotefs [None req-a1424cbe-d5f2-4e1b-b712-291cc7111878 tempest-VolumesDeleteCascade-1326011744 None] Fetching qemu-img info with special backing_file_template: (/opt/stack/data/cinder/mnt/[0-9a-f]+/)?(volume-a3fb3ee2-4349-44d3-b93d-5f813d8311e5(.(tmp-snap-)?[0-9a-f-]+)?|volume_from_snapshot_cache/(tmp-snap-)?[0-9a-f-]+(.(child-|parent-)[0-9a-f-]+)?)$ {{(pid=81357) _qemu_img_info_base /opt/stack/cinder/cinder/volume/drivers/remotefs.py:886}}
Jan 09 07:45:29 devstack cinder-volume[81357]: DEBUG oslo.privsep.daemon [-] privsep: reply[bd4e307a-c946-4831-9180-eeb609eea311]: (4, 'qcow2') {{(pid=82407) _call_back /opt/stack/data/venv/lib/python3.10/site-packages/oslo_privsep/daemon.py:515}}
Jan 09 07:45:29 devstack cinder-volume[81357]: DEBUG oslo_concurrency.processutils [None req-a1424cbe-d5f2-4e1b-b712-291cc7111878 tempest-VolumesDeleteCascade-1326011744 None] Running cmd (subprocess): /opt/stack/data/venv/bin/python3.10 -m oslo_concurrency.prlimit --as=1073741824 --cpu=60 -- sudo cinder-rootwrap /etc/cinder/rootwrap.conf env LC_ALL=C qemu-img info -f qcow2 --output=json --force-share /opt/stack/data/cinder/mnt/b56066e4f3d5415c7b04ea4220c9fea9/volume-a3fb3ee2-4349-44d3-b93d-5f813d8311e5 {{(pid=81357) execute /opt/stack/data/venv/lib/python3.10/site-packages/oslo_concurrency/processutils.py:349}}
Jan 09 07:45:29 devstack sudo[89393]: quobyte : PWD=/ ; USER=root ; COMMAND=/opt/stack/data/venv/bin/cinder-rootwrap /etc/cinder/rootwrap.conf env LC_ALL=C qemu-img info -f qcow2 --output=json --force-share /opt/stack/data/cinder/mnt/b56066e4f3d5415c7b04ea4220c9fea9/volume-a3fb3ee2-4349-44d3-b93d-5f813d8311e5
Jan 09 07:45:29 devstack sudo[89393]: pam_unix(sudo:session): session opened for user root(uid=0) by (uid=1000)
Jan 09 07:45:30 devstack sudo[89393]: pam_unix(sudo:session): session closed for user root
Jan 09 07:45:30 devstack cinder-volume[81357]: DEBUG oslo_concurrency.processutils [None req-a1424cbe-d5f2-4e1b-b712-291cc7111878 tempest-VolumesDeleteCascade-1326011744 None] CMD "/opt/stack/data/venv/bin/python3.10 -m oslo_concurrency.prlimit --as=1073741824 --cpu=60 -- sudo cinder-rootwrap /etc/cinder/rootwrap.conf env LC_ALL=C qemu-img info -f qcow2 --output=json --force-share /opt/stack/data/cinder/mnt/b56066e4f3d5415c7b04ea4220c9fea9/volume-a3fb3ee2-4349-44d3-b93d-5f813d8311e5" returned: 0 in 0.754s {{(pid=81357) execute /opt/stack/data/venv/lib/python3.10/site-packages/oslo_concurrency/processutils.py:372}}
