Jan 30 08:26:59 devstack cinder-volume[83857]: DEBUG oslo_concurrency.processutils [None req-80f82748-88fc-448a-9c82-ed16cbb00f81 tempest-ServerActionsV293TestJSON-1716453197 None] Running cmd (subprocess): /opt/stack/data/venv/bin/python3.10 -m oslo_concurrency.prlimit --as=1073741824 --cpu=60 -- sudo cinder-rootwrap /etc/cinder/rootwrap.conf env LC_ALL=C qemu-img info -f raw --output=json /opt/stack/data/cinder/mnt/758e11238439084224f4831990b8148b/volume-0350262f-fc36-495c-b326-d258c17438e4 {{(pid=83857) execute /opt/stack/data/venv/lib/python3.10/site-packages/oslo_concurrency/processutils.py:368}}
Jan 30 08:26:59 devstack sudo[91314]: quobyte : PWD=/ ; USER=root ; COMMAND=/opt/stack/data/venv/bin/cinder-rootwrap /etc/cinder/rootwrap.conf env LC_ALL=C qemu-img info -f raw --output=json /opt/stack/data/cinder/mnt/758e11238439084224f4831990b8148b/volume-0350262f-fc36-495c-b326-d258c17438e4
Jan 30 08:26:59 devstack sudo[91314]: pam_unix(sudo:session): session opened for user root(uid=0) by (uid=1000)
Jan 30 08:26:59 devstack cinder-volume[83857]: WARNING cinder.volume.volume_utils [None req-572db680-5aa6-4110-ae75-6bf53086a4f0 tempest-GroupSnapshotsTest-861027903 None] Volume driver (QuobyteDriver 1.1.14) is currently unsupported and may be removed in the next release of OpenStack. Use at your own risk.
Jan 30 08:26:59 devstack cinder-volume[83857]: INFO cinder.volume.manager [None req-572db680-5aa6-4110-ae75-6bf53086a4f0 tempest-GroupSnapshotsTest-861027903 None] Update group completed successfully.
Jan 30 08:27:00 devstack sudo[91314]: pam_unix(sudo:session): session closed for user root
Jan 30 08:27:00 devstack cinder-volume[83857]: DEBUG oslo_concurrency.processutils [None req-80f82748-88fc-448a-9c82-ed16cbb00f81 tempest-ServerActionsV293TestJSON-1716453197 None] CMD "/opt/stack/data/venv/bin/python3.10 -m oslo_concurrency.prlimit --as=1073741824 --cpu=60 -- sudo cinder-rootwrap /etc/cinder/rootwrap.conf env LC_ALL=C qemu-img info -f raw --output=json /opt/stack/data/cinder/mnt/758e11238439084224f4831990b8148b/volume-0350262f-fc36-495c-b326-d258c17438e4" returned: 0 in 0.646s {{(pid=83857) execute /opt/stack/data/venv/lib/python3.10/site-packages/oslo_concurrency/processutils.py:396}}
Jan 30 08:27:00 devstack cinder-volume[83857]: DEBUG oslo_concurrency.processutils [None req-80f82748-88fc-448a-9c82-ed16cbb00f81 tempest-ServerActionsV293TestJSON-1716453197 None] Running cmd (subprocess): /opt/stack/data/venv/bin/python3.10 -m oslo_concurrency.prlimit --as=1073741824 --cpu=60 -- sudo cinder-rootwrap /etc/cinder/rootwrap.conf env LC_ALL=C qemu-img info -f luks --output=json /opt/stack/data/cinder/mnt/758e11238439084224f4831990b8148b/volume-0350262f-fc36-495c-b326-d258c17438e4 {{(pid=83857) execute /opt/stack/data/venv/lib/python3.10/site-packages/oslo_concurrency/processutils.py:368}}
Jan 30 08:27:00 devstack sudo[91319]: quobyte : PWD=/ ; USER=root ; COMMAND=/opt/stack/data/venv/bin/cinder-rootwrap /etc/cinder/rootwrap.conf env LC_ALL=C qemu-img info -f luks --output=json /opt/stack/data/cinder/mnt/758e11238439084224f4831990b8148b/volume-0350262f-fc36-495c-b326-d258c17438e4
Jan 30 08:27:00 devstack sudo[91319]: pam_unix(sudo:session): session opened for user root(uid=0) by (uid=1000)
Jan 30 08:27:00 devstack sudo[91319]: pam_unix(sudo:session): session closed for user root
Jan 30 08:27:00 devstack cinder-volume[83857]: DEBUG oslo_concurrency.processutils [None req-80f82748-88fc-448a-9c82-ed16cbb00f81 tempest-ServerActionsV293TestJSON-1716453197 None] CMD "/opt/stack/data/venv/bin/python3.10 -m oslo_concurrency.prlimit --as=1073741824 --cpu=60 -- sudo cinder-rootwrap /etc/cinder/rootwrap.conf env LC_ALL=C qemu-img info -f luks --output=json /opt/stack/data/cinder/mnt/758e11238439084224f4831990b8148b/volume-0350262f-fc36-495c-b326-d258c17438e4" returned: 1 in 0.613s {{(pid=83857) execute /opt/stack/data/venv/lib/python3.10/site-packages/oslo_concurrency/processutils.py:396}}
Jan 30 08:27:00 devstack cinder-volume[83857]: DEBUG oslo_concurrency.processutils [None req-80f82748-88fc-448a-9c82-ed16cbb00f81 tempest-ServerActionsV293TestJSON-1716453197 None] '/opt/stack/data/venv/bin/python3.10 -m oslo_concurrency.prlimit --as=1073741824 --cpu=60 -- sudo cinder-rootwrap /etc/cinder/rootwrap.conf env LC_ALL=C qemu-img info -f luks --output=json /opt/stack/data/cinder/mnt/758e11238439084224f4831990b8148b/volume-0350262f-fc36-495c-b326-d258c17438e4' failed. Not Retrying. {{(pid=83857) execute /opt/stack/data/venv/lib/python3.10/site-packages/oslo_concurrency/processutils.py:471}}
Jan 30 08:27:00 devstack cinder-volume[83857]: DEBUG cinder.volume.volume_utils [None req-80f82748-88fc-448a-9c82-ed16cbb00f81 tempest-ServerActionsV293TestJSON-1716453197 None] Downloaded image 0cc2902e-0338-493f-8109-1280e3b64391 ((None, [{'url': 'file:///opt/stack/data/glance/images/0cc2902e-0338-493f-8109-1280e3b64391', 'metadata': {}}])) to volume 0350262f-fc36-495c-b326-d258c17438e4 successfully. {{(pid=83857) copy_image_to_volume /opt/stack/cinder/cinder/volume/volume_utils.py:1234}}
Jan 30 08:27:00 devstack cinder-volume[83857]: DEBUG cinder.image.image_utils [None req-80f82748-88fc-448a-9c82-ed16cbb00f81 tempest-ServerActionsV293TestJSON-1716453197 None] Temporary image 0cc2902e-0338-493f-8109-1280e3b64391 for user 27f75d6fa42f4e129e444136258f7428 is deleted. {{(pid=83857) fetch /opt/stack/cinder/cinder/image/image_utils.py:1452}}
Jan 30 08:27:00 devstack cinder-volume[83857]: DEBUG cinder.volume.volume_utils [None req-80f82748-88fc-448a-9c82-ed16cbb00f81 tempest-ServerActionsV293TestJSON-1716453197 None] Marking volume 0350262f-fc36-495c-b326-d258c17438e4 as bootable. {{(pid=83857) enable_bootable_flag /opt/stack/cinder/cinder/volume/volume_utils.py:1138}}
Jan 30 08:27:00 devstack cinder-volume[83857]: DEBUG cinder.volume.flows.manager.create_volume [None req-80f82748-88fc-448a-9c82-ed16cbb00f81 tempest-ServerActionsV293TestJSON-1716453197 None] Copying metadata from image 0cc2902e-0338-493f-8109-1280e3b64391 to 0350262f-fc36-495c-b326-d258c17438e4. {{(pid=83857) _handle_bootable_volume_glance_meta /opt/stack/cinder/cinder/volume/flows/manager/create_volume.py:450}}
Jan 30 08:27:00 devstack cinder-volume[83857]: DEBUG cinder.volume.flows.manager.create_volume [None req-80f82748-88fc-448a-9c82-ed16cbb00f81 tempest-ServerActionsV293TestJSON-1716453197 None] Creating volume glance metadata for volume 0350262f-fc36-495c-b326-d258c17438e4 backed by image 0cc2902e-0338-493f-8109-1280e3b64391 with: {'hw_rng_model': 'virtio', 'owner_specified.openstack.md5': '', 'owner_specified.openstack.object': 'images/cirros-0.6.3-x86_64-disk', 'owner_specified.openstack.sha256': '', 'image_id': '0cc2902e-0338-493f-8109-1280e3b64391', 'image_name': 'cirros-0.6.3-x86_64-disk', 'checksum': '87617e24a5e30cb3b87fda8c0764838f', 'container_format': 'bare', 'disk_format': 'qcow2', 'min_disk': 0, 'min_ram': 0, 'size': 21692416}. {{(pid=83857) _capture_volume_image_metadata /opt/stack/cinder/cinder/volume/flows/manager/create_volume.py:682}}
Jan 30 08:27:00 devstack cinder-volume[83857]: DEBUG cinder.volume.manager [None req-80f82748-88fc-448a-9c82-ed16cbb00f81 tempest-ServerActionsV293TestJSON-1716453197 None] Task 'cinder.volume.flows.manager.create_volume.CreateVolumeFromSpecTask;volume:create' (5df78a36-135b-40a4-a755-32e7487e4116) transitioned into state 'SUCCESS' from state 'RUNNING' with result '{'status': 'creating', 'volume_name': 'volume-0350262f-fc36-495c-b326-d258c17438e4', 'volume_size': 1, 'image_id': '0cc2902e-0338-493f-8109-1280e3b64391', 'image_location': (None, [{'url': 'file:///opt/stack/data/glance/images/0cc2902e-0338-493f-8109-1280e3b64391', 'metadata': {}}]), 'image_meta': {'name': 'cirros-0.6.3-x86_64-disk', 'disk_format': 'qcow2', 'container_format': 'bare', 'visibility': 'public', 'size': 21692416, 'virtual_size': 117440512, 'status': 'active', 'checksum': '87617e24a5e30cb3b87fda8c0764838f', 'protected': False, 'min_ram': 0, 'min_disk': 0, 'owner': '884396a653764fdc932611ecc7a94337', 'os_hidden': False, 'os_hash_algo': 'sha512', 'os_hash_value': '9a9bce0083a00939ec17c11febbfc767aa211aaa54f51e75c5a8b271a9b5637c77205a518b7a2007cb391d23cceb01e0e4e8d64832317151bc85b734b92a7be0', 'id': '0cc2902e-0338-493f-8109-1280e3b64391', 'created_at': datetime.datetime(2026, 1, 30, 7, 18, 9, tzinfo=datetime.timezone.utc), 'updated_at': datetime.datetime(2026, 1, 30, 7, 18, 10, tzinfo=datetime.timezone.utc), 'tags': [], 'file': '/v2/images/0cc2902e-0338-493f-8109-1280e3b64391/file', 'properties': {'hw_rng_model': 'virtio', 'owner_specified.openstack.md5': '', 'owner_specified.openstack.object': 'images/cirros-0.6.3-x86_64-disk', 'owner_specified.openstack.sha256': ''}}, 'image_service': }' {{(pid=83857) _task_receiver /opt/stack/data/venv/lib/python3.10/site-packages/taskflow/listeners/logging.py:182}}
Jan 30 08:27:00 devstack cinder-volume[83857]: DEBUG cinder.volume.manager [None req-80f82748-88fc-448a-9c82-ed16cbb00f81 tempest-ServerActionsV293TestJSON-1716453197 None] Task 'cinder.volume.flows.manager.create_volume.CreateVolumeOnFinishTask;volume:create, create.end' (2c814fb7-881f-4b89-91b8-67eecd8ff6eb) transitioned into state 'RUNNING' from state 'PENDING' {{(pid=83857) _task_receiver /opt/stack/data/venv/lib/python3.10/site-packages/taskflow/listeners/logging.py:194}}
Jan 30 08:27:00 devstack cinder-volume[83857]: WARNING cinder.volume.volume_utils [None req-6218847f-dde1-4e3c-99f5-0de52c3c3f80 tempest-GroupSnapshotsTest-861027903 None] Volume driver (QuobyteDriver 1.1.14) is currently unsupported and may be removed in the next release of OpenStack. Use at your own risk.
Jan 30 08:27:00 devstack cinder-volume[83857]: INFO cinder.volume.flows.manager.create_volume [None req-80f82748-88fc-448a-9c82-ed16cbb00f81 tempest-ServerActionsV293TestJSON-1716453197 None] Volume volume-0350262f-fc36-495c-b326-d258c17438e4 (0350262f-fc36-495c-b326-d258c17438e4): created successfully
Jan 30 08:27:00 devstack cinder-volume[83857]: DEBUG cinder.volume.manager [None req-80f82748-88fc-448a-9c82-ed16cbb00f81 tempest-ServerActionsV293TestJSON-1716453197 None] Task 'cinder.volume.flows.manager.create_volume.CreateVolumeOnFinishTask;volume:create, create.end' (2c814fb7-881f-4b89-91b8-67eecd8ff6eb) transitioned into state 'SUCCESS' from state 'RUNNING' with result 'None' {{(pid=83857) _task_receiver /opt/stack/data/venv/lib/python3.10/site-packages/taskflow/listeners/logging.py:182}}
Jan 30 08:27:00 devstack cinder-volume[83857]: DEBUG cinder.volume.manager [None req-80f82748-88fc-448a-9c82-ed16cbb00f81 tempest-ServerActionsV293TestJSON-1716453197 None] Flow 'volume_create_manager' (7cc63cce-dd67-4fb0-b432-2cb61fc09016) transitioned into state 'SUCCESS' from state 'RUNNING' {{(pid=83857) _flow_receiver /opt/stack/data/venv/lib/python3.10/site-packages/taskflow/listeners/logging.py:145}}
Jan 30 08:27:00 devstack cinder-volume[83857]: INFO cinder.volume.manager [None req-80f82748-88fc-448a-9c82-ed16cbb00f81 tempest-ServerActionsV293TestJSON-1716453197 None] Created volume successfully.
Jan 30 08:27:00 devstack cinder-volume[83857]: INFO cinder.volume.manager [None req-6218847f-dde1-4e3c-99f5-0de52c3c3f80 tempest-GroupSnapshotsTest-861027903 None] Update group completed successfully.
Jan 30 08:27:02 devstack cinder-volume[83857]: INFO cinder.volume.manager [None req-bccceda6-e2d7-4d6b-bdd2-e25272fcd6fb tempest-GroupSnapshotsTest-861027903 None] GroupSnapshot 4539cea5-6f3a-414e-9385-531723001160: creating.
Jan 30 08:27:02 devstack cinder-volume[83857]: WARNING cinder.volume.volume_utils [None req-bccceda6-e2d7-4d6b-bdd2-e25272fcd6fb tempest-GroupSnapshotsTest-861027903 None] Volume driver (QuobyteDriver 1.1.14) is currently unsupported and may be removed in the next release of OpenStack. Use at your own risk.
Jan 30 08:27:02 devstack cinder-volume[83857]: DEBUG cinder.volume.manager [None req-bccceda6-e2d7-4d6b-bdd2-e25272fcd6fb tempest-GroupSnapshotsTest-861027903 None] Group snapshot 4539cea5-6f3a-414e-9385-531723001160: creating. {{(pid=83857) create_group_snapshot /opt/stack/cinder/cinder/volume/manager.py:4144}}
Jan 30 08:27:02 devstack cinder-volume[83857]: DEBUG oslo_concurrency.lockutils [None req-bccceda6-e2d7-4d6b-bdd2-e25272fcd6fb tempest-GroupSnapshotsTest-861027903 None] Acquiring lock "quobyte" by "cinder.volume.drivers.quobyte.QuobyteDriver.create_snapshot" {{(pid=83857) inner /opt/stack/data/venv/lib/python3.10/site-packages/oslo_concurrency/lockutils.py:506}}
Jan 30 08:27:02 devstack cinder-volume[83857]: DEBUG oslo_concurrency.lockutils [None req-bccceda6-e2d7-4d6b-bdd2-e25272fcd6fb tempest-GroupSnapshotsTest-861027903 None] Lock "quobyte" acquired by "cinder.volume.drivers.quobyte.QuobyteDriver.create_snapshot" :: waited 0.001s {{(pid=83857) inner /opt/stack/data/venv/lib/python3.10/site-packages/oslo_concurrency/lockutils.py:519}}
Jan 30 08:27:02 devstack cinder-volume[83857]: DEBUG cinder.volume.drivers.remotefs [None req-bccceda6-e2d7-4d6b-bdd2-e25272fcd6fb tempest-GroupSnapshotsTest-861027903 None] Creating offline snapshot 982d8e93-057c-41f5-8db7-3728ac610607 of volume cf88903d-4f40-4871-95b1-addb50f52d28 {{(pid=83857) _create_snapshot /opt/stack/cinder/cinder/volume/drivers/remotefs.py:1817}}
Jan 30 08:27:02 devstack cinder-volume[83857]: DEBUG oslo.privsep.daemon [-] privsep: reply[dd1052c8-3d80-49c1-a07d-69ef7166c66b]: (4, 'qcow2') {{(pid=84790) _call_back /opt/stack/data/venv/lib/python3.10/site-packages/oslo_privsep/daemon.py:515}}
Jan 30 08:27:02 devstack cinder-volume[83857]: DEBUG oslo_concurrency.processutils [None req-bccceda6-e2d7-4d6b-bdd2-e25272fcd6fb tempest-GroupSnapshotsTest-861027903 None] Running cmd (subprocess): /opt/stack/data/venv/bin/python3.10 -m oslo_concurrency.prlimit --as=1073741824 --cpu=60 -- sudo cinder-rootwrap /etc/cinder/rootwrap.conf env LC_ALL=C qemu-img info -f qcow2 --output=json --force-share /opt/stack/data/cinder/mnt/758e11238439084224f4831990b8148b/volume-cf88903d-4f40-4871-95b1-addb50f52d28 {{(pid=83857) execute /opt/stack/data/venv/lib/python3.10/site-packages/oslo_concurrency/processutils.py:368}}
Jan 30 08:27:02 devstack sudo[91325]: quobyte : PWD=/ ; USER=root ; COMMAND=/opt/stack/data/venv/bin/cinder-rootwrap /etc/cinder/rootwrap.conf env LC_ALL=C qemu-img info -f qcow2 --output=json --force-share /opt/stack/data/cinder/mnt/758e11238439084224f4831990b8148b/volume-cf88903d-4f40-4871-95b1-addb50f52d28
Jan 30 08:27:02 devstack sudo[91325]: pam_unix(sudo:session): session opened for user root(uid=0) by (uid=1000)
Jan 30 08:27:03 devstack sudo[91325]: pam_unix(sudo:session): session closed for user root
Jan 30 08:27:03 devstack cinder-volume[83857]: DEBUG oslo_concurrency.processutils [None req-bccceda6-e2d7-4d6b-bdd2-e25272fcd6fb tempest-GroupSnapshotsTest-861027903 None] CMD "/opt/stack/data/venv/bin/python3.10 -m oslo_concurrency.prlimit --as=1073741824 --cpu=60 -- sudo cinder-rootwrap /etc/cinder/rootwrap.conf env LC_ALL=C qemu-img info -f qcow2 --output=json --force-share /opt/stack/data/cinder/mnt/758e11238439084224f4831990b8148b/volume-cf88903d-4f40-4871-95b1-addb50f52d28" returned: 0 in 0.679s {{(pid=83857) execute /opt/stack/data/venv/lib/python3.10/site-packages/oslo_concurrency/processutils.py:396}}
Jan 30 08:27:03 devstack cinder-volume[83857]: DEBUG oslo_concurrency.processutils [None req-bccceda6-e2d7-4d6b-bdd2-e25272fcd6fb tempest-GroupSnapshotsTest-861027903 None] Running cmd (subprocess): sudo cinder-rootwrap /etc/cinder/rootwrap.conf qemu-img create -f qcow2 -o backing_file=/opt/stack/data/cinder/mnt/758e11238439084224f4831990b8148b/volume-cf88903d-4f40-4871-95b1-addb50f52d28,backing_fmt=qcow2 /opt/stack/data/cinder/mnt/758e11238439084224f4831990b8148b/volume-cf88903d-4f40-4871-95b1-addb50f52d28.982d8e93-057c-41f5-8db7-3728ac610607 1G {{(pid=83857) execute /opt/stack/data/venv/lib/python3.10/site-packages/oslo_concurrency/processutils.py:368}}
Jan 30 08:27:03 devstack sudo[91332]: quobyte : PWD=/ ; USER=root ; COMMAND=/opt/stack/data/venv/bin/cinder-rootwrap /etc/cinder/rootwrap.conf qemu-img create -f qcow2 -o backing_file=/opt/stack/data/cinder/mnt/758e11238439084224f4831990b8148b/volume-cf88903d-4f40-4871-95b1-addb50f52d28,backing_fmt=qcow2 /opt/stack/data/cinder/mnt/758e11238439084224f4831990b8148b/volume-cf88903d-4f40-4871-95b1-addb50f52d28.982d8e93-057c-41f5-8db7-3728ac610607 1G
Jan 30 08:27:03 devstack sudo[91332]: pam_unix(sudo:session): session opened for user root(uid=0) by (uid=1000)
Jan 30 08:27:03 devstack sudo[91332]: pam_unix(sudo:session): session closed for user root
Jan 30 08:27:03 devstack cinder-volume[83857]: DEBUG oslo_concurrency.processutils [None req-bccceda6-e2d7-4d6b-bdd2-e25272fcd6fb tempest-GroupSnapshotsTest-861027903 None] CMD "sudo cinder-rootwrap /etc/cinder/rootwrap.conf qemu-img create -f qcow2 -o backing_file=/opt/stack/data/cinder/mnt/758e11238439084224f4831990b8148b/volume-cf88903d-4f40-4871-95b1-addb50f52d28,backing_fmt=qcow2 /opt/stack/data/cinder/mnt/758e11238439084224f4831990b8148b/volume-cf88903d-4f40-4871-95b1-addb50f52d28.982d8e93-057c-41f5-8db7-3728ac610607 1G" returned: 0 in 0.631s {{(pid=83857) execute /opt/stack/data/venv/lib/python3.10/site-packages/oslo_concurrency/processutils.py:396}}
Jan 30 08:27:03 devstack cinder-volume[83857]: DEBUG oslo_concurrency.processutils [None req-bccceda6-e2d7-4d6b-bdd2-e25272fcd6fb tempest-GroupSnapshotsTest-861027903 None] Running cmd (subprocess): sudo cinder-rootwrap /etc/cinder/rootwrap.conf qemu-img rebase -u -b volume-cf88903d-4f40-4871-95b1-addb50f52d28 -F qcow2 /opt/stack/data/cinder/mnt/758e11238439084224f4831990b8148b/volume-cf88903d-4f40-4871-95b1-addb50f52d28.982d8e93-057c-41f5-8db7-3728ac610607 {{(pid=83857) execute /opt/stack/data/venv/lib/python3.10/site-packages/oslo_concurrency/processutils.py:368}}
Jan 30 08:27:03 devstack sudo[91337]: quobyte : PWD=/ ; USER=root ; COMMAND=/opt/stack/data/venv/bin/cinder-rootwrap /etc/cinder/rootwrap.conf qemu-img rebase -u -b volume-cf88903d-4f40-4871-95b1-addb50f52d28 -F qcow2 /opt/stack/data/cinder/mnt/758e11238439084224f4831990b8148b/volume-cf88903d-4f40-4871-95b1-addb50f52d28.982d8e93-057c-41f5-8db7-3728ac610607
Jan 30 08:27:03 devstack sudo[91337]: pam_unix(sudo:session): session opened for user root(uid=0) by (uid=1000)
Jan 30 08:27:04 devstack sudo[91337]: pam_unix(sudo:session): session closed for user root
Jan 30 08:27:04 devstack cinder-volume[83857]: DEBUG oslo_concurrency.processutils [None req-bccceda6-e2d7-4d6b-bdd2-e25272fcd6fb tempest-GroupSnapshotsTest-861027903 None] CMD "sudo cinder-rootwrap /etc/cinder/rootwrap.conf qemu-img rebase -u -b volume-cf88903d-4f40-4871-95b1-addb50f52d28 -F qcow2 /opt/stack/data/cinder/mnt/758e11238439084224f4831990b8148b/volume-cf88903d-4f40-4871-95b1-addb50f52d28.982d8e93-057c-41f5-8db7-3728ac610607" returned: 0 in 0.532s {{(pid=83857) execute /opt/stack/data/venv/lib/python3.10/site-packages/oslo_concurrency/processutils.py:396}}
Jan 30 08:27:04 devstack cinder-volume[83857]: WARNING cinder.volume.drivers.remotefs [None req-bccceda6-e2d7-4d6b-bdd2-e25272fcd6fb tempest-GroupSnapshotsTest-861027903 None] /opt/stack/data/cinder/mnt/758e11238439084224f4831990b8148b/volume-cf88903d-4f40-4871-95b1-addb50f52d28.982d8e93-057c-41f5-8db7-3728ac610607 is being set with open permissions: ugo+rw: NotImplementedError
Jan 30 08:27:04 devstack cinder-volume[83857]: DEBUG oslo_concurrency.processutils [None req-bccceda6-e2d7-4d6b-bdd2-e25272fcd6fb tempest-GroupSnapshotsTest-861027903 None] Running cmd (subprocess): sudo cinder-rootwrap /etc/cinder/rootwrap.conf chmod ugo+rw /opt/stack/data/cinder/mnt/758e11238439084224f4831990b8148b/volume-cf88903d-4f40-4871-95b1-addb50f52d28.982d8e93-057c-41f5-8db7-3728ac610607 {{(pid=83857) execute /opt/stack/data/venv/lib/python3.10/site-packages/oslo_concurrency/processutils.py:368}}
Jan 30 08:27:04 devstack sudo[91342]: quobyte : PWD=/ ; USER=root ; COMMAND=/opt/stack/data/venv/bin/cinder-rootwrap /etc/cinder/rootwrap.conf chmod ugo+rw /opt/stack/data/cinder/mnt/758e11238439084224f4831990b8148b/volume-cf88903d-4f40-4871-95b1-addb50f52d28.982d8e93-057c-41f5-8db7-3728ac610607
Jan 30 08:27:04 devstack sudo[91342]: pam_unix(sudo:session): session opened for user root(uid=0) by (uid=1000)
Jan 30 08:27:04 devstack sudo[91342]: pam_unix(sudo:session): session closed for user root
Jan 30 08:27:04 devstack cinder-volume[83857]: DEBUG oslo_concurrency.processutils [None req-bccceda6-e2d7-4d6b-bdd2-e25272fcd6fb tempest-GroupSnapshotsTest-861027903 None] CMD "sudo cinder-rootwrap /etc/cinder/rootwrap.conf chmod ugo+rw /opt/stack/data/cinder/mnt/758e11238439084224f4831990b8148b/volume-cf88903d-4f40-4871-95b1-addb50f52d28.982d8e93-057c-41f5-8db7-3728ac610607" returned: 0 in 0.488s {{(pid=83857) execute /opt/stack/data/venv/lib/python3.10/site-packages/oslo_concurrency/processutils.py:396}}
Jan 30 08:27:04 devstack cinder-volume[83857]: DEBUG oslo_concurrency.processutils [None req-bccceda6-e2d7-4d6b-bdd2-e25272fcd6fb tempest-GroupSnapshotsTest-861027903 None] Running cmd (subprocess): sudo cinder-rootwrap /etc/cinder/rootwrap.conf truncate -s0 /opt/stack/data/cinder/mnt/758e11238439084224f4831990b8148b/volume-cf88903d-4f40-4871-95b1-addb50f52d28.info {{(pid=83857) execute /opt/stack/data/venv/lib/python3.10/site-packages/oslo_concurrency/processutils.py:368}}
Jan 30 08:27:04 devstack sudo[91345]: quobyte : PWD=/ ; USER=root ; COMMAND=/opt/stack/data/venv/bin/cinder-rootwrap /etc/cinder/rootwrap.conf truncate -s0 /opt/stack/data/cinder/mnt/758e11238439084224f4831990b8148b/volume-cf88903d-4f40-4871-95b1-addb50f52d28.info
Jan 30 08:27:04 devstack sudo[91345]: pam_unix(sudo:session): session opened for user root(uid=0) by (uid=1000)
Jan 30 08:27:05 devstack sudo[91345]: pam_unix(sudo:session): session closed for user root
Jan 30 08:27:05 devstack cinder-volume[83857]: DEBUG oslo_concurrency.processutils [None req-bccceda6-e2d7-4d6b-bdd2-e25272fcd6fb tempest-GroupSnapshotsTest-861027903 None] CMD "sudo cinder-rootwrap /etc/cinder/rootwrap.conf truncate -s0 /opt/stack/data/cinder/mnt/758e11238439084224f4831990b8148b/volume-cf88903d-4f40-4871-95b1-addb50f52d28.info" returned: 0 in 0.534s {{(pid=83857) execute /opt/stack/data/venv/lib/python3.10/site-packages/oslo_concurrency/processutils.py:396}}
Jan 30 08:27:05 devstack cinder-volume[83857]: WARNING cinder.volume.drivers.remotefs [None req-bccceda6-e2d7-4d6b-bdd2-e25272fcd6fb tempest-GroupSnapshotsTest-861027903 None] /opt/stack/data/cinder/mnt/758e11238439084224f4831990b8148b/volume-cf88903d-4f40-4871-95b1-addb50f52d28.info is being set with open permissions: ugo+rw: NotImplementedError
Jan 30 08:27:05 devstack cinder-volume[83857]: DEBUG oslo_concurrency.processutils [None req-bccceda6-e2d7-4d6b-bdd2-e25272fcd6fb tempest-GroupSnapshotsTest-861027903 None] Running cmd (subprocess): sudo cinder-rootwrap /etc/cinder/rootwrap.conf chmod ugo+rw /opt/stack/data/cinder/mnt/758e11238439084224f4831990b8148b/volume-cf88903d-4f40-4871-95b1-addb50f52d28.info {{(pid=83857) execute /opt/stack/data/venv/lib/python3.10/site-packages/oslo_concurrency/processutils.py:368}}
Jan 30 08:27:05 devstack sudo[91348]: quobyte : PWD=/ ; USER=root ; COMMAND=/opt/stack/data/venv/bin/cinder-rootwrap /etc/cinder/rootwrap.conf chmod ugo+rw /opt/stack/data/cinder/mnt/758e11238439084224f4831990b8148b/volume-cf88903d-4f40-4871-95b1-addb50f52d28.info
Jan 30 08:27:05 devstack sudo[91348]: pam_unix(sudo:session): session opened for user root(uid=0) by (uid=1000)
Jan 30 08:27:05 devstack sudo[91348]: pam_unix(sudo:session): session closed for user root
Jan 30 08:27:05 devstack cinder-volume[83857]: DEBUG oslo_concurrency.processutils [None req-bccceda6-e2d7-4d6b-bdd2-e25272fcd6fb tempest-GroupSnapshotsTest-861027903 None] CMD "sudo cinder-rootwrap /etc/cinder/rootwrap.conf chmod ugo+rw /opt/stack/data/cinder/mnt/758e11238439084224f4831990b8148b/volume-cf88903d-4f40-4871-95b1-addb50f52d28.info" returned: 0 in 0.518s {{(pid=83857) execute /opt/stack/data/venv/lib/python3.10/site-packages/oslo_concurrency/processutils.py:396}}
Jan 30 08:27:05 devstack cinder-volume[83857]: DEBUG oslo_concurrency.lockutils [None req-bccceda6-e2d7-4d6b-bdd2-e25272fcd6fb tempest-GroupSnapshotsTest-861027903 None] Lock "quobyte" "released" by "cinder.volume.drivers.quobyte.QuobyteDriver.create_snapshot" :: held 3.455s {{(pid=83857) inner /opt/stack/data/venv/lib/python3.10/site-packages/oslo_concurrency/lockutils.py:538}}
Jan 30 08:27:05 devstack cinder-volume[83857]: DEBUG oslo_concurrency.lockutils [None req-bccceda6-e2d7-4d6b-bdd2-e25272fcd6fb tempest-GroupSnapshotsTest-861027903 None] Acquiring lock "quobyte" by "cinder.volume.drivers.quobyte.QuobyteDriver.create_snapshot" {{(pid=83857) inner /opt/stack/data/venv/lib/python3.10/site-packages/oslo_concurrency/lockutils.py:506}}
Jan 30 08:27:05 devstack cinder-volume[83857]: DEBUG oslo_concurrency.lockutils [None req-bccceda6-e2d7-4d6b-bdd2-e25272fcd6fb tempest-GroupSnapshotsTest-861027903 None] Lock "quobyte" acquired by "cinder.volume.drivers.quobyte.QuobyteDriver.create_snapshot" :: waited 0.001s {{(pid=83857) inner /opt/stack/data/venv/lib/python3.10/site-packages/oslo_concurrency/lockutils.py:519}}
Jan 30 08:27:05 devstack cinder-volume[83857]: DEBUG cinder.volume.drivers.remotefs [None req-bccceda6-e2d7-4d6b-bdd2-e25272fcd6fb tempest-GroupSnapshotsTest-861027903 None] Creating offline snapshot b53fadba-7218-47de-aa5f-0500510ceb4e of volume a659bbac-396e-4d47-930c-b04ddd6d7030 {{(pid=83857) _create_snapshot /opt/stack/cinder/cinder/volume/drivers/remotefs.py:1817}}
Jan 30 08:27:05 devstack cinder-volume[83857]: DEBUG oslo.privsep.daemon [-] privsep: reply[bf85400f-3460-48d0-8e89-234b42d2e07f]: (4, 'qcow2') {{(pid=84790) _call_back /opt/stack/data/venv/lib/python3.10/site-packages/oslo_privsep/daemon.py:515}}
Jan 30 08:27:05 devstack cinder-volume[83857]: DEBUG oslo_concurrency.processutils [None req-bccceda6-e2d7-4d6b-bdd2-e25272fcd6fb tempest-GroupSnapshotsTest-861027903 None] Running cmd (subprocess): /opt/stack/data/venv/bin/python3.10 -m oslo_concurrency.prlimit --as=1073741824 --cpu=60 -- sudo cinder-rootwrap /etc/cinder/rootwrap.conf env LC_ALL=C qemu-img info -f qcow2 --output=json --force-share /opt/stack/data/cinder/mnt/758e11238439084224f4831990b8148b/volume-a659bbac-396e-4d47-930c-b04ddd6d7030 {{(pid=83857) execute /opt/stack/data/venv/lib/python3.10/site-packages/oslo_concurrency/processutils.py:368}}
Jan 30 08:27:05 devstack sudo[91352]: quobyte : PWD=/ ; USER=root ; COMMAND=/opt/stack/data/venv/bin/cinder-rootwrap /etc/cinder/rootwrap.conf env LC_ALL=C qemu-img info -f qcow2 --output=json --force-share /opt/stack/data/cinder/mnt/758e11238439084224f4831990b8148b/volume-a659bbac-396e-4d47-930c-b04ddd6d7030
Jan 30 08:27:05 devstack sudo[91352]: pam_unix(sudo:session): session opened for user root(uid=0) by (uid=1000)
Jan 30 08:27:06 devstack sudo[91352]: pam_unix(sudo:session): session closed for user root
Jan 30 08:27:06 devstack cinder-volume[83857]: DEBUG oslo_concurrency.processutils [None req-bccceda6-e2d7-4d6b-bdd2-e25272fcd6fb tempest-GroupSnapshotsTest-861027903 None] CMD "/opt/stack/data/venv/bin/python3.10 -m oslo_concurrency.prlimit --as=1073741824 --cpu=60 -- sudo cinder-rootwrap /etc/cinder/rootwrap.conf env LC_ALL=C qemu-img info -f qcow2 --output=json --force-share /opt/stack/data/cinder/mnt/758e11238439084224f4831990b8148b/volume-a659bbac-396e-4d47-930c-b04ddd6d7030" returned: 0 in 0.668s {{(pid=83857) execute /opt/stack/data/venv/lib/python3.10/site-packages/oslo_concurrency/processutils.py:396}}
Jan 30 08:27:06 devstack cinder-volume[83857]: DEBUG oslo_concurrency.processutils [None req-bccceda6-e2d7-4d6b-bdd2-e25272fcd6fb tempest-GroupSnapshotsTest-861027903 None] Running cmd (subprocess): sudo cinder-rootwrap /etc/cinder/rootwrap.conf qemu-img create -f qcow2 -o backing_file=/opt/stack/data/cinder/mnt/758e11238439084224f4831990b8148b/volume-a659bbac-396e-4d47-930c-b04ddd6d7030,backing_fmt=qcow2 /opt/stack/data/cinder/mnt/758e11238439084224f4831990b8148b/volume-a659bbac-396e-4d47-930c-b04ddd6d7030.b53fadba-7218-47de-aa5f-0500510ceb4e 1G {{(pid=83857) execute /opt/stack/data/venv/lib/python3.10/site-packages/oslo_concurrency/processutils.py:368}}
Jan 30 08:27:06 devstack sudo[91357]: quobyte : PWD=/ ; USER=root ; COMMAND=/opt/stack/data/venv/bin/cinder-rootwrap /etc/cinder/rootwrap.conf qemu-img create -f qcow2 -o backing_file=/opt/stack/data/cinder/mnt/758e11238439084224f4831990b8148b/volume-a659bbac-396e-4d47-930c-b04ddd6d7030,backing_fmt=qcow2 /opt/stack/data/cinder/mnt/758e11238439084224f4831990b8148b/volume-a659bbac-396e-4d47-930c-b04ddd6d7030.b53fadba-7218-47de-aa5f-0500510ceb4e 1G
Jan 30 08:27:06 devstack sudo[91357]: pam_unix(sudo:session): session opened for user root(uid=0) by (uid=1000)
Jan 30 08:27:07 devstack sudo[91357]: pam_unix(sudo:session): session closed for user root
Jan 30 08:27:07 devstack cinder-volume[83857]: DEBUG oslo_concurrency.processutils [None req-bccceda6-e2d7-4d6b-bdd2-e25272fcd6fb tempest-GroupSnapshotsTest-861027903 None] CMD "sudo cinder-rootwrap /etc/cinder/rootwrap.conf qemu-img create -f qcow2 -o backing_file=/opt/stack/data/cinder/mnt/758e11238439084224f4831990b8148b/volume-a659bbac-396e-4d47-930c-b04ddd6d7030,backing_fmt=qcow2 /opt/stack/data/cinder/mnt/758e11238439084224f4831990b8148b/volume-a659bbac-396e-4d47-930c-b04ddd6d7030.b53fadba-7218-47de-aa5f-0500510ceb4e 1G" returned: 0 in 0.749s {{(pid=83857) execute /opt/stack/data/venv/lib/python3.10/site-packages/oslo_concurrency/processutils.py:396}}
Jan 30 08:27:07 devstack cinder-volume[83857]: DEBUG oslo_concurrency.processutils [None req-bccceda6-e2d7-4d6b-bdd2-e25272fcd6fb tempest-GroupSnapshotsTest-861027903 None] Running cmd (subprocess): sudo cinder-rootwrap /etc/cinder/rootwrap.conf qemu-img rebase -u -b volume-a659bbac-396e-4d47-930c-b04ddd6d7030 -F qcow2 /opt/stack/data/cinder/mnt/758e11238439084224f4831990b8148b/volume-a659bbac-396e-4d47-930c-b04ddd6d7030.b53fadba-7218-47de-aa5f-0500510ceb4e {{(pid=83857) execute /opt/stack/data/venv/lib/python3.10/site-packages/oslo_concurrency/processutils.py:368}}
Jan 30 08:27:07 devstack sudo[91362]: quobyte : PWD=/ ; USER=root ; COMMAND=/opt/stack/data/venv/bin/cinder-rootwrap /etc/cinder/rootwrap.conf qemu-img rebase -u -b volume-a659bbac-396e-4d47-930c-b04ddd6d7030 -F qcow2 /opt/stack/data/cinder/mnt/758e11238439084224f4831990b8148b/volume-a659bbac-396e-4d47-930c-b04ddd6d7030.b53fadba-7218-47de-aa5f-0500510ceb4e
Jan 30 08:27:07 devstack sudo[91362]: pam_unix(sudo:session): session opened for user root(uid=0) by (uid=1000)
Jan 30 08:27:07 devstack sudo[91362]: pam_unix(sudo:session): session closed for user root
Jan 30 08:27:07 devstack cinder-volume[83857]: DEBUG oslo_concurrency.processutils [None req-bccceda6-e2d7-4d6b-bdd2-e25272fcd6fb tempest-GroupSnapshotsTest-861027903 None] CMD "sudo cinder-rootwrap /etc/cinder/rootwrap.conf qemu-img rebase -u -b volume-a659bbac-396e-4d47-930c-b04ddd6d7030 -F qcow2 /opt/stack/data/cinder/mnt/758e11238439084224f4831990b8148b/volume-a659bbac-396e-4d47-930c-b04ddd6d7030.b53fadba-7218-47de-aa5f-0500510ceb4e" returned: 0 in 0.724s {{(pid=83857) execute /opt/stack/data/venv/lib/python3.10/site-packages/oslo_concurrency/processutils.py:396}}
Jan 30 08:27:07 devstack cinder-volume[83857]: WARNING cinder.volume.drivers.remotefs [None req-bccceda6-e2d7-4d6b-bdd2-e25272fcd6fb tempest-GroupSnapshotsTest-861027903 None] /opt/stack/data/cinder/mnt/758e11238439084224f4831990b8148b/volume-a659bbac-396e-4d47-930c-b04ddd6d7030.b53fadba-7218-47de-aa5f-0500510ceb4e is being set with open permissions: ugo+rw: NotImplementedError
Jan 30 08:27:07 devstack cinder-volume[83857]: DEBUG oslo_concurrency.processutils [None req-bccceda6-e2d7-4d6b-bdd2-e25272fcd6fb tempest-GroupSnapshotsTest-861027903 None] Running cmd (subprocess): sudo cinder-rootwrap /etc/cinder/rootwrap.conf chmod ugo+rw /opt/stack/data/cinder/mnt/758e11238439084224f4831990b8148b/volume-a659bbac-396e-4d47-930c-b04ddd6d7030.b53fadba-7218-47de-aa5f-0500510ceb4e {{(pid=83857) execute /opt/stack/data/venv/lib/python3.10/site-packages/oslo_concurrency/processutils.py:368}}
Jan 30 08:27:07 devstack sudo[91368]: quobyte : PWD=/ ; USER=root ; COMMAND=/opt/stack/data/venv/bin/cinder-rootwrap /etc/cinder/rootwrap.conf chmod ugo+rw /opt/stack/data/cinder/mnt/758e11238439084224f4831990b8148b/volume-a659bbac-396e-4d47-930c-b04ddd6d7030.b53fadba-7218-47de-aa5f-0500510ceb4e
Jan 30 08:27:08 devstack sudo[91368]: pam_unix(sudo:session): session opened for user root(uid=0) by (uid=1000)
Jan 30 08:27:08 devstack cinder-volume[83857]: DEBUG oslo_concurrency.lockutils [req-70bf00c0-ce22-4e79-b21a-6ba1dd4b0c0b req-df8413fc-3a9e-4218-8b72-4a540797a81e tempest-ServerActionsV293TestJSON-1716453197 None] Acquiring lock "quobyte" by "cinder.volume.drivers.quobyte.QuobyteDriver.initialize_connection" {{(pid=83857) inner /opt/stack/data/venv/lib/python3.10/site-packages/oslo_concurrency/lockutils.py:506}}
Jan 30 08:27:08 devstack sudo[91368]: pam_unix(sudo:session): session closed for user root
Jan 30 08:27:08 devstack cinder-volume[83857]: DEBUG oslo_concurrency.processutils [None req-bccceda6-e2d7-4d6b-bdd2-e25272fcd6fb tempest-GroupSnapshotsTest-861027903 None] CMD "sudo cinder-rootwrap /etc/cinder/rootwrap.conf chmod ugo+rw /opt/stack/data/cinder/mnt/758e11238439084224f4831990b8148b/volume-a659bbac-396e-4d47-930c-b04ddd6d7030.b53fadba-7218-47de-aa5f-0500510ceb4e" returned: 0 in 0.784s {{(pid=83857) execute /opt/stack/data/venv/lib/python3.10/site-packages/oslo_concurrency/processutils.py:396}}
Jan 30 08:27:08 devstack cinder-volume[83857]: DEBUG oslo_concurrency.processutils [None req-bccceda6-e2d7-4d6b-bdd2-e25272fcd6fb tempest-GroupSnapshotsTest-861027903 None] Running cmd (subprocess): sudo cinder-rootwrap /etc/cinder/rootwrap.conf truncate -s0 /opt/stack/data/cinder/mnt/758e11238439084224f4831990b8148b/volume-a659bbac-396e-4d47-930c-b04ddd6d7030.info {{(pid=83857) execute /opt/stack/data/venv/lib/python3.10/site-packages/oslo_concurrency/processutils.py:368}}
Jan 30 08:27:08 devstack sudo[91380]: quobyte : PWD=/ ; USER=root ; COMMAND=/opt/stack/data/venv/bin/cinder-rootwrap /etc/cinder/rootwrap.conf truncate -s0 /opt/stack/data/cinder/mnt/758e11238439084224f4831990b8148b/volume-a659bbac-396e-4d47-930c-b04ddd6d7030.info
Jan 30 08:27:08 devstack sudo[91380]: pam_unix(sudo:session): session opened for user root(uid=0) by (uid=1000)
Jan 30 08:27:09 devstack sudo[91380]: pam_unix(sudo:session): session closed for user root
Jan 30 08:27:09 devstack cinder-volume[83857]: DEBUG oslo_concurrency.processutils [None req-bccceda6-e2d7-4d6b-bdd2-e25272fcd6fb tempest-GroupSnapshotsTest-861027903 None] CMD "sudo cinder-rootwrap /etc/cinder/rootwrap.conf truncate -s0 /opt/stack/data/cinder/mnt/758e11238439084224f4831990b8148b/volume-a659bbac-396e-4d47-930c-b04ddd6d7030.info" returned: 0 in 0.602s {{(pid=83857) execute /opt/stack/data/venv/lib/python3.10/site-packages/oslo_concurrency/processutils.py:396}}
Jan 30 08:27:09 devstack cinder-volume[83857]: WARNING cinder.volume.drivers.remotefs [None req-bccceda6-e2d7-4d6b-bdd2-e25272fcd6fb tempest-GroupSnapshotsTest-861027903 None] /opt/stack/data/cinder/mnt/758e11238439084224f4831990b8148b/volume-a659bbac-396e-4d47-930c-b04ddd6d7030.info is being set with open permissions: ugo+rw: NotImplementedError
Jan 30 08:27:09 devstack cinder-volume[83857]: DEBUG oslo_concurrency.processutils [None req-bccceda6-e2d7-4d6b-bdd2-e25272fcd6fb tempest-GroupSnapshotsTest-861027903 None] Running cmd (subprocess): sudo cinder-rootwrap /etc/cinder/rootwrap.conf chmod ugo+rw /opt/stack/data/cinder/mnt/758e11238439084224f4831990b8148b/volume-a659bbac-396e-4d47-930c-b04ddd6d7030.info {{(pid=83857) execute /opt/stack/data/venv/lib/python3.10/site-packages/oslo_concurrency/processutils.py:368}}
Jan 30 08:27:09 devstack sudo[91384]: quobyte : PWD=/ ; USER=root ; COMMAND=/opt/stack/data/venv/bin/cinder-rootwrap /etc/cinder/rootwrap.conf chmod ugo+rw /opt/stack/data/cinder/mnt/758e11238439084224f4831990b8148b/volume-a659bbac-396e-4d47-930c-b04ddd6d7030.info
Jan 30 08:27:09 devstack sudo[91384]: pam_unix(sudo:session): session opened for user root(uid=0) by (uid=1000)
Jan 30 08:27:09 devstack sudo[91384]: pam_unix(sudo:session): session closed for user root
Jan 30 08:27:09 devstack cinder-volume[83857]: DEBUG oslo_concurrency.processutils [None req-bccceda6-e2d7-4d6b-bdd2-e25272fcd6fb tempest-GroupSnapshotsTest-861027903 None] CMD "sudo cinder-rootwrap /etc/cinder/rootwrap.conf chmod ugo+rw /opt/stack/data/cinder/mnt/758e11238439084224f4831990b8148b/volume-a659bbac-396e-4d47-930c-b04ddd6d7030.info" returned: 0 in 0.600s {{(pid=83857) execute /opt/stack/data/venv/lib/python3.10/site-packages/oslo_concurrency/processutils.py:396}}
Jan 30 08:27:09 devstack cinder-volume[83857]: DEBUG oslo_concurrency.lockutils [None req-bccceda6-e2d7-4d6b-bdd2-e25272fcd6fb tempest-GroupSnapshotsTest-861027903 None] Lock "quobyte" "released" by "cinder.volume.drivers.quobyte.QuobyteDriver.create_snapshot" :: held 4.236s {{(pid=83857) inner /opt/stack/data/venv/lib/python3.10/site-packages/oslo_concurrency/lockutils.py:538}}
Jan 30 08:27:10 devstack cinder-volume[83857]: DEBUG oslo_concurrency.lockutils [req-70bf00c0-ce22-4e79-b21a-6ba1dd4b0c0b req-df8413fc-3a9e-4218-8b72-4a540797a81e tempest-ServerActionsV293TestJSON-1716453197 None] Lock "quobyte" acquired by "cinder.volume.drivers.quobyte.QuobyteDriver.initialize_connection" :: waited 1.277s {{(pid=83857) inner /opt/stack/data/venv/lib/python3.10/site-packages/oslo_concurrency/lockutils.py:519}}
Jan 30 08:27:10 devstack cinder-volume[83857]: DEBUG oslo.privsep.daemon [-] privsep: reply[8a9596e7-d4c4-4737-88b4-56b0ad16ad12]: (4, 'raw') {{(pid=84790) _call_back /opt/stack/data/venv/lib/python3.10/site-packages/oslo_privsep/daemon.py:515}}
Jan 30 08:27:10 devstack cinder-volume[83857]: DEBUG oslo_concurrency.processutils [req-70bf00c0-ce22-4e79-b21a-6ba1dd4b0c0b req-df8413fc-3a9e-4218-8b72-4a540797a81e tempest-ServerActionsV293TestJSON-1716453197 None] Running cmd (subprocess): /opt/stack/data/venv/bin/python3.10 -m oslo_concurrency.prlimit --as=1073741824 --cpu=60 -- sudo cinder-rootwrap /etc/cinder/rootwrap.conf env LC_ALL=C qemu-img info -f raw --output=json --force-share /opt/stack/data/cinder/mnt/758e11238439084224f4831990b8148b/volume-0350262f-fc36-495c-b326-d258c17438e4 {{(pid=83857) execute /opt/stack/data/venv/lib/python3.10/site-packages/oslo_concurrency/processutils.py:368}}
Jan 30 08:27:10 devstack cinder-volume[83857]: INFO cinder.volume.manager [None req-bccceda6-e2d7-4d6b-bdd2-e25272fcd6fb tempest-GroupSnapshotsTest-861027903 None] group_snapshot 4539cea5-6f3a-414e-9385-531723001160: created successfully
Jan 30 08:27:10 devstack sudo[91388]: quobyte : PWD=/ ; USER=root ; COMMAND=/opt/stack/data/venv/bin/cinder-rootwrap /etc/cinder/rootwrap.conf env LC_ALL=C qemu-img info -f raw --output=json --force-share /opt/stack/data/cinder/mnt/758e11238439084224f4831990b8148b/volume-0350262f-fc36-495c-b326-d258c17438e4
Jan 30 08:27:10 devstack sudo[91388]: pam_unix(sudo:session): session opened for user root(uid=0) by (uid=1000)
Jan 30 08:27:10 devstack sudo[91388]: pam_unix(sudo:session): session closed for user root
Jan 30 08:27:10 devstack cinder-volume[83857]: DEBUG oslo_concurrency.processutils [req-70bf00c0-ce22-4e79-b21a-6ba1dd4b0c0b req-df8413fc-3a9e-4218-8b72-4a540797a81e tempest-ServerActionsV293TestJSON-1716453197 None] CMD "/opt/stack/data/venv/bin/python3.10 -m oslo_concurrency.prlimit --as=1073741824 --cpu=60 -- sudo cinder-rootwrap /etc/cinder/rootwrap.conf env LC_ALL=C qemu-img info -f raw --output=json --force-share /opt/stack/data/cinder/mnt/758e11238439084224f4831990b8148b/volume-0350262f-fc36-495c-b326-d258c17438e4" returned: 0 in 0.709s {{(pid=83857) execute /opt/stack/data/venv/lib/python3.10/site-packages/oslo_concurrency/processutils.py:396}}
Jan 30 08:27:10 devstack cinder-volume[83857]: DEBUG oslo_concurrency.processutils [req-70bf00c0-ce22-4e79-b21a-6ba1dd4b0c0b req-df8413fc-3a9e-4218-8b72-4a540797a81e tempest-ServerActionsV293TestJSON-1716453197 None] Running cmd (subprocess): /opt/stack/data/venv/bin/python3.10 -m oslo_concurrency.prlimit --as=1073741824 --cpu=60 -- sudo cinder-rootwrap /etc/cinder/rootwrap.conf env LC_ALL=C qemu-img info -f luks --output=json --force-share /opt/stack/data/cinder/mnt/758e11238439084224f4831990b8148b/volume-0350262f-fc36-495c-b326-d258c17438e4 {{(pid=83857) execute /opt/stack/data/venv/lib/python3.10/site-packages/oslo_concurrency/processutils.py:368}}
Jan 30 08:27:10 devstack cinder-volume[83857]: INFO cinder.volume.manager [None req-44910135-2729-4884-8dc4-218f023c7647 tempest-GroupSnapshotsTest-861027903 None] group_snapshot 4539cea5-6f3a-414e-9385-531723001160: deleting
Jan 30 08:27:10 devstack cinder-volume[83857]: WARNING cinder.volume.volume_utils [None req-44910135-2729-4884-8dc4-218f023c7647 tempest-GroupSnapshotsTest-861027903 None] Volume driver (QuobyteDriver 1.1.14) is currently unsupported and may be removed in the next release of OpenStack. Use at your own risk.
Jan 30 08:27:10 devstack cinder-volume[83857]: DEBUG cinder.volume.manager [None req-44910135-2729-4884-8dc4-218f023c7647 tempest-GroupSnapshotsTest-861027903 None] group_snapshot 4539cea5-6f3a-414e-9385-531723001160: deleting {{(pid=83857) delete_group_snapshot /opt/stack/cinder/cinder/volume/manager.py:4319}}
Jan 30 08:27:10 devstack cinder-volume[83857]: DEBUG cinder.coordination [None req-44910135-2729-4884-8dc4-218f023c7647 tempest-GroupSnapshotsTest-861027903 None] Acquiring lock "cinder-quobyte-cf88903d-4f40-4871-95b1-addb50f52d28" by "delete_snapshot" {{(pid=83857) __acquire /opt/stack/cinder/cinder/coordination.py:143}}
Jan 30 08:27:10 devstack cinder-volume[83857]: DEBUG cinder.coordination [None req-44910135-2729-4884-8dc4-218f023c7647 tempest-GroupSnapshotsTest-861027903 None] Lock "cinder-quobyte-cf88903d-4f40-4871-95b1-addb50f52d28" acquired by "delete_snapshot" :: waited 0.012s {{(pid=83857) __acquire /opt/stack/cinder/cinder/coordination.py:146}}
Jan 30 08:27:10 devstack cinder-volume[83857]: DEBUG cinder.coordination [None req-44910135-2729-4884-8dc4-218f023c7647 tempest-GroupSnapshotsTest-861027903 None] Acquiring lock "cinder-quobyte-982d8e93-057c-41f5-8db7-3728ac610607" by "_delete_snapshot" {{(pid=83857) __acquire /opt/stack/cinder/cinder/coordination.py:143}}
Jan 30 08:27:10 devstack cinder-volume[83857]: DEBUG cinder.coordination [None req-44910135-2729-4884-8dc4-218f023c7647 tempest-GroupSnapshotsTest-861027903 None] Lock "cinder-quobyte-982d8e93-057c-41f5-8db7-3728ac610607" acquired by "_delete_snapshot" :: waited 0.009s {{(pid=83857) __acquire /opt/stack/cinder/cinder/coordination.py:146}}
Jan 30 08:27:10 devstack cinder-volume[83857]: DEBUG cinder.volume.drivers.remotefs [None req-44910135-2729-4884-8dc4-218f023c7647 tempest-GroupSnapshotsTest-861027903 None] Deleting offline snapshot 982d8e93-057c-41f5-8db7-3728ac610607 of volume cf88903d-4f40-4871-95b1-addb50f52d28 {{(pid=83857) _delete_snapshot /opt/stack/cinder/cinder/volume/drivers/remotefs.py:1290}}
Jan 30 08:27:10 devstack cinder-volume[83857]: DEBUG cinder.volume.drivers.remotefs [None req-44910135-2729-4884-8dc4-218f023c7647 tempest-GroupSnapshotsTest-861027903 None] snapshot_file for this snap is: volume-cf88903d-4f40-4871-95b1-addb50f52d28.982d8e93-057c-41f5-8db7-3728ac610607 {{(pid=83857) _delete_snapshot /opt/stack/cinder/cinder/volume/drivers/remotefs.py:1319}}
Jan 30 08:27:10 devstack cinder-volume[83857]: DEBUG oslo.privsep.daemon [-] privsep: reply[97758258-30d8-4f2e-bdc3-f467e3476a98]: (4, 'qcow2') {{(pid=84790) _call_back /opt/stack/data/venv/lib/python3.10/site-packages/oslo_privsep/daemon.py:515}}
Jan 30 08:27:10 devstack cinder-volume[83857]: DEBUG oslo_concurrency.processutils [None req-44910135-2729-4884-8dc4-218f023c7647 tempest-GroupSnapshotsTest-861027903 None] Running cmd (subprocess): /opt/stack/data/venv/bin/python3.10 -m oslo_concurrency.prlimit --as=1073741824 --cpu=60 -- sudo cinder-rootwrap /etc/cinder/rootwrap.conf env LC_ALL=C qemu-img info -f qcow2 --output=json --force-share /opt/stack/data/cinder/mnt/758e11238439084224f4831990b8148b/volume-cf88903d-4f40-4871-95b1-addb50f52d28.982d8e93-057c-41f5-8db7-3728ac610607 {{(pid=83857) execute /opt/stack/data/venv/lib/python3.10/site-packages/oslo_concurrency/processutils.py:368}}
Jan 30 08:27:10 devstack sudo[91392]: quobyte : PWD=/ ; USER=root ; COMMAND=/opt/stack/data/venv/bin/cinder-rootwrap /etc/cinder/rootwrap.conf env LC_ALL=C qemu-img info -f luks --output=json --force-share /opt/stack/data/cinder/mnt/758e11238439084224f4831990b8148b/volume-0350262f-fc36-495c-b326-d258c17438e4
Jan 30 08:27:10 devstack sudo[91392]: pam_unix(sudo:session): session opened for user root(uid=0) by (uid=1000)
Jan 30 08:27:11 devstack sudo[91393]: quobyte : PWD=/ ; USER=root ; COMMAND=/opt/stack/data/venv/bin/cinder-rootwrap /etc/cinder/rootwrap.conf env LC_ALL=C qemu-img info -f qcow2 --output=json --force-share /opt/stack/data/cinder/mnt/758e11238439084224f4831990b8148b/volume-cf88903d-4f40-4871-95b1-addb50f52d28.982d8e93-057c-41f5-8db7-3728ac610607
Jan 30 08:27:11 devstack sudo[91393]: pam_unix(sudo:session): session opened for user root(uid=0) by (uid=1000)
Jan 30 08:27:11 devstack sudo[91392]: pam_unix(sudo:session): session closed for user root
Jan 30 08:27:11 devstack cinder-volume[83857]: DEBUG oslo_concurrency.processutils [req-70bf00c0-ce22-4e79-b21a-6ba1dd4b0c0b req-df8413fc-3a9e-4218-8b72-4a540797a81e tempest-ServerActionsV293TestJSON-1716453197 None] CMD "/opt/stack/data/venv/bin/python3.10 -m oslo_concurrency.prlimit --as=1073741824 --cpu=60 -- sudo cinder-rootwrap /etc/cinder/rootwrap.conf env LC_ALL=C qemu-img info -f luks --output=json --force-share /opt/stack/data/cinder/mnt/758e11238439084224f4831990b8148b/volume-0350262f-fc36-495c-b326-d258c17438e4" returned: 1 in 0.735s {{(pid=83857) execute /opt/stack/data/venv/lib/python3.10/site-packages/oslo_concurrency/processutils.py:396}}
Jan 30 08:27:11 devstack cinder-volume[83857]: DEBUG oslo_concurrency.processutils [req-70bf00c0-ce22-4e79-b21a-6ba1dd4b0c0b req-df8413fc-3a9e-4218-8b72-4a540797a81e tempest-ServerActionsV293TestJSON-1716453197 None] '/opt/stack/data/venv/bin/python3.10 -m oslo_concurrency.prlimit --as=1073741824 --cpu=60 -- sudo cinder-rootwrap /etc/cinder/rootwrap.conf env LC_ALL=C qemu-img info -f luks --output=json --force-share /opt/stack/data/cinder/mnt/758e11238439084224f4831990b8148b/volume-0350262f-fc36-495c-b326-d258c17438e4' failed. Not Retrying. {{(pid=83857) execute /opt/stack/data/venv/lib/python3.10/site-packages/oslo_concurrency/processutils.py:471}}
Jan 30 08:27:11 devstack cinder-volume[83857]: DEBUG oslo_concurrency.lockutils [req-70bf00c0-ce22-4e79-b21a-6ba1dd4b0c0b req-df8413fc-3a9e-4218-8b72-4a540797a81e tempest-ServerActionsV293TestJSON-1716453197 None] Lock "quobyte" "released" by "cinder.volume.drivers.quobyte.QuobyteDriver.initialize_connection" :: held 1.490s {{(pid=83857) inner /opt/stack/data/venv/lib/python3.10/site-packages/oslo_concurrency/lockutils.py:538}}
Jan 30 08:27:11 devstack cinder-volume[83857]: DEBUG cinder.volume.manager [req-70bf00c0-ce22-4e79-b21a-6ba1dd4b0c0b req-df8413fc-3a9e-4218-8b72-4a540797a81e tempest-ServerActionsV293TestJSON-1716453197 None] Connection info returned from driver {'export': 'osci02.corp.quobyte.com/cinder-vol-307c9233-2398-428a-bc86-bc67e09ee3a4', 'name': 'volume-0350262f-fc36-495c-b326-d258c17438e4', 'options': None, 'format': 'raw', 'qos_specs': None, 'access_mode': 'rw', 'encrypted': False, 'cacheable': False, 'driver_volume_type': 'quobyte', 'mount_point_base': '/opt/stack/data/cinder/mnt', 'attachment_id': '22cf3355-7755-48f3-b168-7fd0f726b4d3', 'enforce_multipath': True} {{(pid=83857) _connection_create /opt/stack/cinder/cinder/volume/manager.py:4893}}
Jan 30 08:27:11 devstack cinder-volume[83857]: WARNING cinder.volume.volume_utils [req-70bf00c0-ce22-4e79-b21a-6ba1dd4b0c0b req-df8413fc-3a9e-4218-8b72-4a540797a81e tempest-ServerActionsV293TestJSON-1716453197 None] Volume driver (QuobyteDriver 1.1.14) is currently unsupported and may be removed in the next release of OpenStack. Use at your own risk.
Jan 30 08:27:11 devstack cinder-volume[83857]: INFO cinder.volume.manager [req-70bf00c0-ce22-4e79-b21a-6ba1dd4b0c0b req-df8413fc-3a9e-4218-8b72-4a540797a81e tempest-ServerActionsV293TestJSON-1716453197 None] attachment_update completed successfully.
Jan 30 08:27:11 devstack sudo[91393]: pam_unix(sudo:session): session closed for user root
Jan 30 08:27:11 devstack cinder-volume[83857]: DEBUG oslo_concurrency.processutils [None req-44910135-2729-4884-8dc4-218f023c7647 tempest-GroupSnapshotsTest-861027903 None] CMD "/opt/stack/data/venv/bin/python3.10 -m oslo_concurrency.prlimit --as=1073741824 --cpu=60 -- sudo cinder-rootwrap /etc/cinder/rootwrap.conf env LC_ALL=C qemu-img info -f qcow2 --output=json --force-share /opt/stack/data/cinder/mnt/758e11238439084224f4831990b8148b/volume-cf88903d-4f40-4871-95b1-addb50f52d28.982d8e93-057c-41f5-8db7-3728ac610607" returned: 0 in 0.771s {{(pid=83857) execute /opt/stack/data/venv/lib/python3.10/site-packages/oslo_concurrency/processutils.py:396}}
Jan 30 08:27:11 devstack cinder-volume[83857]: DEBUG cinder.volume.drivers.remotefs [None req-44910135-2729-4884-8dc4-218f023c7647 tempest-GroupSnapshotsTest-861027903 None] Fetching qemu-img info with special backing_file_template: (/opt/stack/data/cinder/mnt/[0-9a-f]+/)?(volume-cf88903d-4f40-4871-95b1-addb50f52d28(.(tmp-snap-)?[0-9a-f-]+)?|volume_from_snapshot_cache/(tmp-snap-)?[0-9a-f-]+(.(child-|parent-)[0-9a-f-]+)?)$ {{(pid=83857) _qemu_img_info_base /opt/stack/cinder/cinder/volume/drivers/remotefs.py:898}}
Jan 30 08:27:11 devstack cinder-volume[83857]: DEBUG oslo.privsep.daemon [-] privsep: reply[0aaefc66-6a96-457e-9e57-21df3c809c1e]: (4, 'qcow2') {{(pid=84790) _call_back /opt/stack/data/venv/lib/python3.10/site-packages/oslo_privsep/daemon.py:515}}
