Jul 11 18:32:56 devstack devstack@g-api.service[77016]: [pid: 77016|app: 0|req: 1/1] 127.0.0.1 () {32 vars in 398 bytes} [Sat Jul 11 18:32:56 2026] GET / => generated 1557 bytes in 3 msecs (HTTP/1.1 300) 3 headers in 106 bytes (1 switches on core 0)
Jul 11 18:32:56 devstack devstack@g-api.service[77015]: DEBUG glance.common.config [None req-f604898b-6503-47a5-9d43-4ddd96fed45e None None] database.connection_parameters = {{(pid=77015) log_opt_values /opt/stack/data/venv/lib/python3.12/site-packages/oslo_config/cfg.py:3253}}
Jul 11 18:32:56 devstack devstack@g-api.service[77015]: DEBUG glance.common.config [None req-f604898b-6503-47a5-9d43-4ddd96fed45e None None] database.connection_recycle_time = 3600 {{(pid=77015) log_opt_values /opt/stack/data/venv/lib/python3.12/site-packages/oslo_config/cfg.py:3253}}
Jul 11 18:32:56 devstack devstack@g-api.service[77015]: DEBUG glance.common.config [None req-f604898b-6503-47a5-9d43-4ddd96fed45e None None] database.connection_trace = False {{(pid=77015) log_opt_values /opt/stack/data/venv/lib/python3.12/site-packages/oslo_config/cfg.py:3253}}
Jul 11 18:32:56 devstack devstack@g-api.service[77015]: DEBUG glance.common.config [None req-f604898b-6503-47a5-9d43-4ddd96fed45e None None] database.db_inc_retry_interval = True {{(pid=77015) log_opt_values /opt/stack/data/venv/lib/python3.12/site-packages/oslo_config/cfg.py:3253}}
Jul 11 18:32:56 devstack devstack@g-api.service[77015]: DEBUG glance.common.config [None req-f604898b-6503-47a5-9d43-4ddd96fed45e None None] database.db_max_retries = 20 {{(pid=77015) log_opt_values /opt/stack/data/venv/lib/python3.12/site-packages/oslo_config/cfg.py:3253}}
Jul 11 18:32:56 devstack devstack@g-api.service[77015]: DEBUG glance.common.config [None req-f604898b-6503-47a5-9d43-4ddd96fed45e None None] database.db_max_retry_interval = 10 {{(pid=77015) log_opt_values /opt/stack/data/venv/lib/python3.12/site-packages/oslo_config/cfg.py:3253}}
Jul 11 18:32:56 devstack devstack@g-api.service[77015]: DEBUG glance.common.config [None req-f604898b-6503-47a5-9d43-4ddd96fed45e None None] database.db_retry_interval = 1 {{(pid=77015) log_opt_values /opt/stack/data/venv/lib/python3.12/site-packages/oslo_config/cfg.py:3253}}
Jul 11 18:32:56 devstack devstack@g-api.service[77015]: DEBUG glance.common.config [None req-f604898b-6503-47a5-9d43-4ddd96fed45e None None] database.max_overflow = 50 {{(pid=77015) log_opt_values /opt/stack/data/venv/lib/python3.12/site-packages/oslo_config/cfg.py:3253}}
Jul 11 18:32:56 devstack devstack@g-api.service[77015]: DEBUG glance.common.config [None req-f604898b-6503-47a5-9d43-4ddd96fed45e None None] database.max_pool_size = 5 {{(pid=77015) log_opt_values /opt/stack/data/venv/lib/python3.12/site-packages/oslo_config/cfg.py:3253}}
Jul 11 18:32:56 devstack devstack@g-api.service[77015]: DEBUG glance.common.config [None req-f604898b-6503-47a5-9d43-4ddd96fed45e None None] database.max_retries = 10 {{(pid=77015) log_opt_values /opt/stack/data/venv/lib/python3.12/site-packages/oslo_config/cfg.py:3253}}
Jul 11 18:32:56 devstack devstack@g-api.service[77015]: DEBUG glance.common.config [None req-f604898b-6503-47a5-9d43-4ddd96fed45e None None] database.mysql_sql_mode = TRADITIONAL {{(pid=77015) log_opt_values /opt/stack/data/venv/lib/python3.12/site-packages/oslo_config/cfg.py:3253}}
Jul 11 18:32:56 devstack devstack@g-api.service[77015]: DEBUG glance.common.config [None req-f604898b-6503-47a5-9d43-4ddd96fed45e None None] database.mysql_wsrep_sync_wait = None {{(pid=77015) log_opt_values /opt/stack/data/venv/lib/python3.12/site-packages/oslo_config/cfg.py:3253}}
Jul 11 18:32:56 devstack devstack@g-api.service[77015]: DEBUG glance.common.config [None req-f604898b-6503-47a5-9d43-4ddd96fed45e None None] database.pool_timeout = None {{(pid=77015) log_opt_values /opt/stack/data/venv/lib/python3.12/site-packages/oslo_config/cfg.py:3253}}
Jul 11 18:32:56 devstack devstack@g-api.service[77015]: DEBUG glance.common.config [None req-f604898b-6503-47a5-9d43-4ddd96fed45e None None] database.retry_interval = 10 {{(pid=77015) log_opt_values /opt/stack/data/venv/lib/python3.12/site-packages/oslo_config/cfg.py:3253}}
Jul 11 18:32:56 devstack devstack@g-api.service[77015]: DEBUG glance.common.config [None req-f604898b-6503-47a5-9d43-4ddd96fed45e None None] database.slave_connection = **** {{(pid=77015) log_opt_values /opt/stack/data/venv/lib/python3.12/site-packages/oslo_config/cfg.py:3253}}
Jul 11 18:32:56 devstack devstack@g-api.service[77015]: DEBUG glance.common.config [None req-f604898b-6503-47a5-9d43-4ddd96fed45e None None] database.sqlite_synchronous = True {{(pid=77015) log_opt_values /opt/stack/data/venv/lib/python3.12/site-packages/oslo_config/cfg.py:3253}}
Jul 11 18:32:56 devstack devstack@g-api.service[77015]: DEBUG glance.common.config [None req-f604898b-6503-47a5-9d43-4ddd96fed45e None None] database.synchronous_reader = True {{(pid=77015) log_opt_values /opt/stack/data/venv/lib/python3.12/site-packages/oslo_config/cfg.py:3253}}
Jul 11 18:32:56 devstack devstack@g-api.service[77015]: DEBUG glance.common.config [None req-f604898b-6503-47a5-9d43-4ddd96fed45e None None] database.use_db_reconnect = False {{(pid=77015) log_opt_values /opt/stack/data/venv/lib/python3.12/site-packages/oslo_config/cfg.py:3253}}
Jul 11 18:32:56 devstack devstack@g-api.service[77015]: DEBUG glance.common.config [None req-f604898b-6503-47a5-9d43-4ddd96fed45e None None] healthcheck.allowed_source_ranges = [] {{(pid=77015) log_opt_values /opt/stack/data/venv/lib/python3.12/site-packages/oslo_config/cfg.py:3253}}
Jul 11 18:32:56 devstack devstack@g-api.service[77015]: DEBUG glance.common.config [None req-f604898b-6503-47a5-9d43-4ddd96fed45e None None] healthcheck.backends = ['disable_by_file'] {{(pid=77015) log_opt_values /opt/stack/data/venv/lib/python3.12/site-packages/oslo_config/cfg.py:3253}}
Jul 11 18:32:56 devstack devstack@g-api.service[77015]: DEBUG glance.common.config [None req-f604898b-6503-47a5-9d43-4ddd96fed45e None None] healthcheck.detailed = False {{(pid=77015) log_opt_values /opt/stack/data/venv/lib/python3.12/site-packages/oslo_config/cfg.py:3253}}
Jul 11 18:32:56 devstack devstack@g-api.service[77015]: DEBUG glance.common.config [None req-f604898b-6503-47a5-9d43-4ddd96fed45e None None] healthcheck.disable_by_file_path = None {{(pid=77015) log_opt_values /opt/stack/data/venv/lib/python3.12/site-packages/oslo_config/cfg.py:3253}}
Jul 11 18:32:56 devstack devstack@g-api.service[77015]: DEBUG glance.common.config [None req-f604898b-6503-47a5-9d43-4ddd96fed45e None None] healthcheck.ignore_proxied_requests = False {{(pid=77015) log_opt_values /opt/stack/data/venv/lib/python3.12/site-packages/oslo_config/cfg.py:3253}}
Jul 11 18:32:56 devstack devstack@g-api.service[77015]: DEBUG glance.common.config [None req-f604898b-6503-47a5-9d43-4ddd96fed45e None None] ******************************************************************************** {{(pid=77015) log_opt_values /opt/stack/data/venv/lib/python3.12/site-packages/oslo_config/cfg.py:3260}}
Jul 11 18:32:56 devstack devstack@g-api.service[77015]: WSGI app 0 (mountpoint='') ready in 6 seconds on interpreter 0x6ffea24a4668 pid: 77015 (default app)
Jul 11 18:33:00 devstack devstack@g-api.service[77016]: DEBUG glance.api.middleware.version_negotiation [None req-7012a306-56c8-4a63-a608-986e40bd25b6 None None] Determining version of request: GET / Accept: application/json {{(pid=77016) process_request /opt/stack/glance/glance/api/middleware/version_negotiation.py:44}}
Jul 11 18:33:00 devstack devstack@g-api.service[77016]: DEBUG glance.api.middleware.version_negotiation [None req-7012a306-56c8-4a63-a608-986e40bd25b6 None None] Using url versioning {{(pid=77016) process_request /opt/stack/glance/glance/api/middleware/version_negotiation.py:57}}
Jul 11 18:33:00 devstack devstack@g-api.service[77016]: DEBUG glance.api.middleware.version_negotiation [None req-7012a306-56c8-4a63-a608-986e40bd25b6 None None] Unknown version. Returning version choices. {{(pid=77016) process_request /opt/stack/glance/glance/api/middleware/version_negotiation.py:64}}
Jul 11 18:33:00 devstack devstack@g-api.service[77016]: [pid: 77016|app: 0|req: 2/2] 127.0.0.1 () {34 vars in 516 bytes} [Sat Jul 11 18:33:00 2026] GET / => generated 1557 bytes in 2 msecs (HTTP/1.1 300) 3 headers in 106 bytes (1 switches on core 0)
Jul 11 18:33:00 devstack devstack@g-api.service[77015]: DEBUG glance.api.middleware.version_negotiation [None req-f604898b-6503-47a5-9d43-4ddd96fed45e None None] Determining version of request: POST /v2/images Accept: */* {{(pid=77015) process_request /opt/stack/glance/glance/api/middleware/version_negotiation.py:44}}
Jul 11 18:33:00 devstack devstack@g-api.service[77015]: DEBUG glance.api.middleware.version_negotiation [None req-f604898b-6503-47a5-9d43-4ddd96fed45e None None] Using url versioning {{(pid=77015) process_request /opt/stack/glance/glance/api/middleware/version_negotiation.py:57}}
Jul 11 18:33:00 devstack devstack@g-api.service[77015]: DEBUG glance.api.middleware.version_negotiation [None req-f604898b-6503-47a5-9d43-4ddd96fed45e None None] Matched version: v2 {{(pid=77015) process_request /opt/stack/glance/glance/api/middleware/version_negotiation.py:69}}
Jul 11 18:33:00 devstack devstack@g-api.service[77015]: DEBUG glance.api.middleware.version_negotiation [None req-f604898b-6503-47a5-9d43-4ddd96fed45e None None] new path /v2/images {{(pid=77015) process_request /opt/stack/glance/glance/api/middleware/version_negotiation.py:70}}
Jul 11 18:33:01 devstack devstack@g-api.service[77015]: [pid: 77015|app: 0|req: 1/3] 127.0.0.1 () {40 vars in 779 bytes} [Sat Jul 11 18:33:00 2026] POST /v2/images => generated 807 bytes in 1212 msecs (HTTP/1.1 201) 6 headers in 314 bytes (1 switches on core 0)
Jul 11 18:33:01 devstack devstack@g-api.service[77016]: DEBUG glance.api.middleware.version_negotiation [None req-7012a306-56c8-4a63-a608-986e40bd25b6 None None] Determining version of request: PUT /v2/images/7016bfdd-2d92-4c05-bebe-d2bb20b14820/file Accept: {{(pid=77016) process_request /opt/stack/glance/glance/api/middleware/version_negotiation.py:44}}
Jul 11 18:33:01 devstack devstack@g-api.service[77016]: DEBUG glance.api.middleware.version_negotiation [None req-7012a306-56c8-4a63-a608-986e40bd25b6 None None] Using url versioning {{(pid=77016) process_request /opt/stack/glance/glance/api/middleware/version_negotiation.py:57}}
Jul 11 18:33:01 devstack devstack@g-api.service[77016]: DEBUG glance.api.middleware.version_negotiation [None req-7012a306-56c8-4a63-a608-986e40bd25b6 None None] Matched version: v2 {{(pid=77016) process_request /opt/stack/glance/glance/api/middleware/version_negotiation.py:69}}
Jul 11 18:33:01 devstack devstack@g-api.service[77016]: DEBUG glance.api.middleware.version_negotiation [None req-7012a306-56c8-4a63-a608-986e40bd25b6 None None] new path /v2/images/7016bfdd-2d92-4c05-bebe-d2bb20b14820/file {{(pid=77016) process_request /opt/stack/glance/glance/api/middleware/version_negotiation.py:70}}
Jul 11 18:33:02 devstack devstack@g-api.service[77016]: INFO glance.api.v2.image_data [None req-d977f5fb-85b4-4790-ba57-7cb533d7ef85 admin admin] Unable to create trust: no such option collect_timing in group [keystone_authtoken] Use the existing user token.
Jul 11 18:33:02 devstack devstack@g-api.service[77016]: DEBUG glance.location [None req-d977f5fb-85b4-4790-ba57-7cb533d7ef85 admin admin] Enabling in-flight format inspection for qcow2 {{(pid=77016) set_data /opt/stack/glance/glance/location.py:596}}
Jul 11 18:33:02 devstack devstack@g-api.service[77016]: DEBUG oslo_utils.imageutils.format_inspector [None req-d977f5fb-85b4-4790-ba57-7cb533d7ef85 admin admin] Format inspector for vmdk does not match, excluding from consideration (Signature KDMV not found: b'QFI\xfb') {{(pid=77016) _process_chunk /opt/stack/data/venv/lib/python3.12/site-packages/oslo_utils/imageutils/format_inspector.py:1758}}
Jul 11 18:33:02 devstack devstack@g-api.service[77016]: DEBUG oslo_utils.imageutils.format_inspector [None req-d977f5fb-85b4-4790-ba57-7cb533d7ef85 admin admin] Format inspector for vhdx does not match, excluding from consideration (Region signature not found at 30000) {{(pid=77016) _process_chunk /opt/stack/data/venv/lib/python3.12/site-packages/oslo_utils/imageutils/format_inspector.py:1758}}
Jul 11 18:33:03 devstack devstack@g-api.service[77016]: DEBUG glance_store._drivers.filesystem [None req-d977f5fb-85b4-4790-ba57-7cb533d7ef85 admin admin] Wrote 21692416 bytes to /opt/stack/data/glance/images/7016bfdd-2d92-4c05-bebe-d2bb20b14820 with checksum 87617e24a5e30cb3b87fda8c0764838f and multihash 9a9bce0083a00939ec17c11febbfc767aa211aaa54f51e75c5a8b271a9b5637c77205a518b7a2007cb391d23cceb01e0e4e8d64832317151bc85b734b92a7be0 {{(pid=77016) add /opt/stack/data/venv/lib/python3.12/site-packages/glance_store/_drivers/filesystem.py:899}}
Jul 11 18:33:03 devstack devstack@g-api.service[77016]: INFO glance.location [None req-d977f5fb-85b4-4790-ba57-7cb533d7ef85 admin admin] Image format matched and virtual size computed: 117440512
Jul 11 18:33:03 devstack devstack@g-api.service[77016]: DEBUG glance_store.backend [None req-d977f5fb-85b4-4790-ba57-7cb533d7ef85 admin admin] Skipping store.set_acls... not implemented. {{(pid=77016) set_acls /opt/stack/data/venv/lib/python3.12/site-packages/glance_store/backend.py:507}}
Jul 11 18:33:03 devstack devstack@g-api.service[77016]: [pid: 77016|app: 0|req: 3/4] 127.0.0.1 () {40 vars in 872 bytes} [Sat Jul 11 18:33:01 2026] PUT /v2/images/7016bfdd-2d92-4c05-bebe-d2bb20b14820/file => generated 0 bytes in 1844 msecs (HTTP/1.1 204) 4 headers in 171 bytes (1 switches on core 0)
Jul 11 18:33:03 devstack devstack@g-api.service[77015]: DEBUG glance.api.middleware.version_negotiation [None req-22c21de2-5b3f-499f-ae94-412f1e95c9d9 admin admin] Determining version of request: GET /v2/images/7016bfdd-2d92-4c05-bebe-d2bb20b14820 Accept: */* {{(pid=77015) process_request /opt/stack/glance/glance/api/middleware/version_negotiation.py:44}}
Jul 11 18:33:03 devstack devstack@g-api.service[77015]: DEBUG glance.api.middleware.version_negotiation [None req-22c21de2-5b3f-499f-ae94-412f1e95c9d9 admin admin] Using url versioning {{(pid=77015) process_request /opt/stack/glance/glance/api/middleware/version_negotiation.py:57}}
Jul 11 18:33:03 devstack devstack@g-api.service[77015]: DEBUG glance.api.middleware.version_negotiation [None req-22c21de2-5b3f-499f-ae94-412f1e95c9d9 admin admin] Matched version: v2 {{(pid=77015) process_request /opt/stack/glance/glance/api/middleware/version_negotiation.py:69}}
Jul 11 18:33:03 devstack devstack@g-api.service[77015]: DEBUG glance.api.middleware.version_negotiation [None req-22c21de2-5b3f-499f-ae94-412f1e95c9d9 admin admin] new path /v2/images/7016bfdd-2d92-4c05-bebe-d2bb20b14820 {{(pid=77015) process_request /opt/stack/glance/glance/api/middleware/version_negotiation.py:70}}
Jul 11 18:33:03 devstack devstack@g-api.service[77015]: [pid: 77015|app: 0|req: 2/5] 127.0.0.1 () {36 vars in 799 bytes} [Sat Jul 11 18:33:03 2026] GET /v2/images/7016bfdd-2d92-4c05-bebe-d2bb20b14820 => generated 976 bytes in 19 msecs (HTTP/1.1 200) 4 headers in 157 bytes (1 switches on core 0)
Jul 11 18:33:13 devstack devstack@g-api.service[77016]: DEBUG dbcounter [-] [77016] Writing DB stats glance:INSERT=5,glance:SELECT=16,glance:UPDATE=2 {{(pid=77016) stat_writer /opt/stack/data/venv/lib/python3.12/site-packages/dbcounter.py:115}}
Jul 11 18:33:13 devstack devstack@g-api.service[77015]: DEBUG dbcounter [-] [77015] Writing DB stats glance:INSERT=9,glance:SELECT=6 {{(pid=77015) stat_writer /opt/stack/data/venv/lib/python3.12/site-packages/dbcounter.py:115}}
Jul 11 18:33:47 devstack devstack@g-api.service[77016]: DEBUG glance.api.middleware.version_negotiation [None req-d977f5fb-85b4-4790-ba57-7cb533d7ef85 admin admin] Determining version of request: GET / Accept: application/json {{(pid=77016) process_request /opt/stack/glance/glance/api/middleware/version_negotiation.py:44}}
Jul 11 18:33:47 devstack devstack@g-api.service[77016]: DEBUG glance.api.middleware.version_negotiation [None req-d977f5fb-85b4-4790-ba57-7cb533d7ef85 admin admin] Using url versioning {{(pid=77016) process_request /opt/stack/glance/glance/api/middleware/version_negotiation.py:57}}
Jul 11 18:33:47 devstack devstack@g-api.service[77016]: DEBUG glance.api.middleware.version_negotiation [None req-d977f5fb-85b4-4790-ba57-7cb533d7ef85 admin admin] Unknown version. Returning version choices. {{(pid=77016) process_request /opt/stack/glance/glance/api/middleware/version_negotiation.py:64}}
Jul 11 18:33:47 devstack devstack@g-api.service[77016]: [pid: 77016|app: 0|req: 4/6] 127.0.0.1 () {34 vars in 516 bytes} [Sat Jul 11 18:33:47 2026] GET / => generated 1557 bytes in 2 msecs (HTTP/1.1 300) 3 headers in 106 bytes (1 switches on core 0)
Jul 11 18:33:47 devstack devstack@g-api.service[77015]: DEBUG glance.api.middleware.version_negotiation [None req-90c28972-6dcc-4116-867a-c271a84e9e93 admin admin] Determining version of request: GET /v2/images Accept: application/json {{(pid=77015) process_request /opt/stack/glance/glance/api/middleware/version_negotiation.py:44}}
Jul 11 18:33:47 devstack devstack@g-api.service[77015]: DEBUG glance.api.middleware.version_negotiation [None req-90c28972-6dcc-4116-867a-c271a84e9e93 admin admin] Using url versioning {{(pid=77015) process_request /opt/stack/glance/glance/api/middleware/version_negotiation.py:57}}
Jul 11 18:33:47 devstack devstack@g-api.service[77015]: DEBUG glance.api.middleware.version_negotiation [None req-90c28972-6dcc-4116-867a-c271a84e9e93 admin admin] Matched version: v2 {{(pid=77015) process_request /opt/stack/glance/glance/api/middleware/version_negotiation.py:69}}
Jul 11 18:33:47 devstack devstack@g-api.service[77015]: DEBUG glance.api.middleware.version_negotiation [None req-90c28972-6dcc-4116-867a-c271a84e9e93 admin admin] new path /v2/images {{(pid=77015) process_request /opt/stack/glance/glance/api/middleware/version_negotiation.py:70}}
Jul 11 18:33:47 devstack devstack@g-api.service[77015]: [pid: 77015|app: 0|req: 3/7] 127.0.0.1 () {36 vars in 738 bytes} [Sat Jul 11 18:33:47 2026] GET /v2/images => generated 1045 bytes in 87 msecs (HTTP/1.1 200) 4 headers in 158 bytes (1 switches on core 0)
Jul 11 18:33:57 devstack devstack@g-api.service[77016]: DEBUG glance.api.middleware.version_negotiation [None req-d977f5fb-85b4-4790-ba57-7cb533d7ef85 admin admin] Determining version of request: GET / Accept: application/json {{(pid=77016) process_request /opt/stack/glance/glance/api/middleware/version_negotiation.py:44}}
Jul 11 18:33:57 devstack devstack@g-api.service[77016]: DEBUG glance.api.middleware.version_negotiation [None req-d977f5fb-85b4-4790-ba57-7cb533d7ef85 admin admin] Using url versioning {{(pid=77016) process_request /opt/stack/glance/glance/api/middleware/version_negotiation.py:57}}
Jul 11 18:33:57 devstack devstack@g-api.service[77016]: DEBUG glance.api.middleware.version_negotiation [None req-d977f5fb-85b4-4790-ba57-7cb533d7ef85 admin admin] Unknown version. Returning version choices. {{(pid=77016) process_request /opt/stack/glance/glance/api/middleware/version_negotiation.py:64}}
Jul 11 18:33:57 devstack devstack@g-api.service[77016]: [pid: 77016|app: 0|req: 5/8] 127.0.0.1 () {34 vars in 516 bytes} [Sat Jul 11 18:33:57 2026] GET / => generated 1557 bytes in 2 msecs (HTTP/1.1 300) 3 headers in 106 bytes (1 switches on core 0)
Jul 11 18:33:57 devstack devstack@g-api.service[77015]: DEBUG glance.api.middleware.version_negotiation [None req-b588e513-0981-424f-af5d-288ae9e3b46a admin admin] Determining version of request: GET /v2/images/7016bfdd-2d92-4c05-bebe-d2bb20b14820 Accept: */* {{(pid=77015) process_request /opt/stack/glance/glance/api/middleware/version_negotiation.py:44}}
Jul 11 18:33:57 devstack devstack@g-api.service[77015]: DEBUG glance.api.middleware.version_negotiation [None req-b588e513-0981-424f-af5d-288ae9e3b46a admin admin] Using url versioning {{(pid=77015) process_request /opt/stack/glance/glance/api/middleware/version_negotiation.py:57}}
Jul 11 18:33:57 devstack devstack@g-api.service[77015]: DEBUG glance.api.middleware.version_negotiation [None req-b588e513-0981-424f-af5d-288ae9e3b46a admin admin] Matched version: v2 {{(pid=77015) process_request /opt/stack/glance/glance/api/middleware/version_negotiation.py:69}}
Jul 11 18:33:57 devstack devstack@g-api.service[77015]: DEBUG glance.api.middleware.version_negotiation [None req-b588e513-0981-424f-af5d-288ae9e3b46a admin admin] new path /v2/images/7016bfdd-2d92-4c05-bebe-d2bb20b14820 {{(pid=77015) process_request /opt/stack/glance/glance/api/middleware/version_negotiation.py:70}}
Jul 11 18:33:57 devstack devstack@g-api.service[77015]: [pid: 77015|app: 0|req: 4/9] 127.0.0.1 () {36 vars in 799 bytes} [Sat Jul 11 18:33:57 2026] GET /v2/images/7016bfdd-2d92-4c05-bebe-d2bb20b14820 => generated 976 bytes in 70 msecs (HTTP/1.1 200) 4 headers in 157 bytes (1 switches on core 0)
Jul 11 18:34:04 devstack devstack@g-api.service[77016]: DEBUG glance.api.middleware.version_negotiation [None req-d977f5fb-85b4-4790-ba57-7cb533d7ef85 admin admin] Determining version of request: GET / Accept: application/json {{(pid=77016) process_request /opt/stack/glance/glance/api/middleware/version_negotiation.py:44}}
Jul 11 18:34:04 devstack devstack@g-api.service[77016]: DEBUG glance.api.middleware.version_negotiation [None req-d977f5fb-85b4-4790-ba57-7cb533d7ef85 admin admin] Using url versioning {{(pid=77016) process_request /opt/stack/glance/glance/api/middleware/version_negotiation.py:57}}
Jul 11 18:34:04 devstack devstack@g-api.service[77016]: DEBUG glance.api.middleware.version_negotiation [None req-d977f5fb-85b4-4790-ba57-7cb533d7ef85 admin admin] Unknown version. Returning version choices. {{(pid=77016) process_request /opt/stack/glance/glance/api/middleware/version_negotiation.py:64}}
Jul 11 18:34:04 devstack devstack@g-api.service[77016]: [pid: 77016|app: 0|req: 6/10] 127.0.0.1 () {34 vars in 516 bytes} [Sat Jul 11 18:34:04 2026] GET / => generated 1557 bytes in 2 msecs (HTTP/1.1 300) 3 headers in 106 bytes (1 switches on core 0)
Jul 11 18:34:04 devstack devstack@g-api.service[77015]: DEBUG glance.api.middleware.version_negotiation [None req-3068f8ae-d11e-410c-98f0-e20f40f097c5 admin admin] Determining version of request: GET /v2/images/7016bfdd-2d92-4c05-bebe-d2bb20b14820 Accept: */* {{(pid=77015) process_request /opt/stack/glance/glance/api/middleware/version_negotiation.py:44}}
Jul 11 18:34:04 devstack devstack@g-api.service[77015]: DEBUG glance.api.middleware.version_negotiation [None req-3068f8ae-d11e-410c-98f0-e20f40f097c5 admin admin] Using url versioning {{(pid=77015) process_request /opt/stack/glance/glance/api/middleware/version_negotiation.py:57}}
Jul 11 18:34:04 devstack devstack@g-api.service[77015]: DEBUG glance.api.middleware.version_negotiation [None req-3068f8ae-d11e-410c-98f0-e20f40f097c5 admin admin] Matched version: v2 {{(pid=77015) process_request /opt/stack/glance/glance/api/middleware/version_negotiation.py:69}}
Jul 11 18:34:04 devstack devstack@g-api.service[77015]: DEBUG glance.api.middleware.version_negotiation [None req-3068f8ae-d11e-410c-98f0-e20f40f097c5 admin admin] new path /v2/images/7016bfdd-2d92-4c05-bebe-d2bb20b14820 {{(pid=77015) process_request /opt/stack/glance/glance/api/middleware/version_negotiation.py:70}}
Jul 11 18:34:04 devstack devstack@g-api.service[77015]: [pid: 77015|app: 0|req: 5/11] 127.0.0.1 () {36 vars in 799 bytes} [Sat Jul 11 18:34:04 2026] GET /v2/images/7016bfdd-2d92-4c05-bebe-d2bb20b14820 => generated 976 bytes in 68 msecs (HTTP/1.1 200) 4 headers in 157 bytes (1 switches on core 0)
Jul 11 18:34:14 devstack devstack@g-api.service[77015]: DEBUG dbcounter [-] [77015] Writing DB stats glance:SELECT=5 {{(pid=77015) stat_writer /opt/stack/data/venv/lib/python3.12/site-packages/dbcounter.py:115}}
Jul 11 18:35:18 devstack devstack@g-api.service[77016]: DEBUG glance.api.middleware.version_negotiation [None req-d977f5fb-85b4-4790-ba57-7cb533d7ef85 admin admin] Determining version of request: GET / Accept: application/json {{(pid=77016) process_request /opt/stack/glance/glance/api/middleware/version_negotiation.py:44}}
Jul 11 18:35:18 devstack devstack@g-api.service[77016]: DEBUG glance.api.middleware.version_negotiation [None req-d977f5fb-85b4-4790-ba57-7cb533d7ef85 admin admin] Using url versioning {{(pid=77016) process_request /opt/stack/glance/glance/api/middleware/version_negotiation.py:57}}
Jul 11 18:35:18 devstack devstack@g-api.service[77016]: DEBUG glance.api.middleware.version_negotiation [None req-d977f5fb-85b4-4790-ba57-7cb533d7ef85 admin admin] Unknown version. Returning version choices. {{(pid=77016) process_request /opt/stack/glance/glance/api/middleware/version_negotiation.py:64}}
Jul 11 18:35:18 devstack devstack@g-api.service[77016]: [pid: 77016|app: 0|req: 7/12] 127.0.0.1 () {36 vars in 485 bytes} [Sat Jul 11 18:35:18 2026] GET / => generated 1557 bytes in 2 msecs (HTTP/1.1 300) 3 headers in 106 bytes (1 switches on core 0)
Jul 11 18:38:08 devstack devstack@g-api.service[77015]: DEBUG glance.api.middleware.version_negotiation [None req-a59dedda-03e3-471f-b2bc-5e1473c00bbd admin admin] Determining version of request: GET / Accept: application/json {{(pid=77015) process_request /opt/stack/glance/glance/api/middleware/version_negotiation.py:44}}
Jul 11 18:38:08 devstack devstack@g-api.service[77015]: DEBUG glance.api.middleware.version_negotiation [None req-a59dedda-03e3-471f-b2bc-5e1473c00bbd admin admin] Using url versioning {{(pid=77015) process_request /opt/stack/glance/glance/api/middleware/version_negotiation.py:57}}
Jul 11 18:38:08 devstack devstack@g-api.service[77015]: DEBUG glance.api.middleware.version_negotiation [None req-a59dedda-03e3-471f-b2bc-5e1473c00bbd admin admin] Unknown version. Returning version choices. {{(pid=77015) process_request /opt/stack/glance/glance/api/middleware/version_negotiation.py:64}}
Jul 11 18:38:08 devstack devstack@g-api.service[77015]: [pid: 77015|app: 0|req: 6/13] 127.0.0.1 () {34 vars in 502 bytes} [Sat Jul 11 18:38:08 2026] GET / => generated 1557 bytes in 3 msecs (HTTP/1.1 300) 3 headers in 106 bytes (1 switches on core 0)
Jul 11 18:38:08 devstack devstack@g-api.service[77016]: DEBUG glance.api.middleware.version_negotiation [None req-d977f5fb-85b4-4790-ba57-7cb533d7ef85 admin admin] Determining version of request: GET /v2/images/7016bfdd-2d92-4c05-bebe-d2bb20b14820 Accept: */* {{(pid=77016) process_request /opt/stack/glance/glance/api/middleware/version_negotiation.py:44}}
Jul 11 18:38:08 devstack devstack@g-api.service[77016]: DEBUG glance.api.middleware.version_negotiation [None req-d977f5fb-85b4-4790-ba57-7cb533d7ef85 admin admin] Using url versioning {{(pid=77016) process_request /opt/stack/glance/glance/api/middleware/version_negotiation.py:57}}
Jul 11 18:38:08 devstack devstack@g-api.service[77016]: DEBUG glance.api.middleware.version_negotiation [None req-d977f5fb-85b4-4790-ba57-7cb533d7ef85 admin admin] Matched version: v2 {{(pid=77016) process_request /opt/stack/glance/glance/api/middleware/version_negotiation.py:69}}
Jul 11 18:38:08 devstack devstack@g-api.service[77016]: DEBUG glance.api.middleware.version_negotiation [None req-d977f5fb-85b4-4790-ba57-7cb533d7ef85 admin admin] new path /v2/images/7016bfdd-2d92-4c05-bebe-d2bb20b14820 {{(pid=77016) process_request /opt/stack/glance/glance/api/middleware/version_negotiation.py:70}}
Jul 11 18:38:08 devstack devstack@g-api.service[77016]: [pid: 77016|app: 0|req: 8/14] 127.0.0.1 () {42 vars in 1058 bytes} [Sat Jul 11 18:38:08 2026] GET /v2/images/7016bfdd-2d92-4c05-bebe-d2bb20b14820 => generated 976 bytes in 44 msecs (HTTP/1.1 200) 4 headers in 157 bytes (1 switches on core 0)
Jul 11 18:38:08 devstack devstack@g-api.service[77015]: DEBUG glance.api.middleware.version_negotiation [None req-a59dedda-03e3-471f-b2bc-5e1473c00bbd admin admin] Determining version of request: GET /v2/schemas/image Accept: */* {{(pid=77015) process_request /opt/stack/glance/glance/api/middleware/version_negotiation.py:44}}
Jul 11 18:38:08 devstack devstack@g-api.service[77015]: DEBUG glance.api.middleware.version_negotiation [None req-a59dedda-03e3-471f-b2bc-5e1473c00bbd admin admin] Using url versioning {{(pid=77015) process_request /opt/stack/glance/glance/api/middleware/version_negotiation.py:57}}
Jul 11 18:38:08 devstack devstack@g-api.service[77015]: DEBUG glance.api.middleware.version_negotiation [None req-a59dedda-03e3-471f-b2bc-5e1473c00bbd admin admin] Matched version: v2 {{(pid=77015) process_request /opt/stack/glance/glance/api/middleware/version_negotiation.py:69}}
Jul 11 18:38:08 devstack devstack@g-api.service[77015]: DEBUG glance.api.middleware.version_negotiation [None req-a59dedda-03e3-471f-b2bc-5e1473c00bbd admin admin] new path /v2/schemas/image {{(pid=77015) process_request /opt/stack/glance/glance/api/middleware/version_negotiation.py:70}}
Jul 11 18:38:08 devstack devstack@g-api.service[77015]: [pid: 77015|app: 0|req: 7/15] 127.0.0.1 () {42 vars in 998 bytes} [Sat Jul 11 18:38:08 2026] GET /v2/schemas/image => generated 6083 bytes in 12 msecs (HTTP/1.1 200) 4 headers in 158 bytes (1 switches on core 0)
Jul 11 18:38:17 devstack devstack@g-api.service[77016]: DEBUG glance.api.middleware.version_negotiation [None req-b7297e23-ee50-4abf-9354-3a129d2cf2a2 tempest-ServerRescueNegativeTestJSON-1334294004 tempest-ServerRescueNegativeTestJSON-1334294004-project-member] Determining version of request: GET /v2/images/7016bfdd-2d92-4c05-bebe-d2bb20b14820 Accept: */* {{(pid=77016) process_request /opt/stack/glance/glance/api/middleware/version_negotiation.py:44}}
Jul 11 18:38:17 devstack devstack@g-api.service[77016]: DEBUG glance.api.middleware.version_negotiation [None req-b7297e23-ee50-4abf-9354-3a129d2cf2a2 tempest-ServerRescueNegativeTestJSON-1334294004 tempest-ServerRescueNegativeTestJSON-1334294004-project-member] Using url versioning {{(pid=77016) process_request /opt/stack/glance/glance/api/middleware/version_negotiation.py:57}}
Jul 11 18:38:17 devstack devstack@g-api.service[77016]: DEBUG glance.api.middleware.version_negotiation [None req-b7297e23-ee50-4abf-9354-3a129d2cf2a2 tempest-ServerRescueNegativeTestJSON-1334294004 tempest-ServerRescueNegativeTestJSON-1334294004-project-member] Matched version: v2 {{(pid=77016) process_request /opt/stack/glance/glance/api/middleware/version_negotiation.py:69}}
Jul 11 18:38:17 devstack devstack@g-api.service[77016]: DEBUG glance.api.middleware.version_negotiation [None req-b7297e23-ee50-4abf-9354-3a129d2cf2a2 tempest-ServerRescueNegativeTestJSON-1334294004 tempest-ServerRescueNegativeTestJSON-1334294004-project-member] new path /v2/images/7016bfdd-2d92-4c05-bebe-d2bb20b14820 {{(pid=77016) process_request /opt/stack/glance/glance/api/middleware/version_negotiation.py:70}}
Jul 11 18:38:17 devstack devstack@g-api.service[77016]: [pid: 77016|app: 0|req: 9/16] 127.0.0.1 () {42 vars in 1058 bytes} [Sat Jul 11 18:38:17 2026] GET /v2/images/7016bfdd-2d92-4c05-bebe-d2bb20b14820 => generated 976 bytes in 44 msecs (HTTP/1.1 200) 4 headers in 157 bytes (1 switches on core 0)
Jul 11 18:38:17 devstack devstack@g-api.service[77015]: DEBUG glance.api.middleware.version_negotiation [None req-b7297e23-ee50-4abf-9354-3a129d2cf2a2 tempest-ServerRescueNegativeTestJSON-1334294004 tempest-ServerRescueNegativeTestJSON-1334294004-project-member] Determining version of request: GET /v2/schemas/image Accept: */* {{(pid=77015) process_request /opt/stack/glance/glance/api/middleware/version_negotiation.py:44}}
Jul 11 18:38:17 devstack devstack@g-api.service[77015]: DEBUG glance.api.middleware.version_negotiation [None req-b7297e23-ee50-4abf-9354-3a129d2cf2a2 tempest-ServerRescueNegativeTestJSON-1334294004 tempest-ServerRescueNegativeTestJSON-1334294004-project-member] Using url versioning {{(pid=77015) process_request /opt/stack/glance/glance/api/middleware/version_negotiation.py:57}}
Jul 11 18:38:17 devstack devstack@g-api.service[77015]: DEBUG glance.api.middleware.version_negotiation [None req-b7297e23-ee50-4abf-9354-3a129d2cf2a2 tempest-ServerRescueNegativeTestJSON-1334294004 tempest-ServerRescueNegativeTestJSON-1334294004-project-member] Matched version: v2 {{(pid=77015) process_request /opt/stack/glance/glance/api/middleware/version_negotiation.py:69}}
Jul 11 18:38:17 devstack devstack@g-api.service[77015]: DEBUG glance.api.middleware.version_negotiation [None req-b7297e23-ee50-4abf-9354-3a129d2cf2a2 tempest-ServerRescueNegativeTestJSON-1334294004 tempest-ServerRescueNegativeTestJSON-1334294004-project-member] new path /v2/schemas/image {{(pid=77015) process_request /opt/stack/glance/glance/api/middleware/version_negotiation.py:70}}
Jul 11 18:38:17 devstack devstack@g-api.service[77015]: [pid: 77015|app: 0|req: 8/17] 127.0.0.1 () {42 vars in 998 bytes} [Sat Jul 11 18:38:17 2026] GET /v2/schemas/image => generated 6083 bytes in 16 msecs (HTTP/1.1 200) 4 headers in 158 bytes (1 switches on core 0)
Jul 11 18:38:22 devstack devstack@g-api.service[77016]: DEBUG glance.api.middleware.version_negotiation [None req-1422fecd-ebbb-463e-80a1-122ce55f9c5d tempest-ServerRescueNegativeTestJSON-1334294004 tempest-ServerRescueNegativeTestJSON-1334294004-project-member] Determining version of request: GET /v2/images/7016bfdd-2d92-4c05-bebe-d2bb20b14820 Accept: */* {{(pid=77016) process_request /opt/stack/glance/glance/api/middleware/version_negotiation.py:44}}
Jul 11 18:38:22 devstack devstack@g-api.service[77016]: DEBUG glance.api.middleware.version_negotiation [None req-1422fecd-ebbb-463e-80a1-122ce55f9c5d tempest-ServerRescueNegativeTestJSON-1334294004 tempest-ServerRescueNegativeTestJSON-1334294004-project-member] Using url versioning {{(pid=77016) process_request /opt/stack/glance/glance/api/middleware/version_negotiation.py:57}}
Jul 11 18:38:22 devstack devstack@g-api.service[77016]: DEBUG glance.api.middleware.version_negotiation [None req-1422fecd-ebbb-463e-80a1-122ce55f9c5d tempest-ServerRescueNegativeTestJSON-1334294004 tempest-ServerRescueNegativeTestJSON-1334294004-project-member] Matched version: v2 {{(pid=77016) process_request /opt/stack/glance/glance/api/middleware/version_negotiation.py:69}}
Jul 11 18:38:22 devstack devstack@g-api.service[77016]: DEBUG glance.api.middleware.version_negotiation [None req-1422fecd-ebbb-463e-80a1-122ce55f9c5d tempest-ServerRescueNegativeTestJSON-1334294004 tempest-ServerRescueNegativeTestJSON-1334294004-project-member] new path /v2/images/7016bfdd-2d92-4c05-bebe-d2bb20b14820 {{(pid=77016) process_request /opt/stack/glance/glance/api/middleware/version_negotiation.py:70}}
Jul 11 18:38:22 devstack devstack@g-api.service[77016]: [pid: 77016|app: 0|req: 10/18] 127.0.0.1 () {42 vars in 1058 bytes} [Sat Jul 11 18:38:22 2026] GET /v2/images/7016bfdd-2d92-4c05-bebe-d2bb20b14820 => generated 976 bytes in 33 msecs (HTTP/1.1 200) 4 headers in 157 bytes (1 switches on core 0)
Jul 11 18:38:22 devstack devstack@g-api.service[77015]: DEBUG glance.api.middleware.version_negotiation [None req-1422fecd-ebbb-463e-80a1-122ce55f9c5d tempest-ServerRescueNegativeTestJSON-1334294004 tempest-ServerRescueNegativeTestJSON-1334294004-project-member] Determining version of request: GET /v2/images/7016bfdd-2d92-4c05-bebe-d2bb20b14820/file Accept: */* {{(pid=77015) process_request /opt/stack/glance/glance/api/middleware/version_negotiation.py:44}}
Jul 11 18:38:22 devstack devstack@g-api.service[77015]: DEBUG glance.api.middleware.version_negotiation [None req-1422fecd-ebbb-463e-80a1-122ce55f9c5d tempest-ServerRescueNegativeTestJSON-1334294004 tempest-ServerRescueNegativeTestJSON-1334294004-project-member] Using url versioning {{(pid=77015) process_request /opt/stack/glance/glance/api/middleware/version_negotiation.py:57}}
Jul 11 18:38:22 devstack devstack@g-api.service[77015]: DEBUG glance.api.middleware.version_negotiation [None req-1422fecd-ebbb-463e-80a1-122ce55f9c5d tempest-ServerRescueNegativeTestJSON-1334294004 tempest-ServerRescueNegativeTestJSON-1334294004-project-member] Matched version: v2 {{(pid=77015) process_request /opt/stack/glance/glance/api/middleware/version_negotiation.py:69}}
Jul 11 18:38:22 devstack devstack@g-api.service[77015]: DEBUG glance.api.middleware.version_negotiation [None req-1422fecd-ebbb-463e-80a1-122ce55f9c5d tempest-ServerRescueNegativeTestJSON-1334294004 tempest-ServerRescueNegativeTestJSON-1334294004-project-member] new path /v2/images/7016bfdd-2d92-4c05-bebe-d2bb20b14820/file {{(pid=77015) process_request /opt/stack/glance/glance/api/middleware/version_negotiation.py:70}}
Jul 11 18:38:22 devstack devstack@g-api.service[77015]: DEBUG glance_store._drivers.filesystem [None req-b7297e23-ee50-4abf-9354-3a129d2cf2a2 tempest-ServerRescueNegativeTestJSON-1334294004 tempest-ServerRescueNegativeTestJSON-1334294004-project-member] Found image at /opt/stack/data/glance/images/7016bfdd-2d92-4c05-bebe-d2bb20b14820. Returning in ChunkedFile. {{(pid=77015) get /opt/stack/data/venv/lib/python3.12/site-packages/glance_store/_drivers/filesystem.py:724}}
Jul 11 18:38:22 devstack devstack@g-api.service[77015]: DEBUG glance.image_cache [None req-b7297e23-ee50-4abf-9354-3a129d2cf2a2 tempest-ServerRescueNegativeTestJSON-1334294004 tempest-ServerRescueNegativeTestJSON-1334294004-project-member] Tee'ing image '7016bfdd-2d92-4c05-bebe-d2bb20b14820' into cache {{(pid=77015) get_caching_iter /opt/stack/glance/glance/image_cache/__init__.py:356}}
Jul 11 18:38:23 devstack devstack@g-api.service[77015]: DEBUG glance.image_cache.drivers.centralized_db [None req-b7297e23-ee50-4abf-9354-3a129d2cf2a2 tempest-ServerRescueNegativeTestJSON-1334294004 tempest-ServerRescueNegativeTestJSON-1334294004-project-member] Fetch finished, moving '/opt/stack/data/glance/cache/incomplete/7016bfdd-2d92-4c05-bebe-d2bb20b14820' to '/opt/stack/data/glance/cache/7016bfdd-2d92-4c05-bebe-d2bb20b14820' {{(pid=77015) commit /opt/stack/glance/glance/image_cache/drivers/centralized_db.py:243}}
Jul 11 18:38:23 devstack devstack@g-api.service[77015]: DEBUG glance.image_cache.drivers.centralized_db [None req-b7297e23-ee50-4abf-9354-3a129d2cf2a2 tempest-ServerRescueNegativeTestJSON-1334294004 tempest-ServerRescueNegativeTestJSON-1334294004-project-member] Image cached successfully. {{(pid=77015) commit /opt/stack/glance/glance/image_cache/drivers/centralized_db.py:258}}
Jul 11 18:38:23 devstack devstack@g-api.service[77015]: [pid: 77015|app: 0|req: 9/19] 127.0.0.1 () {42 vars in 1068 bytes} [Sat Jul 11 18:38:22 2026] GET /v2/images/7016bfdd-2d92-4c05-bebe-d2bb20b14820/file => generated 21692416 bytes in 595 msecs (HTTP/1.1 200) 4 headers in 191 bytes (337 switches on core 0)
Jul 11 18:38:23 devstack devstack@g-api.service[77016]: DEBUG glance.api.middleware.version_negotiation [None req-b7297e23-ee50-4abf-9354-3a129d2cf2a2 tempest-ServerRescueNegativeTestJSON-1334294004 tempest-ServerRescueNegativeTestJSON-1334294004-project-member] Determining version of request: GET /v2/images/7016bfdd-2d92-4c05-bebe-d2bb20b14820 Accept: */* {{(pid=77016) process_request /opt/stack/glance/glance/api/middleware/version_negotiation.py:44}}
Jul 11 18:38:23 devstack devstack@g-api.service[77016]: DEBUG glance.api.middleware.version_negotiation [None req-b7297e23-ee50-4abf-9354-3a129d2cf2a2 tempest-ServerRescueNegativeTestJSON-1334294004 tempest-ServerRescueNegativeTestJSON-1334294004-project-member] Using url versioning {{(pid=77016) process_request /opt/stack/glance/glance/api/middleware/version_negotiation.py:57}}
Jul 11 18:38:23 devstack devstack@g-api.service[77016]: DEBUG glance.api.middleware.version_negotiation [None req-b7297e23-ee50-4abf-9354-3a129d2cf2a2 tempest-ServerRescueNegativeTestJSON-1334294004 tempest-ServerRescueNegativeTestJSON-1334294004-project-member] Matched version: v2 {{(pid=77016) process_request /opt/stack/glance/glance/api/middleware/version_negotiation.py:69}}
Jul 11 18:38:23 devstack devstack@g-api.service[77016]: DEBUG glance.api.middleware.version_negotiation [None req-b7297e23-ee50-4abf-9354-3a129d2cf2a2 tempest-ServerRescueNegativeTestJSON-1334294004 tempest-ServerRescueNegativeTestJSON-1334294004-project-member] new path /v2/images/7016bfdd-2d92-4c05-bebe-d2bb20b14820 {{(pid=77016) process_request /opt/stack/glance/glance/api/middleware/version_negotiation.py:70}}
Jul 11 18:38:23 devstack devstack@g-api.service[77016]: [pid: 77016|app: 0|req: 11/20] 127.0.0.1 () {42 vars in 1058 bytes} [Sat Jul 11 18:38:23 2026] GET /v2/images/7016bfdd-2d92-4c05-bebe-d2bb20b14820 => generated 976 bytes in 36 msecs (HTTP/1.1 200) 4 headers in 157 bytes (1 switches on core 0)
Jul 11 18:38:23 devstack devstack@g-api.service[77015]: DEBUG glance.api.middleware.version_negotiation [None req-b7297e23-ee50-4abf-9354-3a129d2cf2a2 tempest-ServerRescueNegativeTestJSON-1334294004 tempest-ServerRescueNegativeTestJSON-1334294004-project-member] Determining version of request: GET /v2/schemas/image Accept: */* {{(pid=77015) process_request /opt/stack/glance/glance/api/middleware/version_negotiation.py:44}}
Jul 11 18:38:23 devstack devstack@g-api.service[77015]: DEBUG glance.api.middleware.version_negotiation [None req-b7297e23-ee50-4abf-9354-3a129d2cf2a2 tempest-ServerRescueNegativeTestJSON-1334294004 tempest-ServerRescueNegativeTestJSON-1334294004-project-member] Using url versioning {{(pid=77015) process_request /opt/stack/glance/glance/api/middleware/version_negotiation.py:57}}
Jul 11 18:38:23 devstack devstack@g-api.service[77015]: DEBUG glance.api.middleware.version_negotiation [None req-b7297e23-ee50-4abf-9354-3a129d2cf2a2 tempest-ServerRescueNegativeTestJSON-1334294004 tempest-ServerRescueNegativeTestJSON-1334294004-project-member] Matched version: v2 {{(pid=77015) process_request /opt/stack/glance/glance/api/middleware/version_negotiation.py:69}}
Jul 11 18:38:23 devstack devstack@g-api.service[77015]: DEBUG glance.api.middleware.version_negotiation [None req-b7297e23-ee50-4abf-9354-3a129d2cf2a2 tempest-ServerRescueNegativeTestJSON-1334294004 tempest-ServerRescueNegativeTestJSON-1334294004-project-member] new path /v2/schemas/image {{(pid=77015) process_request /opt/stack/glance/glance/api/middleware/version_negotiation.py:70}}
Jul 11 18:38:23 devstack devstack@g-api.service[77015]: [pid: 77015|app: 0|req: 10/21] 127.0.0.1 () {42 vars in 998 bytes} [Sat Jul 11 18:38:23 2026] GET /v2/schemas/image => generated 6083 bytes in 8 msecs (HTTP/1.1 200) 4 headers in 158 bytes (1 switches on core 0)
Jul 11 18:38:33 devstack devstack@g-api.service[77015]: DEBUG dbcounter [-] [77015] Writing DB stats glance:SELECT=5,glance:INSERT=1 {{(pid=77015) stat_writer /opt/stack/data/venv/lib/python3.12/site-packages/dbcounter.py:115}}
Jul 11 18:38:33 devstack devstack@g-api.service[77016]: DEBUG dbcounter [-] [77016] Writing DB stats glance:SELECT=8 {{(pid=77016) stat_writer /opt/stack/data/venv/lib/python3.12/site-packages/dbcounter.py:115}}
Jul 11 18:39:03 devstack devstack@g-api.service[77016]: DEBUG glance.api.middleware.version_negotiation [None req-b7297e23-ee50-4abf-9354-3a129d2cf2a2 tempest-ServerRescueNegativeTestJSON-1334294004 tempest-ServerRescueNegativeTestJSON-1334294004-project-member] Determining version of request: GET /v2/images/7016bfdd-2d92-4c05-bebe-d2bb20b14820 Accept: */* {{(pid=77016) process_request /opt/stack/glance/glance/api/middleware/version_negotiation.py:44}}
Jul 11 18:39:03 devstack devstack@g-api.service[77016]: DEBUG glance.api.middleware.version_negotiation [None req-b7297e23-ee50-4abf-9354-3a129d2cf2a2 tempest-ServerRescueNegativeTestJSON-1334294004 tempest-ServerRescueNegativeTestJSON-1334294004-project-member] Using url versioning {{(pid=77016) process_request /opt/stack/glance/glance/api/middleware/version_negotiation.py:57}}
Jul 11 18:39:03 devstack devstack@g-api.service[77016]: DEBUG glance.api.middleware.version_negotiation [None req-b7297e23-ee50-4abf-9354-3a129d2cf2a2 tempest-ServerRescueNegativeTestJSON-1334294004 tempest-ServerRescueNegativeTestJSON-1334294004-project-member] Matched version: v2 {{(pid=77016) process_request /opt/stack/glance/glance/api/middleware/version_negotiation.py:69}}
Jul 11 18:39:03 devstack devstack@g-api.service[77016]: DEBUG glance.api.middleware.version_negotiation [None req-b7297e23-ee50-4abf-9354-3a129d2cf2a2 tempest-ServerRescueNegativeTestJSON-1334294004 tempest-ServerRescueNegativeTestJSON-1334294004-project-member] new path /v2/images/7016bfdd-2d92-4c05-bebe-d2bb20b14820 {{(pid=77016) process_request /opt/stack/glance/glance/api/middleware/version_negotiation.py:70}}
Jul 11 18:39:03 devstack devstack@g-api.service[77015]: DEBUG glance.api.middleware.version_negotiation [None req-b7297e23-ee50-4abf-9354-3a129d2cf2a2 tempest-ServerRescueNegativeTestJSON-1334294004 tempest-ServerRescueNegativeTestJSON-1334294004-project-member] Determining version of request: GET /v2/images/7016bfdd-2d92-4c05-bebe-d2bb20b14820 Accept: */* {{(pid=77015) process_request /opt/stack/glance/glance/api/middleware/version_negotiation.py:44}}
Jul 11 18:39:03 devstack devstack@g-api.service[77015]: DEBUG glance.api.middleware.version_negotiation [None req-b7297e23-ee50-4abf-9354-3a129d2cf2a2 tempest-ServerRescueNegativeTestJSON-1334294004 tempest-ServerRescueNegativeTestJSON-1334294004-project-member] Using url versioning {{(pid=77015) process_request /opt/stack/glance/glance/api/middleware/version_negotiation.py:57}}
Jul 11 18:39:03 devstack devstack@g-api.service[77015]: DEBUG glance.api.middleware.version_negotiation [None req-b7297e23-ee50-4abf-9354-3a129d2cf2a2 tempest-ServerRescueNegativeTestJSON-1334294004 tempest-ServerRescueNegativeTestJSON-1334294004-project-member] Matched version: v2 {{(pid=77015) process_request /opt/stack/glance/glance/api/middleware/version_negotiation.py:69}}
Jul 11 18:39:03 devstack devstack@g-api.service[77015]: DEBUG glance.api.middleware.version_negotiation [None req-b7297e23-ee50-4abf-9354-3a129d2cf2a2 tempest-ServerRescueNegativeTestJSON-1334294004 tempest-ServerRescueNegativeTestJSON-1334294004-project-member] new path /v2/images/7016bfdd-2d92-4c05-bebe-d2bb20b14820 {{(pid=77015) process_request /opt/stack/glance/glance/api/middleware/version_negotiation.py:70}}
Jul 11 18:39:03 devstack devstack@g-api.service[77016]: [pid: 77016|app: 0|req: 12/22] 127.0.0.1 () {42 vars in 1058 bytes} [Sat Jul 11 18:39:03 2026] GET /v2/images/7016bfdd-2d92-4c05-bebe-d2bb20b14820 => generated 976 bytes in 61 msecs (HTTP/1.1 200) 4 headers in 157 bytes (1 switches on core 0)
Jul 11 18:39:03 devstack devstack@g-api.service[77015]: [pid: 77015|app: 0|req: 11/23] 127.0.0.1 () {42 vars in 1058 bytes} [Sat Jul 11 18:39:03 2026] GET /v2/images/7016bfdd-2d92-4c05-bebe-d2bb20b14820 => generated 976 bytes in 76 msecs (HTTP/1.1 200) 4 headers in 157 bytes (1 switches on core 0)
Jul 11 18:39:03 devstack devstack@g-api.service[77016]: DEBUG glance.api.middleware.version_negotiation [None req-8d8139da-56b8-425f-bef1-b9ce91c2b80a tempest-VolumesAdminNegativeTest-1566108849 tempest-VolumesAdminNegativeTest-1566108849-project-member] Determining version of request: GET /v2/schemas/image Accept: */* {{(pid=77016) process_request /opt/stack/glance/glance/api/middleware/version_negotiation.py:44}}
Jul 11 18:39:03 devstack devstack@g-api.service[77016]: DEBUG glance.api.middleware.version_negotiation [None req-8d8139da-56b8-425f-bef1-b9ce91c2b80a tempest-VolumesAdminNegativeTest-1566108849 tempest-VolumesAdminNegativeTest-1566108849-project-member] Using url versioning {{(pid=77016) process_request /opt/stack/glance/glance/api/middleware/version_negotiation.py:57}}
Jul 11 18:39:03 devstack devstack@g-api.service[77016]: DEBUG glance.api.middleware.version_negotiation [None req-8d8139da-56b8-425f-bef1-b9ce91c2b80a tempest-VolumesAdminNegativeTest-1566108849 tempest-VolumesAdminNegativeTest-1566108849-project-member] Matched version: v2 {{(pid=77016) process_request /opt/stack/glance/glance/api/middleware/version_negotiation.py:69}}
Jul 11 18:39:03 devstack devstack@g-api.service[77016]: DEBUG glance.api.middleware.version_negotiation [None req-8d8139da-56b8-425f-bef1-b9ce91c2b80a tempest-VolumesAdminNegativeTest-1566108849 tempest-VolumesAdminNegativeTest-1566108849-project-member] new path /v2/schemas/image {{(pid=77016) process_request /opt/stack/glance/glance/api/middleware/version_negotiation.py:70}}
Jul 11 18:39:03 devstack devstack@g-api.service[77016]: [pid: 77016|app: 0|req: 13/24] 127.0.0.1 () {42 vars in 998 bytes} [Sat Jul 11 18:39:03 2026] GET /v2/schemas/image => generated 6083 bytes in 8 msecs (HTTP/1.1 200) 4 headers in 158 bytes (1 switches on core 0)
Jul 11 18:39:03 devstack devstack@g-api.service[77015]: DEBUG glance.api.middleware.version_negotiation [None req-b9fe5ae9-c259-46e1-bbb1-82cc243777d2 tempest-ServerRescueNegativeTestJSON-1334294004 tempest-ServerRescueNegativeTestJSON-1334294004-project-member] Determining version of request: GET /v2/schemas/image Accept: */* {{(pid=77015) process_request /opt/stack/glance/glance/api/middleware/version_negotiation.py:44}}
Jul 11 18:39:03 devstack devstack@g-api.service[77015]: DEBUG glance.api.middleware.version_negotiation [None req-b9fe5ae9-c259-46e1-bbb1-82cc243777d2 tempest-ServerRescueNegativeTestJSON-1334294004 tempest-ServerRescueNegativeTestJSON-1334294004-project-member] Using url versioning {{(pid=77015) process_request /opt/stack/glance/glance/api/middleware/version_negotiation.py:57}}
Jul 11 18:39:03 devstack devstack@g-api.service[77015]: DEBUG glance.api.middleware.version_negotiation [None req-b9fe5ae9-c259-46e1-bbb1-82cc243777d2 tempest-ServerRescueNegativeTestJSON-1334294004 tempest-ServerRescueNegativeTestJSON-1334294004-project-member] Matched version: v2 {{(pid=77015) process_request /opt/stack/glance/glance/api/middleware/version_negotiation.py:69}}
