Jan 27 09:13:44 devstack cinder-volume[83020]: DEBUG oslo_concurrency.processutils [None req-ba6650c3-0c1f-446c-af24-bec230148864 tempest-SnapshotsActionsTest-120950900 None] Running cmd (subprocess): sudo cinder-rootwrap /etc/cinder/rootwrap.conf qemu-img rebase -u -b volume-b1417e2c-f2bd-4a1c-8b8f-5c2b3f66b238.d1743766-9fe6-4c63-8708-c6e6185fa3fb -F qcow2 /opt/stack/data/cinder/mnt/9663142ae19a3004514de2a364d1acc5/volume-b1417e2c-f2bd-4a1c-8b8f-5c2b3f66b238.3e37c714-a8b2-4eac-b26b-3c683eb40b79 {{(pid=83020) execute /opt/stack/data/venv/lib/python3.10/site-packages/oslo_concurrency/processutils.py:349}}
Jan 27 09:13:44 devstack sudo[90699]: quobyte : PWD=/ ; USER=root ; COMMAND=/opt/stack/data/venv/bin/cinder-rootwrap /etc/cinder/rootwrap.conf qemu-img rebase -u -b volume-b1417e2c-f2bd-4a1c-8b8f-5c2b3f66b238.d1743766-9fe6-4c63-8708-c6e6185fa3fb -F qcow2 /opt/stack/data/cinder/mnt/9663142ae19a3004514de2a364d1acc5/volume-b1417e2c-f2bd-4a1c-8b8f-5c2b3f66b238.3e37c714-a8b2-4eac-b26b-3c683eb40b79
Jan 27 09:13:44 devstack sudo[90699]: pam_unix(sudo:session): session opened for user root(uid=0) by (uid=1000)
Jan 27 09:13:45 devstack sudo[90699]: pam_unix(sudo:session): session closed for user root
Jan 27 09:13:45 devstack cinder-volume[83020]: DEBUG oslo_concurrency.processutils [None req-ba6650c3-0c1f-446c-af24-bec230148864 tempest-SnapshotsActionsTest-120950900 None] CMD "sudo cinder-rootwrap /etc/cinder/rootwrap.conf qemu-img rebase -u -b volume-b1417e2c-f2bd-4a1c-8b8f-5c2b3f66b238.d1743766-9fe6-4c63-8708-c6e6185fa3fb -F qcow2 /opt/stack/data/cinder/mnt/9663142ae19a3004514de2a364d1acc5/volume-b1417e2c-f2bd-4a1c-8b8f-5c2b3f66b238.3e37c714-a8b2-4eac-b26b-3c683eb40b79" returned: 0 in 0.487s {{(pid=83020) execute /opt/stack/data/venv/lib/python3.10/site-packages/oslo_concurrency/processutils.py:372}}
Jan 27 09:13:45 devstack cinder-volume[83020]: WARNING cinder.volume.drivers.remotefs [None req-ba6650c3-0c1f-446c-af24-bec230148864 tempest-SnapshotsActionsTest-120950900 None] /opt/stack/data/cinder/mnt/9663142ae19a3004514de2a364d1acc5/volume-b1417e2c-f2bd-4a1c-8b8f-5c2b3f66b238.3e37c714-a8b2-4eac-b26b-3c683eb40b79 is being set with open permissions: ugo+rw
Jan 27 09:13:45 devstack cinder-volume[83020]: DEBUG oslo_concurrency.processutils [None req-ba6650c3-0c1f-446c-af24-bec230148864 tempest-SnapshotsActionsTest-120950900 None] Running cmd (subprocess): sudo cinder-rootwrap /etc/cinder/rootwrap.conf chmod ugo+rw /opt/stack/data/cinder/mnt/9663142ae19a3004514de2a364d1acc5/volume-b1417e2c-f2bd-4a1c-8b8f-5c2b3f66b238.3e37c714-a8b2-4eac-b26b-3c683eb40b79 {{(pid=83020) execute /opt/stack/data/venv/lib/python3.10/site-packages/oslo_concurrency/processutils.py:349}}
Jan 27 09:13:45 devstack sudo[90704]: quobyte : PWD=/ ; USER=root ; COMMAND=/opt/stack/data/venv/bin/cinder-rootwrap /etc/cinder/rootwrap.conf chmod ugo+rw /opt/stack/data/cinder/mnt/9663142ae19a3004514de2a364d1acc5/volume-b1417e2c-f2bd-4a1c-8b8f-5c2b3f66b238.3e37c714-a8b2-4eac-b26b-3c683eb40b79
Jan 27 09:13:45 devstack sudo[90704]: pam_unix(sudo:session): session opened for user root(uid=0) by (uid=1000)
Jan 27 09:13:45 devstack sudo[90704]: pam_unix(sudo:session): session closed for user root
Jan 27 09:13:45 devstack cinder-volume[83020]: DEBUG oslo_concurrency.processutils [None req-ba6650c3-0c1f-446c-af24-bec230148864 tempest-SnapshotsActionsTest-120950900 None] CMD "sudo cinder-rootwrap /etc/cinder/rootwrap.conf chmod ugo+rw /opt/stack/data/cinder/mnt/9663142ae19a3004514de2a364d1acc5/volume-b1417e2c-f2bd-4a1c-8b8f-5c2b3f66b238.3e37c714-a8b2-4eac-b26b-3c683eb40b79" returned: 0 in 0.462s {{(pid=83020) execute /opt/stack/data/venv/lib/python3.10/site-packages/oslo_concurrency/processutils.py:372}}
Jan 27 09:13:45 devstack cinder-volume[83020]: DEBUG oslo_concurrency.lockutils [None req-ba6650c3-0c1f-446c-af24-bec230148864 tempest-SnapshotsActionsTest-120950900 None] Lock "quobyte" "released" by "cinder.volume.drivers.quobyte.QuobyteDriver.create_snapshot" :: held 2.229s {{(pid=83020) inner /opt/stack/data/venv/lib/python3.10/site-packages/oslo_concurrency/lockutils.py:424}}
Jan 27 09:13:45 devstack cinder-volume[83020]: INFO cinder.volume.manager [None req-ba6650c3-0c1f-446c-af24-bec230148864 tempest-SnapshotsActionsTest-120950900 None] Create snapshot completed successfully
Jan 27 09:13:46 devstack cinder-volume[83020]: DEBUG cinder.coordination [None req-dd646a04-46c2-4f99-9b70-d9fe024110fe tempest-SnapshotsActionsTest-1907286129 None] Acquiring lock "cinder-3e37c714-a8b2-4eac-b26b-3c683eb40b79-delete_snapshot" by "delete_snapshot" {{(pid=83020) __acquire /opt/stack/cinder/cinder/coordination.py:143}}
Jan 27 09:13:46 devstack cinder-volume[83020]: DEBUG cinder.coordination [None req-dd646a04-46c2-4f99-9b70-d9fe024110fe tempest-SnapshotsActionsTest-1907286129 None] Lock "cinder-3e37c714-a8b2-4eac-b26b-3c683eb40b79-delete_snapshot" acquired by "delete_snapshot" :: waited 0.011s {{(pid=83020) __acquire /opt/stack/cinder/cinder/coordination.py:146}}
Jan 27 09:13:46 devstack cinder-volume[83020]: WARNING cinder.volume.volume_utils [None req-dd646a04-46c2-4f99-9b70-d9fe024110fe tempest-SnapshotsActionsTest-1907286129 None] Volume driver (QuobyteDriver 1.1.13) is currently unsupported and may be removed in the next release of OpenStack. Use at your own risk.
Jan 27 09:13:46 devstack cinder-volume[83020]: DEBUG cinder.coordination [None req-dd646a04-46c2-4f99-9b70-d9fe024110fe tempest-SnapshotsActionsTest-1907286129 None] Acquiring lock "cinder-quobyte-b1417e2c-f2bd-4a1c-8b8f-5c2b3f66b238" by "delete_snapshot" {{(pid=83020) __acquire /opt/stack/cinder/cinder/coordination.py:143}}
Jan 27 09:13:46 devstack cinder-volume[83020]: DEBUG cinder.coordination [None req-dd646a04-46c2-4f99-9b70-d9fe024110fe tempest-SnapshotsActionsTest-1907286129 None] Lock "cinder-quobyte-b1417e2c-f2bd-4a1c-8b8f-5c2b3f66b238" acquired by "delete_snapshot" :: waited 0.008s {{(pid=83020) __acquire /opt/stack/cinder/cinder/coordination.py:146}}
Jan 27 09:13:46 devstack cinder-volume[83020]: DEBUG cinder.coordination [None req-dd646a04-46c2-4f99-9b70-d9fe024110fe tempest-SnapshotsActionsTest-1907286129 None] Acquiring lock "cinder-quobyte-3e37c714-a8b2-4eac-b26b-3c683eb40b79" by "_delete_snapshot" {{(pid=83020) __acquire /opt/stack/cinder/cinder/coordination.py:143}}
Jan 27 09:13:46 devstack cinder-volume[83020]: DEBUG cinder.coordination [None req-dd646a04-46c2-4f99-9b70-d9fe024110fe tempest-SnapshotsActionsTest-1907286129 None] Lock "cinder-quobyte-3e37c714-a8b2-4eac-b26b-3c683eb40b79" acquired by "_delete_snapshot" :: waited 0.012s {{(pid=83020) __acquire /opt/stack/cinder/cinder/coordination.py:146}}
Jan 27 09:13:46 devstack cinder-volume[83020]: DEBUG cinder.volume.drivers.remotefs [None req-dd646a04-46c2-4f99-9b70-d9fe024110fe tempest-SnapshotsActionsTest-1907286129 None] Deleting offline snapshot 3e37c714-a8b2-4eac-b26b-3c683eb40b79 of volume b1417e2c-f2bd-4a1c-8b8f-5c2b3f66b238 {{(pid=83020) _delete_snapshot /opt/stack/cinder/cinder/volume/drivers/remotefs.py:1290}}
Jan 27 09:13:46 devstack cinder-volume[83020]: DEBUG cinder.volume.drivers.remotefs [None req-dd646a04-46c2-4f99-9b70-d9fe024110fe tempest-SnapshotsActionsTest-1907286129 None] snapshot_file for this snap is: volume-b1417e2c-f2bd-4a1c-8b8f-5c2b3f66b238.3e37c714-a8b2-4eac-b26b-3c683eb40b79 {{(pid=83020) _delete_snapshot /opt/stack/cinder/cinder/volume/drivers/remotefs.py:1319}}
Jan 27 09:13:46 devstack cinder-volume[83020]: DEBUG oslo.privsep.daemon [-] privsep: reply[83a076a1-5f7a-4750-839b-d25dfe948aa0]: (4, 'qcow2') {{(pid=83775) _call_back /opt/stack/data/venv/lib/python3.10/site-packages/oslo_privsep/daemon.py:515}}
Jan 27 09:13:46 devstack cinder-volume[83020]: DEBUG oslo_concurrency.processutils [None req-dd646a04-46c2-4f99-9b70-d9fe024110fe tempest-SnapshotsActionsTest-1907286129 None] Running cmd (subprocess): /opt/stack/data/venv/bin/python3.10 -m oslo_concurrency.prlimit --as=1073741824 --cpu=60 -- sudo cinder-rootwrap /etc/cinder/rootwrap.conf env LC_ALL=C qemu-img info -f qcow2 --output=json --force-share /opt/stack/data/cinder/mnt/9663142ae19a3004514de2a364d1acc5/volume-b1417e2c-f2bd-4a1c-8b8f-5c2b3f66b238.3e37c714-a8b2-4eac-b26b-3c683eb40b79 {{(pid=83020) execute /opt/stack/data/venv/lib/python3.10/site-packages/oslo_concurrency/processutils.py:349}}
Jan 27 09:13:46 devstack sudo[90707]: quobyte : PWD=/ ; USER=root ; COMMAND=/opt/stack/data/venv/bin/cinder-rootwrap /etc/cinder/rootwrap.conf env LC_ALL=C qemu-img info -f qcow2 --output=json --force-share /opt/stack/data/cinder/mnt/9663142ae19a3004514de2a364d1acc5/volume-b1417e2c-f2bd-4a1c-8b8f-5c2b3f66b238.3e37c714-a8b2-4eac-b26b-3c683eb40b79
Jan 27 09:13:46 devstack sudo[90707]: pam_unix(sudo:session): session opened for user root(uid=0) by (uid=1000)
Jan 27 09:13:46 devstack sudo[90707]: pam_unix(sudo:session): session closed for user root
Jan 27 09:13:46 devstack cinder-volume[83020]: DEBUG oslo_concurrency.processutils [None req-dd646a04-46c2-4f99-9b70-d9fe024110fe tempest-SnapshotsActionsTest-1907286129 None] CMD "/opt/stack/data/venv/bin/python3.10 -m oslo_concurrency.prlimit --as=1073741824 --cpu=60 -- sudo cinder-rootwrap /etc/cinder/rootwrap.conf env LC_ALL=C qemu-img info -f qcow2 --output=json --force-share /opt/stack/data/cinder/mnt/9663142ae19a3004514de2a364d1acc5/volume-b1417e2c-f2bd-4a1c-8b8f-5c2b3f66b238.3e37c714-a8b2-4eac-b26b-3c683eb40b79" returned: 0 in 0.716s {{(pid=83020) execute /opt/stack/data/venv/lib/python3.10/site-packages/oslo_concurrency/processutils.py:372}}
Jan 27 09:13:46 devstack cinder-volume[83020]: DEBUG cinder.volume.drivers.remotefs [None req-dd646a04-46c2-4f99-9b70-d9fe024110fe tempest-SnapshotsActionsTest-1907286129 None] Fetching qemu-img info with special backing_file_template: (/opt/stack/data/cinder/mnt/[0-9a-f]+/)?(volume-b1417e2c-f2bd-4a1c-8b8f-5c2b3f66b238(.(tmp-snap-)?[0-9a-f-]+)?|volume_from_snapshot_cache/(tmp-snap-)?[0-9a-f-]+(.(child-|parent-)[0-9a-f-]+)?)$ {{(pid=83020) _qemu_img_info_base /opt/stack/cinder/cinder/volume/drivers/remotefs.py:898}}
Jan 27 09:13:46 devstack cinder-volume[83020]: DEBUG oslo.privsep.daemon [-] privsep: reply[5e1dfafd-9190-4731-8223-a5ea5d7aa238]: (4, 'qcow2') {{(pid=83775) _call_back /opt/stack/data/venv/lib/python3.10/site-packages/oslo_privsep/daemon.py:515}}
Jan 27 09:13:46 devstack cinder-volume[83020]: DEBUG oslo_concurrency.processutils [None req-dd646a04-46c2-4f99-9b70-d9fe024110fe tempest-SnapshotsActionsTest-1907286129 None] Running cmd (subprocess): /opt/stack/data/venv/bin/python3.10 -m oslo_concurrency.prlimit --as=1073741824 --cpu=60 -- sudo cinder-rootwrap /etc/cinder/rootwrap.conf env LC_ALL=C qemu-img info -f qcow2 --output=json --force-share /opt/stack/data/cinder/mnt/9663142ae19a3004514de2a364d1acc5/volume-b1417e2c-f2bd-4a1c-8b8f-5c2b3f66b238.d1743766-9fe6-4c63-8708-c6e6185fa3fb {{(pid=83020) execute /opt/stack/data/venv/lib/python3.10/site-packages/oslo_concurrency/processutils.py:349}}
Jan 27 09:13:47 devstack sudo[90712]: quobyte : PWD=/ ; USER=root ; COMMAND=/opt/stack/data/venv/bin/cinder-rootwrap /etc/cinder/rootwrap.conf env LC_ALL=C qemu-img info -f qcow2 --output=json --force-share /opt/stack/data/cinder/mnt/9663142ae19a3004514de2a364d1acc5/volume-b1417e2c-f2bd-4a1c-8b8f-5c2b3f66b238.d1743766-9fe6-4c63-8708-c6e6185fa3fb
Jan 27 09:13:47 devstack sudo[90712]: pam_unix(sudo:session): session opened for user root(uid=0) by (uid=1000)
Jan 27 09:13:47 devstack cinder-volume[83020]: DEBUG oslo_concurrency.lockutils [req-2144b965-5f5f-46e3-9481-2f103561a7b3 req-c6d8bbf8-82b1-4e7c-9661-3abbfa45c6a1 tempest-AttachVolumeTestJSON-1995819744 None] Acquiring lock "quobyte" by "cinder.volume.drivers.quobyte.QuobyteDriver.initialize_connection" {{(pid=83020) inner /opt/stack/data/venv/lib/python3.10/site-packages/oslo_concurrency/lockutils.py:405}}
Jan 27 09:13:47 devstack cinder-volume[83020]: DEBUG oslo_concurrency.lockutils [req-2144b965-5f5f-46e3-9481-2f103561a7b3 req-c6d8bbf8-82b1-4e7c-9661-3abbfa45c6a1 tempest-AttachVolumeTestJSON-1995819744 None] Lock "quobyte" acquired by "cinder.volume.drivers.quobyte.QuobyteDriver.initialize_connection" :: waited 0.001s {{(pid=83020) inner /opt/stack/data/venv/lib/python3.10/site-packages/oslo_concurrency/lockutils.py:410}}
Jan 27 09:13:47 devstack cinder-volume[83020]: DEBUG oslo.privsep.daemon [-] privsep: reply[4ac2caff-ce7a-4ea4-b0c9-38667bf28d3d]: (4, 'qcow2') {{(pid=83775) _call_back /opt/stack/data/venv/lib/python3.10/site-packages/oslo_privsep/daemon.py:515}}
Jan 27 09:13:47 devstack cinder-volume[83020]: DEBUG oslo_concurrency.processutils [req-2144b965-5f5f-46e3-9481-2f103561a7b3 req-c6d8bbf8-82b1-4e7c-9661-3abbfa45c6a1 tempest-AttachVolumeTestJSON-1995819744 None] Running cmd (subprocess): /opt/stack/data/venv/bin/python3.10 -m oslo_concurrency.prlimit --as=1073741824 --cpu=60 -- sudo cinder-rootwrap /etc/cinder/rootwrap.conf env LC_ALL=C qemu-img info -f qcow2 --output=json --force-share /opt/stack/data/cinder/mnt/9663142ae19a3004514de2a364d1acc5/volume-7afcf53d-fe64-470c-87c7-46a008f0d223 {{(pid=83020) execute /opt/stack/data/venv/lib/python3.10/site-packages/oslo_concurrency/processutils.py:349}}
Jan 27 09:13:47 devstack sudo[90722]: quobyte : PWD=/ ; USER=root ; COMMAND=/opt/stack/data/venv/bin/cinder-rootwrap /etc/cinder/rootwrap.conf env LC_ALL=C qemu-img info -f qcow2 --output=json --force-share /opt/stack/data/cinder/mnt/9663142ae19a3004514de2a364d1acc5/volume-7afcf53d-fe64-470c-87c7-46a008f0d223
Jan 27 09:13:47 devstack sudo[90722]: pam_unix(sudo:session): session opened for user root(uid=0) by (uid=1000)
Jan 27 09:13:47 devstack sudo[90712]: pam_unix(sudo:session): session closed for user root
Jan 27 09:13:47 devstack cinder-volume[83020]: DEBUG oslo_concurrency.processutils [None req-dd646a04-46c2-4f99-9b70-d9fe024110fe tempest-SnapshotsActionsTest-1907286129 None] CMD "/opt/stack/data/venv/bin/python3.10 -m oslo_concurrency.prlimit --as=1073741824 --cpu=60 -- sudo cinder-rootwrap /etc/cinder/rootwrap.conf env LC_ALL=C qemu-img info -f qcow2 --output=json --force-share /opt/stack/data/cinder/mnt/9663142ae19a3004514de2a364d1acc5/volume-b1417e2c-f2bd-4a1c-8b8f-5c2b3f66b238.d1743766-9fe6-4c63-8708-c6e6185fa3fb" returned: 0 in 0.678s {{(pid=83020) execute /opt/stack/data/venv/lib/python3.10/site-packages/oslo_concurrency/processutils.py:372}}
Jan 27 09:13:47 devstack cinder-volume[83020]: DEBUG cinder.volume.drivers.remotefs [None req-dd646a04-46c2-4f99-9b70-d9fe024110fe tempest-SnapshotsActionsTest-1907286129 None] Fetching qemu-img info with special backing_file_template: (/opt/stack/data/cinder/mnt/[0-9a-f]+/)?(volume-b1417e2c-f2bd-4a1c-8b8f-5c2b3f66b238(.(tmp-snap-)?[0-9a-f-]+)?|volume_from_snapshot_cache/(tmp-snap-)?[0-9a-f-]+(.(child-|parent-)[0-9a-f-]+)?)$ {{(pid=83020) _qemu_img_info_base /opt/stack/cinder/cinder/volume/drivers/remotefs.py:898}}
Jan 27 09:13:47 devstack cinder-volume[83020]: DEBUG oslo_concurrency.processutils [None req-dd646a04-46c2-4f99-9b70-d9fe024110fe tempest-SnapshotsActionsTest-1907286129 None] Running cmd (subprocess): sudo cinder-rootwrap /etc/cinder/rootwrap.conf qemu-img commit -d /opt/stack/data/cinder/mnt/9663142ae19a3004514de2a364d1acc5/volume-b1417e2c-f2bd-4a1c-8b8f-5c2b3f66b238.3e37c714-a8b2-4eac-b26b-3c683eb40b79 {{(pid=83020) execute /opt/stack/data/venv/lib/python3.10/site-packages/oslo_concurrency/processutils.py:349}}
Jan 27 09:13:47 devstack sudo[90729]: quobyte : PWD=/ ; USER=root ; COMMAND=/opt/stack/data/venv/bin/cinder-rootwrap /etc/cinder/rootwrap.conf qemu-img commit -d /opt/stack/data/cinder/mnt/9663142ae19a3004514de2a364d1acc5/volume-b1417e2c-f2bd-4a1c-8b8f-5c2b3f66b238.3e37c714-a8b2-4eac-b26b-3c683eb40b79
Jan 27 09:13:47 devstack sudo[90729]: pam_unix(sudo:session): session opened for user root(uid=0) by (uid=1000)
Jan 27 09:13:48 devstack sudo[90722]: pam_unix(sudo:session): session closed for user root
Jan 27 09:13:48 devstack cinder-volume[83020]: DEBUG oslo_concurrency.processutils [req-2144b965-5f5f-46e3-9481-2f103561a7b3 req-c6d8bbf8-82b1-4e7c-9661-3abbfa45c6a1 tempest-AttachVolumeTestJSON-1995819744 None] CMD "/opt/stack/data/venv/bin/python3.10 -m oslo_concurrency.prlimit --as=1073741824 --cpu=60 -- sudo cinder-rootwrap /etc/cinder/rootwrap.conf env LC_ALL=C qemu-img info -f qcow2 --output=json --force-share /opt/stack/data/cinder/mnt/9663142ae19a3004514de2a364d1acc5/volume-7afcf53d-fe64-470c-87c7-46a008f0d223" returned: 0 in 0.733s {{(pid=83020) execute /opt/stack/data/venv/lib/python3.10/site-packages/oslo_concurrency/processutils.py:372}}
Jan 27 09:13:48 devstack cinder-volume[83020]: DEBUG oslo_concurrency.lockutils [req-2144b965-5f5f-46e3-9481-2f103561a7b3 req-c6d8bbf8-82b1-4e7c-9661-3abbfa45c6a1 tempest-AttachVolumeTestJSON-1995819744 None] Lock "quobyte" "released" by "cinder.volume.drivers.quobyte.QuobyteDriver.initialize_connection" :: held 0.744s {{(pid=83020) inner /opt/stack/data/venv/lib/python3.10/site-packages/oslo_concurrency/lockutils.py:424}}
Jan 27 09:13:48 devstack cinder-volume[83020]: DEBUG cinder.volume.manager [req-2144b965-5f5f-46e3-9481-2f103561a7b3 req-c6d8bbf8-82b1-4e7c-9661-3abbfa45c6a1 tempest-AttachVolumeTestJSON-1995819744 None] Connection info returned from driver {'export': 'osci02.corp.quobyte.com/cinder-vol-f23024ee-a5da-47e3-8ead-ae4c1fc0a564', 'name': 'volume-7afcf53d-fe64-470c-87c7-46a008f0d223', 'options': None, 'format': 'qcow2', 'qos_specs': None, 'access_mode': 'rw', 'encrypted': False, 'cacheable': False, 'driver_volume_type': 'quobyte', 'mount_point_base': '/opt/stack/data/cinder/mnt', 'attachment_id': 'a8d67bc9-6e1a-4eb5-be58-9b83245910c8', 'enforce_multipath': True} {{(pid=83020) _connection_create /opt/stack/cinder/cinder/volume/manager.py:4893}}
Jan 27 09:13:48 devstack cinder-volume[83020]: WARNING cinder.volume.volume_utils [req-2144b965-5f5f-46e3-9481-2f103561a7b3 req-c6d8bbf8-82b1-4e7c-9661-3abbfa45c6a1 tempest-AttachVolumeTestJSON-1995819744 None] Volume driver (QuobyteDriver 1.1.13) is currently unsupported and may be removed in the next release of OpenStack. Use at your own risk.
Jan 27 09:13:48 devstack cinder-volume[83020]: INFO cinder.volume.manager [req-2144b965-5f5f-46e3-9481-2f103561a7b3 req-c6d8bbf8-82b1-4e7c-9661-3abbfa45c6a1 tempest-AttachVolumeTestJSON-1995819744 None] attachment_update completed successfully.
Jan 27 09:13:48 devstack sudo[90729]: pam_unix(sudo:session): session closed for user root
Jan 27 09:13:48 devstack cinder-volume[83020]: DEBUG oslo_concurrency.processutils [None req-dd646a04-46c2-4f99-9b70-d9fe024110fe tempest-SnapshotsActionsTest-1907286129 None] CMD "sudo cinder-rootwrap /etc/cinder/rootwrap.conf qemu-img commit -d /opt/stack/data/cinder/mnt/9663142ae19a3004514de2a364d1acc5/volume-b1417e2c-f2bd-4a1c-8b8f-5c2b3f66b238.3e37c714-a8b2-4eac-b26b-3c683eb40b79" returned: 0 in 0.753s {{(pid=83020) execute /opt/stack/data/venv/lib/python3.10/site-packages/oslo_concurrency/processutils.py:372}}
Jan 27 09:13:48 devstack cinder-volume[83020]: DEBUG oslo_concurrency.processutils [None req-dd646a04-46c2-4f99-9b70-d9fe024110fe tempest-SnapshotsActionsTest-1907286129 None] Running cmd (subprocess): sudo cinder-rootwrap /etc/cinder/rootwrap.conf rm -f /opt/stack/data/cinder/mnt/9663142ae19a3004514de2a364d1acc5/volume-b1417e2c-f2bd-4a1c-8b8f-5c2b3f66b238.3e37c714-a8b2-4eac-b26b-3c683eb40b79 {{(pid=83020) execute /opt/stack/data/venv/lib/python3.10/site-packages/oslo_concurrency/processutils.py:349}}
Jan 27 09:13:48 devstack sudo[90771]: quobyte : PWD=/ ; USER=root ; COMMAND=/opt/stack/data/venv/bin/cinder-rootwrap /etc/cinder/rootwrap.conf rm -f /opt/stack/data/cinder/mnt/9663142ae19a3004514de2a364d1acc5/volume-b1417e2c-f2bd-4a1c-8b8f-5c2b3f66b238.3e37c714-a8b2-4eac-b26b-3c683eb40b79
Jan 27 09:13:48 devstack sudo[90771]: pam_unix(sudo:session): session opened for user root(uid=0) by (uid=1000)
Jan 27 09:13:48 devstack sudo[90771]: pam_unix(sudo:session): session closed for user root
Jan 27 09:13:48 devstack cinder-volume[83020]: DEBUG oslo_concurrency.processutils [None req-dd646a04-46c2-4f99-9b70-d9fe024110fe tempest-SnapshotsActionsTest-1907286129 None] CMD "sudo cinder-rootwrap /etc/cinder/rootwrap.conf rm -f /opt/stack/data/cinder/mnt/9663142ae19a3004514de2a364d1acc5/volume-b1417e2c-f2bd-4a1c-8b8f-5c2b3f66b238.3e37c714-a8b2-4eac-b26b-3c683eb40b79" returned: 0 in 0.534s {{(pid=83020) execute /opt/stack/data/venv/lib/python3.10/site-packages/oslo_concurrency/processutils.py:372}}
Jan 27 09:13:48 devstack cinder-volume[83020]: DEBUG cinder.coordination [None req-dd646a04-46c2-4f99-9b70-d9fe024110fe tempest-SnapshotsActionsTest-1907286129 None] Lock "cinder-quobyte-3e37c714-a8b2-4eac-b26b-3c683eb40b79" released by "_delete_snapshot" :: held 2.736s {{(pid=83020) __release /opt/stack/cinder/cinder/coordination.py:157}}
Jan 27 09:13:48 devstack cinder-volume[83020]: DEBUG cinder.coordination [None req-dd646a04-46c2-4f99-9b70-d9fe024110fe tempest-SnapshotsActionsTest-1907286129 None] Lock "cinder-quobyte-b1417e2c-f2bd-4a1c-8b8f-5c2b3f66b238" released by "delete_snapshot" :: held 2.752s {{(pid=83020) __release /opt/stack/cinder/cinder/coordination.py:157}}
Jan 27 09:13:48 devstack cinder-volume[83020]: WARNING cinder.quota [None req-dd646a04-46c2-4f99-9b70-d9fe024110fe tempest-SnapshotsActionsTest-1907286129 None] Deprecated: Default quota for resource: snapshots_QuobyteHD is set by the default quota flag: quota_snapshots_QuobyteHD, it is now deprecated. Please use the default quota class for default quota.
Jan 27 09:13:49 devstack cinder-volume[83020]: DEBUG cinder.quota [None req-dd646a04-46c2-4f99-9b70-d9fe024110fe tempest-SnapshotsActionsTest-1907286129 None] Created reservations ['eace7405-2a15-4200-a54c-4eef1d78ea21', 'ba1511da-626f-4dd5-b97b-ab7e0b6c6f9e', '93478290-d96f-4ea8-b4e3-aa5960a306c5', '2a7d4d9a-0523-4f81-8513-6e02df73030a'] {{(pid=83020) reserve /opt/stack/cinder/cinder/quota.py:752}}
Jan 27 09:13:49 devstack cinder-volume[83020]: INFO cinder.volume.manager [None req-dd646a04-46c2-4f99-9b70-d9fe024110fe tempest-SnapshotsActionsTest-1907286129 None] Delete snapshot completed successfully.
Jan 27 09:13:49 devstack cinder-volume[83020]: DEBUG cinder.coordination [None req-dd646a04-46c2-4f99-9b70-d9fe024110fe tempest-SnapshotsActionsTest-1907286129 None] Lock "cinder-3e37c714-a8b2-4eac-b26b-3c683eb40b79-delete_snapshot" released by "delete_snapshot" :: held 2.844s {{(pid=83020) __release /opt/stack/cinder/cinder/coordination.py:157}}
Jan 27 09:13:49 devstack cinder-volume[83020]: WARNING cinder.volume.volume_utils [None req-2ae55bae-decc-49f6-9a35-58b117793855 tempest-SnapshotsActionsTest-120950900 None] Volume driver (QuobyteDriver 1.1.13) is currently unsupported and may be removed in the next release of OpenStack. Use at your own risk.
Jan 27 09:13:49 devstack cinder-volume[83020]: DEBUG oslo_concurrency.lockutils [None req-2ae55bae-decc-49f6-9a35-58b117793855 tempest-SnapshotsActionsTest-120950900 None] Acquiring lock "quobyte" by "cinder.volume.drivers.quobyte.QuobyteDriver.create_snapshot" {{(pid=83020) inner /opt/stack/data/venv/lib/python3.10/site-packages/oslo_concurrency/lockutils.py:405}}
Jan 27 09:13:49 devstack cinder-volume[83020]: DEBUG oslo_concurrency.lockutils [None req-2ae55bae-decc-49f6-9a35-58b117793855 tempest-SnapshotsActionsTest-120950900 None] Lock "quobyte" acquired by "cinder.volume.drivers.quobyte.QuobyteDriver.create_snapshot" :: waited 0.000s {{(pid=83020) inner /opt/stack/data/venv/lib/python3.10/site-packages/oslo_concurrency/lockutils.py:410}}
Jan 27 09:13:49 devstack cinder-volume[83020]: DEBUG cinder.volume.drivers.remotefs [None req-2ae55bae-decc-49f6-9a35-58b117793855 tempest-SnapshotsActionsTest-120950900 None] Creating offline snapshot cb85cef4-0eb0-4158-8c92-00cac1563f6e of volume b1417e2c-f2bd-4a1c-8b8f-5c2b3f66b238 {{(pid=83020) _create_snapshot /opt/stack/cinder/cinder/volume/drivers/remotefs.py:1817}}
Jan 27 09:13:49 devstack cinder-volume[83020]: DEBUG oslo.privsep.daemon [-] privsep: reply[93599184-c5ea-41b4-a504-2cecadcdd722]: (4, 'qcow2') {{(pid=83775) _call_back /opt/stack/data/venv/lib/python3.10/site-packages/oslo_privsep/daemon.py:515}}
Jan 27 09:13:49 devstack cinder-volume[83020]: DEBUG oslo_concurrency.processutils [None req-2ae55bae-decc-49f6-9a35-58b117793855 tempest-SnapshotsActionsTest-120950900 None] Running cmd (subprocess): /opt/stack/data/venv/bin/python3.10 -m oslo_concurrency.prlimit --as=1073741824 --cpu=60 -- sudo cinder-rootwrap /etc/cinder/rootwrap.conf env LC_ALL=C qemu-img info -f qcow2 --output=json --force-share /opt/stack/data/cinder/mnt/9663142ae19a3004514de2a364d1acc5/volume-b1417e2c-f2bd-4a1c-8b8f-5c2b3f66b238.d1743766-9fe6-4c63-8708-c6e6185fa3fb {{(pid=83020) execute /opt/stack/data/venv/lib/python3.10/site-packages/oslo_concurrency/processutils.py:349}}
Jan 27 09:13:49 devstack sudo[91178]: quobyte : PWD=/ ; USER=root ; COMMAND=/opt/stack/data/venv/bin/cinder-rootwrap /etc/cinder/rootwrap.conf env LC_ALL=C qemu-img info -f qcow2 --output=json --force-share /opt/stack/data/cinder/mnt/9663142ae19a3004514de2a364d1acc5/volume-b1417e2c-f2bd-4a1c-8b8f-5c2b3f66b238.d1743766-9fe6-4c63-8708-c6e6185fa3fb
Jan 27 09:13:49 devstack sudo[91178]: pam_unix(sudo:session): session opened for user root(uid=0) by (uid=1000)
Jan 27 09:13:50 devstack sudo[91178]: pam_unix(sudo:session): session closed for user root
Jan 27 09:13:50 devstack cinder-volume[83020]: DEBUG oslo_concurrency.processutils [None req-2ae55bae-decc-49f6-9a35-58b117793855 tempest-SnapshotsActionsTest-120950900 None] CMD "/opt/stack/data/venv/bin/python3.10 -m oslo_concurrency.prlimit --as=1073741824 --cpu=60 -- sudo cinder-rootwrap /etc/cinder/rootwrap.conf env LC_ALL=C qemu-img info -f qcow2 --output=json --force-share /opt/stack/data/cinder/mnt/9663142ae19a3004514de2a364d1acc5/volume-b1417e2c-f2bd-4a1c-8b8f-5c2b3f66b238.d1743766-9fe6-4c63-8708-c6e6185fa3fb" returned: 0 in 0.717s {{(pid=83020) execute /opt/stack/data/venv/lib/python3.10/site-packages/oslo_concurrency/processutils.py:372}}
Jan 27 09:13:50 devstack cinder-volume[83020]: DEBUG cinder.volume.drivers.remotefs [None req-2ae55bae-decc-49f6-9a35-58b117793855 tempest-SnapshotsActionsTest-120950900 None] Fetching qemu-img info with special backing_file_template: (/opt/stack/data/cinder/mnt/[0-9a-f]+/)?(volume-b1417e2c-f2bd-4a1c-8b8f-5c2b3f66b238(.(tmp-snap-)?[0-9a-f-]+)?|volume_from_snapshot_cache/(tmp-snap-)?[0-9a-f-]+(.(child-|parent-)[0-9a-f-]+)?)$ {{(pid=83020) _qemu_img_info_base /opt/stack/cinder/cinder/volume/drivers/remotefs.py:898}}
Jan 27 09:13:50 devstack cinder-volume[83020]: DEBUG oslo_concurrency.processutils [None req-2ae55bae-decc-49f6-9a35-58b117793855 tempest-SnapshotsActionsTest-120950900 None] Running cmd (subprocess): sudo cinder-rootwrap /etc/cinder/rootwrap.conf qemu-img create -f qcow2 -o backing_file=/opt/stack/data/cinder/mnt/9663142ae19a3004514de2a364d1acc5/volume-b1417e2c-f2bd-4a1c-8b8f-5c2b3f66b238.d1743766-9fe6-4c63-8708-c6e6185fa3fb,backing_fmt=qcow2 /opt/stack/data/cinder/mnt/9663142ae19a3004514de2a364d1acc5/volume-b1417e2c-f2bd-4a1c-8b8f-5c2b3f66b238.cb85cef4-0eb0-4158-8c92-00cac1563f6e 1G {{(pid=83020) execute /opt/stack/data/venv/lib/python3.10/site-packages/oslo_concurrency/processutils.py:349}}
Jan 27 09:13:50 devstack sudo[91183]: quobyte : PWD=/ ; USER=root ; COMMAND=/opt/stack/data/venv/bin/cinder-rootwrap /etc/cinder/rootwrap.conf qemu-img create -f qcow2 -o backing_file=/opt/stack/data/cinder/mnt/9663142ae19a3004514de2a364d1acc5/volume-b1417e2c-f2bd-4a1c-8b8f-5c2b3f66b238.d1743766-9fe6-4c63-8708-c6e6185fa3fb,backing_fmt=qcow2 /opt/stack/data/cinder/mnt/9663142ae19a3004514de2a364d1acc5/volume-b1417e2c-f2bd-4a1c-8b8f-5c2b3f66b238.cb85cef4-0eb0-4158-8c92-00cac1563f6e 1G
Jan 27 09:13:50 devstack sudo[91183]: pam_unix(sudo:session): session opened for user root(uid=0) by (uid=1000)
Jan 27 09:13:51 devstack sudo[91183]: pam_unix(sudo:session): session closed for user root
Jan 27 09:13:51 devstack cinder-volume[83020]: DEBUG oslo_concurrency.processutils [None req-2ae55bae-decc-49f6-9a35-58b117793855 tempest-SnapshotsActionsTest-120950900 None] CMD "sudo cinder-rootwrap /etc/cinder/rootwrap.conf qemu-img create -f qcow2 -o backing_file=/opt/stack/data/cinder/mnt/9663142ae19a3004514de2a364d1acc5/volume-b1417e2c-f2bd-4a1c-8b8f-5c2b3f66b238.d1743766-9fe6-4c63-8708-c6e6185fa3fb,backing_fmt=qcow2 /opt/stack/data/cinder/mnt/9663142ae19a3004514de2a364d1acc5/volume-b1417e2c-f2bd-4a1c-8b8f-5c2b3f66b238.cb85cef4-0eb0-4158-8c92-00cac1563f6e 1G" returned: 0 in 0.655s {{(pid=83020) execute /opt/stack/data/venv/lib/python3.10/site-packages/oslo_concurrency/processutils.py:372}}
Jan 27 09:13:51 devstack cinder-volume[83020]: DEBUG oslo_concurrency.processutils [None req-2ae55bae-decc-49f6-9a35-58b117793855 tempest-SnapshotsActionsTest-120950900 None] Running cmd (subprocess): sudo cinder-rootwrap /etc/cinder/rootwrap.conf qemu-img rebase -u -b volume-b1417e2c-f2bd-4a1c-8b8f-5c2b3f66b238.d1743766-9fe6-4c63-8708-c6e6185fa3fb -F qcow2 /opt/stack/data/cinder/mnt/9663142ae19a3004514de2a364d1acc5/volume-b1417e2c-f2bd-4a1c-8b8f-5c2b3f66b238.cb85cef4-0eb0-4158-8c92-00cac1563f6e {{(pid=83020) execute /opt/stack/data/venv/lib/python3.10/site-packages/oslo_concurrency/processutils.py:349}}
Jan 27 09:13:51 devstack sudo[91188]: quobyte : PWD=/ ; USER=root ; COMMAND=/opt/stack/data/venv/bin/cinder-rootwrap /etc/cinder/rootwrap.conf qemu-img rebase -u -b volume-b1417e2c-f2bd-4a1c-8b8f-5c2b3f66b238.d1743766-9fe6-4c63-8708-c6e6185fa3fb -F qcow2 /opt/stack/data/cinder/mnt/9663142ae19a3004514de2a364d1acc5/volume-b1417e2c-f2bd-4a1c-8b8f-5c2b3f66b238.cb85cef4-0eb0-4158-8c92-00cac1563f6e
Jan 27 09:13:51 devstack sudo[91188]: pam_unix(sudo:session): session opened for user root(uid=0) by (uid=1000)
Jan 27 09:13:51 devstack cinder-volume[83020]: DEBUG oslo_concurrency.lockutils [req-927b1d78-3d6d-40b4-bf7c-5684eed94e34 req-a5bcc37b-6b30-4820-a044-b1ec8b957827 tempest-ServerActionsTestOtherB-1799821159 None] Acquiring lock "quobyte" by "cinder.volume.drivers.quobyte.QuobyteDriver.initialize_connection" {{(pid=83020) inner /opt/stack/data/venv/lib/python3.10/site-packages/oslo_concurrency/lockutils.py:405}}
Jan 27 09:13:51 devstack sudo[91188]: pam_unix(sudo:session): session closed for user root
Jan 27 09:13:51 devstack cinder-volume[83020]: DEBUG oslo_concurrency.processutils [None req-2ae55bae-decc-49f6-9a35-58b117793855 tempest-SnapshotsActionsTest-120950900 None] CMD "sudo cinder-rootwrap /etc/cinder/rootwrap.conf qemu-img rebase -u -b volume-b1417e2c-f2bd-4a1c-8b8f-5c2b3f66b238.d1743766-9fe6-4c63-8708-c6e6185fa3fb -F qcow2 /opt/stack/data/cinder/mnt/9663142ae19a3004514de2a364d1acc5/volume-b1417e2c-f2bd-4a1c-8b8f-5c2b3f66b238.cb85cef4-0eb0-4158-8c92-00cac1563f6e" returned: 0 in 0.649s {{(pid=83020) execute /opt/stack/data/venv/lib/python3.10/site-packages/oslo_concurrency/processutils.py:372}}
Jan 27 09:13:51 devstack cinder-volume[83020]: WARNING cinder.volume.drivers.remotefs [None req-2ae55bae-decc-49f6-9a35-58b117793855 tempest-SnapshotsActionsTest-120950900 None] /opt/stack/data/cinder/mnt/9663142ae19a3004514de2a364d1acc5/volume-b1417e2c-f2bd-4a1c-8b8f-5c2b3f66b238.cb85cef4-0eb0-4158-8c92-00cac1563f6e is being set with open permissions: ugo+rw
Jan 27 09:13:51 devstack cinder-volume[83020]: DEBUG oslo_concurrency.processutils [None req-2ae55bae-decc-49f6-9a35-58b117793855 tempest-SnapshotsActionsTest-120950900 None] Running cmd (subprocess): sudo cinder-rootwrap /etc/cinder/rootwrap.conf chmod ugo+rw /opt/stack/data/cinder/mnt/9663142ae19a3004514de2a364d1acc5/volume-b1417e2c-f2bd-4a1c-8b8f-5c2b3f66b238.cb85cef4-0eb0-4158-8c92-00cac1563f6e {{(pid=83020) execute /opt/stack/data/venv/lib/python3.10/site-packages/oslo_concurrency/processutils.py:349}}
Jan 27 09:13:51 devstack sudo[91202]: quobyte : PWD=/ ; USER=root ; COMMAND=/opt/stack/data/venv/bin/cinder-rootwrap /etc/cinder/rootwrap.conf chmod ugo+rw /opt/stack/data/cinder/mnt/9663142ae19a3004514de2a364d1acc5/volume-b1417e2c-f2bd-4a1c-8b8f-5c2b3f66b238.cb85cef4-0eb0-4158-8c92-00cac1563f6e
Jan 27 09:13:51 devstack sudo[91202]: pam_unix(sudo:session): session opened for user root(uid=0) by (uid=1000)
Jan 27 09:13:52 devstack sudo[91202]: pam_unix(sudo:session): session closed for user root
Jan 27 09:13:52 devstack cinder-volume[83020]: DEBUG oslo_concurrency.processutils [None req-2ae55bae-decc-49f6-9a35-58b117793855 tempest-SnapshotsActionsTest-120950900 None] CMD "sudo cinder-rootwrap /etc/cinder/rootwrap.conf chmod ugo+rw /opt/stack/data/cinder/mnt/9663142ae19a3004514de2a364d1acc5/volume-b1417e2c-f2bd-4a1c-8b8f-5c2b3f66b238.cb85cef4-0eb0-4158-8c92-00cac1563f6e" returned: 0 in 0.606s {{(pid=83020) execute /opt/stack/data/venv/lib/python3.10/site-packages/oslo_concurrency/processutils.py:372}}
Jan 27 09:13:52 devstack cinder-volume[83020]: DEBUG oslo_concurrency.lockutils [None req-2ae55bae-decc-49f6-9a35-58b117793855 tempest-SnapshotsActionsTest-120950900 None] Lock "quobyte" "released" by "cinder.volume.drivers.quobyte.QuobyteDriver.create_snapshot" :: held 2.728s {{(pid=83020) inner /opt/stack/data/venv/lib/python3.10/site-packages/oslo_concurrency/lockutils.py:424}}
Jan 27 09:13:52 devstack cinder-volume[83020]: DEBUG oslo_concurrency.lockutils [req-927b1d78-3d6d-40b4-bf7c-5684eed94e34 req-a5bcc37b-6b30-4820-a044-b1ec8b957827 tempest-ServerActionsTestOtherB-1799821159 None] Lock "quobyte" acquired by "cinder.volume.drivers.quobyte.QuobyteDriver.initialize_connection" :: waited 0.803s {{(pid=83020) inner /opt/stack/data/venv/lib/python3.10/site-packages/oslo_concurrency/lockutils.py:410}}
Jan 27 09:13:52 devstack cinder-volume[83020]: DEBUG oslo.privsep.daemon [-] privsep: reply[c5215e75-49a3-4a4e-b37d-87febc5fe9ef]: (4, 'qcow2') {{(pid=83775) _call_back /opt/stack/data/venv/lib/python3.10/site-packages/oslo_privsep/daemon.py:515}}
Jan 27 09:13:52 devstack cinder-volume[83020]: DEBUG oslo_concurrency.processutils [req-927b1d78-3d6d-40b4-bf7c-5684eed94e34 req-a5bcc37b-6b30-4820-a044-b1ec8b957827 tempest-ServerActionsTestOtherB-1799821159 None] Running cmd (subprocess): /opt/stack/data/venv/bin/python3.10 -m oslo_concurrency.prlimit --as=1073741824 --cpu=60 -- sudo cinder-rootwrap /etc/cinder/rootwrap.conf env LC_ALL=C qemu-img info -f qcow2 --output=json --force-share /opt/stack/data/cinder/mnt/9663142ae19a3004514de2a364d1acc5/volume-b2ff36ae-cced-4c4a-b2e5-962b8fa01806 {{(pid=83020) execute /opt/stack/data/venv/lib/python3.10/site-packages/oslo_concurrency/processutils.py:349}}
Jan 27 09:13:52 devstack cinder-volume[83020]: INFO cinder.volume.manager [None req-2ae55bae-decc-49f6-9a35-58b117793855 tempest-SnapshotsActionsTest-120950900 None] Create snapshot completed successfully
Jan 27 09:13:52 devstack sudo[91208]: quobyte : PWD=/ ; USER=root ; COMMAND=/opt/stack/data/venv/bin/cinder-rootwrap /etc/cinder/rootwrap.conf env LC_ALL=C qemu-img info -f qcow2 --output=json --force-share /opt/stack/data/cinder/mnt/9663142ae19a3004514de2a364d1acc5/volume-b2ff36ae-cced-4c4a-b2e5-962b8fa01806
Jan 27 09:13:52 devstack sudo[91208]: pam_unix(sudo:session): session opened for user root(uid=0) by (uid=1000)
Jan 27 09:13:52 devstack cinder-volume[83020]: DEBUG cinder.coordination [None req-d947d9cd-ce4e-40b9-9bbd-2926c714bcc6 tempest-SnapshotsActionsTest-1907286129 None] Acquiring lock "cinder-cb85cef4-0eb0-4158-8c92-00cac1563f6e-delete_snapshot" by "delete_snapshot" {{(pid=83020) __acquire /opt/stack/cinder/cinder/coordination.py:143}}
Jan 27 09:13:52 devstack cinder-volume[83020]: DEBUG cinder.coordination [None req-d947d9cd-ce4e-40b9-9bbd-2926c714bcc6 tempest-SnapshotsActionsTest-1907286129 None] Lock "cinder-cb85cef4-0eb0-4158-8c92-00cac1563f6e-delete_snapshot" acquired by "delete_snapshot" :: waited 0.012s {{(pid=83020) __acquire /opt/stack/cinder/cinder/coordination.py:146}}
Jan 27 09:13:52 devstack cinder-volume[83020]: WARNING cinder.volume.volume_utils [None req-d947d9cd-ce4e-40b9-9bbd-2926c714bcc6 tempest-SnapshotsActionsTest-1907286129 None] Volume driver (QuobyteDriver 1.1.13) is currently unsupported and may be removed in the next release of OpenStack. Use at your own risk.
Jan 27 09:13:52 devstack cinder-volume[83020]: DEBUG cinder.coordination [None req-d947d9cd-ce4e-40b9-9bbd-2926c714bcc6 tempest-SnapshotsActionsTest-1907286129 None] Acquiring lock "cinder-quobyte-b1417e2c-f2bd-4a1c-8b8f-5c2b3f66b238" by "delete_snapshot" {{(pid=83020) __acquire /opt/stack/cinder/cinder/coordination.py:143}}
Jan 27 09:13:52 devstack cinder-volume[83020]: DEBUG cinder.coordination [None req-d947d9cd-ce4e-40b9-9bbd-2926c714bcc6 tempest-SnapshotsActionsTest-1907286129 None] Lock "cinder-quobyte-b1417e2c-f2bd-4a1c-8b8f-5c2b3f66b238" acquired by "delete_snapshot" :: waited 0.019s {{(pid=83020) __acquire /opt/stack/cinder/cinder/coordination.py:146}}
Jan 27 09:13:52 devstack cinder-volume[83020]: DEBUG cinder.coordination [None req-d947d9cd-ce4e-40b9-9bbd-2926c714bcc6 tempest-SnapshotsActionsTest-1907286129 None] Acquiring lock "cinder-quobyte-cb85cef4-0eb0-4158-8c92-00cac1563f6e" by "_delete_snapshot" {{(pid=83020) __acquire /opt/stack/cinder/cinder/coordination.py:143}}
Jan 27 09:13:52 devstack cinder-volume[83020]: DEBUG cinder.coordination [None req-d947d9cd-ce4e-40b9-9bbd-2926c714bcc6 tempest-SnapshotsActionsTest-1907286129 None] Lock "cinder-quobyte-cb85cef4-0eb0-4158-8c92-00cac1563f6e" acquired by "_delete_snapshot" :: waited 0.013s {{(pid=83020) __acquire /opt/stack/cinder/cinder/coordination.py:146}}
Jan 27 09:13:52 devstack cinder-volume[83020]: DEBUG cinder.volume.drivers.remotefs [None req-d947d9cd-ce4e-40b9-9bbd-2926c714bcc6 tempest-SnapshotsActionsTest-1907286129 None] Deleting offline snapshot cb85cef4-0eb0-4158-8c92-00cac1563f6e of volume b1417e2c-f2bd-4a1c-8b8f-5c2b3f66b238 {{(pid=83020) _delete_snapshot /opt/stack/cinder/cinder/volume/drivers/remotefs.py:1290}}
Jan 27 09:13:52 devstack cinder-volume[83020]: DEBUG cinder.volume.drivers.remotefs [None req-d947d9cd-ce4e-40b9-9bbd-2926c714bcc6 tempest-SnapshotsActionsTest-1907286129 None] snapshot_file for this snap is: volume-b1417e2c-f2bd-4a1c-8b8f-5c2b3f66b238.cb85cef4-0eb0-4158-8c92-00cac1563f6e {{(pid=83020) _delete_snapshot /opt/stack/cinder/cinder/volume/drivers/remotefs.py:1319}}
Jan 27 09:13:52 devstack cinder-volume[83020]: DEBUG oslo.privsep.daemon [-] privsep: reply[2b0c2e29-43fa-45b7-aae4-354b25f22b3e]: (4, 'qcow2') {{(pid=83775) _call_back /opt/stack/data/venv/lib/python3.10/site-packages/oslo_privsep/daemon.py:515}}
Jan 27 09:13:52 devstack cinder-volume[83020]: DEBUG oslo_concurrency.processutils [None req-d947d9cd-ce4e-40b9-9bbd-2926c714bcc6 tempest-SnapshotsActionsTest-1907286129 None] Running cmd (subprocess): /opt/stack/data/venv/bin/python3.10 -m oslo_concurrency.prlimit --as=1073741824 --cpu=60 -- sudo cinder-rootwrap /etc/cinder/rootwrap.conf env LC_ALL=C qemu-img info -f qcow2 --output=json --force-share /opt/stack/data/cinder/mnt/9663142ae19a3004514de2a364d1acc5/volume-b1417e2c-f2bd-4a1c-8b8f-5c2b3f66b238.cb85cef4-0eb0-4158-8c92-00cac1563f6e {{(pid=83020) execute /opt/stack/data/venv/lib/python3.10/site-packages/oslo_concurrency/processutils.py:349}}
Jan 27 09:13:53 devstack sudo[91215]: quobyte : PWD=/ ; USER=root ; COMMAND=/opt/stack/data/venv/bin/cinder-rootwrap /etc/cinder/rootwrap.conf env LC_ALL=C qemu-img info -f qcow2 --output=json --force-share /opt/stack/data/cinder/mnt/9663142ae19a3004514de2a364d1acc5/volume-b1417e2c-f2bd-4a1c-8b8f-5c2b3f66b238.cb85cef4-0eb0-4158-8c92-00cac1563f6e
Jan 27 09:13:53 devstack sudo[91215]: pam_unix(sudo:session): session opened for user root(uid=0) by (uid=1000)
Jan 27 09:13:53 devstack sudo[91208]: pam_unix(sudo:session): session closed for user root
Jan 27 09:13:53 devstack cinder-volume[83020]: DEBUG oslo_concurrency.processutils [req-927b1d78-3d6d-40b4-bf7c-5684eed94e34 req-a5bcc37b-6b30-4820-a044-b1ec8b957827 tempest-ServerActionsTestOtherB-1799821159 None] CMD "/opt/stack/data/venv/bin/python3.10 -m oslo_concurrency.prlimit --as=1073741824 --cpu=60 -- sudo cinder-rootwrap /etc/cinder/rootwrap.conf env LC_ALL=C qemu-img info -f qcow2 --output=json --force-share /opt/stack/data/cinder/mnt/9663142ae19a3004514de2a364d1acc5/volume-b2ff36ae-cced-4c4a-b2e5-962b8fa01806" returned: 0 in 0.670s {{(pid=83020) execute /opt/stack/data/venv/lib/python3.10/site-packages/oslo_concurrency/processutils.py:372}}
Jan 27 09:13:53 devstack cinder-volume[83020]: DEBUG oslo_concurrency.lockutils [req-927b1d78-3d6d-40b4-bf7c-5684eed94e34 req-a5bcc37b-6b30-4820-a044-b1ec8b957827 tempest-ServerActionsTestOtherB-1799821159 None] Lock "quobyte" "released" by "cinder.volume.drivers.quobyte.QuobyteDriver.initialize_connection" :: held 0.684s {{(pid=83020) inner /opt/stack/data/venv/lib/python3.10/site-packages/oslo_concurrency/lockutils.py:424}}
Jan 27 09:13:53 devstack cinder-volume[83020]: DEBUG cinder.volume.manager [req-927b1d78-3d6d-40b4-bf7c-5684eed94e34 req-a5bcc37b-6b30-4820-a044-b1ec8b957827 tempest-ServerActionsTestOtherB-1799821159 None] Connection info returned from driver {'export': 'osci02.corp.quobyte.com/cinder-vol-f23024ee-a5da-47e3-8ead-ae4c1fc0a564', 'name': 'volume-b2ff36ae-cced-4c4a-b2e5-962b8fa01806', 'options': None, 'format': 'qcow2', 'qos_specs': None, 'access_mode': 'rw', 'encrypted': False, 'cacheable': False, 'driver_volume_type': 'quobyte', 'mount_point_base': '/opt/stack/data/cinder/mnt', 'attachment_id': '2d5859a9-57cd-4c7f-8216-844b9bd6a558', 'enforce_multipath': True} {{(pid=83020) _connection_create /opt/stack/cinder/cinder/volume/manager.py:4893}}
Jan 27 09:13:53 devstack cinder-volume[83020]: WARNING cinder.volume.volume_utils [req-927b1d78-3d6d-40b4-bf7c-5684eed94e34 req-a5bcc37b-6b30-4820-a044-b1ec8b957827 tempest-ServerActionsTestOtherB-1799821159 None] Volume driver (QuobyteDriver 1.1.13) is currently unsupported and may be removed in the next release of OpenStack. Use at your own risk.
Jan 27 09:13:53 devstack cinder-volume[83020]: INFO cinder.volume.manager [req-927b1d78-3d6d-40b4-bf7c-5684eed94e34 req-a5bcc37b-6b30-4820-a044-b1ec8b957827 tempest-ServerActionsTestOtherB-1799821159 None] attachment_update completed successfully.
Jan 27 09:13:53 devstack sudo[91215]: pam_unix(sudo:session): session closed for user root
Jan 27 09:13:53 devstack cinder-volume[83020]: DEBUG oslo_concurrency.processutils [None req-d947d9cd-ce4e-40b9-9bbd-2926c714bcc6 tempest-SnapshotsActionsTest-1907286129 None] CMD "/opt/stack/data/venv/bin/python3.10 -m oslo_concurrency.prlimit --as=1073741824 --cpu=60 -- sudo cinder-rootwrap /etc/cinder/rootwrap.conf env LC_ALL=C qemu-img info -f qcow2 --output=json --force-share /opt/stack/data/cinder/mnt/9663142ae19a3004514de2a364d1acc5/volume-b1417e2c-f2bd-4a1c-8b8f-5c2b3f66b238.cb85cef4-0eb0-4158-8c92-00cac1563f6e" returned: 0 in 0.702s {{(pid=83020) execute /opt/stack/data/venv/lib/python3.10/site-packages/oslo_concurrency/processutils.py:372}}
Jan 27 09:13:53 devstack cinder-volume[83020]: DEBUG cinder.volume.drivers.remotefs [None req-d947d9cd-ce4e-40b9-9bbd-2926c714bcc6 tempest-SnapshotsActionsTest-1907286129 None] Fetching qemu-img info with special backing_file_template: (/opt/stack/data/cinder/mnt/[0-9a-f]+/)?(volume-b1417e2c-f2bd-4a1c-8b8f-5c2b3f66b238(.(tmp-snap-)?[0-9a-f-]+)?|volume_from_snapshot_cache/(tmp-snap-)?[0-9a-f-]+(.(child-|parent-)[0-9a-f-]+)?)$ {{(pid=83020) _qemu_img_info_base /opt/stack/cinder/cinder/volume/drivers/remotefs.py:898}}
Jan 27 09:13:53 devstack cinder-volume[83020]: DEBUG oslo.privsep.daemon [-] privsep: reply[7f24b716-4083-433b-a161-9773bcc58ad9]: (4, 'qcow2') {{(pid=83775) _call_back /opt/stack/data/venv/lib/python3.10/site-packages/oslo_privsep/daemon.py:515}}
Jan 27 09:13:53 devstack cinder-volume[83020]: DEBUG oslo_concurrency.processutils [None req-d947d9cd-ce4e-40b9-9bbd-2926c714bcc6 tempest-SnapshotsActionsTest-1907286129 None] Running cmd (subprocess): /opt/stack/data/venv/bin/python3.10 -m oslo_concurrency.prlimit --as=1073741824 --cpu=60 -- sudo cinder-rootwrap /etc/cinder/rootwrap.conf env LC_ALL=C qemu-img info -f qcow2 --output=json --force-share /opt/stack/data/cinder/mnt/9663142ae19a3004514de2a364d1acc5/volume-b1417e2c-f2bd-4a1c-8b8f-5c2b3f66b238.d1743766-9fe6-4c63-8708-c6e6185fa3fb {{(pid=83020) execute /opt/stack/data/venv/lib/python3.10/site-packages/oslo_concurrency/processutils.py:349}}
Jan 27 09:13:53 devstack sudo[91240]: quobyte : PWD=/ ; USER=root ; COMMAND=/opt/stack/data/venv/bin/cinder-rootwrap /etc/cinder/rootwrap.conf env LC_ALL=C qemu-img info -f qcow2 --output=json --force-share /opt/stack/data/cinder/mnt/9663142ae19a3004514de2a364d1acc5/volume-b1417e2c-f2bd-4a1c-8b8f-5c2b3f66b238.d1743766-9fe6-4c63-8708-c6e6185fa3fb
Jan 27 09:13:53 devstack sudo[91240]: pam_unix(sudo:session): session opened for user root(uid=0) by (uid=1000)
Jan 27 09:13:54 devstack sudo[91240]: pam_unix(sudo:session): session closed for user root
Jan 27 09:13:54 devstack cinder-volume[83020]: DEBUG oslo_concurrency.processutils [None req-d947d9cd-ce4e-40b9-9bbd-2926c714bcc6 tempest-SnapshotsActionsTest-1907286129 None] CMD "/opt/stack/data/venv/bin/python3.10 -m oslo_concurrency.prlimit --as=1073741824 --cpu=60 -- sudo cinder-rootwrap /etc/cinder/rootwrap.conf env LC_ALL=C qemu-img info -f qcow2 --output=json --force-share /opt/stack/data/cinder/mnt/9663142ae19a3004514de2a364d1acc5/volume-b1417e2c-f2bd-4a1c-8b8f-5c2b3f66b238.d1743766-9fe6-4c63-8708-c6e6185fa3fb" returned: 0 in 0.599s {{(pid=83020) execute /opt/stack/data/venv/lib/python3.10/site-packages/oslo_concurrency/processutils.py:372}}
Jan 27 09:13:54 devstack cinder-volume[83020]: DEBUG cinder.volume.drivers.remotefs [None req-d947d9cd-ce4e-40b9-9bbd-2926c714bcc6 tempest-SnapshotsActionsTest-1907286129 None] Fetching qemu-img info with special backing_file_template: (/opt/stack/data/cinder/mnt/[0-9a-f]+/)?(volume-b1417e2c-f2bd-4a1c-8b8f-5c2b3f66b238(.(tmp-snap-)?[0-9a-f-]+)?|volume_from_snapshot_cache/(tmp-snap-)?[0-9a-f-]+(.(child-|parent-)[0-9a-f-]+)?)$ {{(pid=83020) _qemu_img_info_base /opt/stack/cinder/cinder/volume/drivers/remotefs.py:898}}
Jan 27 09:13:54 devstack cinder-volume[83020]: DEBUG oslo_concurrency.processutils [None req-d947d9cd-ce4e-40b9-9bbd-2926c714bcc6 tempest-SnapshotsActionsTest-1907286129 None] Running cmd (subprocess): sudo cinder-rootwrap /etc/cinder/rootwrap.conf qemu-img commit -d /opt/stack/data/cinder/mnt/9663142ae19a3004514de2a364d1acc5/volume-b1417e2c-f2bd-4a1c-8b8f-5c2b3f66b238.cb85cef4-0eb0-4158-8c92-00cac1563f6e {{(pid=83020) execute /opt/stack/data/venv/lib/python3.10/site-packages/oslo_concurrency/processutils.py:349}}
Jan 27 09:13:54 devstack sudo[91251]: quobyte : PWD=/ ; USER=root ; COMMAND=/opt/stack/data/venv/bin/cinder-rootwrap /etc/cinder/rootwrap.conf qemu-img commit -d /opt/stack/data/cinder/mnt/9663142ae19a3004514de2a364d1acc5/volume-b1417e2c-f2bd-4a1c-8b8f-5c2b3f66b238.cb85cef4-0eb0-4158-8c92-00cac1563f6e
Jan 27 09:13:54 devstack sudo[91251]: pam_unix(sudo:session): session opened for user root(uid=0) by (uid=1000)
Jan 27 09:13:54 devstack sudo[91251]: pam_unix(sudo:session): session closed for user root
Jan 27 09:13:54 devstack cinder-volume[83020]: DEBUG oslo_concurrency.processutils [None req-d947d9cd-ce4e-40b9-9bbd-2926c714bcc6 tempest-SnapshotsActionsTest-1907286129 None] CMD "sudo cinder-rootwrap /etc/cinder/rootwrap.conf qemu-img commit -d /opt/stack/data/cinder/mnt/9663142ae19a3004514de2a364d1acc5/volume-b1417e2c-f2bd-4a1c-8b8f-5c2b3f66b238.cb85cef4-0eb0-4158-8c92-00cac1563f6e" returned: 0 in 0.663s {{(pid=83020) execute /opt/stack/data/venv/lib/python3.10/site-packages/oslo_concurrency/processutils.py:372}}
Jan 27 09:13:54 devstack cinder-volume[83020]: DEBUG oslo_concurrency.processutils [None req-d947d9cd-ce4e-40b9-9bbd-2926c714bcc6 tempest-SnapshotsActionsTest-1907286129 None] Running cmd (subprocess): sudo cinder-rootwrap /etc/cinder/rootwrap.conf rm -f /opt/stack/data/cinder/mnt/9663142ae19a3004514de2a364d1acc5/volume-b1417e2c-f2bd-4a1c-8b8f-5c2b3f66b238.cb85cef4-0eb0-4158-8c92-00cac1563f6e {{(pid=83020) execute /opt/stack/data/venv/lib/python3.10/site-packages/oslo_concurrency/processutils.py:349}}
Jan 27 09:13:55 devstack sudo[91279]: quobyte : PWD=/ ; USER=root ; COMMAND=/opt/stack/data/venv/bin/cinder-rootwrap /etc/cinder/rootwrap.conf rm -f /opt/stack/data/cinder/mnt/9663142ae19a3004514de2a364d1acc5/volume-b1417e2c-f2bd-4a1c-8b8f-5c2b3f66b238.cb85cef4-0eb0-4158-8c92-00cac1563f6e
Jan 27 09:13:55 devstack sudo[91279]: pam_unix(sudo:session): session opened for user root(uid=0) by (uid=1000)
Jan 27 09:13:55 devstack sudo[91279]: pam_unix(sudo:session): session closed for user root
Jan 27 09:13:55 devstack cinder-volume[83020]: DEBUG oslo_concurrency.processutils [None req-d947d9cd-ce4e-40b9-9bbd-2926c714bcc6 tempest-SnapshotsActionsTest-1907286129 None] CMD "sudo cinder-rootwrap /etc/cinder/rootwrap.conf rm -f /opt/stack/data/cinder/mnt/9663142ae19a3004514de2a364d1acc5/volume-b1417e2c-f2bd-4a1c-8b8f-5c2b3f66b238.cb85cef4-0eb0-4158-8c92-00cac1563f6e" returned: 0 in 0.689s {{(pid=83020) execute /opt/stack/data/venv/lib/python3.10/site-packages/oslo_concurrency/processutils.py:372}}
Jan 27 09:13:55 devstack cinder-volume[83020]: DEBUG cinder.coordination [None req-d947d9cd-ce4e-40b9-9bbd-2926c714bcc6 tempest-SnapshotsActionsTest-1907286129 None] Lock "cinder-quobyte-cb85cef4-0eb0-4158-8c92-00cac1563f6e" released by "_delete_snapshot" :: held 2.714s {{(pid=83020) __release /opt/stack/cinder/cinder/coordination.py:157}}
Jan 27 09:13:55 devstack cinder-volume[83020]: DEBUG cinder.coordination [None req-d947d9cd-ce4e-40b9-9bbd-2926c714bcc6 tempest-SnapshotsActionsTest-1907286129 None] Lock "cinder-quobyte-b1417e2c-f2bd-4a1c-8b8f-5c2b3f66b238" released by "delete_snapshot" :: held 2.734s {{(pid=83020) __release /opt/stack/cinder/cinder/coordination.py:157}}
