Jul 03 17:25:54 devstack devstack@n-api.service[61151]: [pid: 61151|app: 0|req: 124/240] 192.168.122.21 () {58 vars in 1248 bytes} [Fri Jul 3 17:25:54 2026] GET /compute/v2.1/os-snapshots/1ea40d1d-01ed-4149-8d84-2c21d308cdab => generated 286 bytes in 135 msecs (HTTP/1.1 200) 9 headers in 357 bytes (1 switches on core 0)
Jul 03 17:25:55 devstack devstack@n-api.service[61150]: DEBUG nova.policy [None req-5fa26476-2186-4636-992c-786914a2ccf7 tempest-AttachVolumeShelveTestJSON-1459766598 tempest-AttachVolumeShelveTestJSON-1459766598-project-member] Policy check for os_compute_api:os-extended-server-attributes failed with credentials {'is_admin': False, 'user_id': 'df015c05cb0544aa831e953df84e47f7', 'user_domain_id': 'default', 'system_scope': None, 'domain_id': None, 'project_id': '38b6730c1f2748a2b9991003fe87b1a5', 'project_domain_id': 'default', 'roles': ['reader', 'member'], 'is_admin_project': True, 'service_user_id': None, 'service_user_domain_id': None, 'service_project_id': None, 'service_project_domain_id': None, 'service_roles': []} {{(pid=61150) authorize /opt/stack/nova/nova/policy.py:192}}
Jul 03 17:25:55 devstack devstack@n-api.service[61150]: DEBUG nova.policy [None req-5fa26476-2186-4636-992c-786914a2ccf7 tempest-AttachVolumeShelveTestJSON-1459766598 tempest-AttachVolumeShelveTestJSON-1459766598-project-member] Policy check for os_compute_api:servers:show:host_status failed with credentials {'is_admin': False, 'user_id': 'df015c05cb0544aa831e953df84e47f7', 'user_domain_id': 'default', 'system_scope': None, 'domain_id': None, 'project_id': '38b6730c1f2748a2b9991003fe87b1a5', 'project_domain_id': 'default', 'roles': ['reader', 'member'], 'is_admin_project': True, 'service_user_id': None, 'service_user_domain_id': None, 'service_project_id': None, 'service_project_domain_id': None, 'service_roles': []} {{(pid=61150) authorize /opt/stack/nova/nova/policy.py:192}}
Jul 03 17:25:55 devstack devstack@n-api.service[61150]: DEBUG nova.policy [None req-5fa26476-2186-4636-992c-786914a2ccf7 tempest-AttachVolumeShelveTestJSON-1459766598 tempest-AttachVolumeShelveTestJSON-1459766598-project-member] Policy check for os_compute_api:servers:show:host_status:unknown-only failed with credentials {'is_admin': False, 'user_id': 'df015c05cb0544aa831e953df84e47f7', 'user_domain_id': 'default', 'system_scope': None, 'domain_id': None, 'project_id': '38b6730c1f2748a2b9991003fe87b1a5', 'project_domain_id': 'default', 'roles': ['reader', 'member'], 'is_admin_project': True, 'service_user_id': None, 'service_user_domain_id': None, 'service_project_id': None, 'service_project_domain_id': None, 'service_roles': []} {{(pid=61150) authorize /opt/stack/nova/nova/policy.py:192}}
Jul 03 17:25:55 devstack devstack@n-api.service[61150]: INFO nova.api.openstack.requestlog [None req-5fa26476-2186-4636-992c-786914a2ccf7 tempest-AttachVolumeShelveTestJSON-1459766598 tempest-AttachVolumeShelveTestJSON-1459766598-project-member] 192.168.122.21 "GET /compute/v2.1/servers/1f94295c-756c-4d79-82fc-542bb687705d" status: 200 len: 1418 microversion: 2.20 time: 0.653915
Jul 03 17:25:55 devstack devstack@n-api.service[61150]: [pid: 61150|app: 0|req: 117/241] 192.168.122.21 () {60 vars in 1274 bytes} [Fri Jul 3 17:25:54 2026] GET /compute/v2.1/servers/1f94295c-756c-4d79-82fc-542bb687705d => generated 1418 bytes in 656 msecs (HTTP/1.1 200) 9 headers in 360 bytes (1 switches on core 0)
Jul 03 17:25:55 devstack devstack@n-api.service[61151]: DEBUG nova.api.openstack.wsgi [None req-4214ff02-a191-4ffd-a99c-8bcff091e898 tempest-ServerActionsTestOtherA-637660669 tempest-ServerActionsTestOtherA-637660669-project-member] Calling method '>' {{(pid=61151) _process_stack /opt/stack/nova/nova/api/openstack/wsgi.py:552}}
Jul 03 17:25:55 devstack devstack@n-api.service[61151]: DEBUG nova.compute.api [None req-4214ff02-a191-4ffd-a99c-8bcff091e898 tempest-ServerActionsTestOtherA-637660669 tempest-ServerActionsTestOtherA-637660669-project-member] [instance: e70ec760-fd5e-426d-bb1a-71938f500794] Fetching instance by UUID {{(pid=61151) get /opt/stack/nova/nova/compute/api.py:3021}}
Jul 03 17:25:55 devstack devstack@n-api.service[61151]: DEBUG oslo_concurrency.lockutils [None req-4214ff02-a191-4ffd-a99c-8bcff091e898 tempest-ServerActionsTestOtherA-637660669 tempest-ServerActionsTestOtherA-637660669-project-member] Acquiring lock "fe4afca5-ea85-4d3f-a78e-273850b0f35b" by "nova.context.set_target_cell..get_or_set_cached_cell_and_set_connections" {{(pid=61151) inner /opt/stack/data/venv/lib/python3.12/site-packages/oslo_concurrency/lockutils.py:511}}
Jul 03 17:25:55 devstack devstack@n-api.service[61151]: DEBUG oslo_concurrency.lockutils [None req-4214ff02-a191-4ffd-a99c-8bcff091e898 tempest-ServerActionsTestOtherA-637660669 tempest-ServerActionsTestOtherA-637660669-project-member] Lock "fe4afca5-ea85-4d3f-a78e-273850b0f35b" acquired by "nova.context.set_target_cell..get_or_set_cached_cell_and_set_connections" :: waited 0.001s {{(pid=61151) inner /opt/stack/data/venv/lib/python3.12/site-packages/oslo_concurrency/lockutils.py:524}}
Jul 03 17:25:55 devstack devstack@n-api.service[61151]: DEBUG oslo_concurrency.lockutils [None req-4214ff02-a191-4ffd-a99c-8bcff091e898 tempest-ServerActionsTestOtherA-637660669 tempest-ServerActionsTestOtherA-637660669-project-member] Lock "fe4afca5-ea85-4d3f-a78e-273850b0f35b" "released" by "nova.context.set_target_cell..get_or_set_cached_cell_and_set_connections" :: held 0.001s {{(pid=61151) inner /opt/stack/data/venv/lib/python3.12/site-packages/oslo_concurrency/lockutils.py:543}}
Jul 03 17:25:55 devstack devstack@n-api.service[61151]: DEBUG oslo_concurrency.lockutils [None req-4214ff02-a191-4ffd-a99c-8bcff091e898 tempest-ServerActionsTestOtherA-637660669 tempest-ServerActionsTestOtherA-637660669-project-member] Acquiring lock "fe4afca5-ea85-4d3f-a78e-273850b0f35b" by "nova.context.set_target_cell..get_or_set_cached_cell_and_set_connections" {{(pid=61151) inner /opt/stack/data/venv/lib/python3.12/site-packages/oslo_concurrency/lockutils.py:511}}
Jul 03 17:25:55 devstack devstack@n-api.service[61151]: DEBUG oslo_concurrency.lockutils [None req-4214ff02-a191-4ffd-a99c-8bcff091e898 tempest-ServerActionsTestOtherA-637660669 tempest-ServerActionsTestOtherA-637660669-project-member] Lock "fe4afca5-ea85-4d3f-a78e-273850b0f35b" acquired by "nova.context.set_target_cell..get_or_set_cached_cell_and_set_connections" :: waited 0.000s {{(pid=61151) inner /opt/stack/data/venv/lib/python3.12/site-packages/oslo_concurrency/lockutils.py:524}}
Jul 03 17:25:55 devstack devstack@n-api.service[61151]: DEBUG oslo_concurrency.lockutils [None req-4214ff02-a191-4ffd-a99c-8bcff091e898 tempest-ServerActionsTestOtherA-637660669 tempest-ServerActionsTestOtherA-637660669-project-member] Lock "fe4afca5-ea85-4d3f-a78e-273850b0f35b" "released" by "nova.context.set_target_cell..get_or_set_cached_cell_and_set_connections" :: held 0.001s {{(pid=61151) inner /opt/stack/data/venv/lib/python3.12/site-packages/oslo_concurrency/lockutils.py:543}}
Jul 03 17:25:55 devstack devstack@n-api.service[61151]: WARNING neutronclient.v2_0.client [None req-4214ff02-a191-4ffd-a99c-8bcff091e898 tempest-ServerActionsTestOtherA-637660669 tempest-ServerActionsTestOtherA-637660669-project-member] The python binding code in neutronclient is deprecated in favor of OpenstackSDK, please use that as this will be removed in a future release.
Jul 03 17:25:55 devstack devstack@n-api.service[61151]: DEBUG nova.policy [None req-4214ff02-a191-4ffd-a99c-8bcff091e898 tempest-ServerActionsTestOtherA-637660669 tempest-ServerActionsTestOtherA-637660669-project-member] Policy check for os_compute_api:os-extended-server-attributes failed with credentials {'is_admin': False, 'user_id': '32f61691f47749b9837106f775880aaa', 'user_domain_id': 'default', 'system_scope': None, 'domain_id': None, 'project_id': '9eb64a7e3a4a4e9da05689a18e0f15f9', 'project_domain_id': 'default', 'roles': ['reader', 'member'], 'is_admin_project': True, 'service_user_id': None, 'service_user_domain_id': None, 'service_project_id': None, 'service_project_domain_id': None, 'service_roles': []} {{(pid=61151) authorize /opt/stack/nova/nova/policy.py:192}}
Jul 03 17:25:55 devstack devstack@n-api.service[61151]: INFO nova.api.openstack.requestlog [None req-4214ff02-a191-4ffd-a99c-8bcff091e898 tempest-ServerActionsTestOtherA-637660669 tempest-ServerActionsTestOtherA-637660669-project-member] 192.168.122.21 "GET /compute/v2.1/servers/e70ec760-fd5e-426d-bb1a-71938f500794" status: 200 len: 1558 microversion: 2.1 time: 0.531656
Jul 03 17:25:55 devstack devstack@n-api.service[61151]: [pid: 61151|app: 0|req: 125/242] 192.168.122.21 () {58 vars in 1233 bytes} [Fri Jul 3 17:25:55 2026] GET /compute/v2.1/servers/e70ec760-fd5e-426d-bb1a-71938f500794 => generated 1558 bytes in 533 msecs (HTTP/1.1 200) 9 headers in 358 bytes (1 switches on core 0)
Jul 03 17:25:55 devstack devstack@n-api.service[61150]: DEBUG nova.api.openstack.wsgi [None req-618ac832-ec8c-4743-b5e8-abe1d514d2bc tempest-VolumesSnapshotsTestJSON-368655952 tempest-VolumesSnapshotsTestJSON-368655952-project-member] Calling method '>' {{(pid=61150) _process_stack /opt/stack/nova/nova/api/openstack/wsgi.py:552}}
Jul 03 17:25:55 devstack devstack@n-api.service[61151]: DEBUG nova.api.openstack.wsgi [None req-dc8177f1-5a72-4915-917a-d1cd02dda74f tempest-ServerActionsTestOtherA-637660669 tempest-ServerActionsTestOtherA-637660669-project-member] Calling method '>' {{(pid=61151) _process_stack /opt/stack/nova/nova/api/openstack/wsgi.py:552}}
Jul 03 17:25:55 devstack devstack@n-api.service[61151]: DEBUG nova.compute.api [None req-dc8177f1-5a72-4915-917a-d1cd02dda74f tempest-ServerActionsTestOtherA-637660669 tempest-ServerActionsTestOtherA-637660669-project-member] [instance: e70ec760-fd5e-426d-bb1a-71938f500794] Fetching instance by UUID {{(pid=61151) get /opt/stack/nova/nova/compute/api.py:3021}}
Jul 03 17:25:55 devstack devstack@n-api.service[61151]: DEBUG oslo_concurrency.lockutils [None req-dc8177f1-5a72-4915-917a-d1cd02dda74f tempest-ServerActionsTestOtherA-637660669 tempest-ServerActionsTestOtherA-637660669-project-member] Acquiring lock "fe4afca5-ea85-4d3f-a78e-273850b0f35b" by "nova.context.set_target_cell..get_or_set_cached_cell_and_set_connections" {{(pid=61151) inner /opt/stack/data/venv/lib/python3.12/site-packages/oslo_concurrency/lockutils.py:511}}
Jul 03 17:25:55 devstack devstack@n-api.service[61151]: DEBUG oslo_concurrency.lockutils [None req-dc8177f1-5a72-4915-917a-d1cd02dda74f tempest-ServerActionsTestOtherA-637660669 tempest-ServerActionsTestOtherA-637660669-project-member] Lock "fe4afca5-ea85-4d3f-a78e-273850b0f35b" acquired by "nova.context.set_target_cell..get_or_set_cached_cell_and_set_connections" :: waited 0.001s {{(pid=61151) inner /opt/stack/data/venv/lib/python3.12/site-packages/oslo_concurrency/lockutils.py:524}}
Jul 03 17:25:55 devstack devstack@n-api.service[61151]: DEBUG oslo_concurrency.lockutils [None req-dc8177f1-5a72-4915-917a-d1cd02dda74f tempest-ServerActionsTestOtherA-637660669 tempest-ServerActionsTestOtherA-637660669-project-member] Lock "fe4afca5-ea85-4d3f-a78e-273850b0f35b" "released" by "nova.context.set_target_cell..get_or_set_cached_cell_and_set_connections" :: held 0.000s {{(pid=61151) inner /opt/stack/data/venv/lib/python3.12/site-packages/oslo_concurrency/lockutils.py:543}}
Jul 03 17:25:55 devstack devstack@n-api.service[61151]: DEBUG oslo_concurrency.lockutils [None req-dc8177f1-5a72-4915-917a-d1cd02dda74f tempest-ServerActionsTestOtherA-637660669 tempest-ServerActionsTestOtherA-637660669-project-member] Acquiring lock "fe4afca5-ea85-4d3f-a78e-273850b0f35b" by "nova.context.set_target_cell..get_or_set_cached_cell_and_set_connections" {{(pid=61151) inner /opt/stack/data/venv/lib/python3.12/site-packages/oslo_concurrency/lockutils.py:511}}
Jul 03 17:25:55 devstack devstack@n-api.service[61151]: DEBUG oslo_concurrency.lockutils [None req-dc8177f1-5a72-4915-917a-d1cd02dda74f tempest-ServerActionsTestOtherA-637660669 tempest-ServerActionsTestOtherA-637660669-project-member] Lock "fe4afca5-ea85-4d3f-a78e-273850b0f35b" acquired by "nova.context.set_target_cell..get_or_set_cached_cell_and_set_connections" :: waited 0.001s {{(pid=61151) inner /opt/stack/data/venv/lib/python3.12/site-packages/oslo_concurrency/lockutils.py:524}}
Jul 03 17:25:55 devstack devstack@n-api.service[61151]: DEBUG oslo_concurrency.lockutils [None req-dc8177f1-5a72-4915-917a-d1cd02dda74f tempest-ServerActionsTestOtherA-637660669 tempest-ServerActionsTestOtherA-637660669-project-member] Lock "fe4afca5-ea85-4d3f-a78e-273850b0f35b" "released" by "nova.context.set_target_cell..get_or_set_cached_cell_and_set_connections" :: held 0.000s {{(pid=61151) inner /opt/stack/data/venv/lib/python3.12/site-packages/oslo_concurrency/lockutils.py:543}}
Jul 03 17:25:55 devstack devstack@n-api.service[61150]: INFO nova.api.openstack.requestlog [None req-618ac832-ec8c-4743-b5e8-abe1d514d2bc tempest-VolumesSnapshotsTestJSON-368655952 tempest-VolumesSnapshotsTestJSON-368655952-project-member] 192.168.122.21 "GET /compute/v2.1/os-snapshots/1ea40d1d-01ed-4149-8d84-2c21d308cdab" status: 200 len: 286 microversion: 2.1 time: 0.103781
Jul 03 17:25:55 devstack devstack@n-api.service[61150]: [pid: 61150|app: 0|req: 118/243] 192.168.122.21 () {58 vars in 1248 bytes} [Fri Jul 3 17:25:55 2026] GET /compute/v2.1/os-snapshots/1ea40d1d-01ed-4149-8d84-2c21d308cdab => generated 286 bytes in 113 msecs (HTTP/1.1 200) 9 headers in 357 bytes (1 switches on core 0)
Jul 03 17:25:55 devstack devstack@n-api.service[61151]: WARNING neutronclient.v2_0.client [None req-dc8177f1-5a72-4915-917a-d1cd02dda74f tempest-ServerActionsTestOtherA-637660669 tempest-ServerActionsTestOtherA-637660669-project-member] The python binding code in neutronclient is deprecated in favor of OpenstackSDK, please use that as this will be removed in a future release.
Jul 03 17:25:56 devstack devstack@n-api.service[61151]: INFO nova.api.openstack.requestlog [None req-dc8177f1-5a72-4915-917a-d1cd02dda74f tempest-ServerActionsTestOtherA-637660669 tempest-ServerActionsTestOtherA-637660669-project-member] 192.168.122.21 "GET /compute/v2.1/servers/e70ec760-fd5e-426d-bb1a-71938f500794/os-interface" status: 200 len: 282 microversion: 2.1 time: 0.286760
Jul 03 17:25:56 devstack devstack@n-api.service[61151]: [pid: 61151|app: 0|req: 126/244] 192.168.122.21 () {58 vars in 1272 bytes} [Fri Jul 3 17:25:55 2026] GET /compute/v2.1/servers/e70ec760-fd5e-426d-bb1a-71938f500794/os-interface => generated 282 bytes in 290 msecs (HTTP/1.1 200) 9 headers in 357 bytes (1 switches on core 0)
Jul 03 17:25:56 devstack devstack@n-api.service[61151]: DEBUG nova.api.openstack.wsgi [req-b994a9a7-f3ca-4d63-b725-4836372546d3 req-501a32f6-5db3-4f55-8ef7-393ffa86a253 service nova] Action: 'create', calling method: >, body: {"events": [{"server_uuid": "1f94295c-756c-4d79-82fc-542bb687705d", "name": "network-vif-plugged", "status": "completed", "tag": "a2ce0de4-28d9-4300-ad2f-da56424feef4"}]} {{(pid=61151) _process_stack /opt/stack/nova/nova/api/openstack/wsgi.py:550}}
Jul 03 17:25:56 devstack devstack@n-api.service[61150]: DEBUG nova.api.openstack.wsgi [None req-e24ac8d6-7135-4b9d-b9b3-411cb393f62f tempest-AttachVolumeShelveTestJSON-1459766598 tempest-AttachVolumeShelveTestJSON-1459766598-project-member] Calling method '>' {{(pid=61150) _process_stack /opt/stack/nova/nova/api/openstack/wsgi.py:552}}
Jul 03 17:25:56 devstack devstack@n-api.service[61150]: DEBUG nova.compute.api [None req-e24ac8d6-7135-4b9d-b9b3-411cb393f62f tempest-AttachVolumeShelveTestJSON-1459766598 tempest-AttachVolumeShelveTestJSON-1459766598-project-member] [instance: 1f94295c-756c-4d79-82fc-542bb687705d] Fetching instance by UUID {{(pid=61150) get /opt/stack/nova/nova/compute/api.py:3021}}
Jul 03 17:25:56 devstack devstack@n-api.service[61151]: DEBUG oslo_concurrency.lockutils [req-b994a9a7-f3ca-4d63-b725-4836372546d3 req-501a32f6-5db3-4f55-8ef7-393ffa86a253 service nova] Acquiring lock "fe4afca5-ea85-4d3f-a78e-273850b0f35b" by "nova.context.set_target_cell..get_or_set_cached_cell_and_set_connections" {{(pid=61151) inner /opt/stack/data/venv/lib/python3.12/site-packages/oslo_concurrency/lockutils.py:511}}
Jul 03 17:25:56 devstack devstack@n-api.service[61151]: DEBUG oslo_concurrency.lockutils [req-b994a9a7-f3ca-4d63-b725-4836372546d3 req-501a32f6-5db3-4f55-8ef7-393ffa86a253 service nova] Lock "fe4afca5-ea85-4d3f-a78e-273850b0f35b" acquired by "nova.context.set_target_cell..get_or_set_cached_cell_and_set_connections" :: waited 0.001s {{(pid=61151) inner /opt/stack/data/venv/lib/python3.12/site-packages/oslo_concurrency/lockutils.py:524}}
Jul 03 17:25:56 devstack devstack@n-api.service[61151]: DEBUG oslo_concurrency.lockutils [req-b994a9a7-f3ca-4d63-b725-4836372546d3 req-501a32f6-5db3-4f55-8ef7-393ffa86a253 service nova] Lock "fe4afca5-ea85-4d3f-a78e-273850b0f35b" "released" by "nova.context.set_target_cell..get_or_set_cached_cell_and_set_connections" :: held 0.001s {{(pid=61151) inner /opt/stack/data/venv/lib/python3.12/site-packages/oslo_concurrency/lockutils.py:543}}
Jul 03 17:25:56 devstack devstack@n-api.service[61150]: DEBUG oslo_concurrency.lockutils [None req-e24ac8d6-7135-4b9d-b9b3-411cb393f62f tempest-AttachVolumeShelveTestJSON-1459766598 tempest-AttachVolumeShelveTestJSON-1459766598-project-member] Acquiring lock "fe4afca5-ea85-4d3f-a78e-273850b0f35b" by "nova.context.set_target_cell..get_or_set_cached_cell_and_set_connections" {{(pid=61150) inner /opt/stack/data/venv/lib/python3.12/site-packages/oslo_concurrency/lockutils.py:511}}
Jul 03 17:25:56 devstack devstack@n-api.service[61150]: DEBUG oslo_concurrency.lockutils [None req-e24ac8d6-7135-4b9d-b9b3-411cb393f62f tempest-AttachVolumeShelveTestJSON-1459766598 tempest-AttachVolumeShelveTestJSON-1459766598-project-member] Lock "fe4afca5-ea85-4d3f-a78e-273850b0f35b" acquired by "nova.context.set_target_cell..get_or_set_cached_cell_and_set_connections" :: waited 0.003s {{(pid=61150) inner /opt/stack/data/venv/lib/python3.12/site-packages/oslo_concurrency/lockutils.py:524}}
Jul 03 17:25:56 devstack devstack@n-api.service[61150]: DEBUG oslo_concurrency.lockutils [None req-e24ac8d6-7135-4b9d-b9b3-411cb393f62f tempest-AttachVolumeShelveTestJSON-1459766598 tempest-AttachVolumeShelveTestJSON-1459766598-project-member] Lock "fe4afca5-ea85-4d3f-a78e-273850b0f35b" "released" by "nova.context.set_target_cell..get_or_set_cached_cell_and_set_connections" :: held 0.001s {{(pid=61150) inner /opt/stack/data/venv/lib/python3.12/site-packages/oslo_concurrency/lockutils.py:543}}
Jul 03 17:25:56 devstack devstack@n-api.service[61150]: DEBUG oslo_concurrency.lockutils [None req-e24ac8d6-7135-4b9d-b9b3-411cb393f62f tempest-AttachVolumeShelveTestJSON-1459766598 tempest-AttachVolumeShelveTestJSON-1459766598-project-member] Acquiring lock "fe4afca5-ea85-4d3f-a78e-273850b0f35b" by "nova.context.set_target_cell..get_or_set_cached_cell_and_set_connections" {{(pid=61150) inner /opt/stack/data/venv/lib/python3.12/site-packages/oslo_concurrency/lockutils.py:511}}
Jul 03 17:25:56 devstack devstack@n-api.service[61150]: DEBUG oslo_concurrency.lockutils [None req-e24ac8d6-7135-4b9d-b9b3-411cb393f62f tempest-AttachVolumeShelveTestJSON-1459766598 tempest-AttachVolumeShelveTestJSON-1459766598-project-member] Lock "fe4afca5-ea85-4d3f-a78e-273850b0f35b" acquired by "nova.context.set_target_cell..get_or_set_cached_cell_and_set_connections" :: waited 0.000s {{(pid=61150) inner /opt/stack/data/venv/lib/python3.12/site-packages/oslo_concurrency/lockutils.py:524}}
Jul 03 17:25:56 devstack devstack@n-api.service[61150]: DEBUG oslo_concurrency.lockutils [None req-e24ac8d6-7135-4b9d-b9b3-411cb393f62f tempest-AttachVolumeShelveTestJSON-1459766598 tempest-AttachVolumeShelveTestJSON-1459766598-project-member] Lock "fe4afca5-ea85-4d3f-a78e-273850b0f35b" "released" by "nova.context.set_target_cell..get_or_set_cached_cell_and_set_connections" :: held 0.001s {{(pid=61150) inner /opt/stack/data/venv/lib/python3.12/site-packages/oslo_concurrency/lockutils.py:543}}
Jul 03 17:25:56 devstack devstack@n-api.service[61151]: INFO nova.api.openstack.compute.server_external_events [req-b994a9a7-f3ca-4d63-b725-4836372546d3 req-501a32f6-5db3-4f55-8ef7-393ffa86a253 service nova] Creating event network-vif-plugged:a2ce0de4-28d9-4300-ad2f-da56424feef4 for instance 1f94295c-756c-4d79-82fc-542bb687705d on devstack
Jul 03 17:25:56 devstack devstack@n-api.service[61151]: INFO nova.api.openstack.requestlog [req-b994a9a7-f3ca-4d63-b725-4836372546d3 req-501a32f6-5db3-4f55-8ef7-393ffa86a253 service nova] 192.168.122.21 "POST /compute/v2.1/os-server-external-events" status: 200 len: 183 microversion: 2.1 time: 0.078280
Jul 03 17:25:56 devstack devstack@n-api.service[61151]: [pid: 61151|app: 0|req: 127/245] 192.168.122.21 () {64 vars in 1316 bytes} [Fri Jul 3 17:25:56 2026] POST /compute/v2.1/os-server-external-events => generated 183 bytes in 83 msecs (HTTP/1.1 200) 9 headers in 357 bytes (1 switches on core 0)
Jul 03 17:25:56 devstack devstack@n-api.service[61150]: WARNING neutronclient.v2_0.client [None req-e24ac8d6-7135-4b9d-b9b3-411cb393f62f tempest-AttachVolumeShelveTestJSON-1459766598 tempest-AttachVolumeShelveTestJSON-1459766598-project-member] The python binding code in neutronclient is deprecated in favor of OpenstackSDK, please use that as this will be removed in a future release.
Jul 03 17:25:56 devstack devstack@n-api.service[61150]: DEBUG nova.policy [None req-e24ac8d6-7135-4b9d-b9b3-411cb393f62f tempest-AttachVolumeShelveTestJSON-1459766598 tempest-AttachVolumeShelveTestJSON-1459766598-project-member] Policy check for os_compute_api:os-extended-server-attributes failed with credentials {'is_admin': False, 'user_id': 'df015c05cb0544aa831e953df84e47f7', 'user_domain_id': 'default', 'system_scope': None, 'domain_id': None, 'project_id': '38b6730c1f2748a2b9991003fe87b1a5', 'project_domain_id': 'default', 'roles': ['reader', 'member'], 'is_admin_project': True, 'service_user_id': None, 'service_user_domain_id': None, 'service_project_id': None, 'service_project_domain_id': None, 'service_roles': []} {{(pid=61150) authorize /opt/stack/nova/nova/policy.py:192}}
Jul 03 17:25:56 devstack devstack@n-api.service[61150]: DEBUG nova.policy [None req-e24ac8d6-7135-4b9d-b9b3-411cb393f62f tempest-AttachVolumeShelveTestJSON-1459766598 tempest-AttachVolumeShelveTestJSON-1459766598-project-member] Policy check for os_compute_api:servers:show:host_status failed with credentials {'is_admin': False, 'user_id': 'df015c05cb0544aa831e953df84e47f7', 'user_domain_id': 'default', 'system_scope': None, 'domain_id': None, 'project_id': '38b6730c1f2748a2b9991003fe87b1a5', 'project_domain_id': 'default', 'roles': ['reader', 'member'], 'is_admin_project': True, 'service_user_id': None, 'service_user_domain_id': None, 'service_project_id': None, 'service_project_domain_id': None, 'service_roles': []} {{(pid=61150) authorize /opt/stack/nova/nova/policy.py:192}}
Jul 03 17:25:56 devstack devstack@n-api.service[61150]: DEBUG nova.policy [None req-e24ac8d6-7135-4b9d-b9b3-411cb393f62f tempest-AttachVolumeShelveTestJSON-1459766598 tempest-AttachVolumeShelveTestJSON-1459766598-project-member] Policy check for os_compute_api:servers:show:host_status:unknown-only failed with credentials {'is_admin': False, 'user_id': 'df015c05cb0544aa831e953df84e47f7', 'user_domain_id': 'default', 'system_scope': None, 'domain_id': None, 'project_id': '38b6730c1f2748a2b9991003fe87b1a5', 'project_domain_id': 'default', 'roles': ['reader', 'member'], 'is_admin_project': True, 'service_user_id': None, 'service_user_domain_id': None, 'service_project_id': None, 'service_project_domain_id': None, 'service_roles': []} {{(pid=61150) authorize /opt/stack/nova/nova/policy.py:192}}
Jul 03 17:25:56 devstack devstack@n-api.service[61150]: INFO nova.api.openstack.requestlog [None req-e24ac8d6-7135-4b9d-b9b3-411cb393f62f tempest-AttachVolumeShelveTestJSON-1459766598 tempest-AttachVolumeShelveTestJSON-1459766598-project-member] 192.168.122.21 "GET /compute/v2.1/servers/1f94295c-756c-4d79-82fc-542bb687705d" status: 200 len: 1603 microversion: 2.20 time: 0.570875
Jul 03 17:25:56 devstack devstack@n-api.service[61150]: [pid: 61150|app: 0|req: 119/246] 192.168.122.21 () {60 vars in 1274 bytes} [Fri Jul 3 17:25:56 2026] GET /compute/v2.1/servers/1f94295c-756c-4d79-82fc-542bb687705d => generated 1603 bytes in 578 msecs (HTTP/1.1 200) 9 headers in 360 bytes (1 switches on core 0)
Jul 03 17:25:56 devstack devstack@n-api.service[61151]: DEBUG nova.api.openstack.wsgi [None req-19b99496-d217-4d54-ad36-a3b4911798a0 tempest-AttachVolumeShelveTestJSON-1459766598 tempest-AttachVolumeShelveTestJSON-1459766598-project-member] Calling method '>' {{(pid=61151) _process_stack /opt/stack/nova/nova/api/openstack/wsgi.py:552}}
Jul 03 17:25:56 devstack devstack@n-api.service[61151]: DEBUG nova.compute.api [None req-19b99496-d217-4d54-ad36-a3b4911798a0 tempest-AttachVolumeShelveTestJSON-1459766598 tempest-AttachVolumeShelveTestJSON-1459766598-project-member] [instance: 1f94295c-756c-4d79-82fc-542bb687705d] Fetching instance by UUID {{(pid=61151) get /opt/stack/nova/nova/compute/api.py:3021}}
Jul 03 17:25:56 devstack devstack@n-api.service[61151]: DEBUG oslo_concurrency.lockutils [None req-19b99496-d217-4d54-ad36-a3b4911798a0 tempest-AttachVolumeShelveTestJSON-1459766598 tempest-AttachVolumeShelveTestJSON-1459766598-project-member] Acquiring lock "fe4afca5-ea85-4d3f-a78e-273850b0f35b" by "nova.context.set_target_cell..get_or_set_cached_cell_and_set_connections" {{(pid=61151) inner /opt/stack/data/venv/lib/python3.12/site-packages/oslo_concurrency/lockutils.py:511}}
Jul 03 17:25:56 devstack devstack@n-api.service[61151]: DEBUG oslo_concurrency.lockutils [None req-19b99496-d217-4d54-ad36-a3b4911798a0 tempest-AttachVolumeShelveTestJSON-1459766598 tempest-AttachVolumeShelveTestJSON-1459766598-project-member] Lock "fe4afca5-ea85-4d3f-a78e-273850b0f35b" acquired by "nova.context.set_target_cell..get_or_set_cached_cell_and_set_connections" :: waited 0.001s {{(pid=61151) inner /opt/stack/data/venv/lib/python3.12/site-packages/oslo_concurrency/lockutils.py:524}}
Jul 03 17:25:56 devstack devstack@n-api.service[61151]: DEBUG oslo_concurrency.lockutils [None req-19b99496-d217-4d54-ad36-a3b4911798a0 tempest-AttachVolumeShelveTestJSON-1459766598 tempest-AttachVolumeShelveTestJSON-1459766598-project-member] Lock "fe4afca5-ea85-4d3f-a78e-273850b0f35b" "released" by "nova.context.set_target_cell..get_or_set_cached_cell_and_set_connections" :: held 0.000s {{(pid=61151) inner /opt/stack/data/venv/lib/python3.12/site-packages/oslo_concurrency/lockutils.py:543}}
Jul 03 17:25:56 devstack devstack@n-api.service[61151]: DEBUG oslo_concurrency.lockutils [None req-19b99496-d217-4d54-ad36-a3b4911798a0 tempest-AttachVolumeShelveTestJSON-1459766598 tempest-AttachVolumeShelveTestJSON-1459766598-project-member] Acquiring lock "fe4afca5-ea85-4d3f-a78e-273850b0f35b" by "nova.context.set_target_cell..get_or_set_cached_cell_and_set_connections" {{(pid=61151) inner /opt/stack/data/venv/lib/python3.12/site-packages/oslo_concurrency/lockutils.py:511}}
Jul 03 17:25:56 devstack devstack@n-api.service[61151]: DEBUG oslo_concurrency.lockutils [None req-19b99496-d217-4d54-ad36-a3b4911798a0 tempest-AttachVolumeShelveTestJSON-1459766598 tempest-AttachVolumeShelveTestJSON-1459766598-project-member] Lock "fe4afca5-ea85-4d3f-a78e-273850b0f35b" acquired by "nova.context.set_target_cell..get_or_set_cached_cell_and_set_connections" :: waited 0.001s {{(pid=61151) inner /opt/stack/data/venv/lib/python3.12/site-packages/oslo_concurrency/lockutils.py:524}}
Jul 03 17:25:56 devstack devstack@n-api.service[61151]: DEBUG oslo_concurrency.lockutils [None req-19b99496-d217-4d54-ad36-a3b4911798a0 tempest-AttachVolumeShelveTestJSON-1459766598 tempest-AttachVolumeShelveTestJSON-1459766598-project-member] Lock "fe4afca5-ea85-4d3f-a78e-273850b0f35b" "released" by "nova.context.set_target_cell..get_or_set_cached_cell_and_set_connections" :: held 0.000s {{(pid=61151) inner /opt/stack/data/venv/lib/python3.12/site-packages/oslo_concurrency/lockutils.py:543}}
Jul 03 17:25:56 devstack devstack@n-api.service[61150]: DEBUG nova.api.openstack.wsgi [None req-34c908b3-acd4-46be-8380-109f8fc26b61 tempest-VolumesSnapshotsTestJSON-368655952 tempest-VolumesSnapshotsTestJSON-368655952-project-member] Calling method '>' {{(pid=61150) _process_stack /opt/stack/nova/nova/api/openstack/wsgi.py:552}}
Jul 03 17:25:56 devstack devstack@n-api.service[61151]: WARNING neutronclient.v2_0.client [None req-19b99496-d217-4d54-ad36-a3b4911798a0 tempest-AttachVolumeShelveTestJSON-1459766598 tempest-AttachVolumeShelveTestJSON-1459766598-project-member] The python binding code in neutronclient is deprecated in favor of OpenstackSDK, please use that as this will be removed in a future release.
Jul 03 17:25:56 devstack devstack@n-api.service[61150]: INFO nova.api.openstack.requestlog [None req-34c908b3-acd4-46be-8380-109f8fc26b61 tempest-VolumesSnapshotsTestJSON-368655952 tempest-VolumesSnapshotsTestJSON-368655952-project-member] 192.168.122.21 "GET /compute/v2.1/os-snapshots/1ea40d1d-01ed-4149-8d84-2c21d308cdab" status: 200 len: 287 microversion: 2.1 time: 0.102390
Jul 03 17:25:56 devstack devstack@n-api.service[61150]: [pid: 61150|app: 0|req: 120/247] 192.168.122.21 () {58 vars in 1248 bytes} [Fri Jul 3 17:25:56 2026] GET /compute/v2.1/os-snapshots/1ea40d1d-01ed-4149-8d84-2c21d308cdab => generated 287 bytes in 110 msecs (HTTP/1.1 200) 9 headers in 357 bytes (1 switches on core 0)
Jul 03 17:25:57 devstack devstack@n-api.service[61150]: DEBUG nova.api.openstack.wsgi [None req-cb819f63-16bc-42d2-b1b4-e3adbd883979 tempest-VolumesSnapshotsTestJSON-368655952 tempest-VolumesSnapshotsTestJSON-368655952-project-member] Calling method '>' {{(pid=61150) _process_stack /opt/stack/nova/nova/api/openstack/wsgi.py:552}}
Jul 03 17:25:57 devstack devstack@n-api.service[61151]: INFO nova.api.openstack.requestlog [None req-19b99496-d217-4d54-ad36-a3b4911798a0 tempest-AttachVolumeShelveTestJSON-1459766598 tempest-AttachVolumeShelveTestJSON-1459766598-project-member] 192.168.122.21 "GET /compute/v2.1/servers/1f94295c-756c-4d79-82fc-542bb687705d/os-interface" status: 200 len: 282 microversion: 2.20 time: 0.351587
Jul 03 17:25:57 devstack devstack@n-api.service[61151]: [pid: 61151|app: 0|req: 128/248] 192.168.122.21 () {60 vars in 1313 bytes} [Fri Jul 3 17:25:56 2026] GET /compute/v2.1/servers/1f94295c-756c-4d79-82fc-542bb687705d/os-interface => generated 282 bytes in 356 msecs (HTTP/1.1 200) 9 headers in 359 bytes (1 switches on core 0)
Jul 03 17:25:57 devstack devstack@n-api.service[61150]: INFO nova.api.openstack.requestlog [None req-cb819f63-16bc-42d2-b1b4-e3adbd883979 tempest-VolumesSnapshotsTestJSON-368655952 tempest-VolumesSnapshotsTestJSON-368655952-project-member] 192.168.122.21 "DELETE /compute/v2.1/os-snapshots/1ea40d1d-01ed-4149-8d84-2c21d308cdab" status: 202 len: 0 microversion: 2.1 time: 0.228280
Jul 03 17:25:57 devstack devstack@n-api.service[61150]: [pid: 61150|app: 0|req: 121/249] 192.168.122.21 () {58 vars in 1251 bytes} [Fri Jul 3 17:25:57 2026] DELETE /compute/v2.1/os-snapshots/1ea40d1d-01ed-4149-8d84-2c21d308cdab => generated 0 bytes in 237 msecs (HTTP/1.1 202) 9 headers in 361 bytes (1 switches on core 0)
Jul 03 17:25:57 devstack devstack@n-api.service[61151]: DEBUG nova.api.openstack.wsgi [None req-15e9eeba-4d01-4613-85dd-7c3e395852b4 tempest-VolumesSnapshotsTestJSON-368655952 tempest-VolumesSnapshotsTestJSON-368655952-project-member] Calling method '>' {{(pid=61151) _process_stack /opt/stack/nova/nova/api/openstack/wsgi.py:552}}
Jul 03 17:25:57 devstack devstack@n-api.service[61151]: INFO nova.api.openstack.requestlog [None req-15e9eeba-4d01-4613-85dd-7c3e395852b4 tempest-VolumesSnapshotsTestJSON-368655952 tempest-VolumesSnapshotsTestJSON-368655952-project-member] 192.168.122.21 "GET /compute/v2.1/os-snapshots/1ea40d1d-01ed-4149-8d84-2c21d308cdab" status: 200 len: 286 microversion: 2.1 time: 0.159449
Jul 03 17:25:57 devstack devstack@n-api.service[61151]: [pid: 61151|app: 0|req: 129/250] 192.168.122.21 () {58 vars in 1248 bytes} [Fri Jul 3 17:25:57 2026] GET /compute/v2.1/os-snapshots/1ea40d1d-01ed-4149-8d84-2c21d308cdab => generated 286 bytes in 163 msecs (HTTP/1.1 200) 9 headers in 357 bytes (2 switches on core 0)
Jul 03 17:25:58 devstack devstack@n-api.service[61150]: DEBUG nova.api.openstack.wsgi [None req-c18aaa06-7524-4fc4-893e-1dadf8fda972 tempest-VolumesSnapshotsTestJSON-368655952 tempest-VolumesSnapshotsTestJSON-368655952-project-member] Calling method '>' {{(pid=61150) _process_stack /opt/stack/nova/nova/api/openstack/wsgi.py:552}}
Jul 03 17:25:58 devstack devstack@n-api.service[61150]: INFO nova.api.openstack.requestlog [None req-c18aaa06-7524-4fc4-893e-1dadf8fda972 tempest-VolumesSnapshotsTestJSON-368655952 tempest-VolumesSnapshotsTestJSON-368655952-project-member] 192.168.122.21 "GET /compute/v2.1/os-snapshots/1ea40d1d-01ed-4149-8d84-2c21d308cdab" status: 200 len: 286 microversion: 2.1 time: 0.133692
Jul 03 17:25:58 devstack devstack@n-api.service[61150]: [pid: 61150|app: 0|req: 122/251] 192.168.122.21 () {58 vars in 1248 bytes} [Fri Jul 3 17:25:58 2026] GET /compute/v2.1/os-snapshots/1ea40d1d-01ed-4149-8d84-2c21d308cdab => generated 286 bytes in 141 msecs (HTTP/1.1 200) 9 headers in 357 bytes (1 switches on core 0)
Jul 03 17:25:59 devstack devstack@n-api.service[61151]: DEBUG nova.api.openstack.wsgi [req-e2ef0572-08a6-4daf-a2e1-d79ca7031a2f req-a575ff4b-4fbf-42da-97f2-39ae9afedd62 service nova] Action: 'create', calling method: >, body: {"events": [{"name": "network-changed", "server_uuid": "e70ec760-fd5e-426d-bb1a-71938f500794", "tag": "b20f7a26-8595-41a6-96e0-1671432cbcfe"}]} {{(pid=61151) _process_stack /opt/stack/nova/nova/api/openstack/wsgi.py:550}}
Jul 03 17:25:59 devstack devstack@n-api.service[61151]: DEBUG oslo_concurrency.lockutils [req-e2ef0572-08a6-4daf-a2e1-d79ca7031a2f req-a575ff4b-4fbf-42da-97f2-39ae9afedd62 service nova] Acquiring lock "fe4afca5-ea85-4d3f-a78e-273850b0f35b" by "nova.context.set_target_cell..get_or_set_cached_cell_and_set_connections" {{(pid=61151) inner /opt/stack/data/venv/lib/python3.12/site-packages/oslo_concurrency/lockutils.py:511}}
Jul 03 17:25:59 devstack devstack@n-api.service[61151]: DEBUG oslo_concurrency.lockutils [req-e2ef0572-08a6-4daf-a2e1-d79ca7031a2f req-a575ff4b-4fbf-42da-97f2-39ae9afedd62 service nova] Lock "fe4afca5-ea85-4d3f-a78e-273850b0f35b" acquired by "nova.context.set_target_cell..get_or_set_cached_cell_and_set_connections" :: waited 0.006s {{(pid=61151) inner /opt/stack/data/venv/lib/python3.12/site-packages/oslo_concurrency/lockutils.py:524}}
Jul 03 17:25:59 devstack devstack@n-api.service[61151]: DEBUG oslo_concurrency.lockutils [req-e2ef0572-08a6-4daf-a2e1-d79ca7031a2f req-a575ff4b-4fbf-42da-97f2-39ae9afedd62 service nova] Lock "fe4afca5-ea85-4d3f-a78e-273850b0f35b" "released" by "nova.context.set_target_cell..get_or_set_cached_cell_and_set_connections" :: held 0.001s {{(pid=61151) inner /opt/stack/data/venv/lib/python3.12/site-packages/oslo_concurrency/lockutils.py:543}}
Jul 03 17:25:59 devstack devstack@n-api.service[61151]: INFO nova.api.openstack.compute.server_external_events [req-e2ef0572-08a6-4daf-a2e1-d79ca7031a2f req-a575ff4b-4fbf-42da-97f2-39ae9afedd62 service nova] Creating event network-changed:b20f7a26-8595-41a6-96e0-1671432cbcfe for instance e70ec760-fd5e-426d-bb1a-71938f500794 on devstack
Jul 03 17:25:59 devstack devstack@n-api.service[61151]: INFO nova.api.openstack.requestlog [req-e2ef0572-08a6-4daf-a2e1-d79ca7031a2f req-a575ff4b-4fbf-42da-97f2-39ae9afedd62 service nova] 192.168.122.21 "POST /compute/v2.1/os-server-external-events" status: 200 len: 179 microversion: 2.1 time: 0.117651
Jul 03 17:25:59 devstack devstack@n-api.service[61151]: [pid: 61151|app: 0|req: 130/252] 192.168.122.21 () {64 vars in 1316 bytes} [Fri Jul 3 17:25:59 2026] POST /compute/v2.1/os-server-external-events => generated 179 bytes in 127 msecs (HTTP/1.1 200) 9 headers in 357 bytes (2 switches on core 0)
Jul 03 17:25:59 devstack devstack@n-api.service[61150]: DEBUG nova.api.openstack.wsgi [None req-7c0877f3-8b19-4b45-ba46-f0ef97306a85 tempest-VolumesSnapshotsTestJSON-368655952 tempest-VolumesSnapshotsTestJSON-368655952-project-member] Calling method '>' {{(pid=61150) _process_stack /opt/stack/nova/nova/api/openstack/wsgi.py:552}}
Jul 03 17:25:59 devstack devstack@n-api.service[61150]: INFO nova.api.openstack.requestlog [None req-7c0877f3-8b19-4b45-ba46-f0ef97306a85 tempest-VolumesSnapshotsTestJSON-368655952 tempest-VolumesSnapshotsTestJSON-368655952-project-member] 192.168.122.21 "GET /compute/v2.1/os-snapshots/1ea40d1d-01ed-4149-8d84-2c21d308cdab" status: 200 len: 286 microversion: 2.1 time: 0.102288
Jul 03 17:25:59 devstack devstack@n-api.service[61150]: [pid: 61150|app: 0|req: 123/253] 192.168.122.21 () {58 vars in 1248 bytes} [Fri Jul 3 17:25:59 2026] GET /compute/v2.1/os-snapshots/1ea40d1d-01ed-4149-8d84-2c21d308cdab => generated 286 bytes in 117 msecs (HTTP/1.1 200) 9 headers in 357 bytes (1 switches on core 0)
Jul 03 17:26:00 devstack devstack@n-api.service[61151]: DEBUG nova.api.openstack.wsgi [None req-0f08baba-169f-4f20-a80b-55e48fcafbe4 tempest-VolumesSnapshotsTestJSON-368655952 tempest-VolumesSnapshotsTestJSON-368655952-project-member] Calling method '>' {{(pid=61151) _process_stack /opt/stack/nova/nova/api/openstack/wsgi.py:552}}
Jul 03 17:26:00 devstack devstack@n-api.service[61151]: INFO nova.api.openstack.requestlog [None req-0f08baba-169f-4f20-a80b-55e48fcafbe4 tempest-VolumesSnapshotsTestJSON-368655952 tempest-VolumesSnapshotsTestJSON-368655952-project-member] 192.168.122.21 "GET /compute/v2.1/os-snapshots/1ea40d1d-01ed-4149-8d84-2c21d308cdab" status: 200 len: 286 microversion: 2.1 time: 0.143856
Jul 03 17:26:00 devstack devstack@n-api.service[61151]: [pid: 61151|app: 0|req: 131/254] 192.168.122.21 () {58 vars in 1248 bytes} [Fri Jul 3 17:26:00 2026] GET /compute/v2.1/os-snapshots/1ea40d1d-01ed-4149-8d84-2c21d308cdab => generated 286 bytes in 146 msecs (HTTP/1.1 200) 9 headers in 357 bytes (1 switches on core 0)
Jul 03 17:26:01 devstack devstack@n-api.service[61150]: DEBUG nova.api.openstack.wsgi [req-8b1d0f6a-485c-4df1-a3da-f5fa6d389846 req-015078ed-76e7-44a9-8b82-75011e6e5eab service nova] Action: 'create', calling method: >, body: {"events": [{"name": "network-changed", "server_uuid": "1f94295c-756c-4d79-82fc-542bb687705d", "tag": "a2ce0de4-28d9-4300-ad2f-da56424feef4"}]} {{(pid=61150) _process_stack /opt/stack/nova/nova/api/openstack/wsgi.py:550}}
Jul 03 17:26:01 devstack devstack@n-api.service[61150]: DEBUG oslo_concurrency.lockutils [req-8b1d0f6a-485c-4df1-a3da-f5fa6d389846 req-015078ed-76e7-44a9-8b82-75011e6e5eab service nova] Acquiring lock "fe4afca5-ea85-4d3f-a78e-273850b0f35b" by "nova.context.set_target_cell..get_or_set_cached_cell_and_set_connections" {{(pid=61150) inner /opt/stack/data/venv/lib/python3.12/site-packages/oslo_concurrency/lockutils.py:511}}
Jul 03 17:26:01 devstack devstack@n-api.service[61150]: DEBUG oslo_concurrency.lockutils [req-8b1d0f6a-485c-4df1-a3da-f5fa6d389846 req-015078ed-76e7-44a9-8b82-75011e6e5eab service nova] Lock "fe4afca5-ea85-4d3f-a78e-273850b0f35b" acquired by "nova.context.set_target_cell..get_or_set_cached_cell_and_set_connections" :: waited 0.001s {{(pid=61150) inner /opt/stack/data/venv/lib/python3.12/site-packages/oslo_concurrency/lockutils.py:524}}
Jul 03 17:26:01 devstack devstack@n-api.service[61150]: DEBUG oslo_concurrency.lockutils [req-8b1d0f6a-485c-4df1-a3da-f5fa6d389846 req-015078ed-76e7-44a9-8b82-75011e6e5eab service nova] Lock "fe4afca5-ea85-4d3f-a78e-273850b0f35b" "released" by "nova.context.set_target_cell..get_or_set_cached_cell_and_set_connections" :: held 0.003s {{(pid=61150) inner /opt/stack/data/venv/lib/python3.12/site-packages/oslo_concurrency/lockutils.py:543}}
Jul 03 17:26:01 devstack devstack@n-api.service[61150]: INFO nova.api.openstack.compute.server_external_events [req-8b1d0f6a-485c-4df1-a3da-f5fa6d389846 req-015078ed-76e7-44a9-8b82-75011e6e5eab service nova] Creating event network-changed:a2ce0de4-28d9-4300-ad2f-da56424feef4 for instance 1f94295c-756c-4d79-82fc-542bb687705d on devstack
Jul 03 17:26:01 devstack devstack@n-api.service[61150]: INFO nova.api.openstack.requestlog [req-8b1d0f6a-485c-4df1-a3da-f5fa6d389846 req-015078ed-76e7-44a9-8b82-75011e6e5eab service nova] 192.168.122.21 "POST /compute/v2.1/os-server-external-events" status: 200 len: 179 microversion: 2.1 time: 0.083214
Jul 03 17:26:01 devstack devstack@n-api.service[61150]: [pid: 61150|app: 0|req: 124/255] 192.168.122.21 () {64 vars in 1316 bytes} [Fri Jul 3 17:26:01 2026] POST /compute/v2.1/os-server-external-events => generated 179 bytes in 85 msecs (HTTP/1.1 200) 9 headers in 357 bytes (1 switches on core 0)
Jul 03 17:26:01 devstack devstack@n-api.service[61151]: DEBUG nova.api.openstack.wsgi [None req-e5237491-489a-4ed4-bde7-bea20b53fe75 tempest-VolumesSnapshotsTestJSON-368655952 tempest-VolumesSnapshotsTestJSON-368655952-project-member] Calling method '>' {{(pid=61151) _process_stack /opt/stack/nova/nova/api/openstack/wsgi.py:552}}
Jul 03 17:26:01 devstack devstack@n-api.service[61151]: INFO nova.api.openstack.requestlog [None req-e5237491-489a-4ed4-bde7-bea20b53fe75 tempest-VolumesSnapshotsTestJSON-368655952 tempest-VolumesSnapshotsTestJSON-368655952-project-member] 192.168.122.21 "GET /compute/v2.1/os-snapshots/1ea40d1d-01ed-4149-8d84-2c21d308cdab" status: 200 len: 286 microversion: 2.1 time: 0.066848
Jul 03 17:26:01 devstack devstack@n-api.service[61151]: [pid: 61151|app: 0|req: 132/256] 192.168.122.21 () {58 vars in 1248 bytes} [Fri Jul 3 17:26:01 2026] GET /compute/v2.1/os-snapshots/1ea40d1d-01ed-4149-8d84-2c21d308cdab => generated 286 bytes in 71 msecs (HTTP/1.1 200) 9 headers in 357 bytes (2 switches on core 0)
Jul 03 17:26:02 devstack devstack@n-api.service[61150]: DEBUG nova.api.openstack.wsgi [None req-b1d25fbc-8c5c-4875-aafe-b760fb9187f5 tempest-VolumesSnapshotsTestJSON-368655952 tempest-VolumesSnapshotsTestJSON-368655952-project-member] Calling method '>' {{(pid=61150) _process_stack /opt/stack/nova/nova/api/openstack/wsgi.py:552}}
Jul 03 17:26:03 devstack devstack@n-api.service[61150]: INFO nova.api.openstack.requestlog [None req-b1d25fbc-8c5c-4875-aafe-b760fb9187f5 tempest-VolumesSnapshotsTestJSON-368655952 tempest-VolumesSnapshotsTestJSON-368655952-project-member] 192.168.122.21 "GET /compute/v2.1/os-snapshots/1ea40d1d-01ed-4149-8d84-2c21d308cdab" status: 200 len: 286 microversion: 2.1 time: 0.090276
Jul 03 17:26:03 devstack devstack@n-api.service[61150]: [pid: 61150|app: 0|req: 125/257] 192.168.122.21 () {58 vars in 1248 bytes} [Fri Jul 3 17:26:02 2026] GET /compute/v2.1/os-snapshots/1ea40d1d-01ed-4149-8d84-2c21d308cdab => generated 286 bytes in 96 msecs (HTTP/1.1 200) 9 headers in 357 bytes (2 switches on core 0)
Jul 03 17:26:04 devstack devstack@n-api.service[61151]: DEBUG nova.api.openstack.wsgi [None req-263ee6cb-7ac0-48e6-bfe3-fd19e87faac0 tempest-VolumesSnapshotsTestJSON-368655952 tempest-VolumesSnapshotsTestJSON-368655952-project-member] Calling method '>' {{(pid=61151) _process_stack /opt/stack/nova/nova/api/openstack/wsgi.py:552}}
Jul 03 17:26:04 devstack devstack@n-api.service[61151]: INFO nova.api.openstack.wsgi [None req-263ee6cb-7ac0-48e6-bfe3-fd19e87faac0 tempest-VolumesSnapshotsTestJSON-368655952 tempest-VolumesSnapshotsTestJSON-368655952-project-member] HTTP exception thrown: Snapshot 1ea40d1d-01ed-4149-8d84-2c21d308cdab could not be found.
Jul 03 17:26:04 devstack devstack@n-api.service[61151]: DEBUG nova.api.openstack.wsgi [None req-263ee6cb-7ac0-48e6-bfe3-fd19e87faac0 tempest-VolumesSnapshotsTestJSON-368655952 tempest-VolumesSnapshotsTestJSON-368655952-project-member] Returning 404 to user: Snapshot 1ea40d1d-01ed-4149-8d84-2c21d308cdab could not be found. {{(pid=61151) __call__ /opt/stack/nova/nova/api/openstack/wsgi.py:909}}
Jul 03 17:26:04 devstack devstack@n-api.service[61151]: INFO nova.api.openstack.requestlog [None req-263ee6cb-7ac0-48e6-bfe3-fd19e87faac0 tempest-VolumesSnapshotsTestJSON-368655952 tempest-VolumesSnapshotsTestJSON-368655952-project-member] 192.168.122.21 "GET /compute/v2.1/os-snapshots/1ea40d1d-01ed-4149-8d84-2c21d308cdab" status: 404 len: 111 microversion: 2.1 time: 0.048517
Jul 03 17:26:04 devstack devstack@n-api.service[61151]: [pid: 61151|app: 0|req: 133/258] 192.168.122.21 () {58 vars in 1248 bytes} [Fri Jul 3 17:26:04 2026] GET /compute/v2.1/os-snapshots/1ea40d1d-01ed-4149-8d84-2c21d308cdab => generated 111 bytes in 52 msecs (HTTP/1.1 404) 9 headers in 379 bytes (1 switches on core 0)
Jul 03 17:26:04 devstack devstack@n-api.service[61150]: DEBUG nova.api.openstack.wsgi [None req-c6891a9a-083d-4f4e-a1d9-73417d3329a1 tempest-VolumesSnapshotsTestJSON-368655952 tempest-VolumesSnapshotsTestJSON-368655952-project-member] Calling method '>' {{(pid=61150) _process_stack /opt/stack/nova/nova/api/openstack/wsgi.py:552}}
Jul 03 17:26:04 devstack devstack@n-api.service[61150]: INFO nova.api.openstack.requestlog [None req-c6891a9a-083d-4f4e-a1d9-73417d3329a1 tempest-VolumesSnapshotsTestJSON-368655952 tempest-VolumesSnapshotsTestJSON-368655952-project-member] 192.168.122.21 "DELETE /compute/v2.1/os-volumes/e1d385aa-c2a3-4b9a-85c7-1cfba3aaa816" status: 202 len: 0 microversion: 2.1 time: 0.170445
Jul 03 17:26:04 devstack devstack@n-api.service[61150]: [pid: 61150|app: 0|req: 126/259] 192.168.122.21 () {58 vars in 1245 bytes} [Fri Jul 3 17:26:04 2026] DELETE /compute/v2.1/os-volumes/e1d385aa-c2a3-4b9a-85c7-1cfba3aaa816 => generated 0 bytes in 177 msecs (HTTP/1.1 202) 9 headers in 361 bytes (1 switches on core 0)
Jul 03 17:26:04 devstack devstack@n-api.service[61151]: DEBUG nova.api.openstack.wsgi [None req-1d5ee6ed-5bbb-40f2-904a-71003a8a6650 tempest-VolumesSnapshotsTestJSON-368655952 tempest-VolumesSnapshotsTestJSON-368655952-project-member] Calling method '>' {{(pid=61151) _process_stack /opt/stack/nova/nova/api/openstack/wsgi.py:552}}
Jul 03 17:26:04 devstack devstack@n-api.service[61151]: INFO nova.api.openstack.requestlog [None req-1d5ee6ed-5bbb-40f2-904a-71003a8a6650 tempest-VolumesSnapshotsTestJSON-368655952 tempest-VolumesSnapshotsTestJSON-368655952-project-member] 192.168.122.21 "GET /compute/v2.1/os-volumes/e1d385aa-c2a3-4b9a-85c7-1cfba3aaa816" status: 200 len: 342 microversion: 2.1 time: 0.146159
Jul 03 17:26:04 devstack devstack@n-api.service[61151]: [pid: 61151|app: 0|req: 134/260] 192.168.122.21 () {58 vars in 1242 bytes} [Fri Jul 3 17:26:04 2026] GET /compute/v2.1/os-volumes/e1d385aa-c2a3-4b9a-85c7-1cfba3aaa816 => generated 342 bytes in 149 msecs (HTTP/1.1 200) 9 headers in 357 bytes (1 switches on core 0)
Jul 03 17:26:05 devstack devstack@n-api.service[61150]: DEBUG nova.api.openstack.wsgi [None req-3fc4a630-eeae-4720-872e-f71b4f6b38a2 tempest-VolumesSnapshotsTestJSON-368655952 tempest-VolumesSnapshotsTestJSON-368655952-project-member] Calling method '>' {{(pid=61150) _process_stack /opt/stack/nova/nova/api/openstack/wsgi.py:552}}
Jul 03 17:26:05 devstack devstack@n-api.service[61150]: INFO nova.api.openstack.requestlog [None req-3fc4a630-eeae-4720-872e-f71b4f6b38a2 tempest-VolumesSnapshotsTestJSON-368655952 tempest-VolumesSnapshotsTestJSON-368655952-project-member] 192.168.122.21 "GET /compute/v2.1/os-volumes/e1d385aa-c2a3-4b9a-85c7-1cfba3aaa816" status: 200 len: 342 microversion: 2.1 time: 0.111679
Jul 03 17:26:05 devstack devstack@n-api.service[61150]: [pid: 61150|app: 0|req: 127/261] 192.168.122.21 () {58 vars in 1242 bytes} [Fri Jul 3 17:26:05 2026] GET /compute/v2.1/os-volumes/e1d385aa-c2a3-4b9a-85c7-1cfba3aaa816 => generated 342 bytes in 116 msecs (HTTP/1.1 200) 9 headers in 357 bytes (1 switches on core 0)
Jul 03 17:26:06 devstack devstack@n-api.service[61151]: DEBUG nova.api.openstack.wsgi [None req-ae33bc49-3e3b-45fd-a1e0-0851f5e1e0d8 tempest-VolumesSnapshotsTestJSON-368655952 tempest-VolumesSnapshotsTestJSON-368655952-project-member] Calling method '>' {{(pid=61151) _process_stack /opt/stack/nova/nova/api/openstack/wsgi.py:552}}
Jul 03 17:26:06 devstack devstack@n-api.service[61151]: INFO nova.api.openstack.wsgi [None req-ae33bc49-3e3b-45fd-a1e0-0851f5e1e0d8 tempest-VolumesSnapshotsTestJSON-368655952 tempest-VolumesSnapshotsTestJSON-368655952-project-member] HTTP exception thrown: Volume e1d385aa-c2a3-4b9a-85c7-1cfba3aaa816 could not be found.
Jul 03 17:26:06 devstack devstack@n-api.service[61151]: DEBUG nova.api.openstack.wsgi [None req-ae33bc49-3e3b-45fd-a1e0-0851f5e1e0d8 tempest-VolumesSnapshotsTestJSON-368655952 tempest-VolumesSnapshotsTestJSON-368655952-project-member] Returning 404 to user: Volume e1d385aa-c2a3-4b9a-85c7-1cfba3aaa816 could not be found. {{(pid=61151) __call__ /opt/stack/nova/nova/api/openstack/wsgi.py:909}}
Jul 03 17:26:06 devstack devstack@n-api.service[61151]: INFO nova.api.openstack.requestlog [None req-ae33bc49-3e3b-45fd-a1e0-0851f5e1e0d8 tempest-VolumesSnapshotsTestJSON-368655952 tempest-VolumesSnapshotsTestJSON-368655952-project-member] 192.168.122.21 "GET /compute/v2.1/os-volumes/e1d385aa-c2a3-4b9a-85c7-1cfba3aaa816" status: 404 len: 109 microversion: 2.1 time: 0.060342
Jul 03 17:26:06 devstack devstack@n-api.service[61151]: [pid: 61151|app: 0|req: 135/262] 192.168.122.21 () {58 vars in 1242 bytes} [Fri Jul 3 17:26:06 2026] GET /compute/v2.1/os-volumes/e1d385aa-c2a3-4b9a-85c7-1cfba3aaa816 => generated 109 bytes in 61 msecs (HTTP/1.1 404) 9 headers in 379 bytes (2 switches on core 0)
Jul 03 17:26:06 devstack devstack@n-api.service[61150]: DEBUG nova.api.openstack.wsgi [None req-f29df4f8-4577-4a44-938a-e427b728ff96 tempest-VolumesSnapshotsTestJSON-368655952 tempest-VolumesSnapshotsTestJSON-368655952-project-member] Calling method '>' {{(pid=61150) _process_stack /opt/stack/nova/nova/api/openstack/wsgi.py:552}}
