Jul 08 01:46:30 devstack devstack@c-api.service[86824]: DEBUG cinder.api.openstack.wsgi [None req-f5e1e803-7df1-41f8-85cd-5700a0723a06 tempest-GroupSnapshotsTest-1290797889 tempest-GroupSnapshotsTest-1290797889-project-member] Empty body provided in request {{(pid=86824) get_body /opt/stack/cinder/cinder/api/openstack/wsgi.py:725}}
Jul 08 01:46:30 devstack devstack@c-api.service[86824]: DEBUG cinder.api.openstack.wsgi [None req-f5e1e803-7df1-41f8-85cd-5700a0723a06 tempest-GroupSnapshotsTest-1290797889 tempest-GroupSnapshotsTest-1290797889-project-member] Calling method 'show' {{(pid=86824) _process_stack /opt/stack/cinder/cinder/api/openstack/wsgi.py:878}}
Jul 08 01:46:30 devstack devstack@c-api.service[86824]: /opt/stack/data/venv/lib/python3.12/site-packages/oslo_context/context.py:102: DeprecationWarning: Policy enforcement is depending on the value of is_admin. This key is deprecated. Please update your policy file to use the standard policy values.
Jul 08 01:46:30 devstack devstack@c-api.service[86824]: warnings.warn(
Jul 08 01:46:30 devstack devstack@c-api.service[86824]: INFO cinder.volume.api [None req-f5e1e803-7df1-41f8-85cd-5700a0723a06 tempest-GroupSnapshotsTest-1290797889 tempest-GroupSnapshotsTest-1290797889-project-member] Volume info retrieved successfully.
Jul 08 01:46:30 devstack devstack@c-api.service[86824]: WARNING stevedore.named [None req-f5e1e803-7df1-41f8-85cd-5700a0723a06 tempest-GroupSnapshotsTest-1290797889 tempest-GroupSnapshotsTest-1290797889-project-member] Could not load cinder.keymgr.conf_key_mgr.ConfKeyManager
Jul 08 01:46:30 devstack devstack@c-api.service[86824]: WARNING castellan.key_manager [None req-f5e1e803-7df1-41f8-85cd-5700a0723a06 tempest-GroupSnapshotsTest-1290797889 tempest-GroupSnapshotsTest-1290797889-project-member] Deprecation Warning : cinder.keymgr.conf_key_mgr.ConfKeyManager is not a stevedore based driver, trying to load it as a class: stevedore.exception.NoMatches: No 'castellan.drivers' driver found, looking for 'cinder.keymgr.conf_key_mgr.ConfKeyManager'
Jul 08 01:46:30 devstack devstack@c-api.service[86825]: DEBUG cinder.api.middleware.request_id [None req-0b3ed5ab-2a90-4bd5-aeba-efa782d74405 None None] RequestId filter calling following filter/app {{(pid=86825) _context_setter /opt/stack/cinder/cinder/api/middleware/request_id.py:62}}
Jul 08 01:46:30 devstack devstack@c-api.service[86825]: INFO cinder.api.openstack.wsgi [None req-0b3ed5ab-2a90-4bd5-aeba-efa782d74405 tempest-SnapshotsActionsTest-1208726570 tempest-SnapshotsActionsTest-1208726570-project-member] GET http://192.168.122.201/volume/v3/volumes/41e27e51-647a-4db5-a8d7-8e510c819658
Jul 08 01:46:30 devstack devstack@c-api.service[86825]: DEBUG cinder.api.openstack.wsgi [None req-0b3ed5ab-2a90-4bd5-aeba-efa782d74405 tempest-SnapshotsActionsTest-1208726570 tempest-SnapshotsActionsTest-1208726570-project-member] Empty body provided in request {{(pid=86825) get_body /opt/stack/cinder/cinder/api/openstack/wsgi.py:725}}
Jul 08 01:46:30 devstack devstack@c-api.service[86825]: DEBUG cinder.api.openstack.wsgi [None req-0b3ed5ab-2a90-4bd5-aeba-efa782d74405 tempest-SnapshotsActionsTest-1208726570 tempest-SnapshotsActionsTest-1208726570-project-member] Calling method 'show' {{(pid=86825) _process_stack /opt/stack/cinder/cinder/api/openstack/wsgi.py:878}}
Jul 08 01:46:30 devstack devstack@c-api.service[86825]: /opt/stack/data/venv/lib/python3.12/site-packages/oslo_context/context.py:102: DeprecationWarning: Policy enforcement is depending on the value of is_admin. This key is deprecated. Please update your policy file to use the standard policy values.
Jul 08 01:46:30 devstack devstack@c-api.service[86825]: warnings.warn(
Jul 08 01:46:30 devstack devstack@c-api.service[86824]: DEBUG oslo_db.sqlalchemy.engines [None req-f5e1e803-7df1-41f8-85cd-5700a0723a06 tempest-GroupSnapshotsTest-1290797889 tempest-GroupSnapshotsTest-1290797889-project-member] MySQL server mode set to STRICT_TRANS_TABLES,STRICT_ALL_TABLES,NO_ZERO_IN_DATE,NO_ZERO_DATE,ERROR_FOR_DIVISION_BY_ZERO,TRADITIONAL,NO_ENGINE_SUBSTITUTION {{(pid=86824) _check_effective_sql_mode /opt/stack/data/venv/lib/python3.12/site-packages/oslo_db/sqlalchemy/engines.py:325}}
Jul 08 01:46:30 devstack devstack@c-api.service[86825]: INFO cinder.volume.api [None req-0b3ed5ab-2a90-4bd5-aeba-efa782d74405 tempest-SnapshotsActionsTest-1208726570 tempest-SnapshotsActionsTest-1208726570-project-member] Volume info retrieved successfully.
Jul 08 01:46:30 devstack devstack@c-api.service[86824]: /opt/stack/data/venv/lib/python3.12/site-packages/oslo_context/context.py:102: DeprecationWarning: Policy enforcement is depending on the value of is_admin. This key is deprecated. Please update your policy file to use the standard policy values.
Jul 08 01:46:30 devstack devstack@c-api.service[86824]: warnings.warn(
Jul 08 01:46:30 devstack devstack@c-api.service[86825]: INFO cinder.api.openstack.wsgi [None req-0b3ed5ab-2a90-4bd5-aeba-efa782d74405 tempest-SnapshotsActionsTest-1208726570 tempest-SnapshotsActionsTest-1208726570-project-member] http://192.168.122.201/volume/v3/volumes/41e27e51-647a-4db5-a8d7-8e510c819658 returned with HTTP 200
Jul 08 01:46:30 devstack devstack@c-api.service[86825]: [pid: 86825|app: 0|req: 156/335] 192.168.122.201 () {58 vars in 1232 bytes} [Wed Jul 8 01:46:30 2026] GET /volume/v3/volumes/41e27e51-647a-4db5-a8d7-8e510c819658 => generated 852 bytes in 49 msecs (HTTP/1.1 200) 7 headers in 285 bytes (2 switches on core 0)
Jul 08 01:46:30 devstack devstack@c-api.service[86824]: INFO cinder.api.openstack.wsgi [None req-f5e1e803-7df1-41f8-85cd-5700a0723a06 tempest-GroupSnapshotsTest-1290797889 tempest-GroupSnapshotsTest-1290797889-project-member] http://192.168.122.201/volume/v3/volumes/817ffa70-e3f3-446f-8b9c-cd98c681d3fd returned with HTTP 200
Jul 08 01:46:30 devstack devstack@c-api.service[86824]: [pid: 86824|app: 0|req: 180/336] 192.168.122.201 () {60 vars in 1273 bytes} [Wed Jul 8 01:46:30 2026] GET /volume/v3/volumes/817ffa70-e3f3-446f-8b9c-cd98c681d3fd => generated 934 bytes in 163 msecs (HTTP/1.1 200) 7 headers in 286 bytes (1 switches on core 0)
Jul 08 01:46:30 devstack devstack@c-api.service[86825]: DEBUG cinder.api.middleware.request_id [None req-6fbcb620-fc74-4942-a7ed-9f36c0173090 None None] RequestId filter calling following filter/app {{(pid=86825) _context_setter /opt/stack/cinder/cinder/api/middleware/request_id.py:62}}
Jul 08 01:46:30 devstack devstack@c-api.service[86825]: INFO cinder.api.openstack.wsgi [None req-6fbcb620-fc74-4942-a7ed-9f36c0173090 tempest-AttachVolumeTestJSON-1797241320 tempest-AttachVolumeTestJSON-1797241320-project-member] GET http://192.168.122.201/volume/v3/volumes/e8316f5a-c8a3-458c-9050-1d7493a16894
Jul 08 01:46:30 devstack devstack@c-api.service[86825]: DEBUG cinder.api.openstack.wsgi [None req-6fbcb620-fc74-4942-a7ed-9f36c0173090 tempest-AttachVolumeTestJSON-1797241320 tempest-AttachVolumeTestJSON-1797241320-project-member] Empty body provided in request {{(pid=86825) get_body /opt/stack/cinder/cinder/api/openstack/wsgi.py:725}}
Jul 08 01:46:30 devstack devstack@c-api.service[86825]: DEBUG cinder.api.openstack.wsgi [None req-6fbcb620-fc74-4942-a7ed-9f36c0173090 tempest-AttachVolumeTestJSON-1797241320 tempest-AttachVolumeTestJSON-1797241320-project-member] Calling method 'show' {{(pid=86825) _process_stack /opt/stack/cinder/cinder/api/openstack/wsgi.py:878}}
Jul 08 01:46:30 devstack devstack@c-api.service[86825]: /opt/stack/data/venv/lib/python3.12/site-packages/oslo_context/context.py:102: DeprecationWarning: Policy enforcement is depending on the value of is_admin. This key is deprecated. Please update your policy file to use the standard policy values.
Jul 08 01:46:30 devstack devstack@c-api.service[86825]: warnings.warn(
Jul 08 01:46:30 devstack devstack@c-api.service[86825]: INFO cinder.volume.api [None req-6fbcb620-fc74-4942-a7ed-9f36c0173090 tempest-AttachVolumeTestJSON-1797241320 tempest-AttachVolumeTestJSON-1797241320-project-member] Volume info retrieved successfully.
Jul 08 01:46:30 devstack devstack@c-api.service[86825]: INFO cinder.api.openstack.wsgi [None req-6fbcb620-fc74-4942-a7ed-9f36c0173090 tempest-AttachVolumeTestJSON-1797241320 tempest-AttachVolumeTestJSON-1797241320-project-member] http://192.168.122.201/volume/v3/volumes/e8316f5a-c8a3-458c-9050-1d7493a16894 returned with HTTP 200
Jul 08 01:46:30 devstack devstack@c-api.service[86825]: [pid: 86825|app: 0|req: 157/337] 192.168.122.201 () {58 vars in 1232 bytes} [Wed Jul 8 01:46:30 2026] GET /volume/v3/volumes/e8316f5a-c8a3-458c-9050-1d7493a16894 => generated 851 bytes in 48 msecs (HTTP/1.1 200) 7 headers in 285 bytes (2 switches on core 0)
Jul 08 01:46:31 devstack devstack@c-api.service[86824]: DEBUG cinder.api.middleware.request_id [None req-8c77d127-d8bb-4319-991a-fd039cc84aad None None] RequestId filter calling following filter/app {{(pid=86824) _context_setter /opt/stack/cinder/cinder/api/middleware/request_id.py:62}}
Jul 08 01:46:31 devstack devstack@c-api.service[86824]: INFO cinder.api.openstack.wsgi [None req-8c77d127-d8bb-4319-991a-fd039cc84aad tempest-AttachVolumeNegativeTest-677114920 tempest-AttachVolumeNegativeTest-677114920-project-member] GET http://192.168.122.201/volume/v3/volumes/817c387c-1811-4c4a-aefe-b56d7d98de48
Jul 08 01:46:31 devstack devstack@c-api.service[86824]: DEBUG cinder.api.openstack.wsgi [None req-8c77d127-d8bb-4319-991a-fd039cc84aad tempest-AttachVolumeNegativeTest-677114920 tempest-AttachVolumeNegativeTest-677114920-project-member] Empty body provided in request {{(pid=86824) get_body /opt/stack/cinder/cinder/api/openstack/wsgi.py:725}}
Jul 08 01:46:31 devstack devstack@c-api.service[86824]: DEBUG cinder.api.openstack.wsgi [None req-8c77d127-d8bb-4319-991a-fd039cc84aad tempest-AttachVolumeNegativeTest-677114920 tempest-AttachVolumeNegativeTest-677114920-project-member] Calling method 'show' {{(pid=86824) _process_stack /opt/stack/cinder/cinder/api/openstack/wsgi.py:878}}
Jul 08 01:46:31 devstack devstack@c-api.service[86824]: /opt/stack/data/venv/lib/python3.12/site-packages/oslo_context/context.py:102: DeprecationWarning: Policy enforcement is depending on the value of is_admin. This key is deprecated. Please update your policy file to use the standard policy values.
Jul 08 01:46:31 devstack devstack@c-api.service[86824]: warnings.warn(
Jul 08 01:46:31 devstack devstack@c-api.service[86824]: INFO cinder.volume.api [None req-8c77d127-d8bb-4319-991a-fd039cc84aad tempest-AttachVolumeNegativeTest-677114920 tempest-AttachVolumeNegativeTest-677114920-project-member] Volume info retrieved successfully.
Jul 08 01:46:31 devstack devstack@c-api.service[86824]: INFO cinder.api.openstack.wsgi [None req-8c77d127-d8bb-4319-991a-fd039cc84aad tempest-AttachVolumeNegativeTest-677114920 tempest-AttachVolumeNegativeTest-677114920-project-member] http://192.168.122.201/volume/v3/volumes/817c387c-1811-4c4a-aefe-b56d7d98de48 returned with HTTP 200
Jul 08 01:46:31 devstack devstack@c-api.service[86824]: [pid: 86824|app: 0|req: 181/338] 192.168.122.201 () {58 vars in 1232 bytes} [Wed Jul 8 01:46:31 2026] GET /volume/v3/volumes/817c387c-1811-4c4a-aefe-b56d7d98de48 => generated 856 bytes in 42 msecs (HTTP/1.1 200) 7 headers in 285 bytes (1 switches on core 0)
Jul 08 01:46:31 devstack devstack@c-api.service[86825]: DEBUG cinder.api.middleware.request_id [None req-608ff095-5b13-4a67-a460-5c4959e07122 None None] RequestId filter calling following filter/app {{(pid=86825) _context_setter /opt/stack/cinder/cinder/api/middleware/request_id.py:62}}
Jul 08 01:46:31 devstack devstack@c-api.service[86825]: INFO cinder.api.openstack.wsgi [None req-608ff095-5b13-4a67-a460-5c4959e07122 tempest-SnapshotsActionsTest-1208726570 tempest-SnapshotsActionsTest-1208726570-project-member] GET http://192.168.122.201/volume/v3/volumes/41e27e51-647a-4db5-a8d7-8e510c819658
Jul 08 01:46:31 devstack devstack@c-api.service[86825]: DEBUG cinder.api.openstack.wsgi [None req-608ff095-5b13-4a67-a460-5c4959e07122 tempest-SnapshotsActionsTest-1208726570 tempest-SnapshotsActionsTest-1208726570-project-member] Empty body provided in request {{(pid=86825) get_body /opt/stack/cinder/cinder/api/openstack/wsgi.py:725}}
Jul 08 01:46:31 devstack devstack@c-api.service[86825]: DEBUG cinder.api.openstack.wsgi [None req-608ff095-5b13-4a67-a460-5c4959e07122 tempest-SnapshotsActionsTest-1208726570 tempest-SnapshotsActionsTest-1208726570-project-member] Calling method 'show' {{(pid=86825) _process_stack /opt/stack/cinder/cinder/api/openstack/wsgi.py:878}}
Jul 08 01:46:31 devstack devstack@c-api.service[86824]: DEBUG cinder.api.middleware.request_id [None req-6fbd4b58-c504-4fe3-b89e-ff063c4f087b None None] RequestId filter calling following filter/app {{(pid=86824) _context_setter /opt/stack/cinder/cinder/api/middleware/request_id.py:62}}
Jul 08 01:46:31 devstack devstack@c-api.service[86824]: INFO cinder.api.openstack.wsgi [None req-6fbd4b58-c504-4fe3-b89e-ff063c4f087b tempest-GroupSnapshotsTest-1290797889 tempest-GroupSnapshotsTest-1290797889-project-member] GET http://192.168.122.201/volume/v3/volumes/817ffa70-e3f3-446f-8b9c-cd98c681d3fd
Jul 08 01:46:31 devstack devstack@c-api.service[86824]: DEBUG cinder.api.openstack.wsgi [None req-6fbd4b58-c504-4fe3-b89e-ff063c4f087b tempest-GroupSnapshotsTest-1290797889 tempest-GroupSnapshotsTest-1290797889-project-member] Empty body provided in request {{(pid=86824) get_body /opt/stack/cinder/cinder/api/openstack/wsgi.py:725}}
Jul 08 01:46:31 devstack devstack@c-api.service[86824]: DEBUG cinder.api.openstack.wsgi [None req-6fbd4b58-c504-4fe3-b89e-ff063c4f087b tempest-GroupSnapshotsTest-1290797889 tempest-GroupSnapshotsTest-1290797889-project-member] Calling method 'show' {{(pid=86824) _process_stack /opt/stack/cinder/cinder/api/openstack/wsgi.py:878}}
Jul 08 01:46:31 devstack devstack@c-api.service[86825]: /opt/stack/data/venv/lib/python3.12/site-packages/oslo_context/context.py:102: DeprecationWarning: Policy enforcement is depending on the value of is_admin. This key is deprecated. Please update your policy file to use the standard policy values.
Jul 08 01:46:31 devstack devstack@c-api.service[86825]: warnings.warn(
Jul 08 01:46:31 devstack devstack@c-api.service[86825]: INFO cinder.volume.api [None req-608ff095-5b13-4a67-a460-5c4959e07122 tempest-SnapshotsActionsTest-1208726570 tempest-SnapshotsActionsTest-1208726570-project-member] Volume info retrieved successfully.
Jul 08 01:46:31 devstack devstack@c-api.service[86824]: /opt/stack/data/venv/lib/python3.12/site-packages/oslo_context/context.py:102: DeprecationWarning: Policy enforcement is depending on the value of is_admin. This key is deprecated. Please update your policy file to use the standard policy values.
Jul 08 01:46:31 devstack devstack@c-api.service[86824]: warnings.warn(
Jul 08 01:46:31 devstack devstack@c-api.service[86825]: INFO cinder.api.openstack.wsgi [None req-608ff095-5b13-4a67-a460-5c4959e07122 tempest-SnapshotsActionsTest-1208726570 tempest-SnapshotsActionsTest-1208726570-project-member] http://192.168.122.201/volume/v3/volumes/41e27e51-647a-4db5-a8d7-8e510c819658 returned with HTTP 200
Jul 08 01:46:31 devstack devstack@c-api.service[86825]: [pid: 86825|app: 0|req: 158/339] 192.168.122.201 () {58 vars in 1232 bytes} [Wed Jul 8 01:46:31 2026] GET /volume/v3/volumes/41e27e51-647a-4db5-a8d7-8e510c819658 => generated 852 bytes in 77 msecs (HTTP/1.1 200) 7 headers in 285 bytes (1 switches on core 0)
Jul 08 01:46:31 devstack devstack@c-api.service[86824]: INFO cinder.volume.api [None req-6fbd4b58-c504-4fe3-b89e-ff063c4f087b tempest-GroupSnapshotsTest-1290797889 tempest-GroupSnapshotsTest-1290797889-project-member] Volume info retrieved successfully.
Jul 08 01:46:31 devstack devstack@c-api.service[86824]: WARNING stevedore.named [None req-6fbd4b58-c504-4fe3-b89e-ff063c4f087b tempest-GroupSnapshotsTest-1290797889 tempest-GroupSnapshotsTest-1290797889-project-member] Could not load cinder.keymgr.conf_key_mgr.ConfKeyManager
Jul 08 01:46:31 devstack devstack@c-api.service[86824]: WARNING castellan.key_manager [None req-6fbd4b58-c504-4fe3-b89e-ff063c4f087b tempest-GroupSnapshotsTest-1290797889 tempest-GroupSnapshotsTest-1290797889-project-member] Deprecation Warning : cinder.keymgr.conf_key_mgr.ConfKeyManager is not a stevedore based driver, trying to load it as a class: stevedore.exception.NoMatches: No 'castellan.drivers' driver found, looking for 'cinder.keymgr.conf_key_mgr.ConfKeyManager'
Jul 08 01:46:31 devstack devstack@c-api.service[86824]: DEBUG oslo_db.sqlalchemy.engines [None req-6fbd4b58-c504-4fe3-b89e-ff063c4f087b tempest-GroupSnapshotsTest-1290797889 tempest-GroupSnapshotsTest-1290797889-project-member] MySQL server mode set to STRICT_TRANS_TABLES,STRICT_ALL_TABLES,NO_ZERO_IN_DATE,NO_ZERO_DATE,ERROR_FOR_DIVISION_BY_ZERO,TRADITIONAL,NO_ENGINE_SUBSTITUTION {{(pid=86824) _check_effective_sql_mode /opt/stack/data/venv/lib/python3.12/site-packages/oslo_db/sqlalchemy/engines.py:325}}
Jul 08 01:46:31 devstack devstack@c-api.service[86824]: /opt/stack/data/venv/lib/python3.12/site-packages/oslo_context/context.py:102: DeprecationWarning: Policy enforcement is depending on the value of is_admin. This key is deprecated. Please update your policy file to use the standard policy values.
Jul 08 01:46:31 devstack devstack@c-api.service[86824]: warnings.warn(
Jul 08 01:46:31 devstack devstack@c-api.service[86824]: INFO cinder.api.openstack.wsgi [None req-6fbd4b58-c504-4fe3-b89e-ff063c4f087b tempest-GroupSnapshotsTest-1290797889 tempest-GroupSnapshotsTest-1290797889-project-member] http://192.168.122.201/volume/v3/volumes/817ffa70-e3f3-446f-8b9c-cd98c681d3fd returned with HTTP 200
Jul 08 01:46:31 devstack devstack@c-api.service[86824]: [pid: 86824|app: 0|req: 182/340] 192.168.122.201 () {60 vars in 1273 bytes} [Wed Jul 8 01:46:31 2026] GET /volume/v3/volumes/817ffa70-e3f3-446f-8b9c-cd98c681d3fd => generated 935 bytes in 181 msecs (HTTP/1.1 200) 7 headers in 286 bytes (1 switches on core 0)
Jul 08 01:46:31 devstack devstack@c-api.service[86825]: DEBUG cinder.api.middleware.request_id [None req-b7c93afe-5472-4aac-83e8-13c599ec416e None None] RequestId filter calling following filter/app {{(pid=86825) _context_setter /opt/stack/cinder/cinder/api/middleware/request_id.py:62}}
Jul 08 01:46:31 devstack devstack@c-api.service[86825]: INFO cinder.api.openstack.wsgi [None req-b7c93afe-5472-4aac-83e8-13c599ec416e tempest-GroupSnapshotsTest-1290797889 tempest-GroupSnapshotsTest-1290797889-project-member] GET http://192.168.122.201/volume/v3/groups/52ada167-97e8-4a26-b1d7-5487eb0a4dd9
Jul 08 01:46:31 devstack devstack@c-api.service[86825]: DEBUG cinder.api.openstack.wsgi [None req-b7c93afe-5472-4aac-83e8-13c599ec416e tempest-GroupSnapshotsTest-1290797889 tempest-GroupSnapshotsTest-1290797889-project-member] Empty body provided in request {{(pid=86825) get_body /opt/stack/cinder/cinder/api/openstack/wsgi.py:725}}
Jul 08 01:46:31 devstack devstack@c-api.service[86825]: DEBUG cinder.api.openstack.wsgi [None req-b7c93afe-5472-4aac-83e8-13c599ec416e tempest-GroupSnapshotsTest-1290797889 tempest-GroupSnapshotsTest-1290797889-project-member] Calling method 'version_select' {{(pid=86825) _process_stack /opt/stack/cinder/cinder/api/openstack/wsgi.py:878}}
Jul 08 01:46:31 devstack devstack@c-api.service[86825]: DEBUG cinder.api.v3.groups [None req-b7c93afe-5472-4aac-83e8-13c599ec416e tempest-GroupSnapshotsTest-1290797889 tempest-GroupSnapshotsTest-1290797889-project-member] show called for member 52ada167-97e8-4a26-b1d7-5487eb0a4dd9 {{(pid=86825) show /opt/stack/cinder/cinder/api/v3/groups.py:58}}
Jul 08 01:46:31 devstack devstack@c-api.service[86825]: /opt/stack/data/venv/lib/python3.12/site-packages/oslo_context/context.py:102: DeprecationWarning: Policy enforcement is depending on the value of is_admin. This key is deprecated. Please update your policy file to use the standard policy values.
Jul 08 01:46:31 devstack devstack@c-api.service[86825]: warnings.warn(
Jul 08 01:46:31 devstack devstack@c-api.service[86824]: DEBUG cinder.api.middleware.request_id [None req-dc6deb6c-c7a4-451b-915c-02ceb10124bd None None] RequestId filter calling following filter/app {{(pid=86824) _context_setter /opt/stack/cinder/cinder/api/middleware/request_id.py:62}}
Jul 08 01:46:31 devstack devstack@c-api.service[86824]: INFO cinder.api.openstack.wsgi [None req-dc6deb6c-c7a4-451b-915c-02ceb10124bd tempest-AttachVolumeTestJSON-1797241320 tempest-AttachVolumeTestJSON-1797241320-project-member] GET http://192.168.122.201/volume/v3/volumes/e8316f5a-c8a3-458c-9050-1d7493a16894
Jul 08 01:46:31 devstack devstack@c-api.service[86824]: DEBUG cinder.api.openstack.wsgi [None req-dc6deb6c-c7a4-451b-915c-02ceb10124bd tempest-AttachVolumeTestJSON-1797241320 tempest-AttachVolumeTestJSON-1797241320-project-member] Empty body provided in request {{(pid=86824) get_body /opt/stack/cinder/cinder/api/openstack/wsgi.py:725}}
Jul 08 01:46:31 devstack devstack@c-api.service[86824]: DEBUG cinder.api.openstack.wsgi [None req-dc6deb6c-c7a4-451b-915c-02ceb10124bd tempest-AttachVolumeTestJSON-1797241320 tempest-AttachVolumeTestJSON-1797241320-project-member] Calling method 'show' {{(pid=86824) _process_stack /opt/stack/cinder/cinder/api/openstack/wsgi.py:878}}
Jul 08 01:46:31 devstack devstack@c-api.service[86825]: INFO cinder.api.openstack.wsgi [None req-b7c93afe-5472-4aac-83e8-13c599ec416e tempest-GroupSnapshotsTest-1290797889 tempest-GroupSnapshotsTest-1290797889-project-member] http://192.168.122.201/volume/v3/groups/52ada167-97e8-4a26-b1d7-5487eb0a4dd9 returned with HTTP 200
Jul 08 01:46:31 devstack devstack@c-api.service[86824]: INFO cinder.api.openstack.wsgi [None req-dc6deb6c-c7a4-451b-915c-02ceb10124bd tempest-AttachVolumeTestJSON-1797241320 tempest-AttachVolumeTestJSON-1797241320-project-member] http://192.168.122.201/volume/v3/volumes/e8316f5a-c8a3-458c-9050-1d7493a16894 returned with HTTP 404
Jul 08 01:46:31 devstack devstack@c-api.service[86824]: [pid: 86824|app: 0|req: 183/341] 192.168.122.201 () {58 vars in 1232 bytes} [Wed Jul 8 01:46:31 2026] GET /volume/v3/volumes/e8316f5a-c8a3-458c-9050-1d7493a16894 => generated 109 bytes in 24 msecs (HTTP/1.1 404) 7 headers in 292 bytes (1 switches on core 0)
Jul 08 01:46:31 devstack devstack@c-api.service[86825]: [pid: 86825|app: 0|req: 159/342] 192.168.122.201 () {60 vars in 1270 bytes} [Wed Jul 8 01:46:31 2026] GET /volume/v3/groups/52ada167-97e8-4a26-b1d7-5487eb0a4dd9 => generated 418 bytes in 45 msecs (HTTP/1.1 200) 7 headers in 286 bytes (1 switches on core 0)
Jul 08 01:46:31 devstack devstack@c-api.service[86824]: DEBUG cinder.api.middleware.request_id [None req-0755124b-c2a4-40f5-9233-1481cfa47a06 None None] RequestId filter calling following filter/app {{(pid=86824) _context_setter /opt/stack/cinder/cinder/api/middleware/request_id.py:62}}
Jul 08 01:46:31 devstack devstack@c-api.service[86825]: DEBUG cinder.api.middleware.request_id [None req-d0863e89-3099-44ab-a8a3-6a8561fc83c9 None None] RequestId filter calling following filter/app {{(pid=86825) _context_setter /opt/stack/cinder/cinder/api/middleware/request_id.py:62}}
Jul 08 01:46:31 devstack devstack@c-api.service[86824]: INFO cinder.api.openstack.wsgi [None req-0755124b-c2a4-40f5-9233-1481cfa47a06 tempest-AttachVolumeTestJSON-1797241320 tempest-AttachVolumeTestJSON-1797241320-project-member] DELETE http://192.168.122.201/volume/v3/volumes/3073e016-9d88-4724-a234-a17a83eeeeb7
Jul 08 01:46:31 devstack devstack@c-api.service[86824]: DEBUG cinder.api.openstack.wsgi [None req-0755124b-c2a4-40f5-9233-1481cfa47a06 tempest-AttachVolumeTestJSON-1797241320 tempest-AttachVolumeTestJSON-1797241320-project-member] Empty body provided in request {{(pid=86824) get_body /opt/stack/cinder/cinder/api/openstack/wsgi.py:725}}
Jul 08 01:46:31 devstack devstack@c-api.service[86824]: DEBUG cinder.api.openstack.wsgi [None req-0755124b-c2a4-40f5-9233-1481cfa47a06 tempest-AttachVolumeTestJSON-1797241320 tempest-AttachVolumeTestJSON-1797241320-project-member] Calling method 'delete' {{(pid=86824) _process_stack /opt/stack/cinder/cinder/api/openstack/wsgi.py:878}}
Jul 08 01:46:31 devstack devstack@c-api.service[86824]: INFO cinder.api.v3.volumes [None req-0755124b-c2a4-40f5-9233-1481cfa47a06 tempest-AttachVolumeTestJSON-1797241320 tempest-AttachVolumeTestJSON-1797241320-project-member] Delete volume with id: 3073e016-9d88-4724-a234-a17a83eeeeb7
Jul 08 01:46:31 devstack devstack@c-api.service[86825]: INFO cinder.api.openstack.wsgi [None req-d0863e89-3099-44ab-a8a3-6a8561fc83c9 tempest-GroupSnapshotsTest-1290797889 tempest-GroupSnapshotsTest-1290797889-project-member] GET http://192.168.122.201/volume/v3/volumes/detail
Jul 08 01:46:31 devstack devstack@c-api.service[86825]: DEBUG cinder.api.openstack.wsgi [None req-d0863e89-3099-44ab-a8a3-6a8561fc83c9 tempest-GroupSnapshotsTest-1290797889 tempest-GroupSnapshotsTest-1290797889-project-member] Empty body provided in request {{(pid=86825) get_body /opt/stack/cinder/cinder/api/openstack/wsgi.py:725}}
Jul 08 01:46:31 devstack devstack@c-api.service[86825]: DEBUG cinder.api.openstack.wsgi [None req-d0863e89-3099-44ab-a8a3-6a8561fc83c9 tempest-GroupSnapshotsTest-1290797889 tempest-GroupSnapshotsTest-1290797889-project-member] Calling method 'detail' {{(pid=86825) _process_stack /opt/stack/cinder/cinder/api/openstack/wsgi.py:878}}
Jul 08 01:46:31 devstack devstack@c-api.service[86825]: DEBUG cinder.api.api_utils [None req-d0863e89-3099-44ab-a8a3-6a8561fc83c9 tempest-GroupSnapshotsTest-1290797889 tempest-GroupSnapshotsTest-1290797889-project-member] Removing options '' from query. {{(pid=86825) remove_invalid_filter_options /opt/stack/cinder/cinder/api/api_utils.py:82}}
Jul 08 01:46:31 devstack devstack@c-api.service[86825]: /opt/stack/data/venv/lib/python3.12/site-packages/oslo_context/context.py:102: DeprecationWarning: Policy enforcement is depending on the value of is_admin. This key is deprecated. Please update your policy file to use the standard policy values.
Jul 08 01:46:31 devstack devstack@c-api.service[86825]: warnings.warn(
Jul 08 01:46:31 devstack devstack@c-api.service[86825]: DEBUG cinder.volume.api [None req-d0863e89-3099-44ab-a8a3-6a8561fc83c9 tempest-GroupSnapshotsTest-1290797889 tempest-GroupSnapshotsTest-1290797889-project-member] Searching by: MultiDict([('no_migration_targets', True)]). {{(pid=86825) get_all /opt/stack/cinder/cinder/volume/api.py:664}}
Jul 08 01:46:32 devstack devstack@c-api.service[86824]: /opt/stack/data/venv/lib/python3.12/site-packages/oslo_context/context.py:102: DeprecationWarning: Policy enforcement is depending on the value of is_admin. This key is deprecated. Please update your policy file to use the standard policy values.
Jul 08 01:46:32 devstack devstack@c-api.service[86824]: warnings.warn(
Jul 08 01:46:32 devstack devstack@c-api.service[86824]: INFO cinder.volume.api [None req-0755124b-c2a4-40f5-9233-1481cfa47a06 tempest-AttachVolumeTestJSON-1797241320 tempest-AttachVolumeTestJSON-1797241320-project-member] Volume info retrieved successfully.
Jul 08 01:46:32 devstack devstack@c-api.service[86824]: INFO cinder.volume.api [None req-0755124b-c2a4-40f5-9233-1481cfa47a06 tempest-AttachVolumeTestJSON-1797241320 tempest-AttachVolumeTestJSON-1797241320-project-member] Delete volume request issued successfully.
Jul 08 01:46:32 devstack devstack@c-api.service[86824]: INFO cinder.api.openstack.wsgi [None req-0755124b-c2a4-40f5-9233-1481cfa47a06 tempest-AttachVolumeTestJSON-1797241320 tempest-AttachVolumeTestJSON-1797241320-project-member] http://192.168.122.201/volume/v3/volumes/3073e016-9d88-4724-a234-a17a83eeeeb7 returned with HTTP 202
Jul 08 01:46:32 devstack devstack@c-api.service[86824]: [pid: 86824|app: 0|req: 184/343] 192.168.122.201 () {58 vars in 1235 bytes} [Wed Jul 8 01:46:31 2026] DELETE /volume/v3/volumes/3073e016-9d88-4724-a234-a17a83eeeeb7 => generated 0 bytes in 67 msecs (HTTP/1.1 202) 6 headers in 233 bytes (1 switches on core 0)
Jul 08 01:46:32 devstack devstack@c-api.service[86824]: DEBUG cinder.api.middleware.request_id [None req-1d98bb66-c99a-4b01-a870-3c2c00967c56 None None] RequestId filter calling following filter/app {{(pid=86824) _context_setter /opt/stack/cinder/cinder/api/middleware/request_id.py:62}}
Jul 08 01:46:32 devstack devstack@c-api.service[86824]: INFO cinder.api.openstack.wsgi [None req-1d98bb66-c99a-4b01-a870-3c2c00967c56 tempest-AttachVolumeTestJSON-1797241320 tempest-AttachVolumeTestJSON-1797241320-project-member] GET http://192.168.122.201/volume/v3/volumes/3073e016-9d88-4724-a234-a17a83eeeeb7
Jul 08 01:46:32 devstack devstack@c-api.service[86824]: DEBUG cinder.api.openstack.wsgi [None req-1d98bb66-c99a-4b01-a870-3c2c00967c56 tempest-AttachVolumeTestJSON-1797241320 tempest-AttachVolumeTestJSON-1797241320-project-member] Empty body provided in request {{(pid=86824) get_body /opt/stack/cinder/cinder/api/openstack/wsgi.py:725}}
Jul 08 01:46:32 devstack devstack@c-api.service[86824]: DEBUG cinder.api.openstack.wsgi [None req-1d98bb66-c99a-4b01-a870-3c2c00967c56 tempest-AttachVolumeTestJSON-1797241320 tempest-AttachVolumeTestJSON-1797241320-project-member] Calling method 'show' {{(pid=86824) _process_stack /opt/stack/cinder/cinder/api/openstack/wsgi.py:878}}
Jul 08 01:46:32 devstack devstack@c-api.service[86825]: INFO cinder.volume.api [None req-d0863e89-3099-44ab-a8a3-6a8561fc83c9 tempest-GroupSnapshotsTest-1290797889 tempest-GroupSnapshotsTest-1290797889-project-member] Get all volumes completed successfully.
Jul 08 01:46:32 devstack devstack@c-api.service[86825]: WARNING stevedore.named [None req-d0863e89-3099-44ab-a8a3-6a8561fc83c9 tempest-GroupSnapshotsTest-1290797889 tempest-GroupSnapshotsTest-1290797889-project-member] Could not load cinder.keymgr.conf_key_mgr.ConfKeyManager
Jul 08 01:46:32 devstack devstack@c-api.service[86825]: WARNING castellan.key_manager [None req-d0863e89-3099-44ab-a8a3-6a8561fc83c9 tempest-GroupSnapshotsTest-1290797889 tempest-GroupSnapshotsTest-1290797889-project-member] Deprecation Warning : cinder.keymgr.conf_key_mgr.ConfKeyManager is not a stevedore based driver, trying to load it as a class: stevedore.exception.NoMatches: No 'castellan.drivers' driver found, looking for 'cinder.keymgr.conf_key_mgr.ConfKeyManager'
Jul 08 01:46:32 devstack devstack@c-api.service[86824]: /opt/stack/data/venv/lib/python3.12/site-packages/oslo_context/context.py:102: DeprecationWarning: Policy enforcement is depending on the value of is_admin. This key is deprecated. Please update your policy file to use the standard policy values.
Jul 08 01:46:32 devstack devstack@c-api.service[86824]: warnings.warn(
Jul 08 01:46:32 devstack devstack@c-api.service[86824]: INFO cinder.volume.api [None req-1d98bb66-c99a-4b01-a870-3c2c00967c56 tempest-AttachVolumeTestJSON-1797241320 tempest-AttachVolumeTestJSON-1797241320-project-member] Volume info retrieved successfully.
Jul 08 01:46:32 devstack devstack@c-api.service[86824]: INFO cinder.api.openstack.wsgi [None req-1d98bb66-c99a-4b01-a870-3c2c00967c56 tempest-AttachVolumeTestJSON-1797241320 tempest-AttachVolumeTestJSON-1797241320-project-member] http://192.168.122.201/volume/v3/volumes/3073e016-9d88-4724-a234-a17a83eeeeb7 returned with HTTP 200
Jul 08 01:46:32 devstack devstack@c-api.service[86824]: [pid: 86824|app: 0|req: 185/344] 192.168.122.201 () {58 vars in 1232 bytes} [Wed Jul 8 01:46:32 2026] GET /volume/v3/volumes/3073e016-9d88-4724-a234-a17a83eeeeb7 => generated 852 bytes in 54 msecs (HTTP/1.1 200) 7 headers in 285 bytes (1 switches on core 0)
Jul 08 01:46:32 devstack devstack@c-api.service[86825]: DEBUG oslo_db.sqlalchemy.engines [None req-d0863e89-3099-44ab-a8a3-6a8561fc83c9 tempest-GroupSnapshotsTest-1290797889 tempest-GroupSnapshotsTest-1290797889-project-member] MySQL server mode set to STRICT_TRANS_TABLES,STRICT_ALL_TABLES,NO_ZERO_IN_DATE,NO_ZERO_DATE,ERROR_FOR_DIVISION_BY_ZERO,TRADITIONAL,NO_ENGINE_SUBSTITUTION {{(pid=86825) _check_effective_sql_mode /opt/stack/data/venv/lib/python3.12/site-packages/oslo_db/sqlalchemy/engines.py:325}}
Jul 08 01:46:32 devstack devstack@c-api.service[86825]: /opt/stack/data/venv/lib/python3.12/site-packages/oslo_context/context.py:102: DeprecationWarning: Policy enforcement is depending on the value of is_admin. This key is deprecated. Please update your policy file to use the standard policy values.
Jul 08 01:46:32 devstack devstack@c-api.service[86825]: warnings.warn(
Jul 08 01:46:32 devstack devstack@c-api.service[86825]: WARNING stevedore.named [None req-d0863e89-3099-44ab-a8a3-6a8561fc83c9 tempest-GroupSnapshotsTest-1290797889 tempest-GroupSnapshotsTest-1290797889-project-member] Could not load cinder.keymgr.conf_key_mgr.ConfKeyManager
Jul 08 01:46:32 devstack devstack@c-api.service[86825]: WARNING castellan.key_manager [None req-d0863e89-3099-44ab-a8a3-6a8561fc83c9 tempest-GroupSnapshotsTest-1290797889 tempest-GroupSnapshotsTest-1290797889-project-member] Deprecation Warning : cinder.keymgr.conf_key_mgr.ConfKeyManager is not a stevedore based driver, trying to load it as a class: stevedore.exception.NoMatches: No 'castellan.drivers' driver found, looking for 'cinder.keymgr.conf_key_mgr.ConfKeyManager'
Jul 08 01:46:32 devstack devstack@c-api.service[86825]: DEBUG oslo_db.sqlalchemy.engines [None req-d0863e89-3099-44ab-a8a3-6a8561fc83c9 tempest-GroupSnapshotsTest-1290797889 tempest-GroupSnapshotsTest-1290797889-project-member] MySQL server mode set to STRICT_TRANS_TABLES,STRICT_ALL_TABLES,NO_ZERO_IN_DATE,NO_ZERO_DATE,ERROR_FOR_DIVISION_BY_ZERO,TRADITIONAL,NO_ENGINE_SUBSTITUTION {{(pid=86825) _check_effective_sql_mode /opt/stack/data/venv/lib/python3.12/site-packages/oslo_db/sqlalchemy/engines.py:325}}
Jul 08 01:46:32 devstack devstack@c-api.service[86825]: /opt/stack/data/venv/lib/python3.12/site-packages/oslo_context/context.py:102: DeprecationWarning: Policy enforcement is depending on the value of is_admin. This key is deprecated. Please update your policy file to use the standard policy values.
Jul 08 01:46:32 devstack devstack@c-api.service[86825]: warnings.warn(
Jul 08 01:46:32 devstack devstack@c-api.service[86825]: INFO cinder.api.openstack.wsgi [None req-d0863e89-3099-44ab-a8a3-6a8561fc83c9 tempest-GroupSnapshotsTest-1290797889 tempest-GroupSnapshotsTest-1290797889-project-member] http://192.168.122.201/volume/v3/volumes/detail returned with HTTP 200
Jul 08 01:46:32 devstack devstack@c-api.service[86825]: [pid: 86825|app: 0|req: 160/345] 192.168.122.201 () {60 vars in 1183 bytes} [Wed Jul 8 01:46:31 2026] GET /volume/v3/volumes/detail => generated 1852 bytes in 308 msecs (HTTP/1.1 200) 7 headers in 287 bytes (1 switches on core 0)
Jul 08 01:46:32 devstack devstack@c-api.service[86824]: DEBUG cinder.api.middleware.request_id [None req-dc09a286-ce29-48b7-b285-a7f34213a054 None None] RequestId filter calling following filter/app {{(pid=86824) _context_setter /opt/stack/cinder/cinder/api/middleware/request_id.py:62}}
Jul 08 01:46:32 devstack devstack@c-api.service[86824]: INFO cinder.api.openstack.wsgi [None req-dc09a286-ce29-48b7-b285-a7f34213a054 tempest-GroupSnapshotsTest-1290797889 tempest-GroupSnapshotsTest-1290797889-project-member] POST http://192.168.122.201/volume/v3/groups/52ada167-97e8-4a26-b1d7-5487eb0a4dd9/action
Jul 08 01:46:32 devstack devstack@c-api.service[86824]: DEBUG cinder.api.openstack.wsgi [None req-dc09a286-ce29-48b7-b285-a7f34213a054 tempest-GroupSnapshotsTest-1290797889 tempest-GroupSnapshotsTest-1290797889-project-member] Action body: b'{"delete": {"delete-volumes": true}}' {{(pid=86824) get_method /opt/stack/cinder/cinder/api/openstack/wsgi.py:993}}
Jul 08 01:46:32 devstack devstack@c-api.service[86824]: DEBUG cinder.api.openstack.wsgi [None req-dc09a286-ce29-48b7-b285-a7f34213a054 tempest-GroupSnapshotsTest-1290797889 tempest-GroupSnapshotsTest-1290797889-project-member] Action: 'action', calling method: version_select, body: {"delete": {"delete-volumes": true}} {{(pid=86824) _process_stack /opt/stack/cinder/cinder/api/openstack/wsgi.py:876}}
Jul 08 01:46:32 devstack devstack@c-api.service[86824]: DEBUG cinder.api.v3.groups [None req-dc09a286-ce29-48b7-b285-a7f34213a054 tempest-GroupSnapshotsTest-1290797889 tempest-GroupSnapshotsTest-1290797889-project-member] delete called for group 52ada167-97e8-4a26-b1d7-5487eb0a4dd9 {{(pid=86824) _delete /opt/stack/cinder/cinder/api/v3/groups.py:117}}
Jul 08 01:46:32 devstack devstack@c-api.service[86824]: INFO cinder.api.v3.groups [None req-dc09a286-ce29-48b7-b285-a7f34213a054 tempest-GroupSnapshotsTest-1290797889 tempest-GroupSnapshotsTest-1290797889-project-member] Delete group with id: 52ada167-97e8-4a26-b1d7-5487eb0a4dd9
Jul 08 01:46:32 devstack devstack@c-api.service[86824]: /opt/stack/data/venv/lib/python3.12/site-packages/oslo_context/context.py:102: DeprecationWarning: Policy enforcement is depending on the value of is_admin. This key is deprecated. Please update your policy file to use the standard policy values.
Jul 08 01:46:32 devstack devstack@c-api.service[86824]: warnings.warn(
Jul 08 01:46:32 devstack devstack@c-api.service[86825]: DEBUG cinder.api.middleware.request_id [None req-b9887bc5-0dbb-456d-af2d-7dfe9a418a6c None None] RequestId filter calling following filter/app {{(pid=86825) _context_setter /opt/stack/cinder/cinder/api/middleware/request_id.py:62}}
Jul 08 01:46:32 devstack devstack@c-api.service[86825]: INFO cinder.api.openstack.wsgi [None req-b9887bc5-0dbb-456d-af2d-7dfe9a418a6c tempest-AttachVolumeNegativeTest-677114920 tempest-AttachVolumeNegativeTest-677114920-project-member] GET http://192.168.122.201/volume/v3/volumes/817c387c-1811-4c4a-aefe-b56d7d98de48
Jul 08 01:46:32 devstack devstack@c-api.service[86825]: DEBUG cinder.api.openstack.wsgi [None req-b9887bc5-0dbb-456d-af2d-7dfe9a418a6c tempest-AttachVolumeNegativeTest-677114920 tempest-AttachVolumeNegativeTest-677114920-project-member] Empty body provided in request {{(pid=86825) get_body /opt/stack/cinder/cinder/api/openstack/wsgi.py:725}}
Jul 08 01:46:32 devstack devstack@c-api.service[86825]: DEBUG cinder.api.openstack.wsgi [None req-b9887bc5-0dbb-456d-af2d-7dfe9a418a6c tempest-AttachVolumeNegativeTest-677114920 tempest-AttachVolumeNegativeTest-677114920-project-member] Calling method 'show' {{(pid=86825) _process_stack /opt/stack/cinder/cinder/api/openstack/wsgi.py:878}}
Jul 08 01:46:32 devstack devstack@c-api.service[86825]: /opt/stack/data/venv/lib/python3.12/site-packages/oslo_context/context.py:102: DeprecationWarning: Policy enforcement is depending on the value of is_admin. This key is deprecated. Please update your policy file to use the standard policy values.
Jul 08 01:46:32 devstack devstack@c-api.service[86825]: warnings.warn(
Jul 08 01:46:32 devstack devstack@c-api.service[86825]: INFO cinder.volume.api [None req-b9887bc5-0dbb-456d-af2d-7dfe9a418a6c tempest-AttachVolumeNegativeTest-677114920 tempest-AttachVolumeNegativeTest-677114920-project-member] Volume info retrieved successfully.
Jul 08 01:46:32 devstack devstack@c-api.service[86824]: INFO cinder.api.openstack.wsgi [None req-dc09a286-ce29-48b7-b285-a7f34213a054 tempest-GroupSnapshotsTest-1290797889 tempest-GroupSnapshotsTest-1290797889-project-member] http://192.168.122.201/volume/v3/groups/52ada167-97e8-4a26-b1d7-5487eb0a4dd9/action returned with HTTP 202
Jul 08 01:46:32 devstack devstack@c-api.service[86824]: [pid: 86824|app: 0|req: 186/346] 192.168.122.201 () {62 vars in 1312 bytes} [Wed Jul 8 01:46:32 2026] POST /volume/v3/groups/52ada167-97e8-4a26-b1d7-5487eb0a4dd9/action => generated 0 bytes in 148 msecs (HTTP/1.1 202) 6 headers in 234 bytes (1 switches on core 0)
Jul 08 01:46:32 devstack devstack@c-api.service[86824]: DEBUG cinder.api.middleware.request_id [None req-d30b594a-ae48-4289-8c3b-f33ce928ffca None None] RequestId filter calling following filter/app {{(pid=86824) _context_setter /opt/stack/cinder/cinder/api/middleware/request_id.py:62}}
Jul 08 01:46:32 devstack devstack@c-api.service[86825]: INFO cinder.api.openstack.wsgi [None req-b9887bc5-0dbb-456d-af2d-7dfe9a418a6c tempest-AttachVolumeNegativeTest-677114920 tempest-AttachVolumeNegativeTest-677114920-project-member] http://192.168.122.201/volume/v3/volumes/817c387c-1811-4c4a-aefe-b56d7d98de48 returned with HTTP 200
Jul 08 01:46:32 devstack devstack@c-api.service[86825]: [pid: 86825|app: 0|req: 161/347] 192.168.122.201 () {58 vars in 1232 bytes} [Wed Jul 8 01:46:32 2026] GET /volume/v3/volumes/817c387c-1811-4c4a-aefe-b56d7d98de48 => generated 856 bytes in 62 msecs (HTTP/1.1 200) 7 headers in 285 bytes (1 switches on core 0)
Jul 08 01:46:32 devstack devstack@c-api.service[86824]: INFO cinder.api.openstack.wsgi [None req-d30b594a-ae48-4289-8c3b-f33ce928ffca tempest-GroupSnapshotsTest-1290797889 tempest-GroupSnapshotsTest-1290797889-project-member] GET http://192.168.122.201/volume/v3/volumes/817ffa70-e3f3-446f-8b9c-cd98c681d3fd
Jul 08 01:46:32 devstack devstack@c-api.service[86824]: DEBUG cinder.api.openstack.wsgi [None req-d30b594a-ae48-4289-8c3b-f33ce928ffca tempest-GroupSnapshotsTest-1290797889 tempest-GroupSnapshotsTest-1290797889-project-member] Empty body provided in request {{(pid=86824) get_body /opt/stack/cinder/cinder/api/openstack/wsgi.py:725}}
Jul 08 01:46:32 devstack devstack@c-api.service[86824]: DEBUG cinder.api.openstack.wsgi [None req-d30b594a-ae48-4289-8c3b-f33ce928ffca tempest-GroupSnapshotsTest-1290797889 tempest-GroupSnapshotsTest-1290797889-project-member] Calling method 'show' {{(pid=86824) _process_stack /opt/stack/cinder/cinder/api/openstack/wsgi.py:878}}
Jul 08 01:46:32 devstack devstack@c-api.service[86824]: /opt/stack/data/venv/lib/python3.12/site-packages/oslo_context/context.py:102: DeprecationWarning: Policy enforcement is depending on the value of is_admin. This key is deprecated. Please update your policy file to use the standard policy values.
Jul 08 01:46:32 devstack devstack@c-api.service[86824]: warnings.warn(
Jul 08 01:46:32 devstack devstack@c-api.service[86824]: INFO cinder.volume.api [None req-d30b594a-ae48-4289-8c3b-f33ce928ffca tempest-GroupSnapshotsTest-1290797889 tempest-GroupSnapshotsTest-1290797889-project-member] Volume info retrieved successfully.
Jul 08 01:46:32 devstack devstack@c-api.service[86824]: WARNING stevedore.named [None req-d30b594a-ae48-4289-8c3b-f33ce928ffca tempest-GroupSnapshotsTest-1290797889 tempest-GroupSnapshotsTest-1290797889-project-member] Could not load cinder.keymgr.conf_key_mgr.ConfKeyManager
Jul 08 01:46:32 devstack devstack@c-api.service[86824]: WARNING castellan.key_manager [None req-d30b594a-ae48-4289-8c3b-f33ce928ffca tempest-GroupSnapshotsTest-1290797889 tempest-GroupSnapshotsTest-1290797889-project-member] Deprecation Warning : cinder.keymgr.conf_key_mgr.ConfKeyManager is not a stevedore based driver, trying to load it as a class: stevedore.exception.NoMatches: No 'castellan.drivers' driver found, looking for 'cinder.keymgr.conf_key_mgr.ConfKeyManager'
Jul 08 01:46:32 devstack devstack@c-api.service[86824]: DEBUG oslo_db.sqlalchemy.engines [None req-d30b594a-ae48-4289-8c3b-f33ce928ffca tempest-GroupSnapshotsTest-1290797889 tempest-GroupSnapshotsTest-1290797889-project-member] MySQL server mode set to STRICT_TRANS_TABLES,STRICT_ALL_TABLES,NO_ZERO_IN_DATE,NO_ZERO_DATE,ERROR_FOR_DIVISION_BY_ZERO,TRADITIONAL,NO_ENGINE_SUBSTITUTION {{(pid=86824) _check_effective_sql_mode /opt/stack/data/venv/lib/python3.12/site-packages/oslo_db/sqlalchemy/engines.py:325}}
Jul 08 01:46:32 devstack devstack@c-api.service[86824]: /opt/stack/data/venv/lib/python3.12/site-packages/oslo_context/context.py:102: DeprecationWarning: Policy enforcement is depending on the value of is_admin. This key is deprecated. Please update your policy file to use the standard policy values.
Jul 08 01:46:32 devstack devstack@c-api.service[86824]: warnings.warn(
Jul 08 01:46:32 devstack devstack@c-api.service[86824]: INFO cinder.api.openstack.wsgi [None req-d30b594a-ae48-4289-8c3b-f33ce928ffca tempest-GroupSnapshotsTest-1290797889 tempest-GroupSnapshotsTest-1290797889-project-member] http://192.168.122.201/volume/v3/volumes/817ffa70-e3f3-446f-8b9c-cd98c681d3fd returned with HTTP 200
Jul 08 01:46:32 devstack devstack@c-api.service[86824]: [pid: 86824|app: 0|req: 187/348] 192.168.122.201 () {60 vars in 1273 bytes} [Wed Jul 8 01:46:32 2026] GET /volume/v3/volumes/817ffa70-e3f3-446f-8b9c-cd98c681d3fd => generated 934 bytes in 175 msecs (HTTP/1.1 200) 7 headers in 286 bytes (1 switches on core 0)
Jul 08 01:46:32 devstack devstack@c-api.service[86825]: DEBUG cinder.api.middleware.request_id [None req-b9d40a59-8b3e-4f08-a26a-e8b8cd7267a9 None None] RequestId filter calling following filter/app {{(pid=86825) _context_setter /opt/stack/cinder/cinder/api/middleware/request_id.py:62}}
Jul 08 01:46:32 devstack devstack@c-api.service[86825]: INFO cinder.api.openstack.wsgi [None req-b9d40a59-8b3e-4f08-a26a-e8b8cd7267a9 tempest-SnapshotsActionsTest-1208726570 tempest-SnapshotsActionsTest-1208726570-project-member] GET http://192.168.122.201/volume/v3/volumes/41e27e51-647a-4db5-a8d7-8e510c819658
Jul 08 01:46:32 devstack devstack@c-api.service[86825]: DEBUG cinder.api.openstack.wsgi [None req-b9d40a59-8b3e-4f08-a26a-e8b8cd7267a9 tempest-SnapshotsActionsTest-1208726570 tempest-SnapshotsActionsTest-1208726570-project-member] Empty body provided in request {{(pid=86825) get_body /opt/stack/cinder/cinder/api/openstack/wsgi.py:725}}
Jul 08 01:46:32 devstack devstack@c-api.service[86825]: DEBUG cinder.api.openstack.wsgi [None req-b9d40a59-8b3e-4f08-a26a-e8b8cd7267a9 tempest-SnapshotsActionsTest-1208726570 tempest-SnapshotsActionsTest-1208726570-project-member] Calling method 'show' {{(pid=86825) _process_stack /opt/stack/cinder/cinder/api/openstack/wsgi.py:878}}
Jul 08 01:46:32 devstack devstack@c-api.service[86825]: /opt/stack/data/venv/lib/python3.12/site-packages/oslo_context/context.py:102: DeprecationWarning: Policy enforcement is depending on the value of is_admin. This key is deprecated. Please update your policy file to use the standard policy values.
Jul 08 01:46:32 devstack devstack@c-api.service[86825]: warnings.warn(
Jul 08 01:46:32 devstack devstack@c-api.service[86825]: INFO cinder.volume.api [None req-b9d40a59-8b3e-4f08-a26a-e8b8cd7267a9 tempest-SnapshotsActionsTest-1208726570 tempest-SnapshotsActionsTest-1208726570-project-member] Volume info retrieved successfully.
Jul 08 01:46:32 devstack devstack@c-api.service[86825]: INFO cinder.api.openstack.wsgi [None req-b9d40a59-8b3e-4f08-a26a-e8b8cd7267a9 tempest-SnapshotsActionsTest-1208726570 tempest-SnapshotsActionsTest-1208726570-project-member] http://192.168.122.201/volume/v3/volumes/41e27e51-647a-4db5-a8d7-8e510c819658 returned with HTTP 200
Jul 08 01:46:32 devstack devstack@c-api.service[86825]: [pid: 86825|app: 0|req: 162/349] 192.168.122.201 () {58 vars in 1232 bytes} [Wed Jul 8 01:46:32 2026] GET /volume/v3/volumes/41e27e51-647a-4db5-a8d7-8e510c819658 => generated 852 bytes in 47 msecs (HTTP/1.1 200) 7 headers in 285 bytes (1 switches on core 0)
Jul 08 01:46:33 devstack devstack@c-api.service[86824]: DEBUG cinder.api.middleware.request_id [None req-0fd45bfc-c8c6-49a2-a882-975ee1bf3bac None None] RequestId filter calling following filter/app {{(pid=86824) _context_setter /opt/stack/cinder/cinder/api/middleware/request_id.py:62}}
Jul 08 01:46:33 devstack devstack@c-api.service[86824]: INFO cinder.api.openstack.wsgi [None req-0fd45bfc-c8c6-49a2-a882-975ee1bf3bac tempest-AttachVolumeTestJSON-1797241320 tempest-AttachVolumeTestJSON-1797241320-project-member] GET http://192.168.122.201/volume/v3/volumes/3073e016-9d88-4724-a234-a17a83eeeeb7
Jul 08 01:46:33 devstack devstack@c-api.service[86824]: DEBUG cinder.api.openstack.wsgi [None req-0fd45bfc-c8c6-49a2-a882-975ee1bf3bac tempest-AttachVolumeTestJSON-1797241320 tempest-AttachVolumeTestJSON-1797241320-project-member] Empty body provided in request {{(pid=86824) get_body /opt/stack/cinder/cinder/api/openstack/wsgi.py:725}}
Jul 08 01:46:33 devstack devstack@c-api.service[86824]: DEBUG cinder.api.openstack.wsgi [None req-0fd45bfc-c8c6-49a2-a882-975ee1bf3bac tempest-AttachVolumeTestJSON-1797241320 tempest-AttachVolumeTestJSON-1797241320-project-member] Calling method 'show' {{(pid=86824) _process_stack /opt/stack/cinder/cinder/api/openstack/wsgi.py:878}}
Jul 08 01:46:33 devstack devstack@c-api.service[86824]: /opt/stack/data/venv/lib/python3.12/site-packages/oslo_context/context.py:102: DeprecationWarning: Policy enforcement is depending on the value of is_admin. This key is deprecated. Please update your policy file to use the standard policy values.
Jul 08 01:46:33 devstack devstack@c-api.service[86824]: warnings.warn(
Jul 08 01:46:33 devstack devstack@c-api.service[86824]: INFO cinder.volume.api [None req-0fd45bfc-c8c6-49a2-a882-975ee1bf3bac tempest-AttachVolumeTestJSON-1797241320 tempest-AttachVolumeTestJSON-1797241320-project-member] Volume info retrieved successfully.
Jul 08 01:46:33 devstack devstack@c-api.service[86824]: INFO cinder.api.openstack.wsgi [None req-0fd45bfc-c8c6-49a2-a882-975ee1bf3bac tempest-AttachVolumeTestJSON-1797241320 tempest-AttachVolumeTestJSON-1797241320-project-member] http://192.168.122.201/volume/v3/volumes/3073e016-9d88-4724-a234-a17a83eeeeb7 returned with HTTP 200
Jul 08 01:46:33 devstack devstack@c-api.service[86824]: [pid: 86824|app: 0|req: 188/350] 192.168.122.201 () {58 vars in 1232 bytes} [Wed Jul 8 01:46:33 2026] GET /volume/v3/volumes/3073e016-9d88-4724-a234-a17a83eeeeb7 => generated 852 bytes in 52 msecs (HTTP/1.1 200) 7 headers in 285 bytes (1 switches on core 0)
Jul 08 01:46:33 devstack devstack@c-api.service[86825]: DEBUG cinder.api.middleware.request_id [None req-77e4df4d-3a8d-4d03-8234-fe5dfa1a9713 None None] RequestId filter calling following filter/app {{(pid=86825) _context_setter /opt/stack/cinder/cinder/api/middleware/request_id.py:62}}
