Jul 07 15:13:09 devstack cinder-volume[87257]: WARNING cinder.volume.drivers.remotefs [None req-6eeb9b53-2f35-4a81-98c1-ed3b3eb5e1cd tempest-GroupsV314Test-968090220 None] /opt/stack/data/cinder/mnt/debba277d14311dc14c4b7dca3402495/volume-234ec1da-1c67-44ec-9271-95120e4f9b16.362bf6a3-aceb-47b3-a1d5-b22a430b270c is being set with open permissions: ugo+rw: NotImplementedError
Jul 07 15:13:09 devstack cinder-volume[87257]: DEBUG oslo_concurrency.processutils [None req-6eeb9b53-2f35-4a81-98c1-ed3b3eb5e1cd tempest-GroupsV314Test-968090220 None] Running cmd (subprocess): sudo cinder-rootwrap /etc/cinder/rootwrap.conf chmod ugo+rw /opt/stack/data/cinder/mnt/debba277d14311dc14c4b7dca3402495/volume-234ec1da-1c67-44ec-9271-95120e4f9b16.362bf6a3-aceb-47b3-a1d5-b22a430b270c {{(pid=87257) execute /opt/stack/data/venv/lib/python3.12/site-packages/oslo_concurrency/processutils.py:440}}
Jul 07 15:13:09 devstack sudo[94479]: quobyte : PWD=/ ; USER=root ; COMMAND=/opt/stack/data/venv/bin/cinder-rootwrap /etc/cinder/rootwrap.conf chmod ugo+rw /opt/stack/data/cinder/mnt/debba277d14311dc14c4b7dca3402495/volume-234ec1da-1c67-44ec-9271-95120e4f9b16.362bf6a3-aceb-47b3-a1d5-b22a430b270c
Jul 07 15:13:09 devstack sudo[94479]: pam_unix(sudo:session): session opened for user root(uid=0) by (uid=1000)
Jul 07 15:13:09 devstack sudo[94479]: pam_unix(sudo:session): session closed for user root
Jul 07 15:13:09 devstack cinder-volume[87257]: DEBUG oslo_concurrency.processutils [None req-6eeb9b53-2f35-4a81-98c1-ed3b3eb5e1cd tempest-GroupsV314Test-968090220 None] CMD "sudo cinder-rootwrap /etc/cinder/rootwrap.conf chmod ugo+rw /opt/stack/data/cinder/mnt/debba277d14311dc14c4b7dca3402495/volume-234ec1da-1c67-44ec-9271-95120e4f9b16.362bf6a3-aceb-47b3-a1d5-b22a430b270c" returned: 0 in 0.727s {{(pid=87257) execute /opt/stack/data/venv/lib/python3.12/site-packages/oslo_concurrency/processutils.py:468}}
Jul 07 15:13:09 devstack cinder-volume[87257]: DEBUG oslo_concurrency.processutils [None req-6eeb9b53-2f35-4a81-98c1-ed3b3eb5e1cd tempest-GroupsV314Test-968090220 None] Running cmd (subprocess): sudo cinder-rootwrap /etc/cinder/rootwrap.conf truncate -s0 /opt/stack/data/cinder/mnt/debba277d14311dc14c4b7dca3402495/volume-234ec1da-1c67-44ec-9271-95120e4f9b16.info {{(pid=87257) execute /opt/stack/data/venv/lib/python3.12/site-packages/oslo_concurrency/processutils.py:440}}
Jul 07 15:13:09 devstack sudo[94483]: quobyte : PWD=/ ; USER=root ; COMMAND=/opt/stack/data/venv/bin/cinder-rootwrap /etc/cinder/rootwrap.conf truncate -s0 /opt/stack/data/cinder/mnt/debba277d14311dc14c4b7dca3402495/volume-234ec1da-1c67-44ec-9271-95120e4f9b16.info
Jul 07 15:13:09 devstack sudo[94483]: pam_unix(sudo:session): session opened for user root(uid=0) by (uid=1000)
Jul 07 15:13:10 devstack sudo[94483]: pam_unix(sudo:session): session closed for user root
Jul 07 15:13:10 devstack cinder-volume[87257]: DEBUG oslo_concurrency.processutils [None req-6eeb9b53-2f35-4a81-98c1-ed3b3eb5e1cd tempest-GroupsV314Test-968090220 None] CMD "sudo cinder-rootwrap /etc/cinder/rootwrap.conf truncate -s0 /opt/stack/data/cinder/mnt/debba277d14311dc14c4b7dca3402495/volume-234ec1da-1c67-44ec-9271-95120e4f9b16.info" returned: 0 in 0.685s {{(pid=87257) execute /opt/stack/data/venv/lib/python3.12/site-packages/oslo_concurrency/processutils.py:468}}
Jul 07 15:13:10 devstack cinder-volume[87257]: WARNING cinder.volume.drivers.remotefs [None req-6eeb9b53-2f35-4a81-98c1-ed3b3eb5e1cd tempest-GroupsV314Test-968090220 None] /opt/stack/data/cinder/mnt/debba277d14311dc14c4b7dca3402495/volume-234ec1da-1c67-44ec-9271-95120e4f9b16.info is being set with open permissions: ugo+rw: NotImplementedError
Jul 07 15:13:10 devstack cinder-volume[87257]: DEBUG oslo_concurrency.processutils [None req-6eeb9b53-2f35-4a81-98c1-ed3b3eb5e1cd tempest-GroupsV314Test-968090220 None] Running cmd (subprocess): sudo cinder-rootwrap /etc/cinder/rootwrap.conf chmod ugo+rw /opt/stack/data/cinder/mnt/debba277d14311dc14c4b7dca3402495/volume-234ec1da-1c67-44ec-9271-95120e4f9b16.info {{(pid=87257) execute /opt/stack/data/venv/lib/python3.12/site-packages/oslo_concurrency/processutils.py:440}}
Jul 07 15:13:10 devstack sudo[94486]: quobyte : PWD=/ ; USER=root ; COMMAND=/opt/stack/data/venv/bin/cinder-rootwrap /etc/cinder/rootwrap.conf chmod ugo+rw /opt/stack/data/cinder/mnt/debba277d14311dc14c4b7dca3402495/volume-234ec1da-1c67-44ec-9271-95120e4f9b16.info
Jul 07 15:13:10 devstack sudo[94486]: pam_unix(sudo:session): session opened for user root(uid=0) by (uid=1000)
Jul 07 15:13:11 devstack sudo[94486]: pam_unix(sudo:session): session closed for user root
Jul 07 15:13:11 devstack cinder-volume[87257]: DEBUG oslo_concurrency.processutils [None req-6eeb9b53-2f35-4a81-98c1-ed3b3eb5e1cd tempest-GroupsV314Test-968090220 None] CMD "sudo cinder-rootwrap /etc/cinder/rootwrap.conf chmod ugo+rw /opt/stack/data/cinder/mnt/debba277d14311dc14c4b7dca3402495/volume-234ec1da-1c67-44ec-9271-95120e4f9b16.info" returned: 0 in 0.711s {{(pid=87257) execute /opt/stack/data/venv/lib/python3.12/site-packages/oslo_concurrency/processutils.py:468}}
Jul 07 15:13:11 devstack cinder-volume[87257]: DEBUG cinder.coordination [None req-6eeb9b53-2f35-4a81-98c1-ed3b3eb5e1cd tempest-GroupsV314Test-968090220 None] Acquiring lock "cinder-quobyte-d15ecb78-3870-4297-9d0e-4d23a4ac7bc7" by "_copy_volume_from_snapshot" {{(pid=87257) __acquire /opt/stack/cinder/cinder/coordination.py:138}}
Jul 07 15:13:11 devstack cinder-volume[87257]: DEBUG cinder.coordination [None req-6eeb9b53-2f35-4a81-98c1-ed3b3eb5e1cd tempest-GroupsV314Test-968090220 None] Lock "cinder-quobyte-d15ecb78-3870-4297-9d0e-4d23a4ac7bc7" acquired by "_copy_volume_from_snapshot" :: waited 0.020s {{(pid=87257) __acquire /opt/stack/cinder/cinder/coordination.py:141}}
Jul 07 15:13:11 devstack cinder-volume[87257]: DEBUG cinder.volume.drivers.quobyte [None req-6eeb9b53-2f35-4a81-98c1-ed3b3eb5e1cd tempest-GroupsV314Test-968090220 None] snapshot: 362bf6a3-aceb-47b3-a1d5-b22a430b270c, volume: d15ecb78-3870-4297-9d0e-4d23a4ac7bc7, {{(pid=87257) _copy_volume_from_snapshot /opt/stack/cinder/cinder/volume/drivers/quobyte.py:401}}
Jul 07 15:13:11 devstack cinder-volume[87257]: DEBUG oslo_concurrency.lockutils [None req-6eeb9b53-2f35-4a81-98c1-ed3b3eb5e1cd tempest-GroupsV314Test-968090220 None] Acquiring lock "quobyte_ensure" by "cinder.volume.drivers.quobyte.QuobyteDriver._ensure_shares_mounted" {{(pid=87257) inner /opt/stack/data/venv/lib/python3.12/site-packages/oslo_concurrency/lockutils.py:511}}
Jul 07 15:13:11 devstack cinder-volume[87257]: DEBUG oslo_concurrency.lockutils [None req-6eeb9b53-2f35-4a81-98c1-ed3b3eb5e1cd tempest-GroupsV314Test-968090220 None] Lock "quobyte_ensure" acquired by "cinder.volume.drivers.quobyte.QuobyteDriver._ensure_shares_mounted" :: waited 0.001s {{(pid=87257) inner /opt/stack/data/venv/lib/python3.12/site-packages/oslo_concurrency/lockutils.py:524}}
Jul 07 15:13:11 devstack cinder-volume[87257]: DEBUG cinder.volume.drivers.quobyte [None req-6eeb9b53-2f35-4a81-98c1-ed3b3eb5e1cd tempest-GroupsV314Test-968090220 None] Quobyte Volume URL set to: {'osci02.corp.quobyte.com/cinder-vol-35d7be2c-a104-4ab1-b0db-55c6bad667cf': None} {{(pid=87257) _load_shares_config /opt/stack/cinder/cinder/volume/drivers/quobyte.py:617}}
Jul 07 15:13:11 devstack cinder-volume[87257]: DEBUG cinder.volume.drivers.quobyte [None req-6eeb9b53-2f35-4a81-98c1-ed3b3eb5e1cd tempest-GroupsV314Test-968090220 None] Available shares ['osci02.corp.quobyte.com/cinder-vol-35d7be2c-a104-4ab1-b0db-55c6bad667cf'] {{(pid=87257) _ensure_shares_mounted /opt/stack/cinder/cinder/volume/drivers/quobyte.py:647}}
Jul 07 15:13:11 devstack cinder-volume[87257]: DEBUG oslo_concurrency.lockutils [None req-6eeb9b53-2f35-4a81-98c1-ed3b3eb5e1cd tempest-GroupsV314Test-968090220 None] Lock "quobyte_ensure" "released" by "cinder.volume.drivers.quobyte.QuobyteDriver._ensure_shares_mounted" :: held 0.007s {{(pid=87257) inner /opt/stack/data/venv/lib/python3.12/site-packages/oslo_concurrency/lockutils.py:543}}
Jul 07 15:13:11 devstack cinder-volume[87257]: DEBUG oslo.privsep.daemon [-] privsep: reply[bc8e4a07-0cd3-43ab-9fec-c705bbf79469]: (4, 'qcow2') {{(pid=88290) _call_back /opt/stack/data/venv/lib/python3.12/site-packages/oslo_privsep/daemon.py:580}}
Jul 07 15:13:11 devstack cinder-volume[87257]: DEBUG oslo_concurrency.processutils [None req-6eeb9b53-2f35-4a81-98c1-ed3b3eb5e1cd tempest-GroupsV314Test-968090220 None] Running cmd (subprocess): /opt/stack/data/venv/bin/python3.12 -m oslo_concurrency.prlimit --as=1073741824 --cpu=60 -- sudo cinder-rootwrap /etc/cinder/rootwrap.conf env LC_ALL=C qemu-img info -f qcow2 --output=json --force-share /opt/stack/data/cinder/mnt/debba277d14311dc14c4b7dca3402495/volume-234ec1da-1c67-44ec-9271-95120e4f9b16.362bf6a3-aceb-47b3-a1d5-b22a430b270c {{(pid=87257) execute /opt/stack/data/venv/lib/python3.12/site-packages/oslo_concurrency/processutils.py:440}}
Jul 07 15:13:11 devstack sudo[94494]: quobyte : PWD=/ ; USER=root ; COMMAND=/opt/stack/data/venv/bin/cinder-rootwrap /etc/cinder/rootwrap.conf env LC_ALL=C qemu-img info -f qcow2 --output=json --force-share /opt/stack/data/cinder/mnt/debba277d14311dc14c4b7dca3402495/volume-234ec1da-1c67-44ec-9271-95120e4f9b16.362bf6a3-aceb-47b3-a1d5-b22a430b270c
Jul 07 15:13:11 devstack sudo[94494]: pam_unix(sudo:session): session opened for user root(uid=0) by (uid=1000)
Jul 07 15:13:12 devstack sudo[94494]: pam_unix(sudo:session): session closed for user root
Jul 07 15:13:12 devstack cinder-volume[87257]: DEBUG oslo_concurrency.processutils [None req-6eeb9b53-2f35-4a81-98c1-ed3b3eb5e1cd tempest-GroupsV314Test-968090220 None] CMD "/opt/stack/data/venv/bin/python3.12 -m oslo_concurrency.prlimit --as=1073741824 --cpu=60 -- sudo cinder-rootwrap /etc/cinder/rootwrap.conf env LC_ALL=C qemu-img info -f qcow2 --output=json --force-share /opt/stack/data/cinder/mnt/debba277d14311dc14c4b7dca3402495/volume-234ec1da-1c67-44ec-9271-95120e4f9b16.362bf6a3-aceb-47b3-a1d5-b22a430b270c" returned: 0 in 0.941s {{(pid=87257) execute /opt/stack/data/venv/lib/python3.12/site-packages/oslo_concurrency/processutils.py:468}}
Jul 07 15:13:12 devstack cinder-volume[87257]: DEBUG cinder.volume.drivers.remotefs [None req-6eeb9b53-2f35-4a81-98c1-ed3b3eb5e1cd tempest-GroupsV314Test-968090220 None] Fetching qemu-img info with special backing_file_template: (/opt/stack/data/cinder/mnt/[0-9a-f]+/)?(volume-234ec1da-1c67-44ec-9271-95120e4f9b16(.(tmp-snap-)?[0-9a-f-]+)?|volume_from_snapshot_cache/(tmp-snap-)?[0-9a-f-]+(.(child-|parent-)[0-9a-f-]+)?)$ {{(pid=87257) _qemu_img_info_base /opt/stack/cinder/cinder/volume/drivers/remotefs.py:896}}
Jul 07 15:13:12 devstack cinder-volume[87257]: DEBUG cinder.volume.drivers.quobyte [None req-6eeb9b53-2f35-4a81-98c1-ed3b3eb5e1cd tempest-GroupsV314Test-968090220 None] will copy from snapshot at /opt/stack/data/cinder/mnt/debba277d14311dc14c4b7dca3402495/volume-234ec1da-1c67-44ec-9271-95120e4f9b16 {{(pid=87257) _copy_volume_from_snapshot /opt/stack/cinder/cinder/volume/drivers/quobyte.py:420}}
Jul 07 15:13:12 devstack cinder-volume[87257]: DEBUG cinder.volume.drivers.quobyte [None req-6eeb9b53-2f35-4a81-98c1-ed3b3eb5e1cd tempest-GroupsV314Test-968090220 None] Creating direct copy from snapshot {{(pid=87257) _copy_volume_from_snapshot /opt/stack/cinder/cinder/volume/drivers/quobyte.py:428}}
Jul 07 15:13:12 devstack cinder-volume[87257]: DEBUG oslo.privsep.daemon [-] privsep: reply[61b7cc19-9b92-4074-8aee-ab1c56a25f0e]: (4, 'qcow2') {{(pid=88290) _call_back /opt/stack/data/venv/lib/python3.12/site-packages/oslo_privsep/daemon.py:580}}
Jul 07 15:13:12 devstack cinder-volume[87257]: DEBUG oslo_concurrency.processutils [None req-6eeb9b53-2f35-4a81-98c1-ed3b3eb5e1cd tempest-GroupsV314Test-968090220 None] Running cmd (subprocess): /opt/stack/data/venv/bin/python3.12 -m oslo_concurrency.prlimit --as=1073741824 --cpu=60 -- sudo cinder-rootwrap /etc/cinder/rootwrap.conf env LC_ALL=C qemu-img info -f qcow2 --output=json /opt/stack/data/cinder/mnt/debba277d14311dc14c4b7dca3402495/volume-234ec1da-1c67-44ec-9271-95120e4f9b16 {{(pid=87257) execute /opt/stack/data/venv/lib/python3.12/site-packages/oslo_concurrency/processutils.py:440}}
Jul 07 15:13:12 devstack sudo[94500]: quobyte : PWD=/ ; USER=root ; COMMAND=/opt/stack/data/venv/bin/cinder-rootwrap /etc/cinder/rootwrap.conf env LC_ALL=C qemu-img info -f qcow2 --output=json /opt/stack/data/cinder/mnt/debba277d14311dc14c4b7dca3402495/volume-234ec1da-1c67-44ec-9271-95120e4f9b16
Jul 07 15:13:12 devstack sudo[94500]: pam_unix(sudo:session): session opened for user root(uid=0) by (uid=1000)
Jul 07 15:13:13 devstack sudo[94500]: pam_unix(sudo:session): session closed for user root
Jul 07 15:13:13 devstack cinder-volume[87257]: DEBUG oslo_concurrency.processutils [None req-6eeb9b53-2f35-4a81-98c1-ed3b3eb5e1cd tempest-GroupsV314Test-968090220 None] CMD "/opt/stack/data/venv/bin/python3.12 -m oslo_concurrency.prlimit --as=1073741824 --cpu=60 -- sudo cinder-rootwrap /etc/cinder/rootwrap.conf env LC_ALL=C qemu-img info -f qcow2 --output=json /opt/stack/data/cinder/mnt/debba277d14311dc14c4b7dca3402495/volume-234ec1da-1c67-44ec-9271-95120e4f9b16" returned: 0 in 0.809s {{(pid=87257) execute /opt/stack/data/venv/lib/python3.12/site-packages/oslo_concurrency/processutils.py:468}}
Jul 07 15:13:13 devstack cinder-volume[87257]: DEBUG cinder.utils [None req-6eeb9b53-2f35-4a81-98c1-ed3b3eb5e1cd tempest-GroupsV314Test-968090220 None] Path /opt/stack/data/cinder/mnt/debba277d14311dc14c4b7dca3402495/volume-d15ecb78-3870-4297-9d0e-4d23a4ac7bc7 not found in is_blk_device check {{(pid=87257) is_blk_device /opt/stack/cinder/cinder/utils.py:615}}
Jul 07 15:13:13 devstack cinder-volume[87257]: DEBUG oslo_concurrency.processutils [None req-6eeb9b53-2f35-4a81-98c1-ed3b3eb5e1cd tempest-GroupsV314Test-968090220 None] Running cmd (subprocess): sudo cinder-rootwrap /etc/cinder/rootwrap.conf qemu-img convert -O qcow2 /opt/stack/data/cinder/mnt/debba277d14311dc14c4b7dca3402495/volume-234ec1da-1c67-44ec-9271-95120e4f9b16 /opt/stack/data/cinder/mnt/debba277d14311dc14c4b7dca3402495/volume-d15ecb78-3870-4297-9d0e-4d23a4ac7bc7 {{(pid=87257) execute /opt/stack/data/venv/lib/python3.12/site-packages/oslo_concurrency/processutils.py:440}}
Jul 07 15:13:13 devstack sudo[94505]: quobyte : PWD=/ ; USER=root ; COMMAND=/opt/stack/data/venv/bin/cinder-rootwrap /etc/cinder/rootwrap.conf qemu-img convert -O qcow2 /opt/stack/data/cinder/mnt/debba277d14311dc14c4b7dca3402495/volume-234ec1da-1c67-44ec-9271-95120e4f9b16 /opt/stack/data/cinder/mnt/debba277d14311dc14c4b7dca3402495/volume-d15ecb78-3870-4297-9d0e-4d23a4ac7bc7
Jul 07 15:13:13 devstack sudo[94505]: pam_unix(sudo:session): session opened for user root(uid=0) by (uid=1000)
Jul 07 15:13:18 devstack sudo[94505]: pam_unix(sudo:session): session closed for user root
Jul 07 15:13:18 devstack cinder-volume[87257]: DEBUG oslo_concurrency.processutils [None req-6eeb9b53-2f35-4a81-98c1-ed3b3eb5e1cd tempest-GroupsV314Test-968090220 None] CMD "sudo cinder-rootwrap /etc/cinder/rootwrap.conf qemu-img convert -O qcow2 /opt/stack/data/cinder/mnt/debba277d14311dc14c4b7dca3402495/volume-234ec1da-1c67-44ec-9271-95120e4f9b16 /opt/stack/data/cinder/mnt/debba277d14311dc14c4b7dca3402495/volume-d15ecb78-3870-4297-9d0e-4d23a4ac7bc7" returned: 0 in 5.639s {{(pid=87257) execute /opt/stack/data/venv/lib/python3.12/site-packages/oslo_concurrency/processutils.py:468}}
Jul 07 15:13:18 devstack cinder-volume[87257]: DEBUG oslo.privsep.daemon [-] privsep: reply[e343f2e4-ed38-4726-8441-923a5d0fba5f]: (4, 'qcow2') {{(pid=88290) _call_back /opt/stack/data/venv/lib/python3.12/site-packages/oslo_privsep/daemon.py:580}}
Jul 07 15:13:18 devstack cinder-volume[87257]: DEBUG oslo_concurrency.processutils [None req-6eeb9b53-2f35-4a81-98c1-ed3b3eb5e1cd tempest-GroupsV314Test-968090220 None] Running cmd (subprocess): /opt/stack/data/venv/bin/python3.12 -m oslo_concurrency.prlimit --as=1073741824 --cpu=60 -- sudo cinder-rootwrap /etc/cinder/rootwrap.conf env LC_ALL=C qemu-img info -f qcow2 --output=json /opt/stack/data/cinder/mnt/debba277d14311dc14c4b7dca3402495/volume-234ec1da-1c67-44ec-9271-95120e4f9b16 {{(pid=87257) execute /opt/stack/data/venv/lib/python3.12/site-packages/oslo_concurrency/processutils.py:440}}
Jul 07 15:13:18 devstack sudo[94557]: quobyte : PWD=/ ; USER=root ; COMMAND=/opt/stack/data/venv/bin/cinder-rootwrap /etc/cinder/rootwrap.conf env LC_ALL=C qemu-img info -f qcow2 --output=json /opt/stack/data/cinder/mnt/debba277d14311dc14c4b7dca3402495/volume-234ec1da-1c67-44ec-9271-95120e4f9b16
Jul 07 15:13:18 devstack sudo[94557]: pam_unix(sudo:session): session opened for user root(uid=0) by (uid=1000)
Jul 07 15:13:19 devstack sudo[94557]: pam_unix(sudo:session): session closed for user root
Jul 07 15:13:19 devstack cinder-volume[87257]: DEBUG oslo_concurrency.processutils [None req-6eeb9b53-2f35-4a81-98c1-ed3b3eb5e1cd tempest-GroupsV314Test-968090220 None] CMD "/opt/stack/data/venv/bin/python3.12 -m oslo_concurrency.prlimit --as=1073741824 --cpu=60 -- sudo cinder-rootwrap /etc/cinder/rootwrap.conf env LC_ALL=C qemu-img info -f qcow2 --output=json /opt/stack/data/cinder/mnt/debba277d14311dc14c4b7dca3402495/volume-234ec1da-1c67-44ec-9271-95120e4f9b16" returned: 0 in 0.892s {{(pid=87257) execute /opt/stack/data/venv/lib/python3.12/site-packages/oslo_concurrency/processutils.py:468}}
Jul 07 15:13:19 devstack cinder-volume[87257]: DEBUG cinder.image.image_utils [None req-6eeb9b53-2f35-4a81-98c1-ed3b3eb5e1cd tempest-GroupsV314Test-968090220 None] Image conversion details: src /opt/stack/data/cinder/mnt/debba277d14311dc14c4b7dca3402495/volume-234ec1da-1c67-44ec-9271-95120e4f9b16, size 1024.00 MB, duration 5.64 sec, destination /opt/stack/data/cinder/mnt/debba277d14311dc14c4b7dca3402495/volume-d15ecb78-3870-4297-9d0e-4d23a4ac7bc7 {{(pid=87257) _convert_image /opt/stack/cinder/cinder/image/image_utils.py:536}}
Jul 07 15:13:19 devstack cinder-volume[87257]: INFO cinder.image.image_utils [None req-6eeb9b53-2f35-4a81-98c1-ed3b3eb5e1cd tempest-GroupsV314Test-968090220 None] Converted 1024.00 MB image at 181.55 MB/s
Jul 07 15:13:19 devstack cinder-volume[87257]: WARNING cinder.volume.drivers.remotefs [None req-6eeb9b53-2f35-4a81-98c1-ed3b3eb5e1cd tempest-GroupsV314Test-968090220 None] /opt/stack/data/cinder/mnt/debba277d14311dc14c4b7dca3402495/volume-d15ecb78-3870-4297-9d0e-4d23a4ac7bc7 is being set with open permissions: ugo+rw: NotImplementedError
Jul 07 15:13:19 devstack cinder-volume[87257]: DEBUG oslo_concurrency.processutils [None req-6eeb9b53-2f35-4a81-98c1-ed3b3eb5e1cd tempest-GroupsV314Test-968090220 None] Running cmd (subprocess): sudo cinder-rootwrap /etc/cinder/rootwrap.conf chmod ugo+rw /opt/stack/data/cinder/mnt/debba277d14311dc14c4b7dca3402495/volume-d15ecb78-3870-4297-9d0e-4d23a4ac7bc7 {{(pid=87257) execute /opt/stack/data/venv/lib/python3.12/site-packages/oslo_concurrency/processutils.py:440}}
Jul 07 15:13:19 devstack sudo[94567]: quobyte : PWD=/ ; USER=root ; COMMAND=/opt/stack/data/venv/bin/cinder-rootwrap /etc/cinder/rootwrap.conf chmod ugo+rw /opt/stack/data/cinder/mnt/debba277d14311dc14c4b7dca3402495/volume-d15ecb78-3870-4297-9d0e-4d23a4ac7bc7
Jul 07 15:13:19 devstack sudo[94567]: pam_unix(sudo:session): session opened for user root(uid=0) by (uid=1000)
Jul 07 15:13:19 devstack cinder-volume[87257]: DEBUG dbcounter [-] [87257] Writing DB stats cinder:DELETE=6,cinder:UPDATE=58,cinder:SELECT=43,cinder:INSERT=10 {{(pid=87257) stat_writer /opt/stack/data/venv/lib/python3.12/site-packages/dbcounter.py:115}}
Jul 07 15:13:19 devstack cinder-volume[87257]: DEBUG dbcounter [-] [87257] Writing DB stats cinder:SELECT=52,cinder:UPDATE=40,cinder:INSERT=14,cinder:DELETE=1 {{(pid=87257) stat_writer /opt/stack/data/venv/lib/python3.12/site-packages/dbcounter.py:115}}
Jul 07 15:13:20 devstack sudo[94567]: pam_unix(sudo:session): session closed for user root
Jul 07 15:13:20 devstack cinder-volume[87257]: DEBUG oslo_concurrency.processutils [None req-6eeb9b53-2f35-4a81-98c1-ed3b3eb5e1cd tempest-GroupsV314Test-968090220 None] CMD "sudo cinder-rootwrap /etc/cinder/rootwrap.conf chmod ugo+rw /opt/stack/data/cinder/mnt/debba277d14311dc14c4b7dca3402495/volume-d15ecb78-3870-4297-9d0e-4d23a4ac7bc7" returned: 0 in 0.705s {{(pid=87257) execute /opt/stack/data/venv/lib/python3.12/site-packages/oslo_concurrency/processutils.py:468}}
Jul 07 15:13:20 devstack cinder-volume[87257]: DEBUG cinder.coordination [None req-6eeb9b53-2f35-4a81-98c1-ed3b3eb5e1cd tempest-GroupsV314Test-968090220 None] Lock "cinder-quobyte-d15ecb78-3870-4297-9d0e-4d23a4ac7bc7" released by "_copy_volume_from_snapshot" :: held 9.103s {{(pid=87257) __release /opt/stack/cinder/cinder/coordination.py:152}}
Jul 07 15:13:20 devstack cinder-volume[87257]: DEBUG cinder.coordination [None req-6eeb9b53-2f35-4a81-98c1-ed3b3eb5e1cd tempest-GroupsV314Test-968090220 None] Acquiring lock "cinder-quobyte-362bf6a3-aceb-47b3-a1d5-b22a430b270c" by "_delete_snapshot" {{(pid=87257) __acquire /opt/stack/cinder/cinder/coordination.py:138}}
Jul 07 15:13:20 devstack cinder-volume[87257]: DEBUG cinder.coordination [None req-6eeb9b53-2f35-4a81-98c1-ed3b3eb5e1cd tempest-GroupsV314Test-968090220 None] Lock "cinder-quobyte-362bf6a3-aceb-47b3-a1d5-b22a430b270c" acquired by "_delete_snapshot" :: waited 0.013s {{(pid=87257) __acquire /opt/stack/cinder/cinder/coordination.py:141}}
Jul 07 15:13:20 devstack cinder-volume[87257]: DEBUG cinder.volume.drivers.remotefs [None req-6eeb9b53-2f35-4a81-98c1-ed3b3eb5e1cd tempest-GroupsV314Test-968090220 None] Deleting offline snapshot 362bf6a3-aceb-47b3-a1d5-b22a430b270c of volume 234ec1da-1c67-44ec-9271-95120e4f9b16 {{(pid=87257) _delete_snapshot /opt/stack/cinder/cinder/volume/drivers/remotefs.py:1288}}
Jul 07 15:13:20 devstack cinder-volume[87257]: DEBUG cinder.volume.drivers.remotefs [None req-6eeb9b53-2f35-4a81-98c1-ed3b3eb5e1cd tempest-GroupsV314Test-968090220 None] snapshot_file for this snap is: volume-234ec1da-1c67-44ec-9271-95120e4f9b16.362bf6a3-aceb-47b3-a1d5-b22a430b270c {{(pid=87257) _delete_snapshot /opt/stack/cinder/cinder/volume/drivers/remotefs.py:1317}}
Jul 07 15:13:20 devstack cinder-volume[87257]: DEBUG oslo.privsep.daemon [-] privsep: reply[2732b594-7025-453d-a58a-c1f57316d703]: (4, 'qcow2') {{(pid=88290) _call_back /opt/stack/data/venv/lib/python3.12/site-packages/oslo_privsep/daemon.py:580}}
Jul 07 15:13:20 devstack cinder-volume[87257]: DEBUG oslo_concurrency.processutils [None req-6eeb9b53-2f35-4a81-98c1-ed3b3eb5e1cd tempest-GroupsV314Test-968090220 None] Running cmd (subprocess): /opt/stack/data/venv/bin/python3.12 -m oslo_concurrency.prlimit --as=1073741824 --cpu=60 -- sudo cinder-rootwrap /etc/cinder/rootwrap.conf env LC_ALL=C qemu-img info -f qcow2 --output=json --force-share /opt/stack/data/cinder/mnt/debba277d14311dc14c4b7dca3402495/volume-234ec1da-1c67-44ec-9271-95120e4f9b16.362bf6a3-aceb-47b3-a1d5-b22a430b270c {{(pid=87257) execute /opt/stack/data/venv/lib/python3.12/site-packages/oslo_concurrency/processutils.py:440}}
Jul 07 15:13:20 devstack sudo[94576]: quobyte : PWD=/ ; USER=root ; COMMAND=/opt/stack/data/venv/bin/cinder-rootwrap /etc/cinder/rootwrap.conf env LC_ALL=C qemu-img info -f qcow2 --output=json --force-share /opt/stack/data/cinder/mnt/debba277d14311dc14c4b7dca3402495/volume-234ec1da-1c67-44ec-9271-95120e4f9b16.362bf6a3-aceb-47b3-a1d5-b22a430b270c
Jul 07 15:13:20 devstack sudo[94576]: pam_unix(sudo:session): session opened for user root(uid=0) by (uid=1000)
Jul 07 15:13:21 devstack sudo[94576]: pam_unix(sudo:session): session closed for user root
Jul 07 15:13:21 devstack cinder-volume[87257]: DEBUG oslo_concurrency.processutils [None req-6eeb9b53-2f35-4a81-98c1-ed3b3eb5e1cd tempest-GroupsV314Test-968090220 None] CMD "/opt/stack/data/venv/bin/python3.12 -m oslo_concurrency.prlimit --as=1073741824 --cpu=60 -- sudo cinder-rootwrap /etc/cinder/rootwrap.conf env LC_ALL=C qemu-img info -f qcow2 --output=json --force-share /opt/stack/data/cinder/mnt/debba277d14311dc14c4b7dca3402495/volume-234ec1da-1c67-44ec-9271-95120e4f9b16.362bf6a3-aceb-47b3-a1d5-b22a430b270c" returned: 0 in 0.785s {{(pid=87257) execute /opt/stack/data/venv/lib/python3.12/site-packages/oslo_concurrency/processutils.py:468}}
Jul 07 15:13:21 devstack cinder-volume[87257]: DEBUG cinder.volume.drivers.remotefs [None req-6eeb9b53-2f35-4a81-98c1-ed3b3eb5e1cd tempest-GroupsV314Test-968090220 None] Fetching qemu-img info with special backing_file_template: (/opt/stack/data/cinder/mnt/[0-9a-f]+/)?(volume-234ec1da-1c67-44ec-9271-95120e4f9b16(.(tmp-snap-)?[0-9a-f-]+)?|volume_from_snapshot_cache/(tmp-snap-)?[0-9a-f-]+(.(child-|parent-)[0-9a-f-]+)?)$ {{(pid=87257) _qemu_img_info_base /opt/stack/cinder/cinder/volume/drivers/remotefs.py:896}}
Jul 07 15:13:21 devstack cinder-volume[87257]: DEBUG oslo.privsep.daemon [-] privsep: reply[9d897beb-d351-45a0-84b7-1af20acd60ab]: (4, 'qcow2') {{(pid=88290) _call_back /opt/stack/data/venv/lib/python3.12/site-packages/oslo_privsep/daemon.py:580}}
Jul 07 15:13:21 devstack cinder-volume[87257]: DEBUG oslo_concurrency.processutils [None req-6eeb9b53-2f35-4a81-98c1-ed3b3eb5e1cd tempest-GroupsV314Test-968090220 None] Running cmd (subprocess): /opt/stack/data/venv/bin/python3.12 -m oslo_concurrency.prlimit --as=1073741824 --cpu=60 -- sudo cinder-rootwrap /etc/cinder/rootwrap.conf env LC_ALL=C qemu-img info -f qcow2 --output=json --force-share /opt/stack/data/cinder/mnt/debba277d14311dc14c4b7dca3402495/volume-234ec1da-1c67-44ec-9271-95120e4f9b16 {{(pid=87257) execute /opt/stack/data/venv/lib/python3.12/site-packages/oslo_concurrency/processutils.py:440}}
Jul 07 15:13:21 devstack sudo[94588]: quobyte : PWD=/ ; USER=root ; COMMAND=/opt/stack/data/venv/bin/cinder-rootwrap /etc/cinder/rootwrap.conf env LC_ALL=C qemu-img info -f qcow2 --output=json --force-share /opt/stack/data/cinder/mnt/debba277d14311dc14c4b7dca3402495/volume-234ec1da-1c67-44ec-9271-95120e4f9b16
Jul 07 15:13:21 devstack sudo[94588]: pam_unix(sudo:session): session opened for user root(uid=0) by (uid=1000)
Jul 07 15:13:22 devstack sudo[94588]: pam_unix(sudo:session): session closed for user root
Jul 07 15:13:22 devstack cinder-volume[87257]: DEBUG oslo_concurrency.processutils [None req-6eeb9b53-2f35-4a81-98c1-ed3b3eb5e1cd tempest-GroupsV314Test-968090220 None] CMD "/opt/stack/data/venv/bin/python3.12 -m oslo_concurrency.prlimit --as=1073741824 --cpu=60 -- sudo cinder-rootwrap /etc/cinder/rootwrap.conf env LC_ALL=C qemu-img info -f qcow2 --output=json --force-share /opt/stack/data/cinder/mnt/debba277d14311dc14c4b7dca3402495/volume-234ec1da-1c67-44ec-9271-95120e4f9b16" returned: 0 in 1.123s {{(pid=87257) execute /opt/stack/data/venv/lib/python3.12/site-packages/oslo_concurrency/processutils.py:468}}
Jul 07 15:13:22 devstack cinder-volume[87257]: DEBUG oslo_concurrency.processutils [None req-6eeb9b53-2f35-4a81-98c1-ed3b3eb5e1cd tempest-GroupsV314Test-968090220 None] Running cmd (subprocess): sudo cinder-rootwrap /etc/cinder/rootwrap.conf qemu-img commit -d /opt/stack/data/cinder/mnt/debba277d14311dc14c4b7dca3402495/volume-234ec1da-1c67-44ec-9271-95120e4f9b16.362bf6a3-aceb-47b3-a1d5-b22a430b270c {{(pid=87257) execute /opt/stack/data/venv/lib/python3.12/site-packages/oslo_concurrency/processutils.py:440}}
Jul 07 15:13:22 devstack sudo[94656]: quobyte : PWD=/ ; USER=root ; COMMAND=/opt/stack/data/venv/bin/cinder-rootwrap /etc/cinder/rootwrap.conf qemu-img commit -d /opt/stack/data/cinder/mnt/debba277d14311dc14c4b7dca3402495/volume-234ec1da-1c67-44ec-9271-95120e4f9b16.362bf6a3-aceb-47b3-a1d5-b22a430b270c
Jul 07 15:13:22 devstack sudo[94656]: pam_unix(sudo:session): session opened for user root(uid=0) by (uid=1000)
Jul 07 15:13:23 devstack sudo[94656]: pam_unix(sudo:session): session closed for user root
Jul 07 15:13:23 devstack cinder-volume[87257]: DEBUG oslo_concurrency.processutils [None req-6eeb9b53-2f35-4a81-98c1-ed3b3eb5e1cd tempest-GroupsV314Test-968090220 None] CMD "sudo cinder-rootwrap /etc/cinder/rootwrap.conf qemu-img commit -d /opt/stack/data/cinder/mnt/debba277d14311dc14c4b7dca3402495/volume-234ec1da-1c67-44ec-9271-95120e4f9b16.362bf6a3-aceb-47b3-a1d5-b22a430b270c" returned: 0 in 0.875s {{(pid=87257) execute /opt/stack/data/venv/lib/python3.12/site-packages/oslo_concurrency/processutils.py:468}}
Jul 07 15:13:23 devstack cinder-volume[87257]: DEBUG oslo_concurrency.processutils [None req-6eeb9b53-2f35-4a81-98c1-ed3b3eb5e1cd tempest-GroupsV314Test-968090220 None] Running cmd (subprocess): sudo cinder-rootwrap /etc/cinder/rootwrap.conf rm -f /opt/stack/data/cinder/mnt/debba277d14311dc14c4b7dca3402495/volume-234ec1da-1c67-44ec-9271-95120e4f9b16.362bf6a3-aceb-47b3-a1d5-b22a430b270c {{(pid=87257) execute /opt/stack/data/venv/lib/python3.12/site-packages/oslo_concurrency/processutils.py:440}}
Jul 07 15:13:23 devstack sudo[94665]: quobyte : PWD=/ ; USER=root ; COMMAND=/opt/stack/data/venv/bin/cinder-rootwrap /etc/cinder/rootwrap.conf rm -f /opt/stack/data/cinder/mnt/debba277d14311dc14c4b7dca3402495/volume-234ec1da-1c67-44ec-9271-95120e4f9b16.362bf6a3-aceb-47b3-a1d5-b22a430b270c
Jul 07 15:13:23 devstack sudo[94665]: pam_unix(sudo:session): session opened for user root(uid=0) by (uid=1000)
Jul 07 15:13:23 devstack sudo[94665]: pam_unix(sudo:session): session closed for user root
Jul 07 15:13:23 devstack cinder-volume[87257]: DEBUG oslo_concurrency.processutils [None req-6eeb9b53-2f35-4a81-98c1-ed3b3eb5e1cd tempest-GroupsV314Test-968090220 None] CMD "sudo cinder-rootwrap /etc/cinder/rootwrap.conf rm -f /opt/stack/data/cinder/mnt/debba277d14311dc14c4b7dca3402495/volume-234ec1da-1c67-44ec-9271-95120e4f9b16.362bf6a3-aceb-47b3-a1d5-b22a430b270c" returned: 0 in 0.747s {{(pid=87257) execute /opt/stack/data/venv/lib/python3.12/site-packages/oslo_concurrency/processutils.py:468}}
Jul 07 15:13:24 devstack cinder-volume[87257]: DEBUG cinder.coordination [None req-6eeb9b53-2f35-4a81-98c1-ed3b3eb5e1cd tempest-GroupsV314Test-968090220 None] Lock "cinder-quobyte-362bf6a3-aceb-47b3-a1d5-b22a430b270c" released by "_delete_snapshot" :: held 3.632s {{(pid=87257) __release /opt/stack/cinder/cinder/coordination.py:152}}
Jul 07 15:13:24 devstack cinder-volume[87257]: DEBUG oslo_concurrency.lockutils [None req-6eeb9b53-2f35-4a81-98c1-ed3b3eb5e1cd tempest-GroupsV314Test-968090220 None] Lock "quobyte" "released" by "cinder.volume.drivers.quobyte.QuobyteDriver.create_cloned_volume" :: held 18.728s {{(pid=87257) inner /opt/stack/data/venv/lib/python3.12/site-packages/oslo_concurrency/lockutils.py:543}}
Jul 07 15:13:24 devstack cinder-volume[87257]: DEBUG oslo_concurrency.lockutils [None req-30e3ddf6-e659-41a3-b4cd-e5a52d9f2b89 tempest-VolumesMetadataTest-1343318058 None] Lock "quobyte" acquired by "cinder.volume.drivers.quobyte.QuobyteDriver.create_volume" :: waited 16.150s {{(pid=87257) inner /opt/stack/data/venv/lib/python3.12/site-packages/oslo_concurrency/lockutils.py:524}}
Jul 07 15:13:24 devstack cinder-volume[87257]: DEBUG cinder.volume.drivers.quobyte [None req-30e3ddf6-e659-41a3-b4cd-e5a52d9f2b89 tempest-VolumesMetadataTest-1343318058 None] ==> create_volume: call "{'self': , 'volume': Volume(_name_id=None,admin_metadata=,attach_status='detached',availability_zone='nova',bootable=False,cluster=,cluster_name=None,consistencygroup=,consistencygroup_id=None,created_at=2026-07-07T13:13:07Z,deleted=False,deleted_at=None,display_description=None,display_name='tempest-VolumesMetadataTest-Volume-1433681023',ec2_id=None,encryption_key_id=None,glance_metadata=,group=,group_id=None,host='devstack@QuobyteHD#QuobyteHD',id=c2c3dab2-d798-423d-821c-8c551c7555fd,launched_at=None,metadata={},migration_status=None,multiattach=False,previous_status=None,project_id='a82119eb966b443d9f0bdfb5b4580ef7',provider_auth=None,provider_geometry=None,provider_id=None,provider_location=None,replication_driver_data=None,replication_extended_status=None,replication_status=None,scheduled_at=2026-07-07T13:13:08Z,service_uuid=None,shared_targets=True,size=1,snapshot_id=None,snapshots=,source_volid=None,status='creating',terminated_at=None,updated_at=2026-07-07T13:13:08Z,use_quota=True,user_id='5e0d8b2f2f1b4ec1a34bf0678545fbed',volume_attachment=VolumeAttachmentList,volume_type=VolumeType(04151ea3-f099-457a-8ee0-d98a37b5caec),volume_type_id=04151ea3-f099-457a-8ee0-d98a37b5caec)}" {{(pid=87257) trace_logging_wrapper /opt/stack/cinder/cinder/volume/volume_utils.py:1497}}
Jul 07 15:13:24 devstack cinder-volume[87257]: DEBUG cinder.volume.drivers.remotefs [None req-30e3ddf6-e659-41a3-b4cd-e5a52d9f2b89 tempest-VolumesMetadataTest-1343318058 None] Creating volume c2c3dab2-d798-423d-821c-8c551c7555fd {{(pid=87257) create_volume /opt/stack/cinder/cinder/volume/drivers/remotefs.py:292}}
Jul 07 15:13:24 devstack cinder-volume[87257]: DEBUG oslo_concurrency.lockutils [None req-30e3ddf6-e659-41a3-b4cd-e5a52d9f2b89 tempest-VolumesMetadataTest-1343318058 None] Acquiring lock "quobyte_ensure" by "cinder.volume.drivers.quobyte.QuobyteDriver._ensure_shares_mounted" {{(pid=87257) inner /opt/stack/data/venv/lib/python3.12/site-packages/oslo_concurrency/lockutils.py:511}}
Jul 07 15:13:24 devstack cinder-volume[87257]: DEBUG oslo_concurrency.lockutils [None req-30e3ddf6-e659-41a3-b4cd-e5a52d9f2b89 tempest-VolumesMetadataTest-1343318058 None] Lock "quobyte_ensure" acquired by "cinder.volume.drivers.quobyte.QuobyteDriver._ensure_shares_mounted" :: waited 0.000s {{(pid=87257) inner /opt/stack/data/venv/lib/python3.12/site-packages/oslo_concurrency/lockutils.py:524}}
Jul 07 15:13:24 devstack cinder-volume[87257]: DEBUG cinder.volume.drivers.quobyte [None req-30e3ddf6-e659-41a3-b4cd-e5a52d9f2b89 tempest-VolumesMetadataTest-1343318058 None] Quobyte Volume URL set to: {'osci02.corp.quobyte.com/cinder-vol-35d7be2c-a104-4ab1-b0db-55c6bad667cf': None} {{(pid=87257) _load_shares_config /opt/stack/cinder/cinder/volume/drivers/quobyte.py:617}}
Jul 07 15:13:24 devstack cinder-volume[87257]: DEBUG cinder.volume.drivers.quobyte [None req-30e3ddf6-e659-41a3-b4cd-e5a52d9f2b89 tempest-VolumesMetadataTest-1343318058 None] Available shares ['osci02.corp.quobyte.com/cinder-vol-35d7be2c-a104-4ab1-b0db-55c6bad667cf'] {{(pid=87257) _ensure_shares_mounted /opt/stack/cinder/cinder/volume/drivers/quobyte.py:647}}
Jul 07 15:13:24 devstack cinder-volume[87257]: DEBUG oslo_concurrency.lockutils [None req-30e3ddf6-e659-41a3-b4cd-e5a52d9f2b89 tempest-VolumesMetadataTest-1343318058 None] Lock "quobyte_ensure" "released" by "cinder.volume.drivers.quobyte.QuobyteDriver._ensure_shares_mounted" :: held 0.007s {{(pid=87257) inner /opt/stack/data/venv/lib/python3.12/site-packages/oslo_concurrency/lockutils.py:543}}
Jul 07 15:13:24 devstack cinder-volume[87257]: DEBUG cinder.volume.drivers.quobyte [None req-30e3ddf6-e659-41a3-b4cd-e5a52d9f2b89 tempest-VolumesMetadataTest-1343318058 None] Selected osci02.corp.quobyte.com/cinder-vol-35d7be2c-a104-4ab1-b0db-55c6bad667cf as target Quobyte volume. {{(pid=87257) _find_share /opt/stack/cinder/cinder/volume/drivers/quobyte.py:668}}
Jul 07 15:13:24 devstack cinder-volume[87257]: INFO cinder.volume.drivers.remotefs [None req-30e3ddf6-e659-41a3-b4cd-e5a52d9f2b89 tempest-VolumesMetadataTest-1343318058 None] casted to osci02.corp.quobyte.com/cinder-vol-35d7be2c-a104-4ab1-b0db-55c6bad667cf
Jul 07 15:13:24 devstack cinder-volume[87257]: DEBUG oslo_concurrency.processutils [None req-30e3ddf6-e659-41a3-b4cd-e5a52d9f2b89 tempest-VolumesMetadataTest-1343318058 None] Running cmd (subprocess): sudo cinder-rootwrap /etc/cinder/rootwrap.conf qemu-img create -f qcow2 -o preallocation=metadata /opt/stack/data/cinder/mnt/debba277d14311dc14c4b7dca3402495/volume-c2c3dab2-d798-423d-821c-8c551c7555fd 1073741824 {{(pid=87257) execute /opt/stack/data/venv/lib/python3.12/site-packages/oslo_concurrency/processutils.py:440}}
Jul 07 15:13:24 devstack sudo[94675]: quobyte : PWD=/ ; USER=root ; COMMAND=/opt/stack/data/venv/bin/cinder-rootwrap /etc/cinder/rootwrap.conf qemu-img create -f qcow2 -o preallocation=metadata /opt/stack/data/cinder/mnt/debba277d14311dc14c4b7dca3402495/volume-c2c3dab2-d798-423d-821c-8c551c7555fd 1073741824
Jul 07 15:13:24 devstack sudo[94675]: pam_unix(sudo:session): session opened for user root(uid=0) by (uid=1000)
Jul 07 15:13:24 devstack cinder-volume[87257]: INFO cinder.volume.manager [None req-6eeb9b53-2f35-4a81-98c1-ed3b3eb5e1cd tempest-GroupsV314Test-968090220 None] Create group from source-group-d5f9c37f-5221-4dff-ada2-3036c672ad58 completed successfully.
Jul 07 15:13:25 devstack sudo[94675]: pam_unix(sudo:session): session closed for user root
Jul 07 15:13:25 devstack cinder-volume[87257]: DEBUG oslo_concurrency.processutils [None req-30e3ddf6-e659-41a3-b4cd-e5a52d9f2b89 tempest-VolumesMetadataTest-1343318058 None] CMD "sudo cinder-rootwrap /etc/cinder/rootwrap.conf qemu-img create -f qcow2 -o preallocation=metadata /opt/stack/data/cinder/mnt/debba277d14311dc14c4b7dca3402495/volume-c2c3dab2-d798-423d-821c-8c551c7555fd 1073741824" returned: 0 in 1.130s {{(pid=87257) execute /opt/stack/data/venv/lib/python3.12/site-packages/oslo_concurrency/processutils.py:468}}
Jul 07 15:13:25 devstack cinder-volume[87257]: DEBUG oslo_concurrency.processutils [None req-30e3ddf6-e659-41a3-b4cd-e5a52d9f2b89 tempest-VolumesMetadataTest-1343318058 None] Running cmd (subprocess): sudo cinder-rootwrap /etc/cinder/rootwrap.conf chmod ugo+rw /opt/stack/data/cinder/mnt/debba277d14311dc14c4b7dca3402495/volume-c2c3dab2-d798-423d-821c-8c551c7555fd {{(pid=87257) execute /opt/stack/data/venv/lib/python3.12/site-packages/oslo_concurrency/processutils.py:440}}
Jul 07 15:13:25 devstack sudo[94682]: quobyte : PWD=/ ; USER=root ; COMMAND=/opt/stack/data/venv/bin/cinder-rootwrap /etc/cinder/rootwrap.conf chmod ugo+rw /opt/stack/data/cinder/mnt/debba277d14311dc14c4b7dca3402495/volume-c2c3dab2-d798-423d-821c-8c551c7555fd
Jul 07 15:13:25 devstack sudo[94682]: pam_unix(sudo:session): session opened for user root(uid=0) by (uid=1000)
Jul 07 15:13:25 devstack cinder-volume[87257]: DEBUG cinder.coordination [None req-89caca32-2486-414a-bc2f-de2eb85b35e2 tempest-GroupsV314Test-968090220 None] Acquiring lock "cinder-quobyte-d15ecb78-3870-4297-9d0e-4d23a4ac7bc7" by "delete_volume" {{(pid=87257) __acquire /opt/stack/cinder/cinder/coordination.py:138}}
Jul 07 15:13:25 devstack cinder-volume[87257]: DEBUG cinder.coordination [None req-89caca32-2486-414a-bc2f-de2eb85b35e2 tempest-GroupsV314Test-968090220 None] Lock "cinder-quobyte-d15ecb78-3870-4297-9d0e-4d23a4ac7bc7" acquired by "delete_volume" :: waited 0.023s {{(pid=87257) __acquire /opt/stack/cinder/cinder/coordination.py:141}}
Jul 07 15:13:25 devstack cinder-volume[87257]: DEBUG oslo.privsep.daemon [-] privsep: reply[a89663a2-de94-412a-9f0b-1bd1a117119f]: (4, 'qcow2') {{(pid=88290) _call_back /opt/stack/data/venv/lib/python3.12/site-packages/oslo_privsep/daemon.py:580}}
Jul 07 15:13:25 devstack cinder-volume[87257]: DEBUG oslo_concurrency.processutils [None req-89caca32-2486-414a-bc2f-de2eb85b35e2 tempest-GroupsV314Test-968090220 None] Running cmd (subprocess): /opt/stack/data/venv/bin/python3.12 -m oslo_concurrency.prlimit --as=1073741824 --cpu=60 -- sudo cinder-rootwrap /etc/cinder/rootwrap.conf env LC_ALL=C qemu-img info -f qcow2 --output=json --force-share /opt/stack/data/cinder/mnt/debba277d14311dc14c4b7dca3402495/volume-d15ecb78-3870-4297-9d0e-4d23a4ac7bc7 {{(pid=87257) execute /opt/stack/data/venv/lib/python3.12/site-packages/oslo_concurrency/processutils.py:440}}
Jul 07 15:13:25 devstack sudo[94684]: quobyte : PWD=/ ; USER=root ; COMMAND=/opt/stack/data/venv/bin/cinder-rootwrap /etc/cinder/rootwrap.conf env LC_ALL=C qemu-img info -f qcow2 --output=json --force-share /opt/stack/data/cinder/mnt/debba277d14311dc14c4b7dca3402495/volume-d15ecb78-3870-4297-9d0e-4d23a4ac7bc7
Jul 07 15:13:25 devstack sudo[94684]: pam_unix(sudo:session): session opened for user root(uid=0) by (uid=1000)
Jul 07 15:13:25 devstack sudo[94682]: pam_unix(sudo:session): session closed for user root
Jul 07 15:13:25 devstack cinder-volume[87257]: DEBUG oslo_concurrency.processutils [None req-30e3ddf6-e659-41a3-b4cd-e5a52d9f2b89 tempest-VolumesMetadataTest-1343318058 None] CMD "sudo cinder-rootwrap /etc/cinder/rootwrap.conf chmod ugo+rw /opt/stack/data/cinder/mnt/debba277d14311dc14c4b7dca3402495/volume-c2c3dab2-d798-423d-821c-8c551c7555fd" returned: 0 in 0.690s {{(pid=87257) execute /opt/stack/data/venv/lib/python3.12/site-packages/oslo_concurrency/processutils.py:468}}
Jul 07 15:13:25 devstack cinder-volume[87257]: DEBUG cinder.volume.drivers.quobyte [None req-30e3ddf6-e659-41a3-b4cd-e5a52d9f2b89 tempest-VolumesMetadataTest-1343318058 None] <== create_volume: return (1869ms) {'provider_location': 'osci02.corp.quobyte.com/cinder-vol-35d7be2c-a104-4ab1-b0db-55c6bad667cf'} {{(pid=87257) trace_logging_wrapper /opt/stack/cinder/cinder/volume/volume_utils.py:1522}}
Jul 07 15:13:25 devstack cinder-volume[87257]: DEBUG oslo_concurrency.lockutils [None req-30e3ddf6-e659-41a3-b4cd-e5a52d9f2b89 tempest-VolumesMetadataTest-1343318058 None] Lock "quobyte" "released" by "cinder.volume.drivers.quobyte.QuobyteDriver.create_volume" :: held 1.872s {{(pid=87257) inner /opt/stack/data/venv/lib/python3.12/site-packages/oslo_concurrency/lockutils.py:543}}
Jul 07 15:13:25 devstack cinder-volume[87257]: DEBUG cinder.volume.manager [None req-30e3ddf6-e659-41a3-b4cd-e5a52d9f2b89 tempest-VolumesMetadataTest-1343318058 None] Task 'cinder.volume.flows.manager.create_volume.CreateVolumeFromSpecTask;volume:create' (483c0a9b-ad73-4516-98fb-9a233b3a9798) transitioned into state 'SUCCESS' from state 'RUNNING' with result '{'status': 'creating', 'volume_name': 'volume-c2c3dab2-d798-423d-821c-8c551c7555fd', 'volume_size': 1}' {{(pid=87257) _task_receiver /opt/stack/data/venv/lib/python3.12/site-packages/taskflow/listeners/logging.py:218}}
Jul 07 15:13:25 devstack cinder-volume[87257]: DEBUG cinder.volume.manager [None req-30e3ddf6-e659-41a3-b4cd-e5a52d9f2b89 tempest-VolumesMetadataTest-1343318058 None] Task 'cinder.volume.flows.manager.create_volume.CreateVolumeOnFinishTask;volume:create, create.end' (e3fdff64-e04d-4b2c-874e-8b1f411de554) transitioned into state 'RUNNING' from state 'PENDING' {{(pid=87257) _task_receiver /opt/stack/data/venv/lib/python3.12/site-packages/taskflow/listeners/logging.py:242}}
Jul 07 15:13:25 devstack cinder-volume[87257]: INFO cinder.volume.flows.manager.create_volume [None req-30e3ddf6-e659-41a3-b4cd-e5a52d9f2b89 tempest-VolumesMetadataTest-1343318058 None] Volume volume-c2c3dab2-d798-423d-821c-8c551c7555fd (c2c3dab2-d798-423d-821c-8c551c7555fd): created successfully
Jul 07 15:13:25 devstack cinder-volume[87257]: DEBUG cinder.volume.manager [None req-30e3ddf6-e659-41a3-b4cd-e5a52d9f2b89 tempest-VolumesMetadataTest-1343318058 None] Task 'cinder.volume.flows.manager.create_volume.CreateVolumeOnFinishTask;volume:create, create.end' (e3fdff64-e04d-4b2c-874e-8b1f411de554) transitioned into state 'SUCCESS' from state 'RUNNING' with result 'None' {{(pid=87257) _task_receiver /opt/stack/data/venv/lib/python3.12/site-packages/taskflow/listeners/logging.py:218}}
Jul 07 15:13:25 devstack cinder-volume[87257]: DEBUG cinder.volume.manager [None req-30e3ddf6-e659-41a3-b4cd-e5a52d9f2b89 tempest-VolumesMetadataTest-1343318058 None] Flow 'volume_create_manager' (c99d20ee-1204-46a6-a676-b1ab214b9023) transitioned into state 'SUCCESS' from state 'RUNNING' {{(pid=87257) _flow_receiver /opt/stack/data/venv/lib/python3.12/site-packages/taskflow/listeners/logging.py:160}}
Jul 07 15:13:25 devstack cinder-volume[87257]: INFO cinder.volume.manager [None req-30e3ddf6-e659-41a3-b4cd-e5a52d9f2b89 tempest-VolumesMetadataTest-1343318058 None] Created volume successfully.
Jul 07 15:13:26 devstack sudo[94684]: pam_unix(sudo:session): session closed for user root
Jul 07 15:13:26 devstack cinder-volume[87257]: DEBUG oslo_concurrency.processutils [None req-89caca32-2486-414a-bc2f-de2eb85b35e2 tempest-GroupsV314Test-968090220 None] CMD "/opt/stack/data/venv/bin/python3.12 -m oslo_concurrency.prlimit --as=1073741824 --cpu=60 -- sudo cinder-rootwrap /etc/cinder/rootwrap.conf env LC_ALL=C qemu-img info -f qcow2 --output=json --force-share /opt/stack/data/cinder/mnt/debba277d14311dc14c4b7dca3402495/volume-d15ecb78-3870-4297-9d0e-4d23a4ac7bc7" returned: 0 in 0.798s {{(pid=87257) execute /opt/stack/data/venv/lib/python3.12/site-packages/oslo_concurrency/processutils.py:468}}
Jul 07 15:13:26 devstack cinder-volume[87257]: DEBUG oslo_concurrency.processutils [None req-89caca32-2486-414a-bc2f-de2eb85b35e2 tempest-GroupsV314Test-968090220 None] Running cmd (subprocess): sudo cinder-rootwrap /etc/cinder/rootwrap.conf rm -f /opt/stack/data/cinder/mnt/debba277d14311dc14c4b7dca3402495/volume-d15ecb78-3870-4297-9d0e-4d23a4ac7bc7 {{(pid=87257) execute /opt/stack/data/venv/lib/python3.12/site-packages/oslo_concurrency/processutils.py:440}}
Jul 07 15:13:26 devstack sudo[94692]: quobyte : PWD=/ ; USER=root ; COMMAND=/opt/stack/data/venv/bin/cinder-rootwrap /etc/cinder/rootwrap.conf rm -f /opt/stack/data/cinder/mnt/debba277d14311dc14c4b7dca3402495/volume-d15ecb78-3870-4297-9d0e-4d23a4ac7bc7
Jul 07 15:13:26 devstack sudo[94692]: pam_unix(sudo:session): session opened for user root(uid=0) by (uid=1000)
Jul 07 15:13:26 devstack cinder-volume[87257]: DEBUG cinder.volume.flows.manager.create_volume [None req-25394fea-e56e-4047-96aa-951901fc9a7e tempest-AttachVolumeNegativeTest-620314878 None] Volume reschedule parameters: True retry: {'num_attempts': 1, 'backends': ['devstack@QuobyteHD#QuobyteHD'], 'hosts': ['devstack@QuobyteHD#QuobyteHD']} {{(pid=87257) get_flow /opt/stack/cinder/cinder/volume/flows/manager/create_volume.py:1397}}
Jul 07 15:13:26 devstack sudo[94692]: pam_unix(sudo:session): session closed for user root
Jul 07 15:13:26 devstack cinder-volume[87257]: DEBUG cinder.volume.manager [None req-25394fea-e56e-4047-96aa-951901fc9a7e tempest-AttachVolumeNegativeTest-620314878 None] Flow 'volume_create_manager' (9a9c7a75-967c-442a-872a-5319e9eedfcc) transitioned into state 'RUNNING' from state 'PENDING' {{(pid=87257) _flow_receiver /opt/stack/data/venv/lib/python3.12/site-packages/taskflow/listeners/logging.py:160}}
Jul 07 15:13:26 devstack cinder-volume[87257]: DEBUG cinder.volume.manager [None req-25394fea-e56e-4047-96aa-951901fc9a7e tempest-AttachVolumeNegativeTest-620314878 None] Task 'cinder.volume.flows.manager.create_volume.ExtractVolumeRefTask;volume:create' (ed1dcf80-0548-4b8a-9256-2a58a3f7890b) transitioned into state 'RUNNING' from state 'PENDING' {{(pid=87257) _task_receiver /opt/stack/data/venv/lib/python3.12/site-packages/taskflow/listeners/logging.py:242}}
Jul 07 15:13:26 devstack cinder-volume[87257]: DEBUG oslo_concurrency.processutils [None req-89caca32-2486-414a-bc2f-de2eb85b35e2 tempest-GroupsV314Test-968090220 None] CMD "sudo cinder-rootwrap /etc/cinder/rootwrap.conf rm -f /opt/stack/data/cinder/mnt/debba277d14311dc14c4b7dca3402495/volume-d15ecb78-3870-4297-9d0e-4d23a4ac7bc7" returned: 0 in 0.853s {{(pid=87257) execute /opt/stack/data/venv/lib/python3.12/site-packages/oslo_concurrency/processutils.py:468}}
Jul 07 15:13:27 devstack cinder-volume[87257]: DEBUG cinder.coordination [None req-89caca32-2486-414a-bc2f-de2eb85b35e2 tempest-GroupsV314Test-968090220 None] Lock "cinder-quobyte-d15ecb78-3870-4297-9d0e-4d23a4ac7bc7" released by "delete_volume" :: held 1.711s {{(pid=87257) __release /opt/stack/cinder/cinder/coordination.py:152}}
Jul 07 15:13:27 devstack cinder-volume[87257]: DEBUG cinder.volume.manager [None req-25394fea-e56e-4047-96aa-951901fc9a7e tempest-AttachVolumeNegativeTest-620314878 None] Task 'cinder.volume.flows.manager.create_volume.ExtractVolumeRefTask;volume:create' (ed1dcf80-0548-4b8a-9256-2a58a3f7890b) transitioned into state 'SUCCESS' from state 'RUNNING' with result 'Volume(_name_id=None,admin_metadata=,attach_status='detached',availability_zone='nova',bootable=False,cluster=,cluster_name=None,consistencygroup=,consistencygroup_id=None,created_at=2026-07-07T13:13:26Z,deleted=False,deleted_at=None,display_description=None,display_name='tempest-AttachVolumeNegativeTest-volume-1944026182',ec2_id=None,encryption_key_id=None,glance_metadata=,group=,group_id=None,host='devstack@QuobyteHD#QuobyteHD',id=1b7614f4-859c-4929-8d6b-8c5be17151c4,launched_at=None,metadata={},migration_status=None,multiattach=False,previous_status=None,project_id='207e5e9dc17247ef8065a84d7c6bdbf1',provider_auth=None,provider_geometry=None,provider_id=None,provider_location=None,replication_driver_data=None,replication_extended_status=None,replication_status=None,scheduled_at=2026-07-07T13:13:27Z,service_uuid=None,shared_targets=True,size=1,snapshot_id=None,snapshots=,source_volid=None,status='creating',terminated_at=None,updated_at=2026-07-07T13:13:27Z,use_quota=True,user_id='29205121708c4a9b983077c6f2f25699',volume_attachment=VolumeAttachmentList,volume_type=VolumeType(04151ea3-f099-457a-8ee0-d98a37b5caec),volume_type_id=04151ea3-f099-457a-8ee0-d98a37b5caec)' {{(pid=87257) _task_receiver /opt/stack/data/venv/lib/python3.12/site-packages/taskflow/listeners/logging.py:218}}
Jul 07 15:13:27 devstack cinder-volume[87257]: DEBUG cinder.volume.manager [None req-25394fea-e56e-4047-96aa-951901fc9a7e tempest-AttachVolumeNegativeTest-620314878 None] Task 'cinder.volume.flows.manager.create_volume.OnFailureRescheduleTask;volume:create' (e0a29ae5-bd8a-4338-8a77-51bef94809e8) transitioned into state 'RUNNING' from state 'PENDING' {{(pid=87257) _task_receiver /opt/stack/data/venv/lib/python3.12/site-packages/taskflow/listeners/logging.py:242}}
Jul 07 15:13:27 devstack cinder-volume[87257]: DEBUG cinder.volume.manager [None req-25394fea-e56e-4047-96aa-951901fc9a7e tempest-AttachVolumeNegativeTest-620314878 None] Task 'cinder.volume.flows.manager.create_volume.OnFailureRescheduleTask;volume:create' (e0a29ae5-bd8a-4338-8a77-51bef94809e8) transitioned into state 'SUCCESS' from state 'RUNNING' with result 'None' {{(pid=87257) _task_receiver /opt/stack/data/venv/lib/python3.12/site-packages/taskflow/listeners/logging.py:218}}
