Sep 07 16:42:19 devstack cinder-volume[87492]: DEBUG oslo_concurrency.processutils [req-463fc1d4-87c7-481d-b8c2-c41f02d3fa80 req-8fef9557-7815-4237-b20a-e4fd2332a6c9 tempest-VolumesSnapshotsTestJSON-817562311 None] Running cmd (subprocess): /opt/stack/data/venv/bin/python3.12 -m oslo_concurrency.prlimit --as=1073741824 --cpu=60 -- sudo cinder-rootwrap /etc/cinder/rootwrap.conf env LC_ALL=C qemu-img info -f qcow2 --output=json --force-share /opt/stack/data/cinder/mnt/d0017b2bb69daf78c17887cf17136187/volume-cb11b4f4-363e-449c-b72f-e5b5f7c401d1 {{(pid=87492) execute /opt/stack/data/venv/lib/python3.12/site-packages/oslo_concurrency/processutils.py:440}}
Sep 07 16:42:19 devstack sudo[89362]: quobyte : PWD=/ ; USER=root ; COMMAND=/opt/stack/data/venv/bin/cinder-rootwrap /etc/cinder/rootwrap.conf env LC_ALL=C qemu-img info -f qcow2 --output=json --force-share /opt/stack/data/cinder/mnt/d0017b2bb69daf78c17887cf17136187/volume-cb11b4f4-363e-449c-b72f-e5b5f7c401d1
Sep 07 16:42:19 devstack sudo[89362]: pam_unix(sudo:session): session opened for user root(uid=0) by (uid=1000)
Sep 07 16:42:19 devstack cinder-volume[87492]: WARNING py.warnings [req-1518390f-d6bc-4425-b6ce-045ee72d0b71 req-4642dd6e-e78e-4224-bdde-69fbf83bc4e1 tempest-DeleteServersTestJSON-224722190 None] /opt/stack/cinder/cinder/db/api.py:2468: SAWarning: SELECT statement has a cartesian product between FROM element(s) "volumes" and FROM element "volumes_1". Apply join condition(s) between each element to resolve.
Sep 07 16:42:19 devstack cinder-volume[87492]: .first()
Sep 07 16:42:19 devstack cinder-volume[87492]:
Sep 07 16:42:19 devstack cinder-volume[87492]: DEBUG oslo_concurrency.lockutils [req-1518390f-d6bc-4425-b6ce-045ee72d0b71 req-4642dd6e-e78e-4224-bdde-69fbf83bc4e1 tempest-DeleteServersTestJSON-224722190 None] Acquiring lock "quobyte" by "cinder.volume.drivers.quobyte.QuobyteDriver.initialize_connection" {{(pid=87492) inner /opt/stack/data/venv/lib/python3.12/site-packages/oslo_concurrency/lockutils.py:512}}
Sep 07 16:42:20 devstack sudo[89362]: pam_unix(sudo:session): session closed for user root
Sep 07 16:42:20 devstack cinder-volume[87492]: DEBUG oslo_concurrency.processutils [req-463fc1d4-87c7-481d-b8c2-c41f02d3fa80 req-8fef9557-7815-4237-b20a-e4fd2332a6c9 tempest-VolumesSnapshotsTestJSON-817562311 None] CMD "/opt/stack/data/venv/bin/python3.12 -m oslo_concurrency.prlimit --as=1073741824 --cpu=60 -- sudo cinder-rootwrap /etc/cinder/rootwrap.conf env LC_ALL=C qemu-img info -f qcow2 --output=json --force-share /opt/stack/data/cinder/mnt/d0017b2bb69daf78c17887cf17136187/volume-cb11b4f4-363e-449c-b72f-e5b5f7c401d1" returned: 0 in 0.618s {{(pid=87492) execute /opt/stack/data/venv/lib/python3.12/site-packages/oslo_concurrency/processutils.py:468}}
Sep 07 16:42:20 devstack cinder-volume[87492]: DEBUG oslo_concurrency.processutils [req-463fc1d4-87c7-481d-b8c2-c41f02d3fa80 req-8fef9557-7815-4237-b20a-e4fd2332a6c9 tempest-VolumesSnapshotsTestJSON-817562311 None] Running cmd (subprocess): sudo cinder-rootwrap /etc/cinder/rootwrap.conf qemu-img create -f qcow2 -o backing_file=/opt/stack/data/cinder/mnt/d0017b2bb69daf78c17887cf17136187/volume-cb11b4f4-363e-449c-b72f-e5b5f7c401d1,backing_fmt=qcow2 /opt/stack/data/cinder/mnt/d0017b2bb69daf78c17887cf17136187/volume-cb11b4f4-363e-449c-b72f-e5b5f7c401d1.c9e40b61-20a9-4f89-9a2c-e5f3eda49d1d 1G {{(pid=87492) execute /opt/stack/data/venv/lib/python3.12/site-packages/oslo_concurrency/processutils.py:440}}
Sep 07 16:42:20 devstack sudo[89376]: quobyte : PWD=/ ; USER=root ; COMMAND=/opt/stack/data/venv/bin/cinder-rootwrap /etc/cinder/rootwrap.conf qemu-img create -f qcow2 -o backing_file=/opt/stack/data/cinder/mnt/d0017b2bb69daf78c17887cf17136187/volume-cb11b4f4-363e-449c-b72f-e5b5f7c401d1,backing_fmt=qcow2 /opt/stack/data/cinder/mnt/d0017b2bb69daf78c17887cf17136187/volume-cb11b4f4-363e-449c-b72f-e5b5f7c401d1.c9e40b61-20a9-4f89-9a2c-e5f3eda49d1d 1G
Sep 07 16:42:20 devstack sudo[89376]: pam_unix(sudo:session): session opened for user root(uid=0) by (uid=1000)
Sep 07 16:42:20 devstack sudo[89376]: pam_unix(sudo:session): session closed for user root
Sep 07 16:42:20 devstack cinder-volume[87492]: DEBUG oslo_concurrency.processutils [req-463fc1d4-87c7-481d-b8c2-c41f02d3fa80 req-8fef9557-7815-4237-b20a-e4fd2332a6c9 tempest-VolumesSnapshotsTestJSON-817562311 None] CMD "sudo cinder-rootwrap /etc/cinder/rootwrap.conf qemu-img create -f qcow2 -o backing_file=/opt/stack/data/cinder/mnt/d0017b2bb69daf78c17887cf17136187/volume-cb11b4f4-363e-449c-b72f-e5b5f7c401d1,backing_fmt=qcow2 /opt/stack/data/cinder/mnt/d0017b2bb69daf78c17887cf17136187/volume-cb11b4f4-363e-449c-b72f-e5b5f7c401d1.c9e40b61-20a9-4f89-9a2c-e5f3eda49d1d 1G" returned: 0 in 0.460s {{(pid=87492) execute /opt/stack/data/venv/lib/python3.12/site-packages/oslo_concurrency/processutils.py:468}}
Sep 07 16:42:20 devstack cinder-volume[87492]: DEBUG oslo_concurrency.processutils [req-463fc1d4-87c7-481d-b8c2-c41f02d3fa80 req-8fef9557-7815-4237-b20a-e4fd2332a6c9 tempest-VolumesSnapshotsTestJSON-817562311 None] Running cmd (subprocess): sudo cinder-rootwrap /etc/cinder/rootwrap.conf qemu-img rebase -u -b volume-cb11b4f4-363e-449c-b72f-e5b5f7c401d1 -F qcow2 /opt/stack/data/cinder/mnt/d0017b2bb69daf78c17887cf17136187/volume-cb11b4f4-363e-449c-b72f-e5b5f7c401d1.c9e40b61-20a9-4f89-9a2c-e5f3eda49d1d {{(pid=87492) execute /opt/stack/data/venv/lib/python3.12/site-packages/oslo_concurrency/processutils.py:440}}
Sep 07 16:42:20 devstack sudo[89382]: quobyte : PWD=/ ; USER=root ; COMMAND=/opt/stack/data/venv/bin/cinder-rootwrap /etc/cinder/rootwrap.conf qemu-img rebase -u -b volume-cb11b4f4-363e-449c-b72f-e5b5f7c401d1 -F qcow2 /opt/stack/data/cinder/mnt/d0017b2bb69daf78c17887cf17136187/volume-cb11b4f4-363e-449c-b72f-e5b5f7c401d1.c9e40b61-20a9-4f89-9a2c-e5f3eda49d1d
Sep 07 16:42:20 devstack sudo[89382]: pam_unix(sudo:session): session opened for user root(uid=0) by (uid=1000)
Sep 07 16:42:20 devstack sudo[89382]: pam_unix(sudo:session): session closed for user root
Sep 07 16:42:20 devstack cinder-volume[87492]: DEBUG oslo_concurrency.processutils [req-463fc1d4-87c7-481d-b8c2-c41f02d3fa80 req-8fef9557-7815-4237-b20a-e4fd2332a6c9 tempest-VolumesSnapshotsTestJSON-817562311 None] CMD "sudo cinder-rootwrap /etc/cinder/rootwrap.conf qemu-img rebase -u -b volume-cb11b4f4-363e-449c-b72f-e5b5f7c401d1 -F qcow2 /opt/stack/data/cinder/mnt/d0017b2bb69daf78c17887cf17136187/volume-cb11b4f4-363e-449c-b72f-e5b5f7c401d1.c9e40b61-20a9-4f89-9a2c-e5f3eda49d1d" returned: 0 in 0.361s {{(pid=87492) execute /opt/stack/data/venv/lib/python3.12/site-packages/oslo_concurrency/processutils.py:468}}
Sep 07 16:42:20 devstack cinder-volume[87492]: WARNING cinder.volume.drivers.remotefs [req-463fc1d4-87c7-481d-b8c2-c41f02d3fa80 req-8fef9557-7815-4237-b20a-e4fd2332a6c9 tempest-VolumesSnapshotsTestJSON-817562311 None] /opt/stack/data/cinder/mnt/d0017b2bb69daf78c17887cf17136187/volume-cb11b4f4-363e-449c-b72f-e5b5f7c401d1.c9e40b61-20a9-4f89-9a2c-e5f3eda49d1d is being set with open permissions: ugo+rw
Sep 07 16:42:20 devstack cinder-volume[87492]: DEBUG oslo_concurrency.processutils [req-463fc1d4-87c7-481d-b8c2-c41f02d3fa80 req-8fef9557-7815-4237-b20a-e4fd2332a6c9 tempest-VolumesSnapshotsTestJSON-817562311 None] Running cmd (subprocess): sudo cinder-rootwrap /etc/cinder/rootwrap.conf chmod ugo+rw /opt/stack/data/cinder/mnt/d0017b2bb69daf78c17887cf17136187/volume-cb11b4f4-363e-449c-b72f-e5b5f7c401d1.c9e40b61-20a9-4f89-9a2c-e5f3eda49d1d {{(pid=87492) execute /opt/stack/data/venv/lib/python3.12/site-packages/oslo_concurrency/processutils.py:440}}
Sep 07 16:42:20 devstack sudo[89388]: quobyte : PWD=/ ; USER=root ; COMMAND=/opt/stack/data/venv/bin/cinder-rootwrap /etc/cinder/rootwrap.conf chmod ugo+rw /opt/stack/data/cinder/mnt/d0017b2bb69daf78c17887cf17136187/volume-cb11b4f4-363e-449c-b72f-e5b5f7c401d1.c9e40b61-20a9-4f89-9a2c-e5f3eda49d1d
Sep 07 16:42:20 devstack sudo[89388]: pam_unix(sudo:session): session opened for user root(uid=0) by (uid=1000)
Sep 07 16:42:21 devstack sudo[89388]: pam_unix(sudo:session): session closed for user root
Sep 07 16:42:21 devstack cinder-volume[87492]: DEBUG oslo_concurrency.processutils [req-463fc1d4-87c7-481d-b8c2-c41f02d3fa80 req-8fef9557-7815-4237-b20a-e4fd2332a6c9 tempest-VolumesSnapshotsTestJSON-817562311 None] CMD "sudo cinder-rootwrap /etc/cinder/rootwrap.conf chmod ugo+rw /opt/stack/data/cinder/mnt/d0017b2bb69daf78c17887cf17136187/volume-cb11b4f4-363e-449c-b72f-e5b5f7c401d1.c9e40b61-20a9-4f89-9a2c-e5f3eda49d1d" returned: 0 in 0.386s {{(pid=87492) execute /opt/stack/data/venv/lib/python3.12/site-packages/oslo_concurrency/processutils.py:468}}
Sep 07 16:42:21 devstack cinder-volume[87492]: DEBUG oslo_concurrency.processutils [req-463fc1d4-87c7-481d-b8c2-c41f02d3fa80 req-8fef9557-7815-4237-b20a-e4fd2332a6c9 tempest-VolumesSnapshotsTestJSON-817562311 None] Running cmd (subprocess): sudo cinder-rootwrap /etc/cinder/rootwrap.conf truncate -s0 /opt/stack/data/cinder/mnt/d0017b2bb69daf78c17887cf17136187/volume-cb11b4f4-363e-449c-b72f-e5b5f7c401d1.info {{(pid=87492) execute /opt/stack/data/venv/lib/python3.12/site-packages/oslo_concurrency/processutils.py:440}}
Sep 07 16:42:21 devstack sudo[89391]: quobyte : PWD=/ ; USER=root ; COMMAND=/opt/stack/data/venv/bin/cinder-rootwrap /etc/cinder/rootwrap.conf truncate -s0 /opt/stack/data/cinder/mnt/d0017b2bb69daf78c17887cf17136187/volume-cb11b4f4-363e-449c-b72f-e5b5f7c401d1.info
Sep 07 16:42:21 devstack sudo[89391]: pam_unix(sudo:session): session opened for user root(uid=0) by (uid=1000)
Sep 07 16:42:21 devstack sudo[89391]: pam_unix(sudo:session): session closed for user root
Sep 07 16:42:21 devstack cinder-volume[87492]: DEBUG oslo_concurrency.processutils [req-463fc1d4-87c7-481d-b8c2-c41f02d3fa80 req-8fef9557-7815-4237-b20a-e4fd2332a6c9 tempest-VolumesSnapshotsTestJSON-817562311 None] CMD "sudo cinder-rootwrap /etc/cinder/rootwrap.conf truncate -s0 /opt/stack/data/cinder/mnt/d0017b2bb69daf78c17887cf17136187/volume-cb11b4f4-363e-449c-b72f-e5b5f7c401d1.info" returned: 0 in 0.398s {{(pid=87492) execute /opt/stack/data/venv/lib/python3.12/site-packages/oslo_concurrency/processutils.py:468}}
Sep 07 16:42:21 devstack cinder-volume[87492]: WARNING cinder.volume.drivers.remotefs [req-463fc1d4-87c7-481d-b8c2-c41f02d3fa80 req-8fef9557-7815-4237-b20a-e4fd2332a6c9 tempest-VolumesSnapshotsTestJSON-817562311 None] /opt/stack/data/cinder/mnt/d0017b2bb69daf78c17887cf17136187/volume-cb11b4f4-363e-449c-b72f-e5b5f7c401d1.info is being set with open permissions: ugo+rw
Sep 07 16:42:21 devstack cinder-volume[87492]: DEBUG oslo_concurrency.processutils [req-463fc1d4-87c7-481d-b8c2-c41f02d3fa80 req-8fef9557-7815-4237-b20a-e4fd2332a6c9 tempest-VolumesSnapshotsTestJSON-817562311 None] Running cmd (subprocess): sudo cinder-rootwrap /etc/cinder/rootwrap.conf chmod ugo+rw /opt/stack/data/cinder/mnt/d0017b2bb69daf78c17887cf17136187/volume-cb11b4f4-363e-449c-b72f-e5b5f7c401d1.info {{(pid=87492) execute /opt/stack/data/venv/lib/python3.12/site-packages/oslo_concurrency/processutils.py:440}}
Sep 07 16:42:21 devstack sudo[89397]: quobyte : PWD=/ ; USER=root ; COMMAND=/opt/stack/data/venv/bin/cinder-rootwrap /etc/cinder/rootwrap.conf chmod ugo+rw /opt/stack/data/cinder/mnt/d0017b2bb69daf78c17887cf17136187/volume-cb11b4f4-363e-449c-b72f-e5b5f7c401d1.info
Sep 07 16:42:21 devstack sudo[89397]: pam_unix(sudo:session): session opened for user root(uid=0) by (uid=1000)
Sep 07 16:42:22 devstack sudo[89397]: pam_unix(sudo:session): session closed for user root
Sep 07 16:42:22 devstack cinder-volume[87492]: DEBUG oslo_concurrency.processutils [req-463fc1d4-87c7-481d-b8c2-c41f02d3fa80 req-8fef9557-7815-4237-b20a-e4fd2332a6c9 tempest-VolumesSnapshotsTestJSON-817562311 None] CMD "sudo cinder-rootwrap /etc/cinder/rootwrap.conf chmod ugo+rw /opt/stack/data/cinder/mnt/d0017b2bb69daf78c17887cf17136187/volume-cb11b4f4-363e-449c-b72f-e5b5f7c401d1.info" returned: 0 in 0.433s {{(pid=87492) execute /opt/stack/data/venv/lib/python3.12/site-packages/oslo_concurrency/processutils.py:468}}
Sep 07 16:42:22 devstack cinder-volume[87492]: DEBUG oslo_concurrency.lockutils [req-463fc1d4-87c7-481d-b8c2-c41f02d3fa80 req-8fef9557-7815-4237-b20a-e4fd2332a6c9 tempest-VolumesSnapshotsTestJSON-817562311 None] Lock "quobyte" "released" by "cinder.volume.drivers.quobyte.QuobyteDriver.create_snapshot" :: held 2.819s {{(pid=87492) inner /opt/stack/data/venv/lib/python3.12/site-packages/oslo_concurrency/lockutils.py:544}}
Sep 07 16:42:22 devstack cinder-volume[87492]: DEBUG oslo_concurrency.lockutils [req-1518390f-d6bc-4425-b6ce-045ee72d0b71 req-4642dd6e-e78e-4224-bdde-69fbf83bc4e1 tempest-DeleteServersTestJSON-224722190 None] Lock "quobyte" acquired by "cinder.volume.drivers.quobyte.QuobyteDriver.initialize_connection" :: waited 2.283s {{(pid=87492) inner /opt/stack/data/venv/lib/python3.12/site-packages/oslo_concurrency/lockutils.py:525}}
Sep 07 16:42:22 devstack cinder-volume[87492]: DEBUG oslo_concurrency.lockutils [req-1518390f-d6bc-4425-b6ce-045ee72d0b71 req-4642dd6e-e78e-4224-bdde-69fbf83bc4e1 tempest-DeleteServersTestJSON-224722190 None] Lock "quobyte" "released" by "cinder.volume.drivers.quobyte.QuobyteDriver.initialize_connection" :: held 0.029s {{(pid=87492) inner /opt/stack/data/venv/lib/python3.12/site-packages/oslo_concurrency/lockutils.py:544}}
Sep 07 16:42:22 devstack cinder-volume[87492]: INFO cinder.volume.manager [req-463fc1d4-87c7-481d-b8c2-c41f02d3fa80 req-8fef9557-7815-4237-b20a-e4fd2332a6c9 tempest-VolumesSnapshotsTestJSON-817562311 None] Create snapshot completed successfully
Sep 07 16:42:22 devstack cinder-volume[87492]: DEBUG cinder.volume.manager [req-1518390f-d6bc-4425-b6ce-045ee72d0b71 req-4642dd6e-e78e-4224-bdde-69fbf83bc4e1 tempest-DeleteServersTestJSON-224722190 None] Connection info returned from driver {'export': 'osci02.corp.quobyte.com/cinder-vol-9ba7c2b3-cef7-4020-9cff-e0f1e3bbb10d', 'name': 'volume-275fa88b-6011-4188-a3dc-398fa528dc53', 'options': None, 'format': 'qcow2', 'qos_specs': None, 'access_mode': 'rw', 'encrypted': False, 'cacheable': False, 'driver_volume_type': 'quobyte', 'mount_point_base': '/opt/stack/data/cinder/mnt', 'attachment_id': 'c8016d6d-eb2e-4aa8-bf3e-ff04372a6cd0', 'enforce_multipath': True} {{(pid=87492) _connection_create /opt/stack/cinder/cinder/volume/manager.py:4924}}
Sep 07 16:42:22 devstack cinder-volume[87492]: INFO cinder.volume.manager [req-1518390f-d6bc-4425-b6ce-045ee72d0b71 req-4642dd6e-e78e-4224-bdde-69fbf83bc4e1 tempest-DeleteServersTestJSON-224722190 None] attachment_update completed successfully.
Sep 07 16:42:23 devstack cinder-volume[87492]: DEBUG cinder.coordination [req-acb4254b-e947-4e67-84fd-3e05eda9f868 req-661b6a15-4f30-4f86-8ce0-3d096de500d3 tempest-VolumesSnapshotsTestJSON-817562311 None] Acquiring lock "cinder-c9e40b61-20a9-4f89-9a2c-e5f3eda49d1d-delete_snapshot" by "delete_snapshot" {{(pid=87492) __acquire /opt/stack/cinder/cinder/coordination.py:138}}
Sep 07 16:42:23 devstack cinder-volume[87492]: DEBUG cinder.coordination [req-acb4254b-e947-4e67-84fd-3e05eda9f868 req-661b6a15-4f30-4f86-8ce0-3d096de500d3 tempest-VolumesSnapshotsTestJSON-817562311 None] Lock "cinder-c9e40b61-20a9-4f89-9a2c-e5f3eda49d1d-delete_snapshot" acquired by "delete_snapshot" :: waited 0.071s {{(pid=87492) __acquire /opt/stack/cinder/cinder/coordination.py:141}}
Sep 07 16:42:23 devstack cinder-volume[87492]: DEBUG cinder.coordination [req-acb4254b-e947-4e67-84fd-3e05eda9f868 req-661b6a15-4f30-4f86-8ce0-3d096de500d3 tempest-VolumesSnapshotsTestJSON-817562311 None] Acquiring lock "cinder-quobyte-cb11b4f4-363e-449c-b72f-e5b5f7c401d1" by "delete_snapshot" {{(pid=87492) __acquire /opt/stack/cinder/cinder/coordination.py:138}}
Sep 07 16:42:23 devstack cinder-volume[87492]: DEBUG cinder.coordination [req-acb4254b-e947-4e67-84fd-3e05eda9f868 req-661b6a15-4f30-4f86-8ce0-3d096de500d3 tempest-VolumesSnapshotsTestJSON-817562311 None] Lock "cinder-quobyte-cb11b4f4-363e-449c-b72f-e5b5f7c401d1" acquired by "delete_snapshot" :: waited 0.067s {{(pid=87492) __acquire /opt/stack/cinder/cinder/coordination.py:141}}
Sep 07 16:42:23 devstack cinder-volume[87492]: DEBUG cinder.coordination [req-acb4254b-e947-4e67-84fd-3e05eda9f868 req-661b6a15-4f30-4f86-8ce0-3d096de500d3 tempest-VolumesSnapshotsTestJSON-817562311 None] Acquiring lock "cinder-quobyte-c9e40b61-20a9-4f89-9a2c-e5f3eda49d1d" by "_delete_snapshot" {{(pid=87492) __acquire /opt/stack/cinder/cinder/coordination.py:138}}
Sep 07 16:42:23 devstack cinder-volume[87492]: DEBUG cinder.coordination [req-acb4254b-e947-4e67-84fd-3e05eda9f868 req-661b6a15-4f30-4f86-8ce0-3d096de500d3 tempest-VolumesSnapshotsTestJSON-817562311 None] Lock "cinder-quobyte-c9e40b61-20a9-4f89-9a2c-e5f3eda49d1d" acquired by "_delete_snapshot" :: waited 0.047s {{(pid=87492) __acquire /opt/stack/cinder/cinder/coordination.py:141}}
Sep 07 16:42:23 devstack cinder-volume[87492]: DEBUG cinder.volume.drivers.remotefs [req-acb4254b-e947-4e67-84fd-3e05eda9f868 req-661b6a15-4f30-4f86-8ce0-3d096de500d3 tempest-VolumesSnapshotsTestJSON-817562311 None] Deleting offline snapshot c9e40b61-20a9-4f89-9a2c-e5f3eda49d1d of volume cb11b4f4-363e-449c-b72f-e5b5f7c401d1 {{(pid=87492) _delete_snapshot /opt/stack/cinder/cinder/volume/drivers/remotefs.py:1288}}
Sep 07 16:42:23 devstack cinder-volume[87492]: DEBUG cinder.volume.drivers.remotefs [req-acb4254b-e947-4e67-84fd-3e05eda9f868 req-661b6a15-4f30-4f86-8ce0-3d096de500d3 tempest-VolumesSnapshotsTestJSON-817562311 None] snapshot_file for this snap is: volume-cb11b4f4-363e-449c-b72f-e5b5f7c401d1.c9e40b61-20a9-4f89-9a2c-e5f3eda49d1d {{(pid=87492) _delete_snapshot /opt/stack/cinder/cinder/volume/drivers/remotefs.py:1317}}
Sep 07 16:42:23 devstack cinder-volume[87492]: DEBUG oslo.privsep.daemon [-] privsep: reply[24358df6-e68a-40c6-9d28-9f683bd115c4]: (4, 'qcow2') {{(pid=88861) _call_back /opt/stack/data/venv/lib/python3.12/site-packages/oslo_privsep/daemon.py:580}}
Sep 07 16:42:23 devstack cinder-volume[87492]: DEBUG oslo_concurrency.processutils [req-acb4254b-e947-4e67-84fd-3e05eda9f868 req-661b6a15-4f30-4f86-8ce0-3d096de500d3 tempest-VolumesSnapshotsTestJSON-817562311 None] Running cmd (subprocess): /opt/stack/data/venv/bin/python3.12 -m oslo_concurrency.prlimit --as=1073741824 --cpu=60 -- sudo cinder-rootwrap /etc/cinder/rootwrap.conf env LC_ALL=C qemu-img info -f qcow2 --output=json --force-share /opt/stack/data/cinder/mnt/d0017b2bb69daf78c17887cf17136187/volume-cb11b4f4-363e-449c-b72f-e5b5f7c401d1.c9e40b61-20a9-4f89-9a2c-e5f3eda49d1d {{(pid=87492) execute /opt/stack/data/venv/lib/python3.12/site-packages/oslo_concurrency/processutils.py:440}}
Sep 07 16:42:23 devstack sudo[89821]: quobyte : PWD=/ ; USER=root ; COMMAND=/opt/stack/data/venv/bin/cinder-rootwrap /etc/cinder/rootwrap.conf env LC_ALL=C qemu-img info -f qcow2 --output=json --force-share /opt/stack/data/cinder/mnt/d0017b2bb69daf78c17887cf17136187/volume-cb11b4f4-363e-449c-b72f-e5b5f7c401d1.c9e40b61-20a9-4f89-9a2c-e5f3eda49d1d
Sep 07 16:42:23 devstack sudo[89821]: pam_unix(sudo:session): session opened for user root(uid=0) by (uid=1000)
Sep 07 16:42:24 devstack sudo[89821]: pam_unix(sudo:session): session closed for user root
Sep 07 16:42:24 devstack cinder-volume[87492]: DEBUG oslo_concurrency.processutils [req-acb4254b-e947-4e67-84fd-3e05eda9f868 req-661b6a15-4f30-4f86-8ce0-3d096de500d3 tempest-VolumesSnapshotsTestJSON-817562311 None] CMD "/opt/stack/data/venv/bin/python3.12 -m oslo_concurrency.prlimit --as=1073741824 --cpu=60 -- sudo cinder-rootwrap /etc/cinder/rootwrap.conf env LC_ALL=C qemu-img info -f qcow2 --output=json --force-share /opt/stack/data/cinder/mnt/d0017b2bb69daf78c17887cf17136187/volume-cb11b4f4-363e-449c-b72f-e5b5f7c401d1.c9e40b61-20a9-4f89-9a2c-e5f3eda49d1d" returned: 0 in 0.778s {{(pid=87492) execute /opt/stack/data/venv/lib/python3.12/site-packages/oslo_concurrency/processutils.py:468}}
Sep 07 16:42:24 devstack cinder-volume[87492]: DEBUG cinder.volume.drivers.remotefs [req-acb4254b-e947-4e67-84fd-3e05eda9f868 req-661b6a15-4f30-4f86-8ce0-3d096de500d3 tempest-VolumesSnapshotsTestJSON-817562311 None] Fetching qemu-img info with special backing_file_template: (/opt/stack/data/cinder/mnt/[0-9a-f]+/)?(volume-cb11b4f4-363e-449c-b72f-e5b5f7c401d1(.(tmp-snap-)?[0-9a-f-]+)?|volume_from_snapshot_cache/(tmp-snap-)?[0-9a-f-]+(.(child-|parent-)[0-9a-f-]+)?)$ {{(pid=87492) _qemu_img_info_base /opt/stack/cinder/cinder/volume/drivers/remotefs.py:896}}
Sep 07 16:42:24 devstack cinder-volume[87492]: DEBUG oslo.privsep.daemon [-] privsep: reply[d7f27222-4647-43a1-8370-0c19a107f965]: (4, 'qcow2') {{(pid=88861) _call_back /opt/stack/data/venv/lib/python3.12/site-packages/oslo_privsep/daemon.py:580}}
Sep 07 16:42:24 devstack cinder-volume[87492]: DEBUG oslo_concurrency.processutils [req-acb4254b-e947-4e67-84fd-3e05eda9f868 req-661b6a15-4f30-4f86-8ce0-3d096de500d3 tempest-VolumesSnapshotsTestJSON-817562311 None] Running cmd (subprocess): /opt/stack/data/venv/bin/python3.12 -m oslo_concurrency.prlimit --as=1073741824 --cpu=60 -- sudo cinder-rootwrap /etc/cinder/rootwrap.conf env LC_ALL=C qemu-img info -f qcow2 --output=json --force-share /opt/stack/data/cinder/mnt/d0017b2bb69daf78c17887cf17136187/volume-cb11b4f4-363e-449c-b72f-e5b5f7c401d1 {{(pid=87492) execute /opt/stack/data/venv/lib/python3.12/site-packages/oslo_concurrency/processutils.py:440}}
Sep 07 16:42:24 devstack sudo[89859]: quobyte : PWD=/ ; USER=root ; COMMAND=/opt/stack/data/venv/bin/cinder-rootwrap /etc/cinder/rootwrap.conf env LC_ALL=C qemu-img info -f qcow2 --output=json --force-share /opt/stack/data/cinder/mnt/d0017b2bb69daf78c17887cf17136187/volume-cb11b4f4-363e-449c-b72f-e5b5f7c401d1
Sep 07 16:42:24 devstack sudo[89859]: pam_unix(sudo:session): session opened for user root(uid=0) by (uid=1000)
Sep 07 16:42:25 devstack sudo[89859]: pam_unix(sudo:session): session closed for user root
Sep 07 16:42:25 devstack cinder-volume[87492]: DEBUG oslo_concurrency.processutils [req-acb4254b-e947-4e67-84fd-3e05eda9f868 req-661b6a15-4f30-4f86-8ce0-3d096de500d3 tempest-VolumesSnapshotsTestJSON-817562311 None] CMD "/opt/stack/data/venv/bin/python3.12 -m oslo_concurrency.prlimit --as=1073741824 --cpu=60 -- sudo cinder-rootwrap /etc/cinder/rootwrap.conf env LC_ALL=C qemu-img info -f qcow2 --output=json --force-share /opt/stack/data/cinder/mnt/d0017b2bb69daf78c17887cf17136187/volume-cb11b4f4-363e-449c-b72f-e5b5f7c401d1" returned: 0 in 0.758s {{(pid=87492) execute /opt/stack/data/venv/lib/python3.12/site-packages/oslo_concurrency/processutils.py:468}}
Sep 07 16:42:25 devstack cinder-volume[87492]: DEBUG oslo_concurrency.processutils [req-acb4254b-e947-4e67-84fd-3e05eda9f868 req-661b6a15-4f30-4f86-8ce0-3d096de500d3 tempest-VolumesSnapshotsTestJSON-817562311 None] Running cmd (subprocess): sudo cinder-rootwrap /etc/cinder/rootwrap.conf qemu-img commit -d /opt/stack/data/cinder/mnt/d0017b2bb69daf78c17887cf17136187/volume-cb11b4f4-363e-449c-b72f-e5b5f7c401d1.c9e40b61-20a9-4f89-9a2c-e5f3eda49d1d {{(pid=87492) execute /opt/stack/data/venv/lib/python3.12/site-packages/oslo_concurrency/processutils.py:440}}
Sep 07 16:42:25 devstack sudo[89870]: quobyte : PWD=/ ; USER=root ; COMMAND=/opt/stack/data/venv/bin/cinder-rootwrap /etc/cinder/rootwrap.conf qemu-img commit -d /opt/stack/data/cinder/mnt/d0017b2bb69daf78c17887cf17136187/volume-cb11b4f4-363e-449c-b72f-e5b5f7c401d1.c9e40b61-20a9-4f89-9a2c-e5f3eda49d1d
Sep 07 16:42:25 devstack sudo[89870]: pam_unix(sudo:session): session opened for user root(uid=0) by (uid=1000)
Sep 07 16:42:25 devstack sudo[89870]: pam_unix(sudo:session): session closed for user root
Sep 07 16:42:25 devstack cinder-volume[87492]: DEBUG oslo_concurrency.processutils [req-acb4254b-e947-4e67-84fd-3e05eda9f868 req-661b6a15-4f30-4f86-8ce0-3d096de500d3 tempest-VolumesSnapshotsTestJSON-817562311 None] CMD "sudo cinder-rootwrap /etc/cinder/rootwrap.conf qemu-img commit -d /opt/stack/data/cinder/mnt/d0017b2bb69daf78c17887cf17136187/volume-cb11b4f4-363e-449c-b72f-e5b5f7c401d1.c9e40b61-20a9-4f89-9a2c-e5f3eda49d1d" returned: 0 in 0.572s {{(pid=87492) execute /opt/stack/data/venv/lib/python3.12/site-packages/oslo_concurrency/processutils.py:468}}
Sep 07 16:42:25 devstack cinder-volume[87492]: DEBUG oslo_concurrency.processutils [req-acb4254b-e947-4e67-84fd-3e05eda9f868 req-661b6a15-4f30-4f86-8ce0-3d096de500d3 tempest-VolumesSnapshotsTestJSON-817562311 None] Running cmd (subprocess): sudo cinder-rootwrap /etc/cinder/rootwrap.conf rm -f /opt/stack/data/cinder/mnt/d0017b2bb69daf78c17887cf17136187/volume-cb11b4f4-363e-449c-b72f-e5b5f7c401d1.c9e40b61-20a9-4f89-9a2c-e5f3eda49d1d {{(pid=87492) execute /opt/stack/data/venv/lib/python3.12/site-packages/oslo_concurrency/processutils.py:440}}
Sep 07 16:42:25 devstack sudo[89918]: quobyte : PWD=/ ; USER=root ; COMMAND=/opt/stack/data/venv/bin/cinder-rootwrap /etc/cinder/rootwrap.conf rm -f /opt/stack/data/cinder/mnt/d0017b2bb69daf78c17887cf17136187/volume-cb11b4f4-363e-449c-b72f-e5b5f7c401d1.c9e40b61-20a9-4f89-9a2c-e5f3eda49d1d
Sep 07 16:42:25 devstack sudo[89918]: pam_unix(sudo:session): session opened for user root(uid=0) by (uid=1000)
Sep 07 16:42:26 devstack sudo[89918]: pam_unix(sudo:session): session closed for user root
Sep 07 16:42:26 devstack cinder-volume[87492]: DEBUG oslo_concurrency.processutils [req-acb4254b-e947-4e67-84fd-3e05eda9f868 req-661b6a15-4f30-4f86-8ce0-3d096de500d3 tempest-VolumesSnapshotsTestJSON-817562311 None] CMD "sudo cinder-rootwrap /etc/cinder/rootwrap.conf rm -f /opt/stack/data/cinder/mnt/d0017b2bb69daf78c17887cf17136187/volume-cb11b4f4-363e-449c-b72f-e5b5f7c401d1.c9e40b61-20a9-4f89-9a2c-e5f3eda49d1d" returned: 0 in 0.334s {{(pid=87492) execute /opt/stack/data/venv/lib/python3.12/site-packages/oslo_concurrency/processutils.py:468}}
Sep 07 16:42:26 devstack cinder-volume[87492]: DEBUG cinder.coordination [req-acb4254b-e947-4e67-84fd-3e05eda9f868 req-661b6a15-4f30-4f86-8ce0-3d096de500d3 tempest-VolumesSnapshotsTestJSON-817562311 None] Lock "cinder-quobyte-c9e40b61-20a9-4f89-9a2c-e5f3eda49d1d" released by "_delete_snapshot" :: held 2.610s {{(pid=87492) __release /opt/stack/cinder/cinder/coordination.py:152}}
Sep 07 16:42:26 devstack cinder-volume[87492]: DEBUG cinder.coordination [req-acb4254b-e947-4e67-84fd-3e05eda9f868 req-661b6a15-4f30-4f86-8ce0-3d096de500d3 tempest-VolumesSnapshotsTestJSON-817562311 None] Lock "cinder-quobyte-cb11b4f4-363e-449c-b72f-e5b5f7c401d1" released by "delete_snapshot" :: held 2.672s {{(pid=87492) __release /opt/stack/cinder/cinder/coordination.py:152}}
Sep 07 16:42:26 devstack cinder-volume[87492]: WARNING cinder.quota [req-acb4254b-e947-4e67-84fd-3e05eda9f868 req-661b6a15-4f30-4f86-8ce0-3d096de500d3 tempest-VolumesSnapshotsTestJSON-817562311 None] Deprecated: Default quota for resource: snapshots_QuobyteHD is set by the default quota flag: quota_snapshots_QuobyteHD, it is now deprecated. Please use the default quota class for default quota.
Sep 07 16:42:26 devstack cinder-volume[87492]: DEBUG cinder.quota [req-acb4254b-e947-4e67-84fd-3e05eda9f868 req-661b6a15-4f30-4f86-8ce0-3d096de500d3 tempest-VolumesSnapshotsTestJSON-817562311 None] Created reservations ['ed06d6d2-98f2-4b62-9933-6ceb1fe2d3c6', 'b41fdd93-5562-4bb3-9d66-a3d39f13d286', '9502da7d-ccd2-41a1-9553-9a6965569ab8', 'd2d7ad24-a4a2-4850-a0d9-8b54347e28cc'] {{(pid=87492) reserve /opt/stack/cinder/cinder/quota.py:752}}
Sep 07 16:42:26 devstack cinder-volume[87492]: INFO cinder.volume.manager [req-acb4254b-e947-4e67-84fd-3e05eda9f868 req-661b6a15-4f30-4f86-8ce0-3d096de500d3 tempest-VolumesSnapshotsTestJSON-817562311 None] Delete snapshot completed successfully.
Sep 07 16:42:26 devstack cinder-volume[87492]: DEBUG cinder.coordination [req-acb4254b-e947-4e67-84fd-3e05eda9f868 req-661b6a15-4f30-4f86-8ce0-3d096de500d3 tempest-VolumesSnapshotsTestJSON-817562311 None] Lock "cinder-c9e40b61-20a9-4f89-9a2c-e5f3eda49d1d-delete_snapshot" released by "delete_snapshot" :: held 2.906s {{(pid=87492) __release /opt/stack/cinder/cinder/coordination.py:152}}
Sep 07 16:42:27 devstack cinder-volume[87492]: INFO cinder.volume.manager [req-9a0a5a36-8ac9-4644-b6bd-1f177d8295b5 req-73ff609d-036f-49e7-acef-dea4ad4cdd85 tempest-DeleteServersTestJSON-224722190 None] Terminate volume connection completed successfully.
Sep 07 16:42:27 devstack cinder-volume[87492]: DEBUG cinder.volume.manager [req-9a0a5a36-8ac9-4644-b6bd-1f177d8295b5 req-73ff609d-036f-49e7-acef-dea4ad4cdd85 tempest-DeleteServersTestJSON-224722190 None] Deleting attachment c8016d6d-eb2e-4aa8-bf3e-ff04372a6cd0. {{(pid=87492) attachment_delete /opt/stack/cinder/cinder/volume/manager.py:5055}}
Sep 07 16:42:27 devstack cinder-volume[87492]: DEBUG cinder.coordination [req-1cf7d3e7-430b-46f0-a3a5-f7d756f3a240 req-1e40f323-2dcf-4b54-81a4-bd36bf1a8379 tempest-VolumesSnapshotsTestJSON-817562311 None] Acquiring lock "cinder-cb11b4f4-363e-449c-b72f-e5b5f7c401d1-delete_volume" by "delete_volume" {{(pid=87492) __acquire /opt/stack/cinder/cinder/coordination.py:138}}
Sep 07 16:42:27 devstack cinder-volume[87492]: DEBUG cinder.coordination [req-1cf7d3e7-430b-46f0-a3a5-f7d756f3a240 req-1e40f323-2dcf-4b54-81a4-bd36bf1a8379 tempest-VolumesSnapshotsTestJSON-817562311 None] Lock "cinder-cb11b4f4-363e-449c-b72f-e5b5f7c401d1-delete_volume" acquired by "delete_volume" :: waited 0.030s {{(pid=87492) __acquire /opt/stack/cinder/cinder/coordination.py:141}}
Sep 07 16:42:27 devstack cinder-volume[87492]: DEBUG cinder.coordination [req-1cf7d3e7-430b-46f0-a3a5-f7d756f3a240 req-1e40f323-2dcf-4b54-81a4-bd36bf1a8379 tempest-VolumesSnapshotsTestJSON-817562311 None] Acquiring lock "cinder-quobyte-cb11b4f4-363e-449c-b72f-e5b5f7c401d1" by "delete_volume" {{(pid=87492) __acquire /opt/stack/cinder/cinder/coordination.py:138}}
Sep 07 16:42:27 devstack cinder-volume[87492]: DEBUG cinder.coordination [req-1cf7d3e7-430b-46f0-a3a5-f7d756f3a240 req-1e40f323-2dcf-4b54-81a4-bd36bf1a8379 tempest-VolumesSnapshotsTestJSON-817562311 None] Lock "cinder-quobyte-cb11b4f4-363e-449c-b72f-e5b5f7c401d1" acquired by "delete_volume" :: waited 0.036s {{(pid=87492) __acquire /opt/stack/cinder/cinder/coordination.py:141}}
Sep 07 16:42:27 devstack cinder-volume[87492]: DEBUG oslo.privsep.daemon [-] privsep: reply[aa84c575-008f-4a4e-b5a0-6f71424907b4]: (4, 'qcow2') {{(pid=88861) _call_back /opt/stack/data/venv/lib/python3.12/site-packages/oslo_privsep/daemon.py:580}}
Sep 07 16:42:27 devstack cinder-volume[87492]: DEBUG oslo_concurrency.processutils [req-1cf7d3e7-430b-46f0-a3a5-f7d756f3a240 req-1e40f323-2dcf-4b54-81a4-bd36bf1a8379 tempest-VolumesSnapshotsTestJSON-817562311 None] Running cmd (subprocess): /opt/stack/data/venv/bin/python3.12 -m oslo_concurrency.prlimit --as=1073741824 --cpu=60 -- sudo cinder-rootwrap /etc/cinder/rootwrap.conf env LC_ALL=C qemu-img info -f qcow2 --output=json --force-share /opt/stack/data/cinder/mnt/d0017b2bb69daf78c17887cf17136187/volume-cb11b4f4-363e-449c-b72f-e5b5f7c401d1 {{(pid=87492) execute /opt/stack/data/venv/lib/python3.12/site-packages/oslo_concurrency/processutils.py:440}}
Sep 07 16:42:27 devstack sudo[89970]: quobyte : PWD=/ ; USER=root ; COMMAND=/opt/stack/data/venv/bin/cinder-rootwrap /etc/cinder/rootwrap.conf env LC_ALL=C qemu-img info -f qcow2 --output=json --force-share /opt/stack/data/cinder/mnt/d0017b2bb69daf78c17887cf17136187/volume-cb11b4f4-363e-449c-b72f-e5b5f7c401d1
Sep 07 16:42:27 devstack sudo[89970]: pam_unix(sudo:session): session opened for user root(uid=0) by (uid=1000)
Sep 07 16:42:28 devstack cinder-volume[87492]: DEBUG oslo_concurrency.processutils [req-1cf7d3e7-430b-46f0-a3a5-f7d756f3a240 req-1e40f323-2dcf-4b54-81a4-bd36bf1a8379 tempest-VolumesSnapshotsTestJSON-817562311 None] CMD "/opt/stack/data/venv/bin/python3.12 -m oslo_concurrency.prlimit --as=1073741824 --cpu=60 -- sudo cinder-rootwrap /etc/cinder/rootwrap.conf env LC_ALL=C qemu-img info -f qcow2 --output=json --force-share /opt/stack/data/cinder/mnt/d0017b2bb69daf78c17887cf17136187/volume-cb11b4f4-363e-449c-b72f-e5b5f7c401d1" returned: 0 in 0.635s {{(pid=87492) execute /opt/stack/data/venv/lib/python3.12/site-packages/oslo_concurrency/processutils.py:468}}
Sep 07 16:42:28 devstack cinder-volume[87492]: DEBUG oslo_concurrency.processutils [req-1cf7d3e7-430b-46f0-a3a5-f7d756f3a240 req-1e40f323-2dcf-4b54-81a4-bd36bf1a8379 tempest-VolumesSnapshotsTestJSON-817562311 None] Running cmd (subprocess): sudo cinder-rootwrap /etc/cinder/rootwrap.conf rm -f /opt/stack/data/cinder/mnt/d0017b2bb69daf78c17887cf17136187/volume-cb11b4f4-363e-449c-b72f-e5b5f7c401d1 {{(pid=87492) execute /opt/stack/data/venv/lib/python3.12/site-packages/oslo_concurrency/processutils.py:440}}
Sep 07 16:42:28 devstack sudo[89970]: pam_unix(sudo:session): session closed for user root
Sep 07 16:42:28 devstack sudo[90003]: quobyte : PWD=/ ; USER=root ; COMMAND=/opt/stack/data/venv/bin/cinder-rootwrap /etc/cinder/rootwrap.conf rm -f /opt/stack/data/cinder/mnt/d0017b2bb69daf78c17887cf17136187/volume-cb11b4f4-363e-449c-b72f-e5b5f7c401d1
Sep 07 16:42:28 devstack sudo[90003]: pam_unix(sudo:session): session opened for user root(uid=0) by (uid=1000)
Sep 07 16:42:29 devstack sudo[90003]: pam_unix(sudo:session): session closed for user root
Sep 07 16:42:29 devstack cinder-volume[87492]: DEBUG oslo_concurrency.processutils [req-1cf7d3e7-430b-46f0-a3a5-f7d756f3a240 req-1e40f323-2dcf-4b54-81a4-bd36bf1a8379 tempest-VolumesSnapshotsTestJSON-817562311 None] CMD "sudo cinder-rootwrap /etc/cinder/rootwrap.conf rm -f /opt/stack/data/cinder/mnt/d0017b2bb69daf78c17887cf17136187/volume-cb11b4f4-363e-449c-b72f-e5b5f7c401d1" returned: 0 in 0.674s {{(pid=87492) execute /opt/stack/data/venv/lib/python3.12/site-packages/oslo_concurrency/processutils.py:468}}
Sep 07 16:42:29 devstack cinder-volume[87492]: DEBUG cinder.coordination [req-1cf7d3e7-430b-46f0-a3a5-f7d756f3a240 req-1e40f323-2dcf-4b54-81a4-bd36bf1a8379 tempest-VolumesSnapshotsTestJSON-817562311 None] Lock "cinder-quobyte-cb11b4f4-363e-449c-b72f-e5b5f7c401d1" released by "delete_volume" :: held 1.475s {{(pid=87492) __release /opt/stack/cinder/cinder/coordination.py:152}}
Sep 07 16:42:29 devstack cinder-volume[87492]: DEBUG cinder.quota [req-1cf7d3e7-430b-46f0-a3a5-f7d756f3a240 req-1e40f323-2dcf-4b54-81a4-bd36bf1a8379 tempest-VolumesSnapshotsTestJSON-817562311 None] Created reservations ['ec150f2b-06cc-4722-a06b-1f5105f311e3', '2e42c76c-856c-408a-ad21-dfc89d78a13c', '596b1a16-cd54-48fe-85d0-5f386b0e6c99', '80736048-d5b9-4ea4-9d4d-d1b30f999e8f'] {{(pid=87492) reserve /opt/stack/cinder/cinder/quota.py:752}}
Sep 07 16:42:29 devstack cinder-volume[87492]: DEBUG oslo_concurrency.lockutils [req-fac4210c-e5e2-4493-a1e1-edfe8f4dab96 req-f2853c1f-a0d0-48aa-80d3-009432c1a46c tempest-ServerActionsTestOtherA-695842632 None] Acquiring lock "quobyte" by "cinder.volume.drivers.quobyte.QuobyteDriver.initialize_connection" {{(pid=87492) inner /opt/stack/data/venv/lib/python3.12/site-packages/oslo_concurrency/lockutils.py:512}}
Sep 07 16:42:29 devstack cinder-volume[87492]: DEBUG oslo_concurrency.lockutils [req-fac4210c-e5e2-4493-a1e1-edfe8f4dab96 req-f2853c1f-a0d0-48aa-80d3-009432c1a46c tempest-ServerActionsTestOtherA-695842632 None] Lock "quobyte" acquired by "cinder.volume.drivers.quobyte.QuobyteDriver.initialize_connection" :: waited 0.001s {{(pid=87492) inner /opt/stack/data/venv/lib/python3.12/site-packages/oslo_concurrency/lockutils.py:525}}
Sep 07 16:42:29 devstack cinder-volume[87492]: DEBUG oslo_concurrency.lockutils [req-fac4210c-e5e2-4493-a1e1-edfe8f4dab96 req-f2853c1f-a0d0-48aa-80d3-009432c1a46c tempest-ServerActionsTestOtherA-695842632 None] Lock "quobyte" "released" by "cinder.volume.drivers.quobyte.QuobyteDriver.initialize_connection" :: held 0.021s {{(pid=87492) inner /opt/stack/data/venv/lib/python3.12/site-packages/oslo_concurrency/lockutils.py:544}}
Sep 07 16:42:29 devstack cinder-volume[87492]: DEBUG oslo_concurrency.lockutils [req-1cf7d3e7-430b-46f0-a3a5-f7d756f3a240 req-1e40f323-2dcf-4b54-81a4-bd36bf1a8379 tempest-VolumesSnapshotsTestJSON-817562311 None] Acquiring lock "quobyte_ensure" by "cinder.volume.drivers.quobyte.QuobyteDriver._ensure_shares_mounted" {{(pid=87492) inner /opt/stack/data/venv/lib/python3.12/site-packages/oslo_concurrency/lockutils.py:512}}
Sep 07 16:42:29 devstack cinder-volume[87492]: DEBUG oslo_concurrency.lockutils [req-1cf7d3e7-430b-46f0-a3a5-f7d756f3a240 req-1e40f323-2dcf-4b54-81a4-bd36bf1a8379 tempest-VolumesSnapshotsTestJSON-817562311 None] Lock "quobyte_ensure" acquired by "cinder.volume.drivers.quobyte.QuobyteDriver._ensure_shares_mounted" :: waited 0.001s {{(pid=87492) inner /opt/stack/data/venv/lib/python3.12/site-packages/oslo_concurrency/lockutils.py:525}}
Sep 07 16:42:29 devstack cinder-volume[87492]: DEBUG cinder.volume.drivers.quobyte [req-1cf7d3e7-430b-46f0-a3a5-f7d756f3a240 req-1e40f323-2dcf-4b54-81a4-bd36bf1a8379 tempest-VolumesSnapshotsTestJSON-817562311 None] Quobyte Volume URL set to: {'osci02.corp.quobyte.com/cinder-vol-9ba7c2b3-cef7-4020-9cff-e0f1e3bbb10d': None} {{(pid=87492) _load_shares_config /opt/stack/cinder/cinder/volume/drivers/quobyte.py:662}}
Sep 07 16:42:29 devstack cinder-volume[87492]: DEBUG cinder.volume.drivers.quobyte [req-1cf7d3e7-430b-46f0-a3a5-f7d756f3a240 req-1e40f323-2dcf-4b54-81a4-bd36bf1a8379 tempest-VolumesSnapshotsTestJSON-817562311 None] Available shares ['osci02.corp.quobyte.com/cinder-vol-9ba7c2b3-cef7-4020-9cff-e0f1e3bbb10d'] {{(pid=87492) _ensure_shares_mounted /opt/stack/cinder/cinder/volume/drivers/quobyte.py:692}}
Sep 07 16:42:29 devstack cinder-volume[87492]: DEBUG oslo_concurrency.lockutils [req-1cf7d3e7-430b-46f0-a3a5-f7d756f3a240 req-1e40f323-2dcf-4b54-81a4-bd36bf1a8379 tempest-VolumesSnapshotsTestJSON-817562311 None] Lock "quobyte_ensure" "released" by "cinder.volume.drivers.quobyte.QuobyteDriver._ensure_shares_mounted" :: held 0.009s {{(pid=87492) inner /opt/stack/data/venv/lib/python3.12/site-packages/oslo_concurrency/lockutils.py:544}}
Sep 07 16:42:29 devstack cinder-volume[87492]: DEBUG oslo_concurrency.processutils [req-1cf7d3e7-430b-46f0-a3a5-f7d756f3a240 req-1e40f323-2dcf-4b54-81a4-bd36bf1a8379 tempest-VolumesSnapshotsTestJSON-817562311 None] Running cmd (subprocess): sudo cinder-rootwrap /etc/cinder/rootwrap.conf df --portability --block-size 1 /opt/stack/data/cinder/mnt/d0017b2bb69daf78c17887cf17136187 {{(pid=87492) execute /opt/stack/data/venv/lib/python3.12/site-packages/oslo_concurrency/processutils.py:440}}
Sep 07 16:42:29 devstack cinder-volume[87492]: DEBUG cinder.coordination [None req-f31e5de8-3a87-488f-9109-1212d9223b3b tempest-DeleteServersTestJSON-224722190 None] Acquiring lock "cinder-275fa88b-6011-4188-a3dc-398fa528dc53-delete_volume" by "delete_volume" {{(pid=87492) __acquire /opt/stack/cinder/cinder/coordination.py:138}}
Sep 07 16:42:29 devstack sudo[90022]: quobyte : PWD=/ ; USER=root ; COMMAND=/opt/stack/data/venv/bin/cinder-rootwrap /etc/cinder/rootwrap.conf df --portability --block-size 1 /opt/stack/data/cinder/mnt/d0017b2bb69daf78c17887cf17136187
Sep 07 16:42:29 devstack sudo[90022]: pam_unix(sudo:session): session opened for user root(uid=0) by (uid=1000)
Sep 07 16:42:29 devstack cinder-volume[87492]: DEBUG cinder.volume.manager [req-fac4210c-e5e2-4493-a1e1-edfe8f4dab96 req-f2853c1f-a0d0-48aa-80d3-009432c1a46c tempest-ServerActionsTestOtherA-695842632 None] Connection info returned from driver {'export': 'osci02.corp.quobyte.com/cinder-vol-9ba7c2b3-cef7-4020-9cff-e0f1e3bbb10d', 'name': 'volume-347a739a-95f3-4901-8e14-ae3a31cbb30b', 'options': None, 'format': 'qcow2', 'qos_specs': None, 'access_mode': 'rw', 'encrypted': False, 'cacheable': False, 'driver_volume_type': 'quobyte', 'mount_point_base': '/opt/stack/data/cinder/mnt', 'attachment_id': '21db01cb-c944-433a-802e-e58f8722b5fc', 'enforce_multipath': True} {{(pid=87492) _connection_create /opt/stack/cinder/cinder/volume/manager.py:4924}}
Sep 07 16:42:29 devstack cinder-volume[87492]: DEBUG cinder.coordination [None req-f31e5de8-3a87-488f-9109-1212d9223b3b tempest-DeleteServersTestJSON-224722190 None] Lock "cinder-275fa88b-6011-4188-a3dc-398fa528dc53-delete_volume" acquired by "delete_volume" :: waited 0.060s {{(pid=87492) __acquire /opt/stack/cinder/cinder/coordination.py:141}}
Sep 07 16:42:29 devstack cinder-volume[87492]: DEBUG cinder.coordination [None req-f31e5de8-3a87-488f-9109-1212d9223b3b tempest-DeleteServersTestJSON-224722190 None] Acquiring lock "cinder-quobyte-275fa88b-6011-4188-a3dc-398fa528dc53" by "delete_volume" {{(pid=87492) __acquire /opt/stack/cinder/cinder/coordination.py:138}}
Sep 07 16:42:29 devstack cinder-volume[87492]: DEBUG cinder.coordination [None req-f31e5de8-3a87-488f-9109-1212d9223b3b tempest-DeleteServersTestJSON-224722190 None] Lock "cinder-quobyte-275fa88b-6011-4188-a3dc-398fa528dc53" acquired by "delete_volume" :: waited 0.030s {{(pid=87492) __acquire /opt/stack/cinder/cinder/coordination.py:141}}
Sep 07 16:42:29 devstack cinder-volume[87492]: DEBUG oslo.privsep.daemon [-] privsep: reply[21d5dd89-8c02-44ba-a5ef-a4db6a593bb3]: (4, 'qcow2') {{(pid=88861) _call_back /opt/stack/data/venv/lib/python3.12/site-packages/oslo_privsep/daemon.py:580}}
Sep 07 16:42:29 devstack cinder-volume[87492]: DEBUG oslo_concurrency.processutils [None req-f31e5de8-3a87-488f-9109-1212d9223b3b tempest-DeleteServersTestJSON-224722190 None] Running cmd (subprocess): /opt/stack/data/venv/bin/python3.12 -m oslo_concurrency.prlimit --as=1073741824 --cpu=60 -- sudo cinder-rootwrap /etc/cinder/rootwrap.conf env LC_ALL=C qemu-img info -f qcow2 --output=json --force-share /opt/stack/data/cinder/mnt/d0017b2bb69daf78c17887cf17136187/volume-275fa88b-6011-4188-a3dc-398fa528dc53 {{(pid=87492) execute /opt/stack/data/venv/lib/python3.12/site-packages/oslo_concurrency/processutils.py:440}}
Sep 07 16:42:29 devstack cinder-volume[87492]: INFO cinder.volume.manager [req-fac4210c-e5e2-4493-a1e1-edfe8f4dab96 req-f2853c1f-a0d0-48aa-80d3-009432c1a46c tempest-ServerActionsTestOtherA-695842632 None] attachment_update completed successfully.
Sep 07 16:42:29 devstack sudo[90026]: quobyte : PWD=/ ; USER=root ; COMMAND=/opt/stack/data/venv/bin/cinder-rootwrap /etc/cinder/rootwrap.conf env LC_ALL=C qemu-img info -f qcow2 --output=json --force-share /opt/stack/data/cinder/mnt/d0017b2bb69daf78c17887cf17136187/volume-275fa88b-6011-4188-a3dc-398fa528dc53
Sep 07 16:42:29 devstack sudo[90026]: pam_unix(sudo:session): session opened for user root(uid=0) by (uid=1000)
Sep 07 16:42:29 devstack sudo[90022]: pam_unix(sudo:session): session closed for user root
Sep 07 16:42:29 devstack cinder-volume[87492]: DEBUG oslo_concurrency.processutils [req-1cf7d3e7-430b-46f0-a3a5-f7d756f3a240 req-1e40f323-2dcf-4b54-81a4-bd36bf1a8379 tempest-VolumesSnapshotsTestJSON-817562311 None] CMD "sudo cinder-rootwrap /etc/cinder/rootwrap.conf df --portability --block-size 1 /opt/stack/data/cinder/mnt/d0017b2bb69daf78c17887cf17136187" returned: 0 in 0.560s {{(pid=87492) execute /opt/stack/data/venv/lib/python3.12/site-packages/oslo_concurrency/processutils.py:468}}
Sep 07 16:42:29 devstack cinder-volume[87492]: DEBUG cinder.manager [req-1cf7d3e7-430b-46f0-a3a5-f7d756f3a240 req-1e40f323-2dcf-4b54-81a4-bd36bf1a8379 tempest-VolumesSnapshotsTestJSON-817562311 None] Notifying Schedulers of capabilities ... {{(pid=87492) _publish_service_capabilities /opt/stack/cinder/cinder/manager.py:219}}
Sep 07 16:42:29 devstack cinder-volume[87492]: INFO cinder.volume.manager [req-1cf7d3e7-430b-46f0-a3a5-f7d756f3a240 req-1e40f323-2dcf-4b54-81a4-bd36bf1a8379 tempest-VolumesSnapshotsTestJSON-817562311 None] Deleted volume successfully.
Sep 07 16:42:29 devstack cinder-volume[87492]: DEBUG cinder.coordination [req-1cf7d3e7-430b-46f0-a3a5-f7d756f3a240 req-1e40f323-2dcf-4b54-81a4-bd36bf1a8379 tempest-VolumesSnapshotsTestJSON-817562311 None] Lock "cinder-cb11b4f4-363e-449c-b72f-e5b5f7c401d1-delete_volume" released by "delete_volume" :: held 2.444s {{(pid=87492) __release /opt/stack/cinder/cinder/coordination.py:152}}
Sep 07 16:42:30 devstack sudo[90026]: pam_unix(sudo:session): session closed for user root
Sep 07 16:42:30 devstack cinder-volume[87492]: DEBUG oslo_concurrency.processutils [None req-f31e5de8-3a87-488f-9109-1212d9223b3b tempest-DeleteServersTestJSON-224722190 None] CMD "/opt/stack/data/venv/bin/python3.12 -m oslo_concurrency.prlimit --as=1073741824 --cpu=60 -- sudo cinder-rootwrap /etc/cinder/rootwrap.conf env LC_ALL=C qemu-img info -f qcow2 --output=json --force-share /opt/stack/data/cinder/mnt/d0017b2bb69daf78c17887cf17136187/volume-275fa88b-6011-4188-a3dc-398fa528dc53" returned: 0 in 0.749s {{(pid=87492) execute /opt/stack/data/venv/lib/python3.12/site-packages/oslo_concurrency/processutils.py:468}}
Sep 07 16:42:30 devstack cinder-volume[87492]: DEBUG oslo_concurrency.processutils [None req-f31e5de8-3a87-488f-9109-1212d9223b3b tempest-DeleteServersTestJSON-224722190 None] Running cmd (subprocess): sudo cinder-rootwrap /etc/cinder/rootwrap.conf rm -f /opt/stack/data/cinder/mnt/d0017b2bb69daf78c17887cf17136187/volume-275fa88b-6011-4188-a3dc-398fa528dc53 {{(pid=87492) execute /opt/stack/data/venv/lib/python3.12/site-packages/oslo_concurrency/processutils.py:440}}
Sep 07 16:42:30 devstack sudo[90413]: quobyte : PWD=/ ; USER=root ; COMMAND=/opt/stack/data/venv/bin/cinder-rootwrap /etc/cinder/rootwrap.conf rm -f /opt/stack/data/cinder/mnt/d0017b2bb69daf78c17887cf17136187/volume-275fa88b-6011-4188-a3dc-398fa528dc53
Sep 07 16:42:30 devstack sudo[90413]: pam_unix(sudo:session): session opened for user root(uid=0) by (uid=1000)
Sep 07 16:42:30 devstack sudo[90413]: pam_unix(sudo:session): session closed for user root
Sep 07 16:42:30 devstack cinder-volume[87492]: DEBUG oslo_concurrency.processutils [None req-f31e5de8-3a87-488f-9109-1212d9223b3b tempest-DeleteServersTestJSON-224722190 None] CMD "sudo cinder-rootwrap /etc/cinder/rootwrap.conf rm -f /opt/stack/data/cinder/mnt/d0017b2bb69daf78c17887cf17136187/volume-275fa88b-6011-4188-a3dc-398fa528dc53" returned: 0 in 0.455s {{(pid=87492) execute /opt/stack/data/venv/lib/python3.12/site-packages/oslo_concurrency/processutils.py:468}}
Sep 07 16:42:30 devstack cinder-volume[87492]: DEBUG cinder.coordination [None req-f31e5de8-3a87-488f-9109-1212d9223b3b tempest-DeleteServersTestJSON-224722190 None] Lock "cinder-quobyte-275fa88b-6011-4188-a3dc-398fa528dc53" released by "delete_volume" :: held 1.270s {{(pid=87492) __release /opt/stack/cinder/cinder/coordination.py:152}}
Sep 07 16:42:30 devstack cinder-volume[87492]: DEBUG cinder.quota [None req-f31e5de8-3a87-488f-9109-1212d9223b3b tempest-DeleteServersTestJSON-224722190 None] Created reservations ['a88c508c-a984-46fd-b628-8c9609a344b3', '218e9b13-b663-49c2-b5fb-ffa629831c77', '5fb484d8-b022-4b47-bf91-851d007103ef', '68967431-b0d3-4aab-b306-64cc185bd503'] {{(pid=87492) reserve /opt/stack/cinder/cinder/quota.py:752}}
Sep 07 16:42:31 devstack cinder-volume[87492]: DEBUG oslo_concurrency.lockutils [None req-f31e5de8-3a87-488f-9109-1212d9223b3b tempest-DeleteServersTestJSON-224722190 None] Acquiring lock "quobyte_ensure" by "cinder.volume.drivers.quobyte.QuobyteDriver._ensure_shares_mounted" {{(pid=87492) inner /opt/stack/data/venv/lib/python3.12/site-packages/oslo_concurrency/lockutils.py:512}}
Sep 07 16:42:31 devstack cinder-volume[87492]: DEBUG oslo_concurrency.lockutils [None req-f31e5de8-3a87-488f-9109-1212d9223b3b tempest-DeleteServersTestJSON-224722190 None] Lock "quobyte_ensure" acquired by "cinder.volume.drivers.quobyte.QuobyteDriver._ensure_shares_mounted" :: waited 0.001s {{(pid=87492) inner /opt/stack/data/venv/lib/python3.12/site-packages/oslo_concurrency/lockutils.py:525}}
Sep 07 16:42:31 devstack cinder-volume[87492]: DEBUG cinder.volume.drivers.quobyte [None req-f31e5de8-3a87-488f-9109-1212d9223b3b tempest-DeleteServersTestJSON-224722190 None] Quobyte Volume URL set to: {'osci02.corp.quobyte.com/cinder-vol-9ba7c2b3-cef7-4020-9cff-e0f1e3bbb10d': None} {{(pid=87492) _load_shares_config /opt/stack/cinder/cinder/volume/drivers/quobyte.py:662}}
Sep 07 16:42:31 devstack cinder-volume[87492]: DEBUG cinder.volume.drivers.quobyte [None req-f31e5de8-3a87-488f-9109-1212d9223b3b tempest-DeleteServersTestJSON-224722190 None] Available shares ['osci02.corp.quobyte.com/cinder-vol-9ba7c2b3-cef7-4020-9cff-e0f1e3bbb10d'] {{(pid=87492) _ensure_shares_mounted /opt/stack/cinder/cinder/volume/drivers/quobyte.py:692}}
Sep 07 16:42:31 devstack cinder-volume[87492]: DEBUG oslo_concurrency.lockutils [None req-f31e5de8-3a87-488f-9109-1212d9223b3b tempest-DeleteServersTestJSON-224722190 None] Lock "quobyte_ensure" "released" by "cinder.volume.drivers.quobyte.QuobyteDriver._ensure_shares_mounted" :: held 0.016s {{(pid=87492) inner /opt/stack/data/venv/lib/python3.12/site-packages/oslo_concurrency/lockutils.py:544}}
Sep 07 16:42:31 devstack cinder-volume[87492]: DEBUG oslo_concurrency.processutils [None req-f31e5de8-3a87-488f-9109-1212d9223b3b tempest-DeleteServersTestJSON-224722190 None] Running cmd (subprocess): sudo cinder-rootwrap /etc/cinder/rootwrap.conf df --portability --block-size 1 /opt/stack/data/cinder/mnt/d0017b2bb69daf78c17887cf17136187 {{(pid=87492) execute /opt/stack/data/venv/lib/python3.12/site-packages/oslo_concurrency/processutils.py:440}}
Sep 07 16:42:31 devstack sudo[90417]: quobyte : PWD=/ ; USER=root ; COMMAND=/opt/stack/data/venv/bin/cinder-rootwrap /etc/cinder/rootwrap.conf df --portability --block-size 1 /opt/stack/data/cinder/mnt/d0017b2bb69daf78c17887cf17136187
Sep 07 16:42:31 devstack sudo[90417]: pam_unix(sudo:session): session opened for user root(uid=0) by (uid=1000)
Sep 07 16:42:31 devstack sudo[90417]: pam_unix(sudo:session): session closed for user root
Sep 07 16:42:31 devstack cinder-volume[87492]: DEBUG oslo_concurrency.processutils [None req-f31e5de8-3a87-488f-9109-1212d9223b3b tempest-DeleteServersTestJSON-224722190 None] CMD "sudo cinder-rootwrap /etc/cinder/rootwrap.conf df --portability --block-size 1 /opt/stack/data/cinder/mnt/d0017b2bb69daf78c17887cf17136187" returned: 0 in 0.307s {{(pid=87492) execute /opt/stack/data/venv/lib/python3.12/site-packages/oslo_concurrency/processutils.py:468}}
