Sep 07 16:46:37 devstack cinder-volume[87492]: DEBUG oslo_concurrency.processutils [None req-772908ba-2e54-40a1-b027-791103e40af1 tempest-VolumesActionsTest-130855833 None] Running cmd (subprocess): /opt/stack/data/venv/bin/python3.12 -m oslo_concurrency.prlimit --as=1073741824 --cpu=60 -- sudo cinder-rootwrap /etc/cinder/rootwrap.conf env LC_ALL=C qemu-img info -f luks --output=json /opt/stack/data/cinder/conversion/e9462c5d-0f15-4034-84bc-80a17288f43b.temp_image.7cc04dfe-06e5-431b-af06-dde18c0aa8d6d2y8kw8i.img {{(pid=87492) execute /opt/stack/data/venv/lib/python3.12/site-packages/oslo_concurrency/processutils.py:440}}
Sep 07 16:46:37 devstack sudo[94160]: quobyte : PWD=/ ; USER=root ; COMMAND=/opt/stack/data/venv/bin/cinder-rootwrap /etc/cinder/rootwrap.conf env LC_ALL=C qemu-img info -f luks --output=json /opt/stack/data/cinder/conversion/e9462c5d-0f15-4034-84bc-80a17288f43b.temp_image.7cc04dfe-06e5-431b-af06-dde18c0aa8d6d2y8kw8i.img
Sep 07 16:46:37 devstack sudo[94160]: pam_unix(sudo:session): session opened for user root(uid=0) by (uid=1000)
Sep 07 16:46:37 devstack sudo[94160]: pam_unix(sudo:session): session closed for user root
Sep 07 16:46:37 devstack cinder-volume[87492]: DEBUG oslo_concurrency.processutils [None req-772908ba-2e54-40a1-b027-791103e40af1 tempest-VolumesActionsTest-130855833 None] CMD "/opt/stack/data/venv/bin/python3.12 -m oslo_concurrency.prlimit --as=1073741824 --cpu=60 -- sudo cinder-rootwrap /etc/cinder/rootwrap.conf env LC_ALL=C qemu-img info -f luks --output=json /opt/stack/data/cinder/conversion/e9462c5d-0f15-4034-84bc-80a17288f43b.temp_image.7cc04dfe-06e5-431b-af06-dde18c0aa8d6d2y8kw8i.img" returned: 1 in 0.318s {{(pid=87492) execute /opt/stack/data/venv/lib/python3.12/site-packages/oslo_concurrency/processutils.py:468}}
Sep 07 16:46:37 devstack cinder-volume[87492]: DEBUG oslo_concurrency.processutils [None req-772908ba-2e54-40a1-b027-791103e40af1 tempest-VolumesActionsTest-130855833 None] '/opt/stack/data/venv/bin/python3.12 -m oslo_concurrency.prlimit --as=1073741824 --cpu=60 -- sudo cinder-rootwrap /etc/cinder/rootwrap.conf env LC_ALL=C qemu-img info -f luks --output=json /opt/stack/data/cinder/conversion/e9462c5d-0f15-4034-84bc-80a17288f43b.temp_image.7cc04dfe-06e5-431b-af06-dde18c0aa8d6d2y8kw8i.img' failed. Not Retrying. {{(pid=87492) execute /opt/stack/data/venv/lib/python3.12/site-packages/oslo_concurrency/processutils.py:543}}
Sep 07 16:46:37 devstack cinder-volume[87492]: DEBUG oslo_concurrency.processutils [None req-772908ba-2e54-40a1-b027-791103e40af1 tempest-VolumesActionsTest-130855833 None] Running cmd (subprocess): sudo cinder-rootwrap /etc/cinder/rootwrap.conf qemu-img convert -O qcow2 -c /opt/stack/data/cinder/conversion/e9462c5d-0f15-4034-84bc-80a17288f43b.temp_image.7cc04dfe-06e5-431b-af06-dde18c0aa8d6d2y8kw8i.img /opt/stack/data/cinder/conversion/vol_upload_q9xvxsb8 {{(pid=87492) execute /opt/stack/data/venv/lib/python3.12/site-packages/oslo_concurrency/processutils.py:440}}
Sep 07 16:46:37 devstack sudo[94165]: quobyte : PWD=/ ; USER=root ; COMMAND=/opt/stack/data/venv/bin/cinder-rootwrap /etc/cinder/rootwrap.conf qemu-img convert -O qcow2 -c /opt/stack/data/cinder/conversion/e9462c5d-0f15-4034-84bc-80a17288f43b.temp_image.7cc04dfe-06e5-431b-af06-dde18c0aa8d6d2y8kw8i.img /opt/stack/data/cinder/conversion/vol_upload_q9xvxsb8
Sep 07 16:46:37 devstack sudo[94165]: pam_unix(sudo:session): session opened for user root(uid=0) by (uid=1000)
Sep 07 16:46:37 devstack sudo[94165]: pam_unix(sudo:session): session closed for user root
Sep 07 16:46:37 devstack cinder-volume[87492]: DEBUG oslo_concurrency.processutils [None req-772908ba-2e54-40a1-b027-791103e40af1 tempest-VolumesActionsTest-130855833 None] CMD "sudo cinder-rootwrap /etc/cinder/rootwrap.conf qemu-img convert -O qcow2 -c /opt/stack/data/cinder/conversion/e9462c5d-0f15-4034-84bc-80a17288f43b.temp_image.7cc04dfe-06e5-431b-af06-dde18c0aa8d6d2y8kw8i.img /opt/stack/data/cinder/conversion/vol_upload_q9xvxsb8" returned: 0 in 0.252s {{(pid=87492) execute /opt/stack/data/venv/lib/python3.12/site-packages/oslo_concurrency/processutils.py:468}}
Sep 07 16:46:37 devstack cinder-volume[87492]: DEBUG cinder.image.image_utils [None req-772908ba-2e54-40a1-b027-791103e40af1 tempest-VolumesActionsTest-130855833 None] Image conversion details: src /opt/stack/data/cinder/conversion/e9462c5d-0f15-4034-84bc-80a17288f43b.temp_image.7cc04dfe-06e5-431b-af06-dde18c0aa8d6d2y8kw8i.img, size 1024.00 MB, duration 1.00 sec, destination /opt/stack/data/cinder/conversion/vol_upload_q9xvxsb8 {{(pid=87492) _convert_image /opt/stack/cinder/cinder/image/image_utils.py:536}}
Sep 07 16:46:37 devstack cinder-volume[87492]: INFO cinder.image.image_utils [None req-772908ba-2e54-40a1-b027-791103e40af1 tempest-VolumesActionsTest-130855833 None] Converted 1024.00 MB image at 1024.00 MB/s
Sep 07 16:46:37 devstack cinder-volume[87492]: DEBUG oslo.privsep.daemon [-] privsep: reply[7421e7e1-abf2-4786-ab56-9d822bc92c47]: (4, 'qcow2') {{(pid=88861) _call_back /opt/stack/data/venv/lib/python3.12/site-packages/oslo_privsep/daemon.py:580}}
Sep 07 16:46:37 devstack cinder-volume[87492]: DEBUG oslo_concurrency.processutils [None req-772908ba-2e54-40a1-b027-791103e40af1 tempest-VolumesActionsTest-130855833 None] Running cmd (subprocess): /opt/stack/data/venv/bin/python3.12 -m oslo_concurrency.prlimit --as=1073741824 --cpu=60 -- sudo cinder-rootwrap /etc/cinder/rootwrap.conf env LC_ALL=C qemu-img info -f qcow2 --output=json /opt/stack/data/cinder/conversion/vol_upload_q9xvxsb8 {{(pid=87492) execute /opt/stack/data/venv/lib/python3.12/site-packages/oslo_concurrency/processutils.py:440}}
Sep 07 16:46:38 devstack sudo[94171]: quobyte : PWD=/ ; USER=root ; COMMAND=/opt/stack/data/venv/bin/cinder-rootwrap /etc/cinder/rootwrap.conf env LC_ALL=C qemu-img info -f qcow2 --output=json /opt/stack/data/cinder/conversion/vol_upload_q9xvxsb8
Sep 07 16:46:38 devstack sudo[94171]: pam_unix(sudo:session): session opened for user root(uid=0) by (uid=1000)
Sep 07 16:46:38 devstack sudo[94171]: pam_unix(sudo:session): session closed for user root
Sep 07 16:46:38 devstack cinder-volume[87492]: DEBUG oslo_concurrency.processutils [None req-772908ba-2e54-40a1-b027-791103e40af1 tempest-VolumesActionsTest-130855833 None] CMD "/opt/stack/data/venv/bin/python3.12 -m oslo_concurrency.prlimit --as=1073741824 --cpu=60 -- sudo cinder-rootwrap /etc/cinder/rootwrap.conf env LC_ALL=C qemu-img info -f qcow2 --output=json /opt/stack/data/cinder/conversion/vol_upload_q9xvxsb8" returned: 0 in 0.318s {{(pid=87492) execute /opt/stack/data/venv/lib/python3.12/site-packages/oslo_concurrency/processutils.py:468}}
Sep 07 16:46:39 devstack cinder-volume[87492]: DEBUG oslo_concurrency.lockutils [None req-772908ba-2e54-40a1-b027-791103e40af1 tempest-VolumesActionsTest-130855833 None] Lock "quobyte" "released" by "cinder.volume.drivers.quobyte.QuobyteDriver.copy_volume_to_image" :: held 8.152s {{(pid=87492) inner /opt/stack/data/venv/lib/python3.12/site-packages/oslo_concurrency/lockutils.py:544}}
Sep 07 16:46:39 devstack cinder-volume[87492]: DEBUG cinder.volume.manager [None req-772908ba-2e54-40a1-b027-791103e40af1 tempest-VolumesActionsTest-130855833 None] Uploaded volume to glance image-id: 7cc04dfe-06e5-431b-af06-dde18c0aa8d6. {{(pid=87492) copy_volume_to_image /opt/stack/cinder/cinder/volume/manager.py:1781}}
Sep 07 16:46:39 devstack cinder-volume[87492]: DEBUG oslo_concurrency.lockutils [req-f6b3bfcc-4726-42af-8a34-36152ac69190 req-a80db25e-eae9-4ec4-a7a2-c7c6be056429 tempest-AttachVolumeTestJSON-1159535621 None] Lock "quobyte" acquired by "cinder.volume.drivers.quobyte.QuobyteDriver.initialize_connection" :: waited 8.706s {{(pid=87492) inner /opt/stack/data/venv/lib/python3.12/site-packages/oslo_concurrency/lockutils.py:525}}
Sep 07 16:46:39 devstack cinder-volume[87492]: DEBUG oslo_concurrency.lockutils [req-f6b3bfcc-4726-42af-8a34-36152ac69190 req-a80db25e-eae9-4ec4-a7a2-c7c6be056429 tempest-AttachVolumeTestJSON-1159535621 None] Lock "quobyte" "released" by "cinder.volume.drivers.quobyte.QuobyteDriver.initialize_connection" :: held 0.021s {{(pid=87492) inner /opt/stack/data/venv/lib/python3.12/site-packages/oslo_concurrency/lockutils.py:544}}
Sep 07 16:46:39 devstack cinder-volume[87492]: DEBUG oslo_concurrency.lockutils [None req-adce23bd-4b16-4f76-ab73-c488d4a4ec00 tempest-GroupsV314Test-1527352611 None] Lock "quobyte" acquired by "cinder.volume.drivers.quobyte.QuobyteDriver.create_cloned_volume" :: waited 6.947s {{(pid=87492) inner /opt/stack/data/venv/lib/python3.12/site-packages/oslo_concurrency/lockutils.py:525}}
Sep 07 16:46:39 devstack cinder-volume[87492]: INFO cinder.volume.drivers.remotefs [None req-adce23bd-4b16-4f76-ab73-c488d4a4ec00 tempest-GroupsV314Test-1527352611 None] Cloning volume b5566832-bf7b-4b07-8d5c-e8209f14bdf9 to volume 812fb008-6d1b-4b6e-bf6b-7293ff471625
Sep 07 16:46:39 devstack cinder-volume[87492]: INFO cinder.volume.manager [None req-772908ba-2e54-40a1-b027-791103e40af1 tempest-VolumesActionsTest-130855833 None] Copy volume to image completed successfully.
Sep 07 16:46:39 devstack cinder-volume[87492]: DEBUG cinder.volume.manager [req-f6b3bfcc-4726-42af-8a34-36152ac69190 req-a80db25e-eae9-4ec4-a7a2-c7c6be056429 tempest-AttachVolumeTestJSON-1159535621 None] Connection info returned from driver {'export': 'osci02.corp.quobyte.com/cinder-vol-9ba7c2b3-cef7-4020-9cff-e0f1e3bbb10d', 'name': 'volume-2a3bd15f-35ea-4fb9-a53f-a8fe0f0ed143', 'options': None, 'format': 'qcow2', 'qos_specs': None, 'access_mode': 'rw', 'encrypted': False, 'cacheable': False, 'driver_volume_type': 'quobyte', 'mount_point_base': '/opt/stack/data/cinder/mnt', 'attachment_id': 'ac5298c5-8462-49fd-b49d-5ac374bbc4aa', 'enforce_multipath': True} {{(pid=87492) _connection_create /opt/stack/cinder/cinder/volume/manager.py:4924}}
Sep 07 16:46:39 devstack cinder-volume[87492]: DEBUG cinder.volume.drivers.remotefs [None req-adce23bd-4b16-4f76-ab73-c488d4a4ec00 tempest-GroupsV314Test-1527352611 None] Creating offline snapshot 5fb0002f-41a8-4aae-9cc9-712016c701b1 of volume b5566832-bf7b-4b07-8d5c-e8209f14bdf9 {{(pid=87492) _create_snapshot /opt/stack/cinder/cinder/volume/drivers/remotefs.py:1816}}
Sep 07 16:46:39 devstack cinder-volume[87492]: DEBUG oslo.privsep.daemon [-] privsep: reply[d7bbf7eb-7a1c-47e5-b9a1-33ddf58b62e8]: (4, 'qcow2') {{(pid=88861) _call_back /opt/stack/data/venv/lib/python3.12/site-packages/oslo_privsep/daemon.py:580}}
Sep 07 16:46:39 devstack cinder-volume[87492]: DEBUG oslo_concurrency.processutils [None req-adce23bd-4b16-4f76-ab73-c488d4a4ec00 tempest-GroupsV314Test-1527352611 None] Running cmd (subprocess): /opt/stack/data/venv/bin/python3.12 -m oslo_concurrency.prlimit --as=1073741824 --cpu=60 -- sudo cinder-rootwrap /etc/cinder/rootwrap.conf env LC_ALL=C qemu-img info -f qcow2 --output=json --force-share /opt/stack/data/cinder/mnt/d0017b2bb69daf78c17887cf17136187/volume-b5566832-bf7b-4b07-8d5c-e8209f14bdf9 {{(pid=87492) execute /opt/stack/data/venv/lib/python3.12/site-packages/oslo_concurrency/processutils.py:440}}
Sep 07 16:46:39 devstack cinder-volume[87492]: INFO cinder.volume.manager [req-f6b3bfcc-4726-42af-8a34-36152ac69190 req-a80db25e-eae9-4ec4-a7a2-c7c6be056429 tempest-AttachVolumeTestJSON-1159535621 None] attachment_update completed successfully.
Sep 07 16:46:39 devstack sudo[94179]: quobyte : PWD=/ ; USER=root ; COMMAND=/opt/stack/data/venv/bin/cinder-rootwrap /etc/cinder/rootwrap.conf env LC_ALL=C qemu-img info -f qcow2 --output=json --force-share /opt/stack/data/cinder/mnt/d0017b2bb69daf78c17887cf17136187/volume-b5566832-bf7b-4b07-8d5c-e8209f14bdf9
Sep 07 16:46:39 devstack sudo[94179]: pam_unix(sudo:session): session opened for user root(uid=0) by (uid=1000)
Sep 07 16:46:40 devstack sudo[94179]: pam_unix(sudo:session): session closed for user root
Sep 07 16:46:40 devstack cinder-volume[87492]: DEBUG oslo_concurrency.processutils [None req-adce23bd-4b16-4f76-ab73-c488d4a4ec00 tempest-GroupsV314Test-1527352611 None] CMD "/opt/stack/data/venv/bin/python3.12 -m oslo_concurrency.prlimit --as=1073741824 --cpu=60 -- sudo cinder-rootwrap /etc/cinder/rootwrap.conf env LC_ALL=C qemu-img info -f qcow2 --output=json --force-share /opt/stack/data/cinder/mnt/d0017b2bb69daf78c17887cf17136187/volume-b5566832-bf7b-4b07-8d5c-e8209f14bdf9" returned: 0 in 0.421s {{(pid=87492) execute /opt/stack/data/venv/lib/python3.12/site-packages/oslo_concurrency/processutils.py:468}}
Sep 07 16:46:40 devstack cinder-volume[87492]: DEBUG oslo_concurrency.processutils [None req-adce23bd-4b16-4f76-ab73-c488d4a4ec00 tempest-GroupsV314Test-1527352611 None] Running cmd (subprocess): sudo cinder-rootwrap /etc/cinder/rootwrap.conf qemu-img create -f qcow2 -o backing_file=/opt/stack/data/cinder/mnt/d0017b2bb69daf78c17887cf17136187/volume-b5566832-bf7b-4b07-8d5c-e8209f14bdf9,backing_fmt=qcow2 /opt/stack/data/cinder/mnt/d0017b2bb69daf78c17887cf17136187/volume-b5566832-bf7b-4b07-8d5c-e8209f14bdf9.5fb0002f-41a8-4aae-9cc9-712016c701b1 1G {{(pid=87492) execute /opt/stack/data/venv/lib/python3.12/site-packages/oslo_concurrency/processutils.py:440}}
Sep 07 16:46:40 devstack sudo[94566]: quobyte : PWD=/ ; USER=root ; COMMAND=/opt/stack/data/venv/bin/cinder-rootwrap /etc/cinder/rootwrap.conf qemu-img create -f qcow2 -o backing_file=/opt/stack/data/cinder/mnt/d0017b2bb69daf78c17887cf17136187/volume-b5566832-bf7b-4b07-8d5c-e8209f14bdf9,backing_fmt=qcow2 /opt/stack/data/cinder/mnt/d0017b2bb69daf78c17887cf17136187/volume-b5566832-bf7b-4b07-8d5c-e8209f14bdf9.5fb0002f-41a8-4aae-9cc9-712016c701b1 1G
Sep 07 16:46:40 devstack sudo[94566]: pam_unix(sudo:session): session opened for user root(uid=0) by (uid=1000)
Sep 07 16:46:40 devstack sudo[94566]: pam_unix(sudo:session): session closed for user root
Sep 07 16:46:40 devstack cinder-volume[87492]: DEBUG oslo_concurrency.processutils [None req-adce23bd-4b16-4f76-ab73-c488d4a4ec00 tempest-GroupsV314Test-1527352611 None] CMD "sudo cinder-rootwrap /etc/cinder/rootwrap.conf qemu-img create -f qcow2 -o backing_file=/opt/stack/data/cinder/mnt/d0017b2bb69daf78c17887cf17136187/volume-b5566832-bf7b-4b07-8d5c-e8209f14bdf9,backing_fmt=qcow2 /opt/stack/data/cinder/mnt/d0017b2bb69daf78c17887cf17136187/volume-b5566832-bf7b-4b07-8d5c-e8209f14bdf9.5fb0002f-41a8-4aae-9cc9-712016c701b1 1G" returned: 0 in 0.496s {{(pid=87492) execute /opt/stack/data/venv/lib/python3.12/site-packages/oslo_concurrency/processutils.py:468}}
Sep 07 16:46:40 devstack cinder-volume[87492]: DEBUG oslo_concurrency.processutils [None req-adce23bd-4b16-4f76-ab73-c488d4a4ec00 tempest-GroupsV314Test-1527352611 None] Running cmd (subprocess): sudo cinder-rootwrap /etc/cinder/rootwrap.conf qemu-img rebase -u -b volume-b5566832-bf7b-4b07-8d5c-e8209f14bdf9 -F qcow2 /opt/stack/data/cinder/mnt/d0017b2bb69daf78c17887cf17136187/volume-b5566832-bf7b-4b07-8d5c-e8209f14bdf9.5fb0002f-41a8-4aae-9cc9-712016c701b1 {{(pid=87492) execute /opt/stack/data/venv/lib/python3.12/site-packages/oslo_concurrency/processutils.py:440}}
Sep 07 16:46:40 devstack sudo[94572]: quobyte : PWD=/ ; USER=root ; COMMAND=/opt/stack/data/venv/bin/cinder-rootwrap /etc/cinder/rootwrap.conf qemu-img rebase -u -b volume-b5566832-bf7b-4b07-8d5c-e8209f14bdf9 -F qcow2 /opt/stack/data/cinder/mnt/d0017b2bb69daf78c17887cf17136187/volume-b5566832-bf7b-4b07-8d5c-e8209f14bdf9.5fb0002f-41a8-4aae-9cc9-712016c701b1
Sep 07 16:46:40 devstack sudo[94572]: pam_unix(sudo:session): session opened for user root(uid=0) by (uid=1000)
Sep 07 16:46:40 devstack sudo[94572]: pam_unix(sudo:session): session closed for user root
Sep 07 16:46:40 devstack cinder-volume[87492]: DEBUG oslo_concurrency.processutils [None req-adce23bd-4b16-4f76-ab73-c488d4a4ec00 tempest-GroupsV314Test-1527352611 None] CMD "sudo cinder-rootwrap /etc/cinder/rootwrap.conf qemu-img rebase -u -b volume-b5566832-bf7b-4b07-8d5c-e8209f14bdf9 -F qcow2 /opt/stack/data/cinder/mnt/d0017b2bb69daf78c17887cf17136187/volume-b5566832-bf7b-4b07-8d5c-e8209f14bdf9.5fb0002f-41a8-4aae-9cc9-712016c701b1" returned: 0 in 0.317s {{(pid=87492) execute /opt/stack/data/venv/lib/python3.12/site-packages/oslo_concurrency/processutils.py:468}}
Sep 07 16:46:40 devstack cinder-volume[87492]: WARNING cinder.volume.drivers.remotefs [None req-adce23bd-4b16-4f76-ab73-c488d4a4ec00 tempest-GroupsV314Test-1527352611 None] /opt/stack/data/cinder/mnt/d0017b2bb69daf78c17887cf17136187/volume-b5566832-bf7b-4b07-8d5c-e8209f14bdf9.5fb0002f-41a8-4aae-9cc9-712016c701b1 is being set with open permissions: ugo+rw: NotImplementedError
Sep 07 16:46:40 devstack cinder-volume[87492]: DEBUG oslo_concurrency.processutils [None req-adce23bd-4b16-4f76-ab73-c488d4a4ec00 tempest-GroupsV314Test-1527352611 None] Running cmd (subprocess): sudo cinder-rootwrap /etc/cinder/rootwrap.conf chmod ugo+rw /opt/stack/data/cinder/mnt/d0017b2bb69daf78c17887cf17136187/volume-b5566832-bf7b-4b07-8d5c-e8209f14bdf9.5fb0002f-41a8-4aae-9cc9-712016c701b1 {{(pid=87492) execute /opt/stack/data/venv/lib/python3.12/site-packages/oslo_concurrency/processutils.py:440}}
Sep 07 16:46:40 devstack sudo[94577]: quobyte : PWD=/ ; USER=root ; COMMAND=/opt/stack/data/venv/bin/cinder-rootwrap /etc/cinder/rootwrap.conf chmod ugo+rw /opt/stack/data/cinder/mnt/d0017b2bb69daf78c17887cf17136187/volume-b5566832-bf7b-4b07-8d5c-e8209f14bdf9.5fb0002f-41a8-4aae-9cc9-712016c701b1
Sep 07 16:46:40 devstack sudo[94577]: pam_unix(sudo:session): session opened for user root(uid=0) by (uid=1000)
Sep 07 16:46:41 devstack cinder-volume[87492]: DEBUG cinder.coordination [None req-a5f45ee0-f40b-4fc6-a957-e88373c29891 tempest-VolumesActionsTest-130855833 None] Acquiring lock "cinder-e9462c5d-0f15-4034-84bc-80a17288f43b-delete_volume" by "delete_volume" {{(pid=87492) __acquire /opt/stack/cinder/cinder/coordination.py:138}}
Sep 07 16:46:41 devstack cinder-volume[87492]: DEBUG cinder.coordination [None req-a5f45ee0-f40b-4fc6-a957-e88373c29891 tempest-VolumesActionsTest-130855833 None] Lock "cinder-e9462c5d-0f15-4034-84bc-80a17288f43b-delete_volume" acquired by "delete_volume" :: waited 0.032s {{(pid=87492) __acquire /opt/stack/cinder/cinder/coordination.py:141}}
Sep 07 16:46:41 devstack cinder-volume[87492]: DEBUG cinder.coordination [None req-a5f45ee0-f40b-4fc6-a957-e88373c29891 tempest-VolumesActionsTest-130855833 None] Acquiring lock "cinder-quobyte-e9462c5d-0f15-4034-84bc-80a17288f43b" by "delete_volume" {{(pid=87492) __acquire /opt/stack/cinder/cinder/coordination.py:138}}
Sep 07 16:46:41 devstack cinder-volume[87492]: DEBUG cinder.coordination [None req-a5f45ee0-f40b-4fc6-a957-e88373c29891 tempest-VolumesActionsTest-130855833 None] Lock "cinder-quobyte-e9462c5d-0f15-4034-84bc-80a17288f43b" acquired by "delete_volume" :: waited 0.015s {{(pid=87492) __acquire /opt/stack/cinder/cinder/coordination.py:141}}
Sep 07 16:46:41 devstack sudo[94577]: pam_unix(sudo:session): session closed for user root
Sep 07 16:46:41 devstack cinder-volume[87492]: DEBUG oslo_concurrency.processutils [None req-adce23bd-4b16-4f76-ab73-c488d4a4ec00 tempest-GroupsV314Test-1527352611 None] CMD "sudo cinder-rootwrap /etc/cinder/rootwrap.conf chmod ugo+rw /opt/stack/data/cinder/mnt/d0017b2bb69daf78c17887cf17136187/volume-b5566832-bf7b-4b07-8d5c-e8209f14bdf9.5fb0002f-41a8-4aae-9cc9-712016c701b1" returned: 0 in 0.265s {{(pid=87492) execute /opt/stack/data/venv/lib/python3.12/site-packages/oslo_concurrency/processutils.py:468}}
Sep 07 16:46:41 devstack cinder-volume[87492]: DEBUG oslo.privsep.daemon [-] privsep: reply[7d327148-269e-440a-b4a2-5257dd04f960]: (4, 'qcow2') {{(pid=88861) _call_back /opt/stack/data/venv/lib/python3.12/site-packages/oslo_privsep/daemon.py:580}}
Sep 07 16:46:41 devstack cinder-volume[87492]: DEBUG oslo_concurrency.processutils [None req-a5f45ee0-f40b-4fc6-a957-e88373c29891 tempest-VolumesActionsTest-130855833 None] Running cmd (subprocess): /opt/stack/data/venv/bin/python3.12 -m oslo_concurrency.prlimit --as=1073741824 --cpu=60 -- sudo cinder-rootwrap /etc/cinder/rootwrap.conf env LC_ALL=C qemu-img info -f qcow2 --output=json --force-share /opt/stack/data/cinder/mnt/d0017b2bb69daf78c17887cf17136187/volume-e9462c5d-0f15-4034-84bc-80a17288f43b {{(pid=87492) execute /opt/stack/data/venv/lib/python3.12/site-packages/oslo_concurrency/processutils.py:440}}
Sep 07 16:46:41 devstack cinder-volume[87492]: DEBUG oslo_concurrency.processutils [None req-adce23bd-4b16-4f76-ab73-c488d4a4ec00 tempest-GroupsV314Test-1527352611 None] Running cmd (subprocess): sudo cinder-rootwrap /etc/cinder/rootwrap.conf truncate -s0 /opt/stack/data/cinder/mnt/d0017b2bb69daf78c17887cf17136187/volume-b5566832-bf7b-4b07-8d5c-e8209f14bdf9.info {{(pid=87492) execute /opt/stack/data/venv/lib/python3.12/site-packages/oslo_concurrency/processutils.py:440}}
Sep 07 16:46:41 devstack sudo[94581]: quobyte : PWD=/ ; USER=root ; COMMAND=/opt/stack/data/venv/bin/cinder-rootwrap /etc/cinder/rootwrap.conf truncate -s0 /opt/stack/data/cinder/mnt/d0017b2bb69daf78c17887cf17136187/volume-b5566832-bf7b-4b07-8d5c-e8209f14bdf9.info
Sep 07 16:46:41 devstack sudo[94581]: pam_unix(sudo:session): session opened for user root(uid=0) by (uid=1000)
Sep 07 16:46:41 devstack sudo[94580]: quobyte : PWD=/ ; USER=root ; COMMAND=/opt/stack/data/venv/bin/cinder-rootwrap /etc/cinder/rootwrap.conf env LC_ALL=C qemu-img info -f qcow2 --output=json --force-share /opt/stack/data/cinder/mnt/d0017b2bb69daf78c17887cf17136187/volume-e9462c5d-0f15-4034-84bc-80a17288f43b
Sep 07 16:46:41 devstack sudo[94580]: pam_unix(sudo:session): session opened for user root(uid=0) by (uid=1000)
Sep 07 16:46:41 devstack sudo[94581]: pam_unix(sudo:session): session closed for user root
Sep 07 16:46:41 devstack cinder-volume[87492]: DEBUG oslo_concurrency.processutils [None req-adce23bd-4b16-4f76-ab73-c488d4a4ec00 tempest-GroupsV314Test-1527352611 None] CMD "sudo cinder-rootwrap /etc/cinder/rootwrap.conf truncate -s0 /opt/stack/data/cinder/mnt/d0017b2bb69daf78c17887cf17136187/volume-b5566832-bf7b-4b07-8d5c-e8209f14bdf9.info" returned: 0 in 0.376s {{(pid=87492) execute /opt/stack/data/venv/lib/python3.12/site-packages/oslo_concurrency/processutils.py:468}}
Sep 07 16:46:41 devstack cinder-volume[87492]: WARNING cinder.volume.drivers.remotefs [None req-adce23bd-4b16-4f76-ab73-c488d4a4ec00 tempest-GroupsV314Test-1527352611 None] /opt/stack/data/cinder/mnt/d0017b2bb69daf78c17887cf17136187/volume-b5566832-bf7b-4b07-8d5c-e8209f14bdf9.info is being set with open permissions: ugo+rw: NotImplementedError
Sep 07 16:46:41 devstack cinder-volume[87492]: DEBUG oslo_concurrency.processutils [None req-adce23bd-4b16-4f76-ab73-c488d4a4ec00 tempest-GroupsV314Test-1527352611 None] Running cmd (subprocess): sudo cinder-rootwrap /etc/cinder/rootwrap.conf chmod ugo+rw /opt/stack/data/cinder/mnt/d0017b2bb69daf78c17887cf17136187/volume-b5566832-bf7b-4b07-8d5c-e8209f14bdf9.info {{(pid=87492) execute /opt/stack/data/venv/lib/python3.12/site-packages/oslo_concurrency/processutils.py:440}}
Sep 07 16:46:41 devstack sudo[94590]: quobyte : PWD=/ ; USER=root ; COMMAND=/opt/stack/data/venv/bin/cinder-rootwrap /etc/cinder/rootwrap.conf chmod ugo+rw /opt/stack/data/cinder/mnt/d0017b2bb69daf78c17887cf17136187/volume-b5566832-bf7b-4b07-8d5c-e8209f14bdf9.info
Sep 07 16:46:41 devstack sudo[94590]: pam_unix(sudo:session): session opened for user root(uid=0) by (uid=1000)
Sep 07 16:46:41 devstack sudo[94580]: pam_unix(sudo:session): session closed for user root
Sep 07 16:46:41 devstack cinder-volume[87492]: DEBUG oslo_concurrency.processutils [None req-a5f45ee0-f40b-4fc6-a957-e88373c29891 tempest-VolumesActionsTest-130855833 None] CMD "/opt/stack/data/venv/bin/python3.12 -m oslo_concurrency.prlimit --as=1073741824 --cpu=60 -- sudo cinder-rootwrap /etc/cinder/rootwrap.conf env LC_ALL=C qemu-img info -f qcow2 --output=json --force-share /opt/stack/data/cinder/mnt/d0017b2bb69daf78c17887cf17136187/volume-e9462c5d-0f15-4034-84bc-80a17288f43b" returned: 0 in 0.455s {{(pid=87492) execute /opt/stack/data/venv/lib/python3.12/site-packages/oslo_concurrency/processutils.py:468}}
Sep 07 16:46:41 devstack cinder-volume[87492]: DEBUG oslo_concurrency.processutils [None req-a5f45ee0-f40b-4fc6-a957-e88373c29891 tempest-VolumesActionsTest-130855833 None] Running cmd (subprocess): sudo cinder-rootwrap /etc/cinder/rootwrap.conf rm -f /opt/stack/data/cinder/mnt/d0017b2bb69daf78c17887cf17136187/volume-e9462c5d-0f15-4034-84bc-80a17288f43b {{(pid=87492) execute /opt/stack/data/venv/lib/python3.12/site-packages/oslo_concurrency/processutils.py:440}}
Sep 07 16:46:41 devstack sudo[94592]: quobyte : PWD=/ ; USER=root ; COMMAND=/opt/stack/data/venv/bin/cinder-rootwrap /etc/cinder/rootwrap.conf rm -f /opt/stack/data/cinder/mnt/d0017b2bb69daf78c17887cf17136187/volume-e9462c5d-0f15-4034-84bc-80a17288f43b
Sep 07 16:46:41 devstack sudo[94592]: pam_unix(sudo:session): session opened for user root(uid=0) by (uid=1000)
Sep 07 16:46:41 devstack sudo[94590]: pam_unix(sudo:session): session closed for user root
Sep 07 16:46:41 devstack cinder-volume[87492]: DEBUG oslo_concurrency.processutils [None req-adce23bd-4b16-4f76-ab73-c488d4a4ec00 tempest-GroupsV314Test-1527352611 None] CMD "sudo cinder-rootwrap /etc/cinder/rootwrap.conf chmod ugo+rw /opt/stack/data/cinder/mnt/d0017b2bb69daf78c17887cf17136187/volume-b5566832-bf7b-4b07-8d5c-e8209f14bdf9.info" returned: 0 in 0.278s {{(pid=87492) execute /opt/stack/data/venv/lib/python3.12/site-packages/oslo_concurrency/processutils.py:468}}
Sep 07 16:46:41 devstack cinder-volume[87492]: DEBUG cinder.coordination [None req-adce23bd-4b16-4f76-ab73-c488d4a4ec00 tempest-GroupsV314Test-1527352611 None] Acquiring lock "cinder-quobyte-812fb008-6d1b-4b6e-bf6b-7293ff471625" by "_copy_volume_from_snapshot" {{(pid=87492) __acquire /opt/stack/cinder/cinder/coordination.py:138}}
Sep 07 16:46:41 devstack sudo[94592]: pam_unix(sudo:session): session closed for user root
Sep 07 16:46:41 devstack cinder-volume[87492]: DEBUG cinder.coordination [None req-adce23bd-4b16-4f76-ab73-c488d4a4ec00 tempest-GroupsV314Test-1527352611 None] Lock "cinder-quobyte-812fb008-6d1b-4b6e-bf6b-7293ff471625" acquired by "_copy_volume_from_snapshot" :: waited 0.020s {{(pid=87492) __acquire /opt/stack/cinder/cinder/coordination.py:141}}
Sep 07 16:46:41 devstack cinder-volume[87492]: DEBUG cinder.volume.drivers.quobyte [None req-adce23bd-4b16-4f76-ab73-c488d4a4ec00 tempest-GroupsV314Test-1527352611 None] snapshot: 5fb0002f-41a8-4aae-9cc9-712016c701b1, volume: 812fb008-6d1b-4b6e-bf6b-7293ff471625, {{(pid=87492) _copy_volume_from_snapshot /opt/stack/cinder/cinder/volume/drivers/quobyte.py:402}}
Sep 07 16:46:41 devstack cinder-volume[87492]: DEBUG oslo_concurrency.lockutils [None req-adce23bd-4b16-4f76-ab73-c488d4a4ec00 tempest-GroupsV314Test-1527352611 None] Acquiring lock "quobyte_ensure" by "cinder.volume.drivers.quobyte.QuobyteDriver._ensure_shares_mounted" {{(pid=87492) inner /opt/stack/data/venv/lib/python3.12/site-packages/oslo_concurrency/lockutils.py:512}}
Sep 07 16:46:41 devstack cinder-volume[87492]: DEBUG oslo_concurrency.lockutils [None req-adce23bd-4b16-4f76-ab73-c488d4a4ec00 tempest-GroupsV314Test-1527352611 None] Lock "quobyte_ensure" acquired by "cinder.volume.drivers.quobyte.QuobyteDriver._ensure_shares_mounted" :: waited 0.001s {{(pid=87492) inner /opt/stack/data/venv/lib/python3.12/site-packages/oslo_concurrency/lockutils.py:525}}
Sep 07 16:46:41 devstack cinder-volume[87492]: DEBUG cinder.volume.drivers.quobyte [None req-adce23bd-4b16-4f76-ab73-c488d4a4ec00 tempest-GroupsV314Test-1527352611 None] Quobyte Volume URL set to: {'osci02.corp.quobyte.com/cinder-vol-9ba7c2b3-cef7-4020-9cff-e0f1e3bbb10d': None} {{(pid=87492) _load_shares_config /opt/stack/cinder/cinder/volume/drivers/quobyte.py:662}}
Sep 07 16:46:41 devstack cinder-volume[87492]: DEBUG cinder.volume.drivers.quobyte [None req-adce23bd-4b16-4f76-ab73-c488d4a4ec00 tempest-GroupsV314Test-1527352611 None] Available shares ['osci02.corp.quobyte.com/cinder-vol-9ba7c2b3-cef7-4020-9cff-e0f1e3bbb10d'] {{(pid=87492) _ensure_shares_mounted /opt/stack/cinder/cinder/volume/drivers/quobyte.py:692}}
Sep 07 16:46:41 devstack cinder-volume[87492]: DEBUG oslo_concurrency.lockutils [None req-adce23bd-4b16-4f76-ab73-c488d4a4ec00 tempest-GroupsV314Test-1527352611 None] Lock "quobyte_ensure" "released" by "cinder.volume.drivers.quobyte.QuobyteDriver._ensure_shares_mounted" :: held 0.006s {{(pid=87492) inner /opt/stack/data/venv/lib/python3.12/site-packages/oslo_concurrency/lockutils.py:544}}
Sep 07 16:46:41 devstack cinder-volume[87492]: DEBUG oslo_concurrency.processutils [None req-a5f45ee0-f40b-4fc6-a957-e88373c29891 tempest-VolumesActionsTest-130855833 None] CMD "sudo cinder-rootwrap /etc/cinder/rootwrap.conf rm -f /opt/stack/data/cinder/mnt/d0017b2bb69daf78c17887cf17136187/volume-e9462c5d-0f15-4034-84bc-80a17288f43b" returned: 0 in 0.305s {{(pid=87492) execute /opt/stack/data/venv/lib/python3.12/site-packages/oslo_concurrency/processutils.py:468}}
Sep 07 16:46:41 devstack cinder-volume[87492]: DEBUG cinder.coordination [None req-a5f45ee0-f40b-4fc6-a957-e88373c29891 tempest-VolumesActionsTest-130855833 None] Lock "cinder-quobyte-e9462c5d-0f15-4034-84bc-80a17288f43b" released by "delete_volume" :: held 0.813s {{(pid=87492) __release /opt/stack/cinder/cinder/coordination.py:152}}
Sep 07 16:46:41 devstack cinder-volume[87492]: DEBUG oslo.privsep.daemon [-] privsep: reply[6b954bf1-2bac-4044-8a15-f72188d7d583]: (4, 'qcow2') {{(pid=88861) _call_back /opt/stack/data/venv/lib/python3.12/site-packages/oslo_privsep/daemon.py:580}}
Sep 07 16:46:41 devstack cinder-volume[87492]: DEBUG oslo_concurrency.processutils [None req-adce23bd-4b16-4f76-ab73-c488d4a4ec00 tempest-GroupsV314Test-1527352611 None] Running cmd (subprocess): /opt/stack/data/venv/bin/python3.12 -m oslo_concurrency.prlimit --as=1073741824 --cpu=60 -- sudo cinder-rootwrap /etc/cinder/rootwrap.conf env LC_ALL=C qemu-img info -f qcow2 --output=json --force-share /opt/stack/data/cinder/mnt/d0017b2bb69daf78c17887cf17136187/volume-b5566832-bf7b-4b07-8d5c-e8209f14bdf9.5fb0002f-41a8-4aae-9cc9-712016c701b1 {{(pid=87492) execute /opt/stack/data/venv/lib/python3.12/site-packages/oslo_concurrency/processutils.py:440}}
Sep 07 16:46:42 devstack cinder-volume[87492]: DEBUG cinder.quota [None req-a5f45ee0-f40b-4fc6-a957-e88373c29891 tempest-VolumesActionsTest-130855833 None] Created reservations ['9d0ead0a-c48b-489e-a879-95fcb8836c1d', '6b4a7677-57b7-4ab5-8b05-8e0854c819a7', '717f1647-045b-45fb-b6eb-154d7abbc7bb', '2a6707f1-c2b5-4a0a-ad88-0e83ccb78f02'] {{(pid=87492) reserve /opt/stack/cinder/cinder/quota.py:752}}
Sep 07 16:46:42 devstack sudo[94601]: quobyte : PWD=/ ; USER=root ; COMMAND=/opt/stack/data/venv/bin/cinder-rootwrap /etc/cinder/rootwrap.conf env LC_ALL=C qemu-img info -f qcow2 --output=json --force-share /opt/stack/data/cinder/mnt/d0017b2bb69daf78c17887cf17136187/volume-b5566832-bf7b-4b07-8d5c-e8209f14bdf9.5fb0002f-41a8-4aae-9cc9-712016c701b1
Sep 07 16:46:42 devstack cinder-volume[87492]: DEBUG oslo_concurrency.lockutils [None req-a5f45ee0-f40b-4fc6-a957-e88373c29891 tempest-VolumesActionsTest-130855833 None] Acquiring lock "quobyte_ensure" by "cinder.volume.drivers.quobyte.QuobyteDriver._ensure_shares_mounted" {{(pid=87492) inner /opt/stack/data/venv/lib/python3.12/site-packages/oslo_concurrency/lockutils.py:512}}
Sep 07 16:46:42 devstack cinder-volume[87492]: DEBUG oslo_concurrency.lockutils [None req-a5f45ee0-f40b-4fc6-a957-e88373c29891 tempest-VolumesActionsTest-130855833 None] Lock "quobyte_ensure" acquired by "cinder.volume.drivers.quobyte.QuobyteDriver._ensure_shares_mounted" :: waited 0.001s {{(pid=87492) inner /opt/stack/data/venv/lib/python3.12/site-packages/oslo_concurrency/lockutils.py:525}}
Sep 07 16:46:42 devstack cinder-volume[87492]: DEBUG cinder.volume.drivers.quobyte [None req-a5f45ee0-f40b-4fc6-a957-e88373c29891 tempest-VolumesActionsTest-130855833 None] Quobyte Volume URL set to: {'osci02.corp.quobyte.com/cinder-vol-9ba7c2b3-cef7-4020-9cff-e0f1e3bbb10d': None} {{(pid=87492) _load_shares_config /opt/stack/cinder/cinder/volume/drivers/quobyte.py:662}}
Sep 07 16:46:42 devstack sudo[94601]: pam_unix(sudo:session): session opened for user root(uid=0) by (uid=1000)
Sep 07 16:46:42 devstack cinder-volume[87492]: DEBUG cinder.volume.drivers.quobyte [None req-a5f45ee0-f40b-4fc6-a957-e88373c29891 tempest-VolumesActionsTest-130855833 None] Available shares ['osci02.corp.quobyte.com/cinder-vol-9ba7c2b3-cef7-4020-9cff-e0f1e3bbb10d'] {{(pid=87492) _ensure_shares_mounted /opt/stack/cinder/cinder/volume/drivers/quobyte.py:692}}
Sep 07 16:46:42 devstack cinder-volume[87492]: DEBUG oslo_concurrency.lockutils [None req-a5f45ee0-f40b-4fc6-a957-e88373c29891 tempest-VolumesActionsTest-130855833 None] Lock "quobyte_ensure" "released" by "cinder.volume.drivers.quobyte.QuobyteDriver._ensure_shares_mounted" :: held 0.008s {{(pid=87492) inner /opt/stack/data/venv/lib/python3.12/site-packages/oslo_concurrency/lockutils.py:544}}
Sep 07 16:46:42 devstack cinder-volume[87492]: DEBUG oslo_concurrency.processutils [None req-a5f45ee0-f40b-4fc6-a957-e88373c29891 tempest-VolumesActionsTest-130855833 None] Running cmd (subprocess): sudo cinder-rootwrap /etc/cinder/rootwrap.conf df --portability --block-size 1 /opt/stack/data/cinder/mnt/d0017b2bb69daf78c17887cf17136187 {{(pid=87492) execute /opt/stack/data/venv/lib/python3.12/site-packages/oslo_concurrency/processutils.py:440}}
Sep 07 16:46:42 devstack sudo[94603]: quobyte : PWD=/ ; USER=root ; COMMAND=/opt/stack/data/venv/bin/cinder-rootwrap /etc/cinder/rootwrap.conf df --portability --block-size 1 /opt/stack/data/cinder/mnt/d0017b2bb69daf78c17887cf17136187
Sep 07 16:46:42 devstack sudo[94603]: pam_unix(sudo:session): session opened for user root(uid=0) by (uid=1000)
Sep 07 16:46:42 devstack sudo[94603]: pam_unix(sudo:session): session closed for user root
Sep 07 16:46:42 devstack cinder-volume[87492]: DEBUG oslo_concurrency.processutils [None req-a5f45ee0-f40b-4fc6-a957-e88373c29891 tempest-VolumesActionsTest-130855833 None] CMD "sudo cinder-rootwrap /etc/cinder/rootwrap.conf df --portability --block-size 1 /opt/stack/data/cinder/mnt/d0017b2bb69daf78c17887cf17136187" returned: 0 in 0.240s {{(pid=87492) execute /opt/stack/data/venv/lib/python3.12/site-packages/oslo_concurrency/processutils.py:468}}
Sep 07 16:46:42 devstack cinder-volume[87492]: DEBUG cinder.manager [None req-a5f45ee0-f40b-4fc6-a957-e88373c29891 tempest-VolumesActionsTest-130855833 None] Notifying Schedulers of capabilities ... {{(pid=87492) _publish_service_capabilities /opt/stack/cinder/cinder/manager.py:219}}
Sep 07 16:46:42 devstack cinder-volume[87492]: INFO cinder.volume.manager [None req-a5f45ee0-f40b-4fc6-a957-e88373c29891 tempest-VolumesActionsTest-130855833 None] Deleted volume successfully.
Sep 07 16:46:42 devstack sudo[94601]: pam_unix(sudo:session): session closed for user root
Sep 07 16:46:42 devstack cinder-volume[87492]: DEBUG oslo_concurrency.processutils [None req-adce23bd-4b16-4f76-ab73-c488d4a4ec00 tempest-GroupsV314Test-1527352611 None] CMD "/opt/stack/data/venv/bin/python3.12 -m oslo_concurrency.prlimit --as=1073741824 --cpu=60 -- sudo cinder-rootwrap /etc/cinder/rootwrap.conf env LC_ALL=C qemu-img info -f qcow2 --output=json --force-share /opt/stack/data/cinder/mnt/d0017b2bb69daf78c17887cf17136187/volume-b5566832-bf7b-4b07-8d5c-e8209f14bdf9.5fb0002f-41a8-4aae-9cc9-712016c701b1" returned: 0 in 0.392s {{(pid=87492) execute /opt/stack/data/venv/lib/python3.12/site-packages/oslo_concurrency/processutils.py:468}}
Sep 07 16:46:42 devstack cinder-volume[87492]: DEBUG cinder.volume.drivers.remotefs [None req-adce23bd-4b16-4f76-ab73-c488d4a4ec00 tempest-GroupsV314Test-1527352611 None] Fetching qemu-img info with special backing_file_template: (/opt/stack/data/cinder/mnt/[0-9a-f]+/)?(volume-b5566832-bf7b-4b07-8d5c-e8209f14bdf9(.(tmp-snap-)?[0-9a-f-]+)?|volume_from_snapshot_cache/(tmp-snap-)?[0-9a-f-]+(.(child-|parent-)[0-9a-f-]+)?)$ {{(pid=87492) _qemu_img_info_base /opt/stack/cinder/cinder/volume/drivers/remotefs.py:896}}
Sep 07 16:46:42 devstack cinder-volume[87492]: DEBUG oslo.privsep.daemon [-] privsep: reply[98bd202d-2415-4699-a704-64f09d1ce9fe]: (4, 'qcow2') {{(pid=88861) _call_back /opt/stack/data/venv/lib/python3.12/site-packages/oslo_privsep/daemon.py:580}}
Sep 07 16:46:42 devstack cinder-volume[87492]: DEBUG oslo_concurrency.processutils [None req-adce23bd-4b16-4f76-ab73-c488d4a4ec00 tempest-GroupsV314Test-1527352611 None] Running cmd (subprocess): /opt/stack/data/venv/bin/python3.12 -m oslo_concurrency.prlimit --as=1073741824 --cpu=60 -- sudo cinder-rootwrap /etc/cinder/rootwrap.conf env LC_ALL=C qemu-img info -f qcow2 --output=json --force-share /opt/stack/data/cinder/mnt/d0017b2bb69daf78c17887cf17136187/volume-b5566832-bf7b-4b07-8d5c-e8209f14bdf9 {{(pid=87492) execute /opt/stack/data/venv/lib/python3.12/site-packages/oslo_concurrency/processutils.py:440}}
Sep 07 16:46:42 devstack cinder-volume[87492]: DEBUG cinder.coordination [None req-a5f45ee0-f40b-4fc6-a957-e88373c29891 tempest-VolumesActionsTest-130855833 None] Lock "cinder-e9462c5d-0f15-4034-84bc-80a17288f43b-delete_volume" released by "delete_volume" :: held 1.305s {{(pid=87492) __release /opt/stack/cinder/cinder/coordination.py:152}}
Sep 07 16:46:42 devstack sudo[94609]: quobyte : PWD=/ ; USER=root ; COMMAND=/opt/stack/data/venv/bin/cinder-rootwrap /etc/cinder/rootwrap.conf env LC_ALL=C qemu-img info -f qcow2 --output=json --force-share /opt/stack/data/cinder/mnt/d0017b2bb69daf78c17887cf17136187/volume-b5566832-bf7b-4b07-8d5c-e8209f14bdf9
Sep 07 16:46:42 devstack sudo[94609]: pam_unix(sudo:session): session opened for user root(uid=0) by (uid=1000)
Sep 07 16:46:42 devstack sudo[94609]: pam_unix(sudo:session): session closed for user root
Sep 07 16:46:42 devstack cinder-volume[87492]: DEBUG oslo_concurrency.processutils [None req-adce23bd-4b16-4f76-ab73-c488d4a4ec00 tempest-GroupsV314Test-1527352611 None] CMD "/opt/stack/data/venv/bin/python3.12 -m oslo_concurrency.prlimit --as=1073741824 --cpu=60 -- sudo cinder-rootwrap /etc/cinder/rootwrap.conf env LC_ALL=C qemu-img info -f qcow2 --output=json --force-share /opt/stack/data/cinder/mnt/d0017b2bb69daf78c17887cf17136187/volume-b5566832-bf7b-4b07-8d5c-e8209f14bdf9" returned: 0 in 0.416s {{(pid=87492) execute /opt/stack/data/venv/lib/python3.12/site-packages/oslo_concurrency/processutils.py:468}}
Sep 07 16:46:42 devstack cinder-volume[87492]: DEBUG cinder.volume.drivers.quobyte [None req-adce23bd-4b16-4f76-ab73-c488d4a4ec00 tempest-GroupsV314Test-1527352611 None] will copy from snapshot at /opt/stack/data/cinder/mnt/d0017b2bb69daf78c17887cf17136187/volume-b5566832-bf7b-4b07-8d5c-e8209f14bdf9 {{(pid=87492) _copy_volume_from_snapshot /opt/stack/cinder/cinder/volume/drivers/quobyte.py:423}}
Sep 07 16:46:42 devstack cinder-volume[87492]: DEBUG cinder.volume.drivers.quobyte [None req-adce23bd-4b16-4f76-ab73-c488d4a4ec00 tempest-GroupsV314Test-1527352611 None] Creating direct copy from snapshot {{(pid=87492) _copy_volume_from_snapshot /opt/stack/cinder/cinder/volume/drivers/quobyte.py:431}}
Sep 07 16:46:42 devstack cinder-volume[87492]: DEBUG cinder.utils [None req-adce23bd-4b16-4f76-ab73-c488d4a4ec00 tempest-GroupsV314Test-1527352611 None] Path /opt/stack/data/cinder/mnt/d0017b2bb69daf78c17887cf17136187/volume-812fb008-6d1b-4b6e-bf6b-7293ff471625 not found in is_blk_device check {{(pid=87492) is_blk_device /opt/stack/cinder/cinder/utils.py:622}}
Sep 07 16:46:42 devstack cinder-volume[87492]: DEBUG oslo_concurrency.processutils [None req-adce23bd-4b16-4f76-ab73-c488d4a4ec00 tempest-GroupsV314Test-1527352611 None] Running cmd (subprocess): sudo cinder-rootwrap /etc/cinder/rootwrap.conf qemu-img convert -O qcow2 /opt/stack/data/cinder/mnt/d0017b2bb69daf78c17887cf17136187/volume-b5566832-bf7b-4b07-8d5c-e8209f14bdf9 /opt/stack/data/cinder/mnt/d0017b2bb69daf78c17887cf17136187/volume-812fb008-6d1b-4b6e-bf6b-7293ff471625 {{(pid=87492) execute /opt/stack/data/venv/lib/python3.12/site-packages/oslo_concurrency/processutils.py:440}}
Sep 07 16:46:42 devstack sudo[94616]: quobyte : PWD=/ ; USER=root ; COMMAND=/opt/stack/data/venv/bin/cinder-rootwrap /etc/cinder/rootwrap.conf qemu-img convert -O qcow2 /opt/stack/data/cinder/mnt/d0017b2bb69daf78c17887cf17136187/volume-b5566832-bf7b-4b07-8d5c-e8209f14bdf9 /opt/stack/data/cinder/mnt/d0017b2bb69daf78c17887cf17136187/volume-812fb008-6d1b-4b6e-bf6b-7293ff471625
Sep 07 16:46:42 devstack sudo[94616]: pam_unix(sudo:session): session opened for user root(uid=0) by (uid=1000)
Sep 07 16:46:49 devstack sudo[94616]: pam_unix(sudo:session): session closed for user root
Sep 07 16:46:49 devstack cinder-volume[87492]: DEBUG oslo_concurrency.processutils [None req-adce23bd-4b16-4f76-ab73-c488d4a4ec00 tempest-GroupsV314Test-1527352611 None] CMD "sudo cinder-rootwrap /etc/cinder/rootwrap.conf qemu-img convert -O qcow2 /opt/stack/data/cinder/mnt/d0017b2bb69daf78c17887cf17136187/volume-b5566832-bf7b-4b07-8d5c-e8209f14bdf9 /opt/stack/data/cinder/mnt/d0017b2bb69daf78c17887cf17136187/volume-812fb008-6d1b-4b6e-bf6b-7293ff471625" returned: 0 in 6.779s {{(pid=87492) execute /opt/stack/data/venv/lib/python3.12/site-packages/oslo_concurrency/processutils.py:468}}
Sep 07 16:46:49 devstack cinder-volume[87492]: DEBUG cinder.image.image_utils [None req-adce23bd-4b16-4f76-ab73-c488d4a4ec00 tempest-GroupsV314Test-1527352611 None] Image conversion details: src /opt/stack/data/cinder/mnt/d0017b2bb69daf78c17887cf17136187/volume-b5566832-bf7b-4b07-8d5c-e8209f14bdf9, size 1024.00 MB, duration 6.78 sec, destination /opt/stack/data/cinder/mnt/d0017b2bb69daf78c17887cf17136187/volume-812fb008-6d1b-4b6e-bf6b-7293ff471625 {{(pid=87492) _convert_image /opt/stack/cinder/cinder/image/image_utils.py:536}}
Sep 07 16:46:49 devstack cinder-volume[87492]: INFO cinder.image.image_utils [None req-adce23bd-4b16-4f76-ab73-c488d4a4ec00 tempest-GroupsV314Test-1527352611 None] Converted 1024.00 MB image at 151.02 MB/s
Sep 07 16:46:49 devstack cinder-volume[87492]: WARNING cinder.volume.drivers.remotefs [None req-adce23bd-4b16-4f76-ab73-c488d4a4ec00 tempest-GroupsV314Test-1527352611 None] /opt/stack/data/cinder/mnt/d0017b2bb69daf78c17887cf17136187/volume-812fb008-6d1b-4b6e-bf6b-7293ff471625 is being set with open permissions: ugo+rw: NotImplementedError
Sep 07 16:46:49 devstack cinder-volume[87492]: DEBUG oslo_concurrency.processutils [None req-adce23bd-4b16-4f76-ab73-c488d4a4ec00 tempest-GroupsV314Test-1527352611 None] Running cmd (subprocess): sudo cinder-rootwrap /etc/cinder/rootwrap.conf chmod ugo+rw /opt/stack/data/cinder/mnt/d0017b2bb69daf78c17887cf17136187/volume-812fb008-6d1b-4b6e-bf6b-7293ff471625 {{(pid=87492) execute /opt/stack/data/venv/lib/python3.12/site-packages/oslo_concurrency/processutils.py:440}}
Sep 07 16:46:49 devstack sudo[95133]: quobyte : PWD=/ ; USER=root ; COMMAND=/opt/stack/data/venv/bin/cinder-rootwrap /etc/cinder/rootwrap.conf chmod ugo+rw /opt/stack/data/cinder/mnt/d0017b2bb69daf78c17887cf17136187/volume-812fb008-6d1b-4b6e-bf6b-7293ff471625
Sep 07 16:46:49 devstack sudo[95133]: pam_unix(sudo:session): session opened for user root(uid=0) by (uid=1000)
Sep 07 16:46:49 devstack sudo[95133]: pam_unix(sudo:session): session closed for user root
Sep 07 16:46:49 devstack cinder-volume[87492]: DEBUG oslo_concurrency.processutils [None req-adce23bd-4b16-4f76-ab73-c488d4a4ec00 tempest-GroupsV314Test-1527352611 None] CMD "sudo cinder-rootwrap /etc/cinder/rootwrap.conf chmod ugo+rw /opt/stack/data/cinder/mnt/d0017b2bb69daf78c17887cf17136187/volume-812fb008-6d1b-4b6e-bf6b-7293ff471625" returned: 0 in 0.366s {{(pid=87492) execute /opt/stack/data/venv/lib/python3.12/site-packages/oslo_concurrency/processutils.py:468}}
Sep 07 16:46:49 devstack cinder-volume[87492]: DEBUG cinder.coordination [None req-adce23bd-4b16-4f76-ab73-c488d4a4ec00 tempest-GroupsV314Test-1527352611 None] Lock "cinder-quobyte-812fb008-6d1b-4b6e-bf6b-7293ff471625" released by "_copy_volume_from_snapshot" :: held 8.040s {{(pid=87492) __release /opt/stack/cinder/cinder/coordination.py:152}}
Sep 07 16:46:49 devstack cinder-volume[87492]: DEBUG cinder.coordination [None req-adce23bd-4b16-4f76-ab73-c488d4a4ec00 tempest-GroupsV314Test-1527352611 None] Acquiring lock "cinder-quobyte-5fb0002f-41a8-4aae-9cc9-712016c701b1" by "_delete_snapshot" {{(pid=87492) __acquire /opt/stack/cinder/cinder/coordination.py:138}}
Sep 07 16:46:50 devstack cinder-volume[87492]: DEBUG cinder.coordination [None req-adce23bd-4b16-4f76-ab73-c488d4a4ec00 tempest-GroupsV314Test-1527352611 None] Lock "cinder-quobyte-5fb0002f-41a8-4aae-9cc9-712016c701b1" acquired by "_delete_snapshot" :: waited 0.017s {{(pid=87492) __acquire /opt/stack/cinder/cinder/coordination.py:141}}
Sep 07 16:46:50 devstack cinder-volume[87492]: DEBUG cinder.volume.drivers.remotefs [None req-adce23bd-4b16-4f76-ab73-c488d4a4ec00 tempest-GroupsV314Test-1527352611 None] Deleting offline snapshot 5fb0002f-41a8-4aae-9cc9-712016c701b1 of volume b5566832-bf7b-4b07-8d5c-e8209f14bdf9 {{(pid=87492) _delete_snapshot /opt/stack/cinder/cinder/volume/drivers/remotefs.py:1288}}
Sep 07 16:46:50 devstack cinder-volume[87492]: DEBUG cinder.volume.drivers.remotefs [None req-adce23bd-4b16-4f76-ab73-c488d4a4ec00 tempest-GroupsV314Test-1527352611 None] snapshot_file for this snap is: volume-b5566832-bf7b-4b07-8d5c-e8209f14bdf9.5fb0002f-41a8-4aae-9cc9-712016c701b1 {{(pid=87492) _delete_snapshot /opt/stack/cinder/cinder/volume/drivers/remotefs.py:1317}}
Sep 07 16:46:50 devstack cinder-volume[87492]: DEBUG oslo.privsep.daemon [-] privsep: reply[ee5f01ae-ee4d-4bf3-adf8-7fc003b4d5cd]: (4, 'qcow2') {{(pid=88861) _call_back /opt/stack/data/venv/lib/python3.12/site-packages/oslo_privsep/daemon.py:580}}
Sep 07 16:46:50 devstack cinder-volume[87492]: DEBUG oslo_concurrency.processutils [None req-adce23bd-4b16-4f76-ab73-c488d4a4ec00 tempest-GroupsV314Test-1527352611 None] Running cmd (subprocess): /opt/stack/data/venv/bin/python3.12 -m oslo_concurrency.prlimit --as=1073741824 --cpu=60 -- sudo cinder-rootwrap /etc/cinder/rootwrap.conf env LC_ALL=C qemu-img info -f qcow2 --output=json --force-share /opt/stack/data/cinder/mnt/d0017b2bb69daf78c17887cf17136187/volume-b5566832-bf7b-4b07-8d5c-e8209f14bdf9.5fb0002f-41a8-4aae-9cc9-712016c701b1 {{(pid=87492) execute /opt/stack/data/venv/lib/python3.12/site-packages/oslo_concurrency/processutils.py:440}}
Sep 07 16:46:50 devstack sudo[95142]: quobyte : PWD=/ ; USER=root ; COMMAND=/opt/stack/data/venv/bin/cinder-rootwrap /etc/cinder/rootwrap.conf env LC_ALL=C qemu-img info -f qcow2 --output=json --force-share /opt/stack/data/cinder/mnt/d0017b2bb69daf78c17887cf17136187/volume-b5566832-bf7b-4b07-8d5c-e8209f14bdf9.5fb0002f-41a8-4aae-9cc9-712016c701b1
Sep 07 16:46:50 devstack sudo[95142]: pam_unix(sudo:session): session opened for user root(uid=0) by (uid=1000)
Sep 07 16:46:50 devstack sudo[95142]: pam_unix(sudo:session): session closed for user root
Sep 07 16:46:50 devstack cinder-volume[87492]: DEBUG oslo_concurrency.processutils [None req-adce23bd-4b16-4f76-ab73-c488d4a4ec00 tempest-GroupsV314Test-1527352611 None] CMD "/opt/stack/data/venv/bin/python3.12 -m oslo_concurrency.prlimit --as=1073741824 --cpu=60 -- sudo cinder-rootwrap /etc/cinder/rootwrap.conf env LC_ALL=C qemu-img info -f qcow2 --output=json --force-share /opt/stack/data/cinder/mnt/d0017b2bb69daf78c17887cf17136187/volume-b5566832-bf7b-4b07-8d5c-e8209f14bdf9.5fb0002f-41a8-4aae-9cc9-712016c701b1" returned: 0 in 0.443s {{(pid=87492) execute /opt/stack/data/venv/lib/python3.12/site-packages/oslo_concurrency/processutils.py:468}}
Sep 07 16:46:50 devstack cinder-volume[87492]: DEBUG cinder.volume.drivers.remotefs [None req-adce23bd-4b16-4f76-ab73-c488d4a4ec00 tempest-GroupsV314Test-1527352611 None] Fetching qemu-img info with special backing_file_template: (/opt/stack/data/cinder/mnt/[0-9a-f]+/)?(volume-b5566832-bf7b-4b07-8d5c-e8209f14bdf9(.(tmp-snap-)?[0-9a-f-]+)?|volume_from_snapshot_cache/(tmp-snap-)?[0-9a-f-]+(.(child-|parent-)[0-9a-f-]+)?)$ {{(pid=87492) _qemu_img_info_base /opt/stack/cinder/cinder/volume/drivers/remotefs.py:896}}
Sep 07 16:46:50 devstack cinder-volume[87492]: DEBUG oslo.privsep.daemon [-] privsep: reply[7f755db0-711f-45d4-b06b-46da4f4e9a0e]: (4, 'qcow2') {{(pid=88861) _call_back /opt/stack/data/venv/lib/python3.12/site-packages/oslo_privsep/daemon.py:580}}
Sep 07 16:46:50 devstack cinder-volume[87492]: DEBUG oslo_concurrency.processutils [None req-adce23bd-4b16-4f76-ab73-c488d4a4ec00 tempest-GroupsV314Test-1527352611 None] Running cmd (subprocess): /opt/stack/data/venv/bin/python3.12 -m oslo_concurrency.prlimit --as=1073741824 --cpu=60 -- sudo cinder-rootwrap /etc/cinder/rootwrap.conf env LC_ALL=C qemu-img info -f qcow2 --output=json --force-share /opt/stack/data/cinder/mnt/d0017b2bb69daf78c17887cf17136187/volume-b5566832-bf7b-4b07-8d5c-e8209f14bdf9 {{(pid=87492) execute /opt/stack/data/venv/lib/python3.12/site-packages/oslo_concurrency/processutils.py:440}}
Sep 07 16:46:50 devstack sudo[95149]: quobyte : PWD=/ ; USER=root ; COMMAND=/opt/stack/data/venv/bin/cinder-rootwrap /etc/cinder/rootwrap.conf env LC_ALL=C qemu-img info -f qcow2 --output=json --force-share /opt/stack/data/cinder/mnt/d0017b2bb69daf78c17887cf17136187/volume-b5566832-bf7b-4b07-8d5c-e8209f14bdf9
Sep 07 16:46:50 devstack sudo[95149]: pam_unix(sudo:session): session opened for user root(uid=0) by (uid=1000)
Sep 07 16:46:51 devstack sudo[95149]: pam_unix(sudo:session): session closed for user root
Sep 07 16:46:51 devstack cinder-volume[87492]: DEBUG oslo_concurrency.processutils [None req-adce23bd-4b16-4f76-ab73-c488d4a4ec00 tempest-GroupsV314Test-1527352611 None] CMD "/opt/stack/data/venv/bin/python3.12 -m oslo_concurrency.prlimit --as=1073741824 --cpu=60 -- sudo cinder-rootwrap /etc/cinder/rootwrap.conf env LC_ALL=C qemu-img info -f qcow2 --output=json --force-share /opt/stack/data/cinder/mnt/d0017b2bb69daf78c17887cf17136187/volume-b5566832-bf7b-4b07-8d5c-e8209f14bdf9" returned: 0 in 0.732s {{(pid=87492) execute /opt/stack/data/venv/lib/python3.12/site-packages/oslo_concurrency/processutils.py:468}}
