Apr 07 06:06:25 devstack cinder-volume[83450]: DEBUG oslo_concurrency.processutils [None req-f41ba9e1-6eaa-430e-b963-834ef57dd1d9 tempest-GroupsV314Test-1426359515 None] Running cmd (subprocess): /opt/stack/data/venv/bin/python3.10 -m oslo_concurrency.prlimit --as=1073741824 --cpu=60 -- sudo cinder-rootwrap /etc/cinder/rootwrap.conf env LC_ALL=C qemu-img info -f qcow2 --output=json --force-share /opt/stack/data/cinder/mnt/ee9e43bf08b167c2d6002d7ecc0f5154/volume-0cd9e12a-b00d-446b-adcb-2eaaef893840 {{(pid=83450) execute /opt/stack/data/venv/lib/python3.10/site-packages/oslo_concurrency/processutils.py:440}}
Apr 07 06:06:25 devstack sudo[84771]: quobyte : PWD=/ ; USER=root ; COMMAND=/opt/stack/data/venv/bin/cinder-rootwrap /etc/cinder/rootwrap.conf env LC_ALL=C qemu-img info -f qcow2 --output=json --force-share /opt/stack/data/cinder/mnt/ee9e43bf08b167c2d6002d7ecc0f5154/volume-0cd9e12a-b00d-446b-adcb-2eaaef893840
Apr 07 06:06:25 devstack sudo[84771]: pam_unix(sudo:session): session opened for user root(uid=0) by (uid=1000)
Apr 07 06:06:26 devstack sudo[84771]: pam_unix(sudo:session): session closed for user root
Apr 07 06:06:26 devstack cinder-volume[83450]: DEBUG oslo_concurrency.processutils [None req-f41ba9e1-6eaa-430e-b963-834ef57dd1d9 tempest-GroupsV314Test-1426359515 None] CMD "/opt/stack/data/venv/bin/python3.10 -m oslo_concurrency.prlimit --as=1073741824 --cpu=60 -- sudo cinder-rootwrap /etc/cinder/rootwrap.conf env LC_ALL=C qemu-img info -f qcow2 --output=json --force-share /opt/stack/data/cinder/mnt/ee9e43bf08b167c2d6002d7ecc0f5154/volume-0cd9e12a-b00d-446b-adcb-2eaaef893840" returned: 0 in 1.089s {{(pid=83450) execute /opt/stack/data/venv/lib/python3.10/site-packages/oslo_concurrency/processutils.py:468}}
Apr 07 06:06:26 devstack cinder-volume[83450]: DEBUG oslo_concurrency.processutils [None req-f41ba9e1-6eaa-430e-b963-834ef57dd1d9 tempest-GroupsV314Test-1426359515 None] Running cmd (subprocess): sudo cinder-rootwrap /etc/cinder/rootwrap.conf qemu-img create -f qcow2 -o backing_file=/opt/stack/data/cinder/mnt/ee9e43bf08b167c2d6002d7ecc0f5154/volume-0cd9e12a-b00d-446b-adcb-2eaaef893840,backing_fmt=qcow2 /opt/stack/data/cinder/mnt/ee9e43bf08b167c2d6002d7ecc0f5154/volume-0cd9e12a-b00d-446b-adcb-2eaaef893840.b771b884-5c0f-43c7-94ba-e7c8d4b32816 1G {{(pid=83450) execute /opt/stack/data/venv/lib/python3.10/site-packages/oslo_concurrency/processutils.py:440}}
Apr 07 06:06:26 devstack sudo[84780]: quobyte : PWD=/ ; USER=root ; COMMAND=/opt/stack/data/venv/bin/cinder-rootwrap /etc/cinder/rootwrap.conf qemu-img create -f qcow2 -o backing_file=/opt/stack/data/cinder/mnt/ee9e43bf08b167c2d6002d7ecc0f5154/volume-0cd9e12a-b00d-446b-adcb-2eaaef893840,backing_fmt=qcow2 /opt/stack/data/cinder/mnt/ee9e43bf08b167c2d6002d7ecc0f5154/volume-0cd9e12a-b00d-446b-adcb-2eaaef893840.b771b884-5c0f-43c7-94ba-e7c8d4b32816 1G
Apr 07 06:06:26 devstack sudo[84780]: pam_unix(sudo:session): session opened for user root(uid=0) by (uid=1000)
Apr 07 06:06:27 devstack sudo[84780]: pam_unix(sudo:session): session closed for user root
Apr 07 06:06:27 devstack cinder-volume[83450]: DEBUG oslo_concurrency.processutils [None req-f41ba9e1-6eaa-430e-b963-834ef57dd1d9 tempest-GroupsV314Test-1426359515 None] CMD "sudo cinder-rootwrap /etc/cinder/rootwrap.conf qemu-img create -f qcow2 -o backing_file=/opt/stack/data/cinder/mnt/ee9e43bf08b167c2d6002d7ecc0f5154/volume-0cd9e12a-b00d-446b-adcb-2eaaef893840,backing_fmt=qcow2 /opt/stack/data/cinder/mnt/ee9e43bf08b167c2d6002d7ecc0f5154/volume-0cd9e12a-b00d-446b-adcb-2eaaef893840.b771b884-5c0f-43c7-94ba-e7c8d4b32816 1G" returned: 0 in 0.930s {{(pid=83450) execute /opt/stack/data/venv/lib/python3.10/site-packages/oslo_concurrency/processutils.py:468}}
Apr 07 06:06:27 devstack cinder-volume[83450]: DEBUG oslo_concurrency.processutils [None req-f41ba9e1-6eaa-430e-b963-834ef57dd1d9 tempest-GroupsV314Test-1426359515 None] Running cmd (subprocess): sudo cinder-rootwrap /etc/cinder/rootwrap.conf qemu-img rebase -u -b volume-0cd9e12a-b00d-446b-adcb-2eaaef893840 -F qcow2 /opt/stack/data/cinder/mnt/ee9e43bf08b167c2d6002d7ecc0f5154/volume-0cd9e12a-b00d-446b-adcb-2eaaef893840.b771b884-5c0f-43c7-94ba-e7c8d4b32816 {{(pid=83450) execute /opt/stack/data/venv/lib/python3.10/site-packages/oslo_concurrency/processutils.py:440}}
Apr 07 06:06:27 devstack sudo[84788]: quobyte : PWD=/ ; USER=root ; COMMAND=/opt/stack/data/venv/bin/cinder-rootwrap /etc/cinder/rootwrap.conf qemu-img rebase -u -b volume-0cd9e12a-b00d-446b-adcb-2eaaef893840 -F qcow2 /opt/stack/data/cinder/mnt/ee9e43bf08b167c2d6002d7ecc0f5154/volume-0cd9e12a-b00d-446b-adcb-2eaaef893840.b771b884-5c0f-43c7-94ba-e7c8d4b32816
Apr 07 06:06:27 devstack sudo[84788]: pam_unix(sudo:session): session opened for user root(uid=0) by (uid=1000)
Apr 07 06:06:27 devstack cinder-volume[83450]: INFO cinder.volume.manager [req-ea8f0682-59a6-4f29-975a-39e20b617622 req-b62d5a9c-a5b8-42be-983d-a794c1e3e2d4 tempest-DeleteServersTestJSON-1578197769 None] Terminate volume connection completed successfully.
Apr 07 06:06:27 devstack cinder-volume[83450]: DEBUG cinder.volume.manager [req-ea8f0682-59a6-4f29-975a-39e20b617622 req-b62d5a9c-a5b8-42be-983d-a794c1e3e2d4 tempest-DeleteServersTestJSON-1578197769 None] Deleting attachment c6880b83-96db-43f7-922c-c56897b81110. {{(pid=83450) attachment_delete /opt/stack/cinder/cinder/volume/manager.py:5055}}
Apr 07 06:06:27 devstack sudo[84788]: pam_unix(sudo:session): session closed for user root
Apr 07 06:06:27 devstack cinder-volume[83450]: DEBUG oslo_concurrency.processutils [None req-f41ba9e1-6eaa-430e-b963-834ef57dd1d9 tempest-GroupsV314Test-1426359515 None] CMD "sudo cinder-rootwrap /etc/cinder/rootwrap.conf qemu-img rebase -u -b volume-0cd9e12a-b00d-446b-adcb-2eaaef893840 -F qcow2 /opt/stack/data/cinder/mnt/ee9e43bf08b167c2d6002d7ecc0f5154/volume-0cd9e12a-b00d-446b-adcb-2eaaef893840.b771b884-5c0f-43c7-94ba-e7c8d4b32816" returned: 0 in 0.802s {{(pid=83450) execute /opt/stack/data/venv/lib/python3.10/site-packages/oslo_concurrency/processutils.py:468}}
Apr 07 06:06:27 devstack cinder-volume[83450]: WARNING cinder.volume.drivers.remotefs [None req-f41ba9e1-6eaa-430e-b963-834ef57dd1d9 tempest-GroupsV314Test-1426359515 None] /opt/stack/data/cinder/mnt/ee9e43bf08b167c2d6002d7ecc0f5154/volume-0cd9e12a-b00d-446b-adcb-2eaaef893840.b771b884-5c0f-43c7-94ba-e7c8d4b32816 is being set with open permissions: ugo+rw: NotImplementedError
Apr 07 06:06:27 devstack cinder-volume[83450]: DEBUG oslo_concurrency.processutils [None req-f41ba9e1-6eaa-430e-b963-834ef57dd1d9 tempest-GroupsV314Test-1426359515 None] Running cmd (subprocess): sudo cinder-rootwrap /etc/cinder/rootwrap.conf chmod ugo+rw /opt/stack/data/cinder/mnt/ee9e43bf08b167c2d6002d7ecc0f5154/volume-0cd9e12a-b00d-446b-adcb-2eaaef893840.b771b884-5c0f-43c7-94ba-e7c8d4b32816 {{(pid=83450) execute /opt/stack/data/venv/lib/python3.10/site-packages/oslo_concurrency/processutils.py:440}}
Apr 07 06:06:27 devstack sudo[84795]: quobyte : PWD=/ ; USER=root ; COMMAND=/opt/stack/data/venv/bin/cinder-rootwrap /etc/cinder/rootwrap.conf chmod ugo+rw /opt/stack/data/cinder/mnt/ee9e43bf08b167c2d6002d7ecc0f5154/volume-0cd9e12a-b00d-446b-adcb-2eaaef893840.b771b884-5c0f-43c7-94ba-e7c8d4b32816
Apr 07 06:06:27 devstack sudo[84795]: pam_unix(sudo:session): session opened for user root(uid=0) by (uid=1000)
Apr 07 06:06:28 devstack sudo[84795]: pam_unix(sudo:session): session closed for user root
Apr 07 06:06:28 devstack cinder-volume[83450]: DEBUG oslo_concurrency.processutils [None req-f41ba9e1-6eaa-430e-b963-834ef57dd1d9 tempest-GroupsV314Test-1426359515 None] CMD "sudo cinder-rootwrap /etc/cinder/rootwrap.conf chmod ugo+rw /opt/stack/data/cinder/mnt/ee9e43bf08b167c2d6002d7ecc0f5154/volume-0cd9e12a-b00d-446b-adcb-2eaaef893840.b771b884-5c0f-43c7-94ba-e7c8d4b32816" returned: 0 in 0.636s {{(pid=83450) execute /opt/stack/data/venv/lib/python3.10/site-packages/oslo_concurrency/processutils.py:468}}
Apr 07 06:06:28 devstack cinder-volume[83450]: DEBUG oslo_concurrency.processutils [None req-f41ba9e1-6eaa-430e-b963-834ef57dd1d9 tempest-GroupsV314Test-1426359515 None] Running cmd (subprocess): sudo cinder-rootwrap /etc/cinder/rootwrap.conf truncate -s0 /opt/stack/data/cinder/mnt/ee9e43bf08b167c2d6002d7ecc0f5154/volume-0cd9e12a-b00d-446b-adcb-2eaaef893840.info {{(pid=83450) execute /opt/stack/data/venv/lib/python3.10/site-packages/oslo_concurrency/processutils.py:440}}
Apr 07 06:06:28 devstack sudo[84798]: quobyte : PWD=/ ; USER=root ; COMMAND=/opt/stack/data/venv/bin/cinder-rootwrap /etc/cinder/rootwrap.conf truncate -s0 /opt/stack/data/cinder/mnt/ee9e43bf08b167c2d6002d7ecc0f5154/volume-0cd9e12a-b00d-446b-adcb-2eaaef893840.info
Apr 07 06:06:28 devstack sudo[84798]: pam_unix(sudo:session): session opened for user root(uid=0) by (uid=1000)
Apr 07 06:06:29 devstack sudo[84798]: pam_unix(sudo:session): session closed for user root
Apr 07 06:06:29 devstack cinder-volume[83450]: DEBUG oslo_concurrency.processutils [None req-f41ba9e1-6eaa-430e-b963-834ef57dd1d9 tempest-GroupsV314Test-1426359515 None] CMD "sudo cinder-rootwrap /etc/cinder/rootwrap.conf truncate -s0 /opt/stack/data/cinder/mnt/ee9e43bf08b167c2d6002d7ecc0f5154/volume-0cd9e12a-b00d-446b-adcb-2eaaef893840.info" returned: 0 in 0.769s {{(pid=83450) execute /opt/stack/data/venv/lib/python3.10/site-packages/oslo_concurrency/processutils.py:468}}
Apr 07 06:06:29 devstack cinder-volume[83450]: WARNING cinder.volume.drivers.remotefs [None req-f41ba9e1-6eaa-430e-b963-834ef57dd1d9 tempest-GroupsV314Test-1426359515 None] /opt/stack/data/cinder/mnt/ee9e43bf08b167c2d6002d7ecc0f5154/volume-0cd9e12a-b00d-446b-adcb-2eaaef893840.info is being set with open permissions: ugo+rw: NotImplementedError
Apr 07 06:06:29 devstack cinder-volume[83450]: DEBUG oslo_concurrency.processutils [None req-f41ba9e1-6eaa-430e-b963-834ef57dd1d9 tempest-GroupsV314Test-1426359515 None] Running cmd (subprocess): sudo cinder-rootwrap /etc/cinder/rootwrap.conf chmod ugo+rw /opt/stack/data/cinder/mnt/ee9e43bf08b167c2d6002d7ecc0f5154/volume-0cd9e12a-b00d-446b-adcb-2eaaef893840.info {{(pid=83450) execute /opt/stack/data/venv/lib/python3.10/site-packages/oslo_concurrency/processutils.py:440}}
Apr 07 06:06:29 devstack sudo[84801]: quobyte : PWD=/ ; USER=root ; COMMAND=/opt/stack/data/venv/bin/cinder-rootwrap /etc/cinder/rootwrap.conf chmod ugo+rw /opt/stack/data/cinder/mnt/ee9e43bf08b167c2d6002d7ecc0f5154/volume-0cd9e12a-b00d-446b-adcb-2eaaef893840.info
Apr 07 06:06:29 devstack sudo[84801]: pam_unix(sudo:session): session opened for user root(uid=0) by (uid=1000)
Apr 07 06:06:30 devstack sudo[84801]: pam_unix(sudo:session): session closed for user root
Apr 07 06:06:30 devstack cinder-volume[83450]: DEBUG oslo_concurrency.processutils [None req-f41ba9e1-6eaa-430e-b963-834ef57dd1d9 tempest-GroupsV314Test-1426359515 None] CMD "sudo cinder-rootwrap /etc/cinder/rootwrap.conf chmod ugo+rw /opt/stack/data/cinder/mnt/ee9e43bf08b167c2d6002d7ecc0f5154/volume-0cd9e12a-b00d-446b-adcb-2eaaef893840.info" returned: 0 in 0.773s {{(pid=83450) execute /opt/stack/data/venv/lib/python3.10/site-packages/oslo_concurrency/processutils.py:468}}
Apr 07 06:06:30 devstack cinder-volume[83450]: DEBUG cinder.coordination [None req-f41ba9e1-6eaa-430e-b963-834ef57dd1d9 tempest-GroupsV314Test-1426359515 None] Acquiring lock "cinder-quobyte-0e44dcb2-5d8f-42c7-9bd7-a837e7676bc1" by "_copy_volume_from_snapshot" {{(pid=83450) __acquire /opt/stack/cinder/cinder/coordination.py:138}}
Apr 07 06:06:30 devstack cinder-volume[83450]: DEBUG cinder.coordination [None req-f41ba9e1-6eaa-430e-b963-834ef57dd1d9 tempest-GroupsV314Test-1426359515 None] Lock "cinder-quobyte-0e44dcb2-5d8f-42c7-9bd7-a837e7676bc1" acquired by "_copy_volume_from_snapshot" :: waited 0.022s {{(pid=83450) __acquire /opt/stack/cinder/cinder/coordination.py:141}}
Apr 07 06:06:30 devstack cinder-volume[83450]: DEBUG cinder.volume.drivers.quobyte [None req-f41ba9e1-6eaa-430e-b963-834ef57dd1d9 tempest-GroupsV314Test-1426359515 None] snapshot: b771b884-5c0f-43c7-94ba-e7c8d4b32816, volume: 0e44dcb2-5d8f-42c7-9bd7-a837e7676bc1, {{(pid=83450) _copy_volume_from_snapshot /opt/stack/cinder/cinder/volume/drivers/quobyte.py:401}}
Apr 07 06:06:30 devstack cinder-volume[83450]: DEBUG oslo_concurrency.lockutils [None req-f41ba9e1-6eaa-430e-b963-834ef57dd1d9 tempest-GroupsV314Test-1426359515 None] Acquiring lock "quobyte_ensure" by "cinder.volume.drivers.quobyte.QuobyteDriver._ensure_shares_mounted" {{(pid=83450) inner /opt/stack/data/venv/lib/python3.10/site-packages/oslo_concurrency/lockutils.py:506}}
Apr 07 06:06:30 devstack cinder-volume[83450]: DEBUG oslo_concurrency.lockutils [None req-f41ba9e1-6eaa-430e-b963-834ef57dd1d9 tempest-GroupsV314Test-1426359515 None] Lock "quobyte_ensure" acquired by "cinder.volume.drivers.quobyte.QuobyteDriver._ensure_shares_mounted" :: waited 0.001s {{(pid=83450) inner /opt/stack/data/venv/lib/python3.10/site-packages/oslo_concurrency/lockutils.py:519}}
Apr 07 06:06:30 devstack cinder-volume[83450]: DEBUG cinder.volume.drivers.quobyte [None req-f41ba9e1-6eaa-430e-b963-834ef57dd1d9 tempest-GroupsV314Test-1426359515 None] Quobyte Volume URL set to: {'osci02.corp.quobyte.com/cinder-vol-9b48fab7-eb22-4123-85bc-57434997b5e9': None} {{(pid=83450) _load_shares_config /opt/stack/cinder/cinder/volume/drivers/quobyte.py:617}}
Apr 07 06:06:30 devstack cinder-volume[83450]: DEBUG cinder.volume.drivers.quobyte [None req-f41ba9e1-6eaa-430e-b963-834ef57dd1d9 tempest-GroupsV314Test-1426359515 None] Available shares ['osci02.corp.quobyte.com/cinder-vol-9b48fab7-eb22-4123-85bc-57434997b5e9'] {{(pid=83450) _ensure_shares_mounted /opt/stack/cinder/cinder/volume/drivers/quobyte.py:647}}
Apr 07 06:06:30 devstack cinder-volume[83450]: DEBUG oslo_concurrency.lockutils [None req-f41ba9e1-6eaa-430e-b963-834ef57dd1d9 tempest-GroupsV314Test-1426359515 None] Lock "quobyte_ensure" "released" by "cinder.volume.drivers.quobyte.QuobyteDriver._ensure_shares_mounted" :: held 0.023s {{(pid=83450) inner /opt/stack/data/venv/lib/python3.10/site-packages/oslo_concurrency/lockutils.py:538}}
Apr 07 06:06:30 devstack cinder-volume[83450]: DEBUG oslo.privsep.daemon [-] privsep: reply[555573fe-0989-4cb8-b5c5-2aec5b29fb00]: (4, 'qcow2') {{(pid=84091) _call_back /opt/stack/data/venv/lib/python3.10/site-packages/oslo_privsep/daemon.py:573}}
Apr 07 06:06:30 devstack cinder-volume[83450]: DEBUG oslo_concurrency.processutils [None req-f41ba9e1-6eaa-430e-b963-834ef57dd1d9 tempest-GroupsV314Test-1426359515 None] Running cmd (subprocess): /opt/stack/data/venv/bin/python3.10 -m oslo_concurrency.prlimit --as=1073741824 --cpu=60 -- sudo cinder-rootwrap /etc/cinder/rootwrap.conf env LC_ALL=C qemu-img info -f qcow2 --output=json --force-share /opt/stack/data/cinder/mnt/ee9e43bf08b167c2d6002d7ecc0f5154/volume-0cd9e12a-b00d-446b-adcb-2eaaef893840.b771b884-5c0f-43c7-94ba-e7c8d4b32816 {{(pid=83450) execute /opt/stack/data/venv/lib/python3.10/site-packages/oslo_concurrency/processutils.py:440}}
Apr 07 06:06:30 devstack sudo[84806]: quobyte : PWD=/ ; USER=root ; COMMAND=/opt/stack/data/venv/bin/cinder-rootwrap /etc/cinder/rootwrap.conf env LC_ALL=C qemu-img info -f qcow2 --output=json --force-share /opt/stack/data/cinder/mnt/ee9e43bf08b167c2d6002d7ecc0f5154/volume-0cd9e12a-b00d-446b-adcb-2eaaef893840.b771b884-5c0f-43c7-94ba-e7c8d4b32816
Apr 07 06:06:30 devstack sudo[84806]: pam_unix(sudo:session): session opened for user root(uid=0) by (uid=1000)
Apr 07 06:06:30 devstack sudo[84806]: pam_unix(sudo:session): session closed for user root
Apr 07 06:06:30 devstack cinder-volume[83450]: DEBUG oslo_concurrency.processutils [None req-f41ba9e1-6eaa-430e-b963-834ef57dd1d9 tempest-GroupsV314Test-1426359515 None] CMD "/opt/stack/data/venv/bin/python3.10 -m oslo_concurrency.prlimit --as=1073741824 --cpu=60 -- sudo cinder-rootwrap /etc/cinder/rootwrap.conf env LC_ALL=C qemu-img info -f qcow2 --output=json --force-share /opt/stack/data/cinder/mnt/ee9e43bf08b167c2d6002d7ecc0f5154/volume-0cd9e12a-b00d-446b-adcb-2eaaef893840.b771b884-5c0f-43c7-94ba-e7c8d4b32816" returned: 0 in 0.707s {{(pid=83450) execute /opt/stack/data/venv/lib/python3.10/site-packages/oslo_concurrency/processutils.py:468}}
Apr 07 06:06:30 devstack cinder-volume[83450]: DEBUG cinder.volume.drivers.remotefs [None req-f41ba9e1-6eaa-430e-b963-834ef57dd1d9 tempest-GroupsV314Test-1426359515 None] Fetching qemu-img info with special backing_file_template: (/opt/stack/data/cinder/mnt/[0-9a-f]+/)?(volume-0cd9e12a-b00d-446b-adcb-2eaaef893840(.(tmp-snap-)?[0-9a-f-]+)?|volume_from_snapshot_cache/(tmp-snap-)?[0-9a-f-]+(.(child-|parent-)[0-9a-f-]+)?)$ {{(pid=83450) _qemu_img_info_base /opt/stack/cinder/cinder/volume/drivers/remotefs.py:896}}
Apr 07 06:06:30 devstack cinder-volume[83450]: DEBUG cinder.volume.drivers.quobyte [None req-f41ba9e1-6eaa-430e-b963-834ef57dd1d9 tempest-GroupsV314Test-1426359515 None] will copy from snapshot at /opt/stack/data/cinder/mnt/ee9e43bf08b167c2d6002d7ecc0f5154/volume-0cd9e12a-b00d-446b-adcb-2eaaef893840 {{(pid=83450) _copy_volume_from_snapshot /opt/stack/cinder/cinder/volume/drivers/quobyte.py:420}}
Apr 07 06:06:30 devstack cinder-volume[83450]: DEBUG cinder.volume.drivers.quobyte [None req-f41ba9e1-6eaa-430e-b963-834ef57dd1d9 tempest-GroupsV314Test-1426359515 None] Creating direct copy from snapshot {{(pid=83450) _copy_volume_from_snapshot /opt/stack/cinder/cinder/volume/drivers/quobyte.py:428}}
Apr 07 06:06:30 devstack cinder-volume[83450]: DEBUG oslo.privsep.daemon [-] privsep: reply[96d97704-b033-47c7-b59e-fb21dbcba2cd]: (4, 'qcow2') {{(pid=84091) _call_back /opt/stack/data/venv/lib/python3.10/site-packages/oslo_privsep/daemon.py:573}}
Apr 07 06:06:30 devstack cinder-volume[83450]: DEBUG oslo_concurrency.processutils [None req-f41ba9e1-6eaa-430e-b963-834ef57dd1d9 tempest-GroupsV314Test-1426359515 None] Running cmd (subprocess): /opt/stack/data/venv/bin/python3.10 -m oslo_concurrency.prlimit --as=1073741824 --cpu=60 -- sudo cinder-rootwrap /etc/cinder/rootwrap.conf env LC_ALL=C qemu-img info -f qcow2 --output=json /opt/stack/data/cinder/mnt/ee9e43bf08b167c2d6002d7ecc0f5154/volume-0cd9e12a-b00d-446b-adcb-2eaaef893840 {{(pid=83450) execute /opt/stack/data/venv/lib/python3.10/site-packages/oslo_concurrency/processutils.py:440}}
Apr 07 06:06:31 devstack sudo[84811]: quobyte : PWD=/ ; USER=root ; COMMAND=/opt/stack/data/venv/bin/cinder-rootwrap /etc/cinder/rootwrap.conf env LC_ALL=C qemu-img info -f qcow2 --output=json /opt/stack/data/cinder/mnt/ee9e43bf08b167c2d6002d7ecc0f5154/volume-0cd9e12a-b00d-446b-adcb-2eaaef893840
Apr 07 06:06:31 devstack sudo[84811]: pam_unix(sudo:session): session opened for user root(uid=0) by (uid=1000)
Apr 07 06:06:31 devstack sudo[84811]: pam_unix(sudo:session): session closed for user root
Apr 07 06:06:31 devstack cinder-volume[83450]: DEBUG oslo_concurrency.processutils [None req-f41ba9e1-6eaa-430e-b963-834ef57dd1d9 tempest-GroupsV314Test-1426359515 None] CMD "/opt/stack/data/venv/bin/python3.10 -m oslo_concurrency.prlimit --as=1073741824 --cpu=60 -- sudo cinder-rootwrap /etc/cinder/rootwrap.conf env LC_ALL=C qemu-img info -f qcow2 --output=json /opt/stack/data/cinder/mnt/ee9e43bf08b167c2d6002d7ecc0f5154/volume-0cd9e12a-b00d-446b-adcb-2eaaef893840" returned: 0 in 0.873s {{(pid=83450) execute /opt/stack/data/venv/lib/python3.10/site-packages/oslo_concurrency/processutils.py:468}}
Apr 07 06:06:31 devstack cinder-volume[83450]: DEBUG cinder.utils [None req-f41ba9e1-6eaa-430e-b963-834ef57dd1d9 tempest-GroupsV314Test-1426359515 None] Path /opt/stack/data/cinder/mnt/ee9e43bf08b167c2d6002d7ecc0f5154/volume-0e44dcb2-5d8f-42c7-9bd7-a837e7676bc1 not found in is_blk_device check {{(pid=83450) is_blk_device /opt/stack/cinder/cinder/utils.py:602}}
Apr 07 06:06:31 devstack cinder-volume[83450]: DEBUG oslo_concurrency.processutils [None req-f41ba9e1-6eaa-430e-b963-834ef57dd1d9 tempest-GroupsV314Test-1426359515 None] Running cmd (subprocess): sudo cinder-rootwrap /etc/cinder/rootwrap.conf qemu-img convert -O qcow2 /opt/stack/data/cinder/mnt/ee9e43bf08b167c2d6002d7ecc0f5154/volume-0cd9e12a-b00d-446b-adcb-2eaaef893840 /opt/stack/data/cinder/mnt/ee9e43bf08b167c2d6002d7ecc0f5154/volume-0e44dcb2-5d8f-42c7-9bd7-a837e7676bc1 {{(pid=83450) execute /opt/stack/data/venv/lib/python3.10/site-packages/oslo_concurrency/processutils.py:440}}
Apr 07 06:06:31 devstack sudo[84816]: quobyte : PWD=/ ; USER=root ; COMMAND=/opt/stack/data/venv/bin/cinder-rootwrap /etc/cinder/rootwrap.conf qemu-img convert -O qcow2 /opt/stack/data/cinder/mnt/ee9e43bf08b167c2d6002d7ecc0f5154/volume-0cd9e12a-b00d-446b-adcb-2eaaef893840 /opt/stack/data/cinder/mnt/ee9e43bf08b167c2d6002d7ecc0f5154/volume-0e44dcb2-5d8f-42c7-9bd7-a837e7676bc1
Apr 07 06:06:31 devstack sudo[84816]: pam_unix(sudo:session): session opened for user root(uid=0) by (uid=1000)
Apr 07 06:06:31 devstack cinder-volume[83450]: DEBUG cinder.coordination [None req-0549e899-e2fb-4060-8cef-30e0e5481f8a tempest-DeleteServersTestJSON-1578197769 None] Acquiring lock "cinder-829cb216-7abb-4ea7-8abf-e5adf420dd38-delete_volume" by "delete_volume" {{(pid=83450) __acquire /opt/stack/cinder/cinder/coordination.py:138}}
Apr 07 06:06:31 devstack cinder-volume[83450]: DEBUG cinder.coordination [None req-0549e899-e2fb-4060-8cef-30e0e5481f8a tempest-DeleteServersTestJSON-1578197769 None] Lock "cinder-829cb216-7abb-4ea7-8abf-e5adf420dd38-delete_volume" acquired by "delete_volume" :: waited 0.030s {{(pid=83450) __acquire /opt/stack/cinder/cinder/coordination.py:141}}
Apr 07 06:06:32 devstack cinder-volume[83450]: DEBUG cinder.coordination [None req-0549e899-e2fb-4060-8cef-30e0e5481f8a tempest-DeleteServersTestJSON-1578197769 None] Acquiring lock "cinder-quobyte-829cb216-7abb-4ea7-8abf-e5adf420dd38" by "delete_volume" {{(pid=83450) __acquire /opt/stack/cinder/cinder/coordination.py:138}}
Apr 07 06:06:32 devstack cinder-volume[83450]: DEBUG cinder.coordination [None req-0549e899-e2fb-4060-8cef-30e0e5481f8a tempest-DeleteServersTestJSON-1578197769 None] Lock "cinder-quobyte-829cb216-7abb-4ea7-8abf-e5adf420dd38" acquired by "delete_volume" :: waited 0.020s {{(pid=83450) __acquire /opt/stack/cinder/cinder/coordination.py:141}}
Apr 07 06:06:32 devstack cinder-volume[83450]: DEBUG oslo.privsep.daemon [-] privsep: reply[e92d8f47-dfa9-4a04-b788-19985c4d0235]: (4, 'qcow2') {{(pid=84091) _call_back /opt/stack/data/venv/lib/python3.10/site-packages/oslo_privsep/daemon.py:573}}
Apr 07 06:06:32 devstack cinder-volume[83450]: DEBUG oslo_concurrency.processutils [None req-0549e899-e2fb-4060-8cef-30e0e5481f8a tempest-DeleteServersTestJSON-1578197769 None] Running cmd (subprocess): /opt/stack/data/venv/bin/python3.10 -m oslo_concurrency.prlimit --as=1073741824 --cpu=60 -- sudo cinder-rootwrap /etc/cinder/rootwrap.conf env LC_ALL=C qemu-img info -f qcow2 --output=json --force-share /opt/stack/data/cinder/mnt/ee9e43bf08b167c2d6002d7ecc0f5154/volume-829cb216-7abb-4ea7-8abf-e5adf420dd38 {{(pid=83450) execute /opt/stack/data/venv/lib/python3.10/site-packages/oslo_concurrency/processutils.py:440}}
Apr 07 06:06:32 devstack sudo[84821]: quobyte : PWD=/ ; USER=root ; COMMAND=/opt/stack/data/venv/bin/cinder-rootwrap /etc/cinder/rootwrap.conf env LC_ALL=C qemu-img info -f qcow2 --output=json --force-share /opt/stack/data/cinder/mnt/ee9e43bf08b167c2d6002d7ecc0f5154/volume-829cb216-7abb-4ea7-8abf-e5adf420dd38
Apr 07 06:06:32 devstack sudo[84821]: pam_unix(sudo:session): session opened for user root(uid=0) by (uid=1000)
Apr 07 06:06:33 devstack sudo[84821]: pam_unix(sudo:session): session closed for user root
Apr 07 06:06:33 devstack cinder-volume[83450]: DEBUG oslo_concurrency.processutils [None req-0549e899-e2fb-4060-8cef-30e0e5481f8a tempest-DeleteServersTestJSON-1578197769 None] CMD "/opt/stack/data/venv/bin/python3.10 -m oslo_concurrency.prlimit --as=1073741824 --cpu=60 -- sudo cinder-rootwrap /etc/cinder/rootwrap.conf env LC_ALL=C qemu-img info -f qcow2 --output=json --force-share /opt/stack/data/cinder/mnt/ee9e43bf08b167c2d6002d7ecc0f5154/volume-829cb216-7abb-4ea7-8abf-e5adf420dd38" returned: 0 in 1.309s {{(pid=83450) execute /opt/stack/data/venv/lib/python3.10/site-packages/oslo_concurrency/processutils.py:468}}
Apr 07 06:06:33 devstack cinder-volume[83450]: DEBUG oslo_concurrency.processutils [None req-0549e899-e2fb-4060-8cef-30e0e5481f8a tempest-DeleteServersTestJSON-1578197769 None] Running cmd (subprocess): sudo cinder-rootwrap /etc/cinder/rootwrap.conf rm -f /opt/stack/data/cinder/mnt/ee9e43bf08b167c2d6002d7ecc0f5154/volume-829cb216-7abb-4ea7-8abf-e5adf420dd38 {{(pid=83450) execute /opt/stack/data/venv/lib/python3.10/site-packages/oslo_concurrency/processutils.py:440}}
Apr 07 06:06:33 devstack sudo[84854]: quobyte : PWD=/ ; USER=root ; COMMAND=/opt/stack/data/venv/bin/cinder-rootwrap /etc/cinder/rootwrap.conf rm -f /opt/stack/data/cinder/mnt/ee9e43bf08b167c2d6002d7ecc0f5154/volume-829cb216-7abb-4ea7-8abf-e5adf420dd38
Apr 07 06:06:33 devstack sudo[84854]: pam_unix(sudo:session): session opened for user root(uid=0) by (uid=1000)
Apr 07 06:06:35 devstack sudo[84854]: pam_unix(sudo:session): session closed for user root
Apr 07 06:06:35 devstack cinder-volume[83450]: DEBUG oslo_concurrency.processutils [None req-0549e899-e2fb-4060-8cef-30e0e5481f8a tempest-DeleteServersTestJSON-1578197769 None] CMD "sudo cinder-rootwrap /etc/cinder/rootwrap.conf rm -f /opt/stack/data/cinder/mnt/ee9e43bf08b167c2d6002d7ecc0f5154/volume-829cb216-7abb-4ea7-8abf-e5adf420dd38" returned: 0 in 1.816s {{(pid=83450) execute /opt/stack/data/venv/lib/python3.10/site-packages/oslo_concurrency/processutils.py:468}}
Apr 07 06:06:35 devstack cinder-volume[83450]: DEBUG cinder.coordination [None req-0549e899-e2fb-4060-8cef-30e0e5481f8a tempest-DeleteServersTestJSON-1578197769 None] Lock "cinder-quobyte-829cb216-7abb-4ea7-8abf-e5adf420dd38" released by "delete_volume" :: held 3.189s {{(pid=83450) __release /opt/stack/cinder/cinder/coordination.py:152}}
Apr 07 06:06:35 devstack cinder-volume[83450]: DEBUG cinder.quota [None req-0549e899-e2fb-4060-8cef-30e0e5481f8a tempest-DeleteServersTestJSON-1578197769 None] Created reservations ['8fc4e893-8c5f-4c22-b5c3-b479aafa23a9', 'f2d88cfc-ffde-42a5-85f8-71f8475d32e4', '18a08624-2592-4ec4-a702-b77627789933', '5f1dbc6a-2fed-4fa3-a382-e98c6c6d3eaf'] {{(pid=83450) reserve /opt/stack/cinder/cinder/quota.py:752}}
Apr 07 06:06:35 devstack cinder-volume[83450]: DEBUG oslo_concurrency.lockutils [None req-0549e899-e2fb-4060-8cef-30e0e5481f8a tempest-DeleteServersTestJSON-1578197769 None] Acquiring lock "quobyte_ensure" by "cinder.volume.drivers.quobyte.QuobyteDriver._ensure_shares_mounted" {{(pid=83450) inner /opt/stack/data/venv/lib/python3.10/site-packages/oslo_concurrency/lockutils.py:506}}
Apr 07 06:06:35 devstack cinder-volume[83450]: DEBUG oslo_concurrency.lockutils [None req-0549e899-e2fb-4060-8cef-30e0e5481f8a tempest-DeleteServersTestJSON-1578197769 None] Lock "quobyte_ensure" acquired by "cinder.volume.drivers.quobyte.QuobyteDriver._ensure_shares_mounted" :: waited 0.001s {{(pid=83450) inner /opt/stack/data/venv/lib/python3.10/site-packages/oslo_concurrency/lockutils.py:519}}
Apr 07 06:06:35 devstack cinder-volume[83450]: DEBUG cinder.volume.drivers.quobyte [None req-0549e899-e2fb-4060-8cef-30e0e5481f8a tempest-DeleteServersTestJSON-1578197769 None] Quobyte Volume URL set to: {'osci02.corp.quobyte.com/cinder-vol-9b48fab7-eb22-4123-85bc-57434997b5e9': None} {{(pid=83450) _load_shares_config /opt/stack/cinder/cinder/volume/drivers/quobyte.py:617}}
Apr 07 06:06:35 devstack cinder-volume[83450]: DEBUG cinder.volume.drivers.quobyte [None req-0549e899-e2fb-4060-8cef-30e0e5481f8a tempest-DeleteServersTestJSON-1578197769 None] Available shares ['osci02.corp.quobyte.com/cinder-vol-9b48fab7-eb22-4123-85bc-57434997b5e9'] {{(pid=83450) _ensure_shares_mounted /opt/stack/cinder/cinder/volume/drivers/quobyte.py:647}}
Apr 07 06:06:35 devstack cinder-volume[83450]: DEBUG oslo_concurrency.lockutils [None req-0549e899-e2fb-4060-8cef-30e0e5481f8a tempest-DeleteServersTestJSON-1578197769 None] Lock "quobyte_ensure" "released" by "cinder.volume.drivers.quobyte.QuobyteDriver._ensure_shares_mounted" :: held 0.007s {{(pid=83450) inner /opt/stack/data/venv/lib/python3.10/site-packages/oslo_concurrency/lockutils.py:538}}
Apr 07 06:06:35 devstack cinder-volume[83450]: DEBUG oslo_concurrency.processutils [None req-0549e899-e2fb-4060-8cef-30e0e5481f8a tempest-DeleteServersTestJSON-1578197769 None] Running cmd (subprocess): sudo cinder-rootwrap /etc/cinder/rootwrap.conf df --portability --block-size 1 /opt/stack/data/cinder/mnt/ee9e43bf08b167c2d6002d7ecc0f5154 {{(pid=83450) execute /opt/stack/data/venv/lib/python3.10/site-packages/oslo_concurrency/processutils.py:440}}
Apr 07 06:06:35 devstack sudo[84863]: quobyte : PWD=/ ; USER=root ; COMMAND=/opt/stack/data/venv/bin/cinder-rootwrap /etc/cinder/rootwrap.conf df --portability --block-size 1 /opt/stack/data/cinder/mnt/ee9e43bf08b167c2d6002d7ecc0f5154
Apr 07 06:06:35 devstack sudo[84863]: pam_unix(sudo:session): session opened for user root(uid=0) by (uid=1000)
Apr 07 06:06:35 devstack sudo[84816]: pam_unix(sudo:session): session closed for user root
Apr 07 06:06:35 devstack cinder-volume[83450]: DEBUG oslo_concurrency.processutils [None req-f41ba9e1-6eaa-430e-b963-834ef57dd1d9 tempest-GroupsV314Test-1426359515 None] CMD "sudo cinder-rootwrap /etc/cinder/rootwrap.conf qemu-img convert -O qcow2 /opt/stack/data/cinder/mnt/ee9e43bf08b167c2d6002d7ecc0f5154/volume-0cd9e12a-b00d-446b-adcb-2eaaef893840 /opt/stack/data/cinder/mnt/ee9e43bf08b167c2d6002d7ecc0f5154/volume-0e44dcb2-5d8f-42c7-9bd7-a837e7676bc1" returned: 0 in 3.794s {{(pid=83450) execute /opt/stack/data/venv/lib/python3.10/site-packages/oslo_concurrency/processutils.py:468}}
Apr 07 06:06:35 devstack cinder-volume[83450]: DEBUG oslo.privsep.daemon [-] privsep: reply[ffc69d82-ecbd-43bd-a2bc-6fe17a5e1665]: (4, 'qcow2') {{(pid=84091) _call_back /opt/stack/data/venv/lib/python3.10/site-packages/oslo_privsep/daemon.py:573}}
Apr 07 06:06:35 devstack cinder-volume[83450]: DEBUG oslo_concurrency.processutils [None req-f41ba9e1-6eaa-430e-b963-834ef57dd1d9 tempest-GroupsV314Test-1426359515 None] Running cmd (subprocess): /opt/stack/data/venv/bin/python3.10 -m oslo_concurrency.prlimit --as=1073741824 --cpu=60 -- sudo cinder-rootwrap /etc/cinder/rootwrap.conf env LC_ALL=C qemu-img info -f qcow2 --output=json /opt/stack/data/cinder/mnt/ee9e43bf08b167c2d6002d7ecc0f5154/volume-0cd9e12a-b00d-446b-adcb-2eaaef893840 {{(pid=83450) execute /opt/stack/data/venv/lib/python3.10/site-packages/oslo_concurrency/processutils.py:440}}
Apr 07 06:06:35 devstack sudo[84865]: quobyte : PWD=/ ; USER=root ; COMMAND=/opt/stack/data/venv/bin/cinder-rootwrap /etc/cinder/rootwrap.conf env LC_ALL=C qemu-img info -f qcow2 --output=json /opt/stack/data/cinder/mnt/ee9e43bf08b167c2d6002d7ecc0f5154/volume-0cd9e12a-b00d-446b-adcb-2eaaef893840
Apr 07 06:06:35 devstack sudo[84865]: pam_unix(sudo:session): session opened for user root(uid=0) by (uid=1000)
Apr 07 06:06:36 devstack sudo[84863]: pam_unix(sudo:session): session closed for user root
Apr 07 06:06:36 devstack cinder-volume[83450]: DEBUG oslo_concurrency.processutils [None req-0549e899-e2fb-4060-8cef-30e0e5481f8a tempest-DeleteServersTestJSON-1578197769 None] CMD "sudo cinder-rootwrap /etc/cinder/rootwrap.conf df --portability --block-size 1 /opt/stack/data/cinder/mnt/ee9e43bf08b167c2d6002d7ecc0f5154" returned: 0 in 0.775s {{(pid=83450) execute /opt/stack/data/venv/lib/python3.10/site-packages/oslo_concurrency/processutils.py:468}}
Apr 07 06:06:36 devstack cinder-volume[83450]: DEBUG cinder.manager [None req-0549e899-e2fb-4060-8cef-30e0e5481f8a tempest-DeleteServersTestJSON-1578197769 None] Notifying Schedulers of capabilities ... {{(pid=83450) _publish_service_capabilities /opt/stack/cinder/cinder/manager.py:202}}
Apr 07 06:06:36 devstack cinder-volume[83450]: INFO cinder.volume.manager [None req-0549e899-e2fb-4060-8cef-30e0e5481f8a tempest-DeleteServersTestJSON-1578197769 None] Deleted volume successfully.
Apr 07 06:06:36 devstack cinder-volume[83450]: DEBUG cinder.coordination [None req-0549e899-e2fb-4060-8cef-30e0e5481f8a tempest-DeleteServersTestJSON-1578197769 None] Lock "cinder-829cb216-7abb-4ea7-8abf-e5adf420dd38-delete_volume" released by "delete_volume" :: held 4.306s {{(pid=83450) __release /opt/stack/cinder/cinder/coordination.py:152}}
Apr 07 06:06:36 devstack sudo[84865]: pam_unix(sudo:session): session closed for user root
Apr 07 06:06:36 devstack cinder-volume[83450]: DEBUG oslo_concurrency.processutils [None req-f41ba9e1-6eaa-430e-b963-834ef57dd1d9 tempest-GroupsV314Test-1426359515 None] CMD "/opt/stack/data/venv/bin/python3.10 -m oslo_concurrency.prlimit --as=1073741824 --cpu=60 -- sudo cinder-rootwrap /etc/cinder/rootwrap.conf env LC_ALL=C qemu-img info -f qcow2 --output=json /opt/stack/data/cinder/mnt/ee9e43bf08b167c2d6002d7ecc0f5154/volume-0cd9e12a-b00d-446b-adcb-2eaaef893840" returned: 0 in 0.847s {{(pid=83450) execute /opt/stack/data/venv/lib/python3.10/site-packages/oslo_concurrency/processutils.py:468}}
Apr 07 06:06:36 devstack cinder-volume[83450]: DEBUG cinder.image.image_utils [None req-f41ba9e1-6eaa-430e-b963-834ef57dd1d9 tempest-GroupsV314Test-1426359515 None] Image conversion details: src /opt/stack/data/cinder/mnt/ee9e43bf08b167c2d6002d7ecc0f5154/volume-0cd9e12a-b00d-446b-adcb-2eaaef893840, size 1024.00 MB, duration 3.80 sec, destination /opt/stack/data/cinder/mnt/ee9e43bf08b167c2d6002d7ecc0f5154/volume-0e44dcb2-5d8f-42c7-9bd7-a837e7676bc1 {{(pid=83450) _convert_image /opt/stack/cinder/cinder/image/image_utils.py:533}}
Apr 07 06:06:36 devstack cinder-volume[83450]: INFO cinder.image.image_utils [None req-f41ba9e1-6eaa-430e-b963-834ef57dd1d9 tempest-GroupsV314Test-1426359515 None] Converted 1024.00 MB image at 269.65 MB/s
Apr 07 06:06:36 devstack cinder-volume[83450]: WARNING cinder.volume.drivers.remotefs [None req-f41ba9e1-6eaa-430e-b963-834ef57dd1d9 tempest-GroupsV314Test-1426359515 None] /opt/stack/data/cinder/mnt/ee9e43bf08b167c2d6002d7ecc0f5154/volume-0e44dcb2-5d8f-42c7-9bd7-a837e7676bc1 is being set with open permissions: ugo+rw: NotImplementedError
Apr 07 06:06:36 devstack cinder-volume[83450]: DEBUG oslo_concurrency.processutils [None req-f41ba9e1-6eaa-430e-b963-834ef57dd1d9 tempest-GroupsV314Test-1426359515 None] Running cmd (subprocess): sudo cinder-rootwrap /etc/cinder/rootwrap.conf chmod ugo+rw /opt/stack/data/cinder/mnt/ee9e43bf08b167c2d6002d7ecc0f5154/volume-0e44dcb2-5d8f-42c7-9bd7-a837e7676bc1 {{(pid=83450) execute /opt/stack/data/venv/lib/python3.10/site-packages/oslo_concurrency/processutils.py:440}}
Apr 07 06:06:36 devstack sudo[84871]: quobyte : PWD=/ ; USER=root ; COMMAND=/opt/stack/data/venv/bin/cinder-rootwrap /etc/cinder/rootwrap.conf chmod ugo+rw /opt/stack/data/cinder/mnt/ee9e43bf08b167c2d6002d7ecc0f5154/volume-0e44dcb2-5d8f-42c7-9bd7-a837e7676bc1
Apr 07 06:06:36 devstack sudo[84871]: pam_unix(sudo:session): session opened for user root(uid=0) by (uid=1000)
Apr 07 06:06:37 devstack sudo[84871]: pam_unix(sudo:session): session closed for user root
Apr 07 06:06:37 devstack cinder-volume[83450]: DEBUG oslo_concurrency.processutils [None req-f41ba9e1-6eaa-430e-b963-834ef57dd1d9 tempest-GroupsV314Test-1426359515 None] CMD "sudo cinder-rootwrap /etc/cinder/rootwrap.conf chmod ugo+rw /opt/stack/data/cinder/mnt/ee9e43bf08b167c2d6002d7ecc0f5154/volume-0e44dcb2-5d8f-42c7-9bd7-a837e7676bc1" returned: 0 in 0.674s {{(pid=83450) execute /opt/stack/data/venv/lib/python3.10/site-packages/oslo_concurrency/processutils.py:468}}
Apr 07 06:06:37 devstack cinder-volume[83450]: DEBUG cinder.coordination [None req-f41ba9e1-6eaa-430e-b963-834ef57dd1d9 tempest-GroupsV314Test-1426359515 None] Lock "cinder-quobyte-0e44dcb2-5d8f-42c7-9bd7-a837e7676bc1" released by "_copy_volume_from_snapshot" :: held 7.007s {{(pid=83450) __release /opt/stack/cinder/cinder/coordination.py:152}}
Apr 07 06:06:37 devstack cinder-volume[83450]: DEBUG cinder.coordination [None req-f41ba9e1-6eaa-430e-b963-834ef57dd1d9 tempest-GroupsV314Test-1426359515 None] Acquiring lock "cinder-quobyte-b771b884-5c0f-43c7-94ba-e7c8d4b32816" by "_delete_snapshot" {{(pid=83450) __acquire /opt/stack/cinder/cinder/coordination.py:138}}
Apr 07 06:06:37 devstack cinder-volume[83450]: DEBUG cinder.coordination [None req-f41ba9e1-6eaa-430e-b963-834ef57dd1d9 tempest-GroupsV314Test-1426359515 None] Lock "cinder-quobyte-b771b884-5c0f-43c7-94ba-e7c8d4b32816" acquired by "_delete_snapshot" :: waited 0.038s {{(pid=83450) __acquire /opt/stack/cinder/cinder/coordination.py:141}}
Apr 07 06:06:37 devstack cinder-volume[83450]: DEBUG cinder.volume.drivers.remotefs [None req-f41ba9e1-6eaa-430e-b963-834ef57dd1d9 tempest-GroupsV314Test-1426359515 None] Deleting offline snapshot b771b884-5c0f-43c7-94ba-e7c8d4b32816 of volume 0cd9e12a-b00d-446b-adcb-2eaaef893840 {{(pid=83450) _delete_snapshot /opt/stack/cinder/cinder/volume/drivers/remotefs.py:1288}}
Apr 07 06:06:37 devstack cinder-volume[83450]: DEBUG cinder.volume.drivers.remotefs [None req-f41ba9e1-6eaa-430e-b963-834ef57dd1d9 tempest-GroupsV314Test-1426359515 None] snapshot_file for this snap is: volume-0cd9e12a-b00d-446b-adcb-2eaaef893840.b771b884-5c0f-43c7-94ba-e7c8d4b32816 {{(pid=83450) _delete_snapshot /opt/stack/cinder/cinder/volume/drivers/remotefs.py:1317}}
Apr 07 06:06:37 devstack cinder-volume[83450]: DEBUG oslo.privsep.daemon [-] privsep: reply[6d65b304-ac15-4af6-b175-920a10804cc5]: (4, 'qcow2') {{(pid=84091) _call_back /opt/stack/data/venv/lib/python3.10/site-packages/oslo_privsep/daemon.py:573}}
Apr 07 06:06:37 devstack cinder-volume[83450]: DEBUG oslo_concurrency.processutils [None req-f41ba9e1-6eaa-430e-b963-834ef57dd1d9 tempest-GroupsV314Test-1426359515 None] Running cmd (subprocess): /opt/stack/data/venv/bin/python3.10 -m oslo_concurrency.prlimit --as=1073741824 --cpu=60 -- sudo cinder-rootwrap /etc/cinder/rootwrap.conf env LC_ALL=C qemu-img info -f qcow2 --output=json --force-share /opt/stack/data/cinder/mnt/ee9e43bf08b167c2d6002d7ecc0f5154/volume-0cd9e12a-b00d-446b-adcb-2eaaef893840.b771b884-5c0f-43c7-94ba-e7c8d4b32816 {{(pid=83450) execute /opt/stack/data/venv/lib/python3.10/site-packages/oslo_concurrency/processutils.py:440}}
Apr 07 06:06:37 devstack sudo[84876]: quobyte : PWD=/ ; USER=root ; COMMAND=/opt/stack/data/venv/bin/cinder-rootwrap /etc/cinder/rootwrap.conf env LC_ALL=C qemu-img info -f qcow2 --output=json --force-share /opt/stack/data/cinder/mnt/ee9e43bf08b167c2d6002d7ecc0f5154/volume-0cd9e12a-b00d-446b-adcb-2eaaef893840.b771b884-5c0f-43c7-94ba-e7c8d4b32816
Apr 07 06:06:37 devstack sudo[84876]: pam_unix(sudo:session): session opened for user root(uid=0) by (uid=1000)
Apr 07 06:06:38 devstack sudo[84876]: pam_unix(sudo:session): session closed for user root
Apr 07 06:06:38 devstack cinder-volume[83450]: DEBUG oslo_concurrency.processutils [None req-f41ba9e1-6eaa-430e-b963-834ef57dd1d9 tempest-GroupsV314Test-1426359515 None] CMD "/opt/stack/data/venv/bin/python3.10 -m oslo_concurrency.prlimit --as=1073741824 --cpu=60 -- sudo cinder-rootwrap /etc/cinder/rootwrap.conf env LC_ALL=C qemu-img info -f qcow2 --output=json --force-share /opt/stack/data/cinder/mnt/ee9e43bf08b167c2d6002d7ecc0f5154/volume-0cd9e12a-b00d-446b-adcb-2eaaef893840.b771b884-5c0f-43c7-94ba-e7c8d4b32816" returned: 0 in 0.764s {{(pid=83450) execute /opt/stack/data/venv/lib/python3.10/site-packages/oslo_concurrency/processutils.py:468}}
Apr 07 06:06:38 devstack cinder-volume[83450]: DEBUG cinder.volume.drivers.remotefs [None req-f41ba9e1-6eaa-430e-b963-834ef57dd1d9 tempest-GroupsV314Test-1426359515 None] Fetching qemu-img info with special backing_file_template: (/opt/stack/data/cinder/mnt/[0-9a-f]+/)?(volume-0cd9e12a-b00d-446b-adcb-2eaaef893840(.(tmp-snap-)?[0-9a-f-]+)?|volume_from_snapshot_cache/(tmp-snap-)?[0-9a-f-]+(.(child-|parent-)[0-9a-f-]+)?)$ {{(pid=83450) _qemu_img_info_base /opt/stack/cinder/cinder/volume/drivers/remotefs.py:896}}
Apr 07 06:06:38 devstack cinder-volume[83450]: DEBUG oslo.privsep.daemon [-] privsep: reply[aae7b294-d4a2-4ad8-bba7-5d843ab52a50]: (4, 'qcow2') {{(pid=84091) _call_back /opt/stack/data/venv/lib/python3.10/site-packages/oslo_privsep/daemon.py:573}}
Apr 07 06:06:38 devstack cinder-volume[83450]: DEBUG oslo_concurrency.processutils [None req-f41ba9e1-6eaa-430e-b963-834ef57dd1d9 tempest-GroupsV314Test-1426359515 None] Running cmd (subprocess): /opt/stack/data/venv/bin/python3.10 -m oslo_concurrency.prlimit --as=1073741824 --cpu=60 -- sudo cinder-rootwrap /etc/cinder/rootwrap.conf env LC_ALL=C qemu-img info -f qcow2 --output=json --force-share /opt/stack/data/cinder/mnt/ee9e43bf08b167c2d6002d7ecc0f5154/volume-0cd9e12a-b00d-446b-adcb-2eaaef893840 {{(pid=83450) execute /opt/stack/data/venv/lib/python3.10/site-packages/oslo_concurrency/processutils.py:440}}
Apr 07 06:06:38 devstack sudo[84882]: quobyte : PWD=/ ; USER=root ; COMMAND=/opt/stack/data/venv/bin/cinder-rootwrap /etc/cinder/rootwrap.conf env LC_ALL=C qemu-img info -f qcow2 --output=json --force-share /opt/stack/data/cinder/mnt/ee9e43bf08b167c2d6002d7ecc0f5154/volume-0cd9e12a-b00d-446b-adcb-2eaaef893840
Apr 07 06:06:38 devstack sudo[84882]: pam_unix(sudo:session): session opened for user root(uid=0) by (uid=1000)
Apr 07 06:06:38 devstack sudo[84882]: pam_unix(sudo:session): session closed for user root
Apr 07 06:06:38 devstack cinder-volume[83450]: DEBUG oslo_concurrency.processutils [None req-f41ba9e1-6eaa-430e-b963-834ef57dd1d9 tempest-GroupsV314Test-1426359515 None] CMD "/opt/stack/data/venv/bin/python3.10 -m oslo_concurrency.prlimit --as=1073741824 --cpu=60 -- sudo cinder-rootwrap /etc/cinder/rootwrap.conf env LC_ALL=C qemu-img info -f qcow2 --output=json --force-share /opt/stack/data/cinder/mnt/ee9e43bf08b167c2d6002d7ecc0f5154/volume-0cd9e12a-b00d-446b-adcb-2eaaef893840" returned: 0 in 0.863s {{(pid=83450) execute /opt/stack/data/venv/lib/python3.10/site-packages/oslo_concurrency/processutils.py:468}}
Apr 07 06:06:38 devstack cinder-volume[83450]: DEBUG oslo_concurrency.processutils [None req-f41ba9e1-6eaa-430e-b963-834ef57dd1d9 tempest-GroupsV314Test-1426359515 None] Running cmd (subprocess): sudo cinder-rootwrap /etc/cinder/rootwrap.conf qemu-img commit -d /opt/stack/data/cinder/mnt/ee9e43bf08b167c2d6002d7ecc0f5154/volume-0cd9e12a-b00d-446b-adcb-2eaaef893840.b771b884-5c0f-43c7-94ba-e7c8d4b32816 {{(pid=83450) execute /opt/stack/data/venv/lib/python3.10/site-packages/oslo_concurrency/processutils.py:440}}
Apr 07 06:06:38 devstack sudo[84888]: quobyte : PWD=/ ; USER=root ; COMMAND=/opt/stack/data/venv/bin/cinder-rootwrap /etc/cinder/rootwrap.conf qemu-img commit -d /opt/stack/data/cinder/mnt/ee9e43bf08b167c2d6002d7ecc0f5154/volume-0cd9e12a-b00d-446b-adcb-2eaaef893840.b771b884-5c0f-43c7-94ba-e7c8d4b32816
Apr 07 06:06:38 devstack sudo[84888]: pam_unix(sudo:session): session opened for user root(uid=0) by (uid=1000)
Apr 07 06:06:39 devstack sudo[84888]: pam_unix(sudo:session): session closed for user root
Apr 07 06:06:39 devstack cinder-volume[83450]: DEBUG oslo_concurrency.processutils [None req-f41ba9e1-6eaa-430e-b963-834ef57dd1d9 tempest-GroupsV314Test-1426359515 None] CMD "sudo cinder-rootwrap /etc/cinder/rootwrap.conf qemu-img commit -d /opt/stack/data/cinder/mnt/ee9e43bf08b167c2d6002d7ecc0f5154/volume-0cd9e12a-b00d-446b-adcb-2eaaef893840.b771b884-5c0f-43c7-94ba-e7c8d4b32816" returned: 0 in 0.678s {{(pid=83450) execute /opt/stack/data/venv/lib/python3.10/site-packages/oslo_concurrency/processutils.py:468}}
Apr 07 06:06:39 devstack cinder-volume[83450]: DEBUG oslo_concurrency.processutils [None req-f41ba9e1-6eaa-430e-b963-834ef57dd1d9 tempest-GroupsV314Test-1426359515 None] Running cmd (subprocess): sudo cinder-rootwrap /etc/cinder/rootwrap.conf rm -f /opt/stack/data/cinder/mnt/ee9e43bf08b167c2d6002d7ecc0f5154/volume-0cd9e12a-b00d-446b-adcb-2eaaef893840.b771b884-5c0f-43c7-94ba-e7c8d4b32816 {{(pid=83450) execute /opt/stack/data/venv/lib/python3.10/site-packages/oslo_concurrency/processutils.py:440}}
Apr 07 06:06:39 devstack sudo[84903]: quobyte : PWD=/ ; USER=root ; COMMAND=/opt/stack/data/venv/bin/cinder-rootwrap /etc/cinder/rootwrap.conf rm -f /opt/stack/data/cinder/mnt/ee9e43bf08b167c2d6002d7ecc0f5154/volume-0cd9e12a-b00d-446b-adcb-2eaaef893840.b771b884-5c0f-43c7-94ba-e7c8d4b32816
Apr 07 06:06:39 devstack sudo[84903]: pam_unix(sudo:session): session opened for user root(uid=0) by (uid=1000)
Apr 07 06:06:40 devstack sudo[84903]: pam_unix(sudo:session): session closed for user root
Apr 07 06:06:40 devstack cinder-volume[83450]: DEBUG oslo_concurrency.processutils [None req-f41ba9e1-6eaa-430e-b963-834ef57dd1d9 tempest-GroupsV314Test-1426359515 None] CMD "sudo cinder-rootwrap /etc/cinder/rootwrap.conf rm -f /opt/stack/data/cinder/mnt/ee9e43bf08b167c2d6002d7ecc0f5154/volume-0cd9e12a-b00d-446b-adcb-2eaaef893840.b771b884-5c0f-43c7-94ba-e7c8d4b32816" returned: 0 in 0.624s {{(pid=83450) execute /opt/stack/data/venv/lib/python3.10/site-packages/oslo_concurrency/processutils.py:468}}
Apr 07 06:06:40 devstack cinder-volume[83450]: DEBUG cinder.coordination [None req-f41ba9e1-6eaa-430e-b963-834ef57dd1d9 tempest-GroupsV314Test-1426359515 None] Lock "cinder-quobyte-b771b884-5c0f-43c7-94ba-e7c8d4b32816" released by "_delete_snapshot" :: held 3.035s {{(pid=83450) __release /opt/stack/cinder/cinder/coordination.py:152}}
Apr 07 06:06:40 devstack cinder-volume[83450]: DEBUG oslo_concurrency.lockutils [None req-f41ba9e1-6eaa-430e-b963-834ef57dd1d9 tempest-GroupsV314Test-1426359515 None] Lock "quobyte" "released" by "cinder.volume.drivers.quobyte.QuobyteDriver.create_cloned_volume" :: held 15.410s {{(pid=83450) inner /opt/stack/data/venv/lib/python3.10/site-packages/oslo_concurrency/lockutils.py:538}}
Apr 07 06:06:40 devstack cinder-volume[83450]: INFO cinder.volume.manager [None req-f41ba9e1-6eaa-430e-b963-834ef57dd1d9 tempest-GroupsV314Test-1426359515 None] Create group from source-group-92fc20b6-1522-47ca-8b49-093e6fe728b5 completed successfully.
Apr 07 06:06:41 devstack cinder-volume[83450]: DEBUG dbcounter [-] [83450] Writing DB stats cinder:SELECT=60,cinder:UPDATE=59,cinder:INSERT=9,cinder:DELETE=2 {{(pid=83450) stat_writer /opt/stack/data/venv/lib/python3.10/site-packages/dbcounter.py:115}}
Apr 07 06:06:41 devstack cinder-volume[83450]: DEBUG dbcounter [-] [83450] Writing DB stats cinder:SELECT=54,cinder:UPDATE=50,cinder:DELETE=4,cinder:INSERT=15 {{(pid=83450) stat_writer /opt/stack/data/venv/lib/python3.10/site-packages/dbcounter.py:115}}
Apr 07 06:06:41 devstack cinder-volume[83450]: DEBUG cinder.coordination [None req-0c9bd736-5ae6-4cd4-b8b8-5de2fd8f80ed tempest-GroupsV314Test-1426359515 None] Acquiring lock "cinder-quobyte-0e44dcb2-5d8f-42c7-9bd7-a837e7676bc1" by "delete_volume" {{(pid=83450) __acquire /opt/stack/cinder/cinder/coordination.py:138}}
Apr 07 06:06:41 devstack cinder-volume[83450]: DEBUG cinder.coordination [None req-0c9bd736-5ae6-4cd4-b8b8-5de2fd8f80ed tempest-GroupsV314Test-1426359515 None] Lock "cinder-quobyte-0e44dcb2-5d8f-42c7-9bd7-a837e7676bc1" acquired by "delete_volume" :: waited 0.019s {{(pid=83450) __acquire /opt/stack/cinder/cinder/coordination.py:141}}
Apr 07 06:06:41 devstack cinder-volume[83450]: DEBUG oslo.privsep.daemon [-] privsep: reply[31c4eba3-0eed-4d4b-9af1-07f8a00318db]: (4, 'qcow2') {{(pid=84091) _call_back /opt/stack/data/venv/lib/python3.10/site-packages/oslo_privsep/daemon.py:573}}
Apr 07 06:06:41 devstack cinder-volume[83450]: DEBUG oslo_concurrency.processutils [None req-0c9bd736-5ae6-4cd4-b8b8-5de2fd8f80ed tempest-GroupsV314Test-1426359515 None] Running cmd (subprocess): /opt/stack/data/venv/bin/python3.10 -m oslo_concurrency.prlimit --as=1073741824 --cpu=60 -- sudo cinder-rootwrap /etc/cinder/rootwrap.conf env LC_ALL=C qemu-img info -f qcow2 --output=json --force-share /opt/stack/data/cinder/mnt/ee9e43bf08b167c2d6002d7ecc0f5154/volume-0e44dcb2-5d8f-42c7-9bd7-a837e7676bc1 {{(pid=83450) execute /opt/stack/data/venv/lib/python3.10/site-packages/oslo_concurrency/processutils.py:440}}
Apr 07 06:06:41 devstack sudo[84917]: quobyte : PWD=/ ; USER=root ; COMMAND=/opt/stack/data/venv/bin/cinder-rootwrap /etc/cinder/rootwrap.conf env LC_ALL=C qemu-img info -f qcow2 --output=json --force-share /opt/stack/data/cinder/mnt/ee9e43bf08b167c2d6002d7ecc0f5154/volume-0e44dcb2-5d8f-42c7-9bd7-a837e7676bc1
Apr 07 06:06:41 devstack sudo[84917]: pam_unix(sudo:session): session opened for user root(uid=0) by (uid=1000)
Apr 07 06:06:42 devstack sudo[84917]: pam_unix(sudo:session): session closed for user root
Apr 07 06:06:42 devstack cinder-volume[83450]: DEBUG oslo_concurrency.processutils [None req-0c9bd736-5ae6-4cd4-b8b8-5de2fd8f80ed tempest-GroupsV314Test-1426359515 None] CMD "/opt/stack/data/venv/bin/python3.10 -m oslo_concurrency.prlimit --as=1073741824 --cpu=60 -- sudo cinder-rootwrap /etc/cinder/rootwrap.conf env LC_ALL=C qemu-img info -f qcow2 --output=json --force-share /opt/stack/data/cinder/mnt/ee9e43bf08b167c2d6002d7ecc0f5154/volume-0e44dcb2-5d8f-42c7-9bd7-a837e7676bc1" returned: 0 in 0.863s {{(pid=83450) execute /opt/stack/data/venv/lib/python3.10/site-packages/oslo_concurrency/processutils.py:468}}
Apr 07 06:06:42 devstack cinder-volume[83450]: DEBUG oslo_concurrency.processutils [None req-0c9bd736-5ae6-4cd4-b8b8-5de2fd8f80ed tempest-GroupsV314Test-1426359515 None] Running cmd (subprocess): sudo cinder-rootwrap /etc/cinder/rootwrap.conf rm -f /opt/stack/data/cinder/mnt/ee9e43bf08b167c2d6002d7ecc0f5154/volume-0e44dcb2-5d8f-42c7-9bd7-a837e7676bc1 {{(pid=83450) execute /opt/stack/data/venv/lib/python3.10/site-packages/oslo_concurrency/processutils.py:440}}
Apr 07 06:06:42 devstack sudo[84923]: quobyte : PWD=/ ; USER=root ; COMMAND=/opt/stack/data/venv/bin/cinder-rootwrap /etc/cinder/rootwrap.conf rm -f /opt/stack/data/cinder/mnt/ee9e43bf08b167c2d6002d7ecc0f5154/volume-0e44dcb2-5d8f-42c7-9bd7-a837e7676bc1
Apr 07 06:06:42 devstack sudo[84923]: pam_unix(sudo:session): session opened for user root(uid=0) by (uid=1000)
Apr 07 06:06:43 devstack sudo[84923]: pam_unix(sudo:session): session closed for user root
