Nov 03 17:33:50 devstack cinder-volume[81187]: DEBUG cinder.volume.drivers.remotefs [None req-53a3fb6c-f3f2-4016-9302-b8c4252092ad tempest-SnapshotsActionsTest-526045368 None] Fetching qemu-img info with special backing_file_template: (/opt/stack/data/cinder/mnt/[0-9a-f]+/)?(volume-030d5958-8e12-4cc4-88ae-6fefe822dc32(.(tmp-snap-)?[0-9a-f-]+)?|volume_from_snapshot_cache/(tmp-snap-)?[0-9a-f-]+(.(child-|parent-)[0-9a-f-]+)?)$ {{(pid=81187) _qemu_img_info_base /opt/stack/cinder/cinder/volume/drivers/remotefs.py:886}}
Nov 03 17:33:50 devstack cinder-volume[81187]: DEBUG oslo.privsep.daemon [-] privsep: reply[086a3db6-361a-4efb-96e2-a74b7341370b]: (4, 'qcow2') {{(pid=82203) _call_back /opt/stack/data/venv/lib/python3.10/site-packages/oslo_privsep/daemon.py:515}}
Nov 03 17:33:50 devstack cinder-volume[81187]: DEBUG oslo_concurrency.processutils [None req-53a3fb6c-f3f2-4016-9302-b8c4252092ad tempest-SnapshotsActionsTest-526045368 None] Running cmd (subprocess): /opt/stack/data/venv/bin/python3.10 -m oslo_concurrency.prlimit --as=1073741824 --cpu=60 -- sudo cinder-rootwrap /etc/cinder/rootwrap.conf env LC_ALL=C qemu-img info -f qcow2 --output=json --force-share /opt/stack/data/cinder/mnt/ceef7f6200f812f1a691eed0b58895dc/volume-030d5958-8e12-4cc4-88ae-6fefe822dc32.1c8d163e-e3d6-4b00-8bef-d61ea44d8cfa {{(pid=81187) execute /opt/stack/data/venv/lib/python3.10/site-packages/oslo_concurrency/processutils.py:349}}
Nov 03 17:33:50 devstack sudo[86373]: quobyte : PWD=/ ; USER=root ; COMMAND=/opt/stack/data/venv/bin/cinder-rootwrap /etc/cinder/rootwrap.conf env LC_ALL=C qemu-img info -f qcow2 --output=json --force-share /opt/stack/data/cinder/mnt/ceef7f6200f812f1a691eed0b58895dc/volume-030d5958-8e12-4cc4-88ae-6fefe822dc32.1c8d163e-e3d6-4b00-8bef-d61ea44d8cfa
Nov 03 17:33:50 devstack sudo[86373]: pam_unix(sudo:session): session opened for user root(uid=0) by (uid=1000)
Nov 03 17:33:50 devstack sudo[86373]: pam_unix(sudo:session): session closed for user root
Nov 03 17:33:50 devstack cinder-volume[81187]: DEBUG oslo_concurrency.processutils [None req-53a3fb6c-f3f2-4016-9302-b8c4252092ad tempest-SnapshotsActionsTest-526045368 None] CMD "/opt/stack/data/venv/bin/python3.10 -m oslo_concurrency.prlimit --as=1073741824 --cpu=60 -- sudo cinder-rootwrap /etc/cinder/rootwrap.conf env LC_ALL=C qemu-img info -f qcow2 --output=json --force-share /opt/stack/data/cinder/mnt/ceef7f6200f812f1a691eed0b58895dc/volume-030d5958-8e12-4cc4-88ae-6fefe822dc32.1c8d163e-e3d6-4b00-8bef-d61ea44d8cfa" returned: 0 in 0.589s {{(pid=81187) execute /opt/stack/data/venv/lib/python3.10/site-packages/oslo_concurrency/processutils.py:372}}
Nov 03 17:33:50 devstack cinder-volume[81187]: DEBUG cinder.volume.drivers.remotefs [None req-53a3fb6c-f3f2-4016-9302-b8c4252092ad tempest-SnapshotsActionsTest-526045368 None] Fetching qemu-img info with special backing_file_template: (/opt/stack/data/cinder/mnt/[0-9a-f]+/)?(volume-030d5958-8e12-4cc4-88ae-6fefe822dc32(.(tmp-snap-)?[0-9a-f-]+)?|volume_from_snapshot_cache/(tmp-snap-)?[0-9a-f-]+(.(child-|parent-)[0-9a-f-]+)?)$ {{(pid=81187) _qemu_img_info_base /opt/stack/cinder/cinder/volume/drivers/remotefs.py:886}}
Nov 03 17:33:50 devstack cinder-volume[81187]: DEBUG oslo_concurrency.processutils [None req-53a3fb6c-f3f2-4016-9302-b8c4252092ad tempest-SnapshotsActionsTest-526045368 None] Running cmd (subprocess): sudo cinder-rootwrap /etc/cinder/rootwrap.conf qemu-img commit -d /opt/stack/data/cinder/mnt/ceef7f6200f812f1a691eed0b58895dc/volume-030d5958-8e12-4cc4-88ae-6fefe822dc32.8a06bbde-3f45-4c8d-903a-cdb4abb7a03a {{(pid=81187) execute /opt/stack/data/venv/lib/python3.10/site-packages/oslo_concurrency/processutils.py:349}}
Nov 03 17:33:50 devstack sudo[86378]: quobyte : PWD=/ ; USER=root ; COMMAND=/opt/stack/data/venv/bin/cinder-rootwrap /etc/cinder/rootwrap.conf qemu-img commit -d /opt/stack/data/cinder/mnt/ceef7f6200f812f1a691eed0b58895dc/volume-030d5958-8e12-4cc4-88ae-6fefe822dc32.8a06bbde-3f45-4c8d-903a-cdb4abb7a03a
Nov 03 17:33:50 devstack sudo[86378]: pam_unix(sudo:session): session opened for user root(uid=0) by (uid=1000)
Nov 03 17:33:51 devstack sudo[86378]: pam_unix(sudo:session): session closed for user root
Nov 03 17:33:51 devstack cinder-volume[81187]: DEBUG oslo_concurrency.processutils [None req-53a3fb6c-f3f2-4016-9302-b8c4252092ad tempest-SnapshotsActionsTest-526045368 None] CMD "sudo cinder-rootwrap /etc/cinder/rootwrap.conf qemu-img commit -d /opt/stack/data/cinder/mnt/ceef7f6200f812f1a691eed0b58895dc/volume-030d5958-8e12-4cc4-88ae-6fefe822dc32.8a06bbde-3f45-4c8d-903a-cdb4abb7a03a" returned: 0 in 0.499s {{(pid=81187) execute /opt/stack/data/venv/lib/python3.10/site-packages/oslo_concurrency/processutils.py:372}}
Nov 03 17:33:51 devstack cinder-volume[81187]: DEBUG oslo_concurrency.processutils [None req-53a3fb6c-f3f2-4016-9302-b8c4252092ad tempest-SnapshotsActionsTest-526045368 None] Running cmd (subprocess): sudo cinder-rootwrap /etc/cinder/rootwrap.conf rm -f /opt/stack/data/cinder/mnt/ceef7f6200f812f1a691eed0b58895dc/volume-030d5958-8e12-4cc4-88ae-6fefe822dc32.8a06bbde-3f45-4c8d-903a-cdb4abb7a03a {{(pid=81187) execute /opt/stack/data/venv/lib/python3.10/site-packages/oslo_concurrency/processutils.py:349}}
Nov 03 17:33:51 devstack sudo[86383]: quobyte : PWD=/ ; USER=root ; COMMAND=/opt/stack/data/venv/bin/cinder-rootwrap /etc/cinder/rootwrap.conf rm -f /opt/stack/data/cinder/mnt/ceef7f6200f812f1a691eed0b58895dc/volume-030d5958-8e12-4cc4-88ae-6fefe822dc32.8a06bbde-3f45-4c8d-903a-cdb4abb7a03a
Nov 03 17:33:51 devstack sudo[86383]: pam_unix(sudo:session): session opened for user root(uid=0) by (uid=1000)
Nov 03 17:33:51 devstack sudo[86383]: pam_unix(sudo:session): session closed for user root
Nov 03 17:33:51 devstack cinder-volume[81187]: DEBUG oslo_concurrency.processutils [None req-53a3fb6c-f3f2-4016-9302-b8c4252092ad tempest-SnapshotsActionsTest-526045368 None] CMD "sudo cinder-rootwrap /etc/cinder/rootwrap.conf rm -f /opt/stack/data/cinder/mnt/ceef7f6200f812f1a691eed0b58895dc/volume-030d5958-8e12-4cc4-88ae-6fefe822dc32.8a06bbde-3f45-4c8d-903a-cdb4abb7a03a" returned: 0 in 0.432s {{(pid=81187) execute /opt/stack/data/venv/lib/python3.10/site-packages/oslo_concurrency/processutils.py:372}}
Nov 03 17:33:51 devstack cinder-volume[81187]: DEBUG cinder.coordination [None req-53a3fb6c-f3f2-4016-9302-b8c4252092ad tempest-SnapshotsActionsTest-526045368 None] Lock "cinder-quobyte-8a06bbde-3f45-4c8d-903a-cdb4abb7a03a" released by "_delete_snapshot" :: held 2.205s {{(pid=81187) __release /opt/stack/cinder/cinder/coordination.py:157}}
Nov 03 17:33:51 devstack cinder-volume[81187]: DEBUG cinder.coordination [None req-53a3fb6c-f3f2-4016-9302-b8c4252092ad tempest-SnapshotsActionsTest-526045368 None] Lock "cinder-quobyte-030d5958-8e12-4cc4-88ae-6fefe822dc32" released by "delete_snapshot" :: held 2.221s {{(pid=81187) __release /opt/stack/cinder/cinder/coordination.py:157}}
Nov 03 17:33:51 devstack cinder-volume[81187]: DEBUG cinder.quota [None req-53a3fb6c-f3f2-4016-9302-b8c4252092ad tempest-SnapshotsActionsTest-526045368 None] Created reservations ['a1f12212-d95e-40cf-adc5-e3e2e8b2c7e2', '403bc7b9-6ac9-4cea-85ea-a3ec19df5e52', 'e1490e3b-5232-4874-80e9-d8981f32d1b8', '8ae68c42-3d2c-4b96-bd4d-2b99ff4d5994'] {{(pid=81187) reserve /opt/stack/cinder/cinder/quota.py:752}}
Nov 03 17:33:52 devstack cinder-volume[81187]: INFO cinder.volume.manager [None req-53a3fb6c-f3f2-4016-9302-b8c4252092ad tempest-SnapshotsActionsTest-526045368 None] Delete snapshot completed successfully.
Nov 03 17:33:52 devstack cinder-volume[81187]: DEBUG cinder.coordination [None req-53a3fb6c-f3f2-4016-9302-b8c4252092ad tempest-SnapshotsActionsTest-526045368 None] Lock "cinder-8a06bbde-3f45-4c8d-903a-cdb4abb7a03a-delete_snapshot" released by "delete_snapshot" :: held 2.319s {{(pid=81187) __release /opt/stack/cinder/cinder/coordination.py:157}}
Nov 03 17:33:53 devstack cinder-volume[81187]: WARNING cinder.volume.volume_utils [None req-09eeb374-0c6d-4301-8999-430019939682 tempest-SnapshotsActionsTest-1296311881 None] Volume driver (QuobyteDriver 1.1.13) is currently unsupported and may be removed in the next release of OpenStack. Use at your own risk.
Nov 03 17:33:53 devstack cinder-volume[81187]: DEBUG oslo_concurrency.lockutils [None req-09eeb374-0c6d-4301-8999-430019939682 tempest-SnapshotsActionsTest-1296311881 None] Acquiring lock "quobyte" by "cinder.volume.drivers.quobyte.QuobyteDriver.create_snapshot" {{(pid=81187) inner /opt/stack/data/venv/lib/python3.10/site-packages/oslo_concurrency/lockutils.py:405}}
Nov 03 17:33:53 devstack cinder-volume[81187]: DEBUG oslo_concurrency.lockutils [None req-09eeb374-0c6d-4301-8999-430019939682 tempest-SnapshotsActionsTest-1296311881 None] Lock "quobyte" acquired by "cinder.volume.drivers.quobyte.QuobyteDriver.create_snapshot" :: waited 0.000s {{(pid=81187) inner /opt/stack/data/venv/lib/python3.10/site-packages/oslo_concurrency/lockutils.py:410}}
Nov 03 17:33:53 devstack cinder-volume[81187]: DEBUG cinder.volume.drivers.remotefs [None req-09eeb374-0c6d-4301-8999-430019939682 tempest-SnapshotsActionsTest-1296311881 None] Creating offline snapshot 74ea12c4-402a-4814-878d-070eee636718 of volume 030d5958-8e12-4cc4-88ae-6fefe822dc32 {{(pid=81187) _create_snapshot /opt/stack/cinder/cinder/volume/drivers/remotefs.py:1694}}
Nov 03 17:33:53 devstack cinder-volume[81187]: DEBUG oslo.privsep.daemon [-] privsep: reply[6c83ae91-fac3-4eed-b0e9-0541ce49c208]: (4, 'qcow2') {{(pid=82203) _call_back /opt/stack/data/venv/lib/python3.10/site-packages/oslo_privsep/daemon.py:515}}
Nov 03 17:33:53 devstack cinder-volume[81187]: DEBUG oslo_concurrency.processutils [None req-09eeb374-0c6d-4301-8999-430019939682 tempest-SnapshotsActionsTest-1296311881 None] Running cmd (subprocess): /opt/stack/data/venv/bin/python3.10 -m oslo_concurrency.prlimit --as=1073741824 --cpu=60 -- sudo cinder-rootwrap /etc/cinder/rootwrap.conf env LC_ALL=C qemu-img info -f qcow2 --output=json --force-share /opt/stack/data/cinder/mnt/ceef7f6200f812f1a691eed0b58895dc/volume-030d5958-8e12-4cc4-88ae-6fefe822dc32.1c8d163e-e3d6-4b00-8bef-d61ea44d8cfa {{(pid=81187) execute /opt/stack/data/venv/lib/python3.10/site-packages/oslo_concurrency/processutils.py:349}}
Nov 03 17:33:53 devstack sudo[86387]: quobyte : PWD=/ ; USER=root ; COMMAND=/opt/stack/data/venv/bin/cinder-rootwrap /etc/cinder/rootwrap.conf env LC_ALL=C qemu-img info -f qcow2 --output=json --force-share /opt/stack/data/cinder/mnt/ceef7f6200f812f1a691eed0b58895dc/volume-030d5958-8e12-4cc4-88ae-6fefe822dc32.1c8d163e-e3d6-4b00-8bef-d61ea44d8cfa
Nov 03 17:33:53 devstack sudo[86387]: pam_unix(sudo:session): session opened for user root(uid=0) by (uid=1000)
Nov 03 17:33:53 devstack sudo[86387]: pam_unix(sudo:session): session closed for user root
Nov 03 17:33:53 devstack cinder-volume[81187]: DEBUG oslo_concurrency.processutils [None req-09eeb374-0c6d-4301-8999-430019939682 tempest-SnapshotsActionsTest-1296311881 None] CMD "/opt/stack/data/venv/bin/python3.10 -m oslo_concurrency.prlimit --as=1073741824 --cpu=60 -- sudo cinder-rootwrap /etc/cinder/rootwrap.conf env LC_ALL=C qemu-img info -f qcow2 --output=json --force-share /opt/stack/data/cinder/mnt/ceef7f6200f812f1a691eed0b58895dc/volume-030d5958-8e12-4cc4-88ae-6fefe822dc32.1c8d163e-e3d6-4b00-8bef-d61ea44d8cfa" returned: 0 in 0.541s {{(pid=81187) execute /opt/stack/data/venv/lib/python3.10/site-packages/oslo_concurrency/processutils.py:372}}
Nov 03 17:33:53 devstack cinder-volume[81187]: DEBUG cinder.volume.drivers.remotefs [None req-09eeb374-0c6d-4301-8999-430019939682 tempest-SnapshotsActionsTest-1296311881 None] Fetching qemu-img info with special backing_file_template: (/opt/stack/data/cinder/mnt/[0-9a-f]+/)?(volume-030d5958-8e12-4cc4-88ae-6fefe822dc32(.(tmp-snap-)?[0-9a-f-]+)?|volume_from_snapshot_cache/(tmp-snap-)?[0-9a-f-]+(.(child-|parent-)[0-9a-f-]+)?)$ {{(pid=81187) _qemu_img_info_base /opt/stack/cinder/cinder/volume/drivers/remotefs.py:886}}
Nov 03 17:33:53 devstack cinder-volume[81187]: DEBUG oslo_concurrency.processutils [None req-09eeb374-0c6d-4301-8999-430019939682 tempest-SnapshotsActionsTest-1296311881 None] Running cmd (subprocess): sudo cinder-rootwrap /etc/cinder/rootwrap.conf qemu-img create -f qcow2 -o backing_file=/opt/stack/data/cinder/mnt/ceef7f6200f812f1a691eed0b58895dc/volume-030d5958-8e12-4cc4-88ae-6fefe822dc32.1c8d163e-e3d6-4b00-8bef-d61ea44d8cfa,backing_fmt=qcow2 /opt/stack/data/cinder/mnt/ceef7f6200f812f1a691eed0b58895dc/volume-030d5958-8e12-4cc4-88ae-6fefe822dc32.74ea12c4-402a-4814-878d-070eee636718 1G {{(pid=81187) execute /opt/stack/data/venv/lib/python3.10/site-packages/oslo_concurrency/processutils.py:349}}
Nov 03 17:33:53 devstack sudo[86392]: quobyte : PWD=/ ; USER=root ; COMMAND=/opt/stack/data/venv/bin/cinder-rootwrap /etc/cinder/rootwrap.conf qemu-img create -f qcow2 -o backing_file=/opt/stack/data/cinder/mnt/ceef7f6200f812f1a691eed0b58895dc/volume-030d5958-8e12-4cc4-88ae-6fefe822dc32.1c8d163e-e3d6-4b00-8bef-d61ea44d8cfa,backing_fmt=qcow2 /opt/stack/data/cinder/mnt/ceef7f6200f812f1a691eed0b58895dc/volume-030d5958-8e12-4cc4-88ae-6fefe822dc32.74ea12c4-402a-4814-878d-070eee636718 1G
Nov 03 17:33:53 devstack sudo[86392]: pam_unix(sudo:session): session opened for user root(uid=0) by (uid=1000)
Nov 03 17:33:54 devstack cinder-volume[81187]: DEBUG cinder.coordination [None req-a89fdee2-2b32-4efb-9a56-063c02c4ad53 tempest-VolumesAssistedSnapshotsTest-1858051006 None] Acquiring lock "cinder-df74acdf-610a-4ef9-9fee-91896bf04de5-delete_volume" by "delete_volume" {{(pid=81187) __acquire /opt/stack/cinder/cinder/coordination.py:143}}
Nov 03 17:33:54 devstack cinder-volume[81187]: DEBUG cinder.coordination [None req-a89fdee2-2b32-4efb-9a56-063c02c4ad53 tempest-VolumesAssistedSnapshotsTest-1858051006 None] Lock "cinder-df74acdf-610a-4ef9-9fee-91896bf04de5-delete_volume" acquired by "delete_volume" :: waited 0.022s {{(pid=81187) __acquire /opt/stack/cinder/cinder/coordination.py:146}}
Nov 03 17:33:54 devstack cinder-volume[81187]: WARNING cinder.volume.volume_utils [None req-a89fdee2-2b32-4efb-9a56-063c02c4ad53 tempest-VolumesAssistedSnapshotsTest-1858051006 None] Volume driver (QuobyteDriver 1.1.13) is currently unsupported and may be removed in the next release of OpenStack. Use at your own risk.
Nov 03 17:33:54 devstack cinder-volume[81187]: DEBUG cinder.coordination [None req-a89fdee2-2b32-4efb-9a56-063c02c4ad53 tempest-VolumesAssistedSnapshotsTest-1858051006 None] Acquiring lock "cinder-quobyte-df74acdf-610a-4ef9-9fee-91896bf04de5" by "delete_volume" {{(pid=81187) __acquire /opt/stack/cinder/cinder/coordination.py:143}}
Nov 03 17:33:54 devstack cinder-volume[81187]: DEBUG cinder.coordination [None req-a89fdee2-2b32-4efb-9a56-063c02c4ad53 tempest-VolumesAssistedSnapshotsTest-1858051006 None] Lock "cinder-quobyte-df74acdf-610a-4ef9-9fee-91896bf04de5" acquired by "delete_volume" :: waited 0.012s {{(pid=81187) __acquire /opt/stack/cinder/cinder/coordination.py:146}}
Nov 03 17:33:54 devstack cinder-volume[81187]: DEBUG oslo.privsep.daemon [-] privsep: reply[9cc54a23-bd38-4283-adbb-8ba4314997c1]: (4, 'qcow2') {{(pid=82203) _call_back /opt/stack/data/venv/lib/python3.10/site-packages/oslo_privsep/daemon.py:515}}
Nov 03 17:33:54 devstack cinder-volume[81187]: DEBUG oslo_concurrency.processutils [None req-a89fdee2-2b32-4efb-9a56-063c02c4ad53 tempest-VolumesAssistedSnapshotsTest-1858051006 None] Running cmd (subprocess): /opt/stack/data/venv/bin/python3.10 -m oslo_concurrency.prlimit --as=1073741824 --cpu=60 -- sudo cinder-rootwrap /etc/cinder/rootwrap.conf env LC_ALL=C qemu-img info -f qcow2 --output=json --force-share /opt/stack/data/cinder/mnt/ceef7f6200f812f1a691eed0b58895dc/volume-df74acdf-610a-4ef9-9fee-91896bf04de5 {{(pid=81187) execute /opt/stack/data/venv/lib/python3.10/site-packages/oslo_concurrency/processutils.py:349}}
Nov 03 17:33:54 devstack sudo[86392]: pam_unix(sudo:session): session closed for user root
Nov 03 17:33:54 devstack cinder-volume[81187]: DEBUG oslo_concurrency.processutils [None req-09eeb374-0c6d-4301-8999-430019939682 tempest-SnapshotsActionsTest-1296311881 None] CMD "sudo cinder-rootwrap /etc/cinder/rootwrap.conf qemu-img create -f qcow2 -o backing_file=/opt/stack/data/cinder/mnt/ceef7f6200f812f1a691eed0b58895dc/volume-030d5958-8e12-4cc4-88ae-6fefe822dc32.1c8d163e-e3d6-4b00-8bef-d61ea44d8cfa,backing_fmt=qcow2 /opt/stack/data/cinder/mnt/ceef7f6200f812f1a691eed0b58895dc/volume-030d5958-8e12-4cc4-88ae-6fefe822dc32.74ea12c4-402a-4814-878d-070eee636718 1G" returned: 0 in 0.610s {{(pid=81187) execute /opt/stack/data/venv/lib/python3.10/site-packages/oslo_concurrency/processutils.py:372}}
Nov 03 17:33:54 devstack cinder-volume[81187]: DEBUG oslo_concurrency.processutils [None req-09eeb374-0c6d-4301-8999-430019939682 tempest-SnapshotsActionsTest-1296311881 None] Running cmd (subprocess): sudo cinder-rootwrap /etc/cinder/rootwrap.conf qemu-img rebase -u -b volume-030d5958-8e12-4cc4-88ae-6fefe822dc32.1c8d163e-e3d6-4b00-8bef-d61ea44d8cfa -F qcow2 /opt/stack/data/cinder/mnt/ceef7f6200f812f1a691eed0b58895dc/volume-030d5958-8e12-4cc4-88ae-6fefe822dc32.74ea12c4-402a-4814-878d-070eee636718 {{(pid=81187) execute /opt/stack/data/venv/lib/python3.10/site-packages/oslo_concurrency/processutils.py:349}}
Nov 03 17:33:54 devstack sudo[86398]: quobyte : PWD=/ ; USER=root ; COMMAND=/opt/stack/data/venv/bin/cinder-rootwrap /etc/cinder/rootwrap.conf qemu-img rebase -u -b volume-030d5958-8e12-4cc4-88ae-6fefe822dc32.1c8d163e-e3d6-4b00-8bef-d61ea44d8cfa -F qcow2 /opt/stack/data/cinder/mnt/ceef7f6200f812f1a691eed0b58895dc/volume-030d5958-8e12-4cc4-88ae-6fefe822dc32.74ea12c4-402a-4814-878d-070eee636718
Nov 03 17:33:54 devstack sudo[86398]: pam_unix(sudo:session): session opened for user root(uid=0) by (uid=1000)
Nov 03 17:33:54 devstack sudo[86397]: quobyte : PWD=/ ; USER=root ; COMMAND=/opt/stack/data/venv/bin/cinder-rootwrap /etc/cinder/rootwrap.conf env LC_ALL=C qemu-img info -f qcow2 --output=json --force-share /opt/stack/data/cinder/mnt/ceef7f6200f812f1a691eed0b58895dc/volume-df74acdf-610a-4ef9-9fee-91896bf04de5
Nov 03 17:33:54 devstack sudo[86397]: pam_unix(sudo:session): session opened for user root(uid=0) by (uid=1000)
Nov 03 17:33:54 devstack sudo[86398]: pam_unix(sudo:session): session closed for user root
Nov 03 17:33:54 devstack cinder-volume[81187]: DEBUG oslo_concurrency.processutils [None req-09eeb374-0c6d-4301-8999-430019939682 tempest-SnapshotsActionsTest-1296311881 None] CMD "sudo cinder-rootwrap /etc/cinder/rootwrap.conf qemu-img rebase -u -b volume-030d5958-8e12-4cc4-88ae-6fefe822dc32.1c8d163e-e3d6-4b00-8bef-d61ea44d8cfa -F qcow2 /opt/stack/data/cinder/mnt/ceef7f6200f812f1a691eed0b58895dc/volume-030d5958-8e12-4cc4-88ae-6fefe822dc32.74ea12c4-402a-4814-878d-070eee636718" returned: 0 in 0.509s {{(pid=81187) execute /opt/stack/data/venv/lib/python3.10/site-packages/oslo_concurrency/processutils.py:372}}
Nov 03 17:33:54 devstack cinder-volume[81187]: WARNING cinder.volume.drivers.remotefs [None req-09eeb374-0c6d-4301-8999-430019939682 tempest-SnapshotsActionsTest-1296311881 None] /opt/stack/data/cinder/mnt/ceef7f6200f812f1a691eed0b58895dc/volume-030d5958-8e12-4cc4-88ae-6fefe822dc32.74ea12c4-402a-4814-878d-070eee636718 is being set with open permissions: ugo+rw
Nov 03 17:33:54 devstack cinder-volume[81187]: DEBUG oslo_concurrency.processutils [None req-09eeb374-0c6d-4301-8999-430019939682 tempest-SnapshotsActionsTest-1296311881 None] Running cmd (subprocess): sudo cinder-rootwrap /etc/cinder/rootwrap.conf chmod ugo+rw /opt/stack/data/cinder/mnt/ceef7f6200f812f1a691eed0b58895dc/volume-030d5958-8e12-4cc4-88ae-6fefe822dc32.74ea12c4-402a-4814-878d-070eee636718 {{(pid=81187) execute /opt/stack/data/venv/lib/python3.10/site-packages/oslo_concurrency/processutils.py:349}}
Nov 03 17:33:54 devstack sudo[86407]: quobyte : PWD=/ ; USER=root ; COMMAND=/opt/stack/data/venv/bin/cinder-rootwrap /etc/cinder/rootwrap.conf chmod ugo+rw /opt/stack/data/cinder/mnt/ceef7f6200f812f1a691eed0b58895dc/volume-030d5958-8e12-4cc4-88ae-6fefe822dc32.74ea12c4-402a-4814-878d-070eee636718
Nov 03 17:33:54 devstack sudo[86407]: pam_unix(sudo:session): session opened for user root(uid=0) by (uid=1000)
Nov 03 17:33:54 devstack sudo[86397]: pam_unix(sudo:session): session closed for user root
Nov 03 17:33:54 devstack cinder-volume[81187]: DEBUG oslo_concurrency.processutils [None req-a89fdee2-2b32-4efb-9a56-063c02c4ad53 tempest-VolumesAssistedSnapshotsTest-1858051006 None] CMD "/opt/stack/data/venv/bin/python3.10 -m oslo_concurrency.prlimit --as=1073741824 --cpu=60 -- sudo cinder-rootwrap /etc/cinder/rootwrap.conf env LC_ALL=C qemu-img info -f qcow2 --output=json --force-share /opt/stack/data/cinder/mnt/ceef7f6200f812f1a691eed0b58895dc/volume-df74acdf-610a-4ef9-9fee-91896bf04de5" returned: 0 in 0.622s {{(pid=81187) execute /opt/stack/data/venv/lib/python3.10/site-packages/oslo_concurrency/processutils.py:372}}
Nov 03 17:33:54 devstack cinder-volume[81187]: DEBUG oslo_concurrency.processutils [None req-a89fdee2-2b32-4efb-9a56-063c02c4ad53 tempest-VolumesAssistedSnapshotsTest-1858051006 None] Running cmd (subprocess): sudo cinder-rootwrap /etc/cinder/rootwrap.conf rm -f /opt/stack/data/cinder/mnt/ceef7f6200f812f1a691eed0b58895dc/volume-df74acdf-610a-4ef9-9fee-91896bf04de5 {{(pid=81187) execute /opt/stack/data/venv/lib/python3.10/site-packages/oslo_concurrency/processutils.py:349}}
Nov 03 17:33:54 devstack sudo[86409]: quobyte : PWD=/ ; USER=root ; COMMAND=/opt/stack/data/venv/bin/cinder-rootwrap /etc/cinder/rootwrap.conf rm -f /opt/stack/data/cinder/mnt/ceef7f6200f812f1a691eed0b58895dc/volume-df74acdf-610a-4ef9-9fee-91896bf04de5
Nov 03 17:33:54 devstack sudo[86409]: pam_unix(sudo:session): session opened for user root(uid=0) by (uid=1000)
Nov 03 17:33:55 devstack sudo[86407]: pam_unix(sudo:session): session closed for user root
Nov 03 17:33:55 devstack cinder-volume[81187]: DEBUG oslo_concurrency.processutils [None req-09eeb374-0c6d-4301-8999-430019939682 tempest-SnapshotsActionsTest-1296311881 None] CMD "sudo cinder-rootwrap /etc/cinder/rootwrap.conf chmod ugo+rw /opt/stack/data/cinder/mnt/ceef7f6200f812f1a691eed0b58895dc/volume-030d5958-8e12-4cc4-88ae-6fefe822dc32.74ea12c4-402a-4814-878d-070eee636718" returned: 0 in 0.453s {{(pid=81187) execute /opt/stack/data/venv/lib/python3.10/site-packages/oslo_concurrency/processutils.py:372}}
Nov 03 17:33:55 devstack cinder-volume[81187]: DEBUG oslo_concurrency.lockutils [None req-09eeb374-0c6d-4301-8999-430019939682 tempest-SnapshotsActionsTest-1296311881 None] Lock "quobyte" "released" by "cinder.volume.drivers.quobyte.QuobyteDriver.create_snapshot" :: held 2.179s {{(pid=81187) inner /opt/stack/data/venv/lib/python3.10/site-packages/oslo_concurrency/lockutils.py:424}}
Nov 03 17:33:55 devstack cinder-volume[81187]: INFO cinder.volume.manager [None req-09eeb374-0c6d-4301-8999-430019939682 tempest-SnapshotsActionsTest-1296311881 None] Create snapshot completed successfully
Nov 03 17:33:55 devstack sudo[86409]: pam_unix(sudo:session): session closed for user root
Nov 03 17:33:55 devstack cinder-volume[81187]: DEBUG oslo_concurrency.processutils [None req-a89fdee2-2b32-4efb-9a56-063c02c4ad53 tempest-VolumesAssistedSnapshotsTest-1858051006 None] CMD "sudo cinder-rootwrap /etc/cinder/rootwrap.conf rm -f /opt/stack/data/cinder/mnt/ceef7f6200f812f1a691eed0b58895dc/volume-df74acdf-610a-4ef9-9fee-91896bf04de5" returned: 0 in 0.516s {{(pid=81187) execute /opt/stack/data/venv/lib/python3.10/site-packages/oslo_concurrency/processutils.py:372}}
Nov 03 17:33:55 devstack cinder-volume[81187]: DEBUG cinder.coordination [None req-a89fdee2-2b32-4efb-9a56-063c02c4ad53 tempest-VolumesAssistedSnapshotsTest-1858051006 None] Lock "cinder-quobyte-df74acdf-610a-4ef9-9fee-91896bf04de5" released by "delete_volume" :: held 1.160s {{(pid=81187) __release /opt/stack/cinder/cinder/coordination.py:157}}
Nov 03 17:33:55 devstack cinder-volume[81187]: DEBUG cinder.quota [None req-a89fdee2-2b32-4efb-9a56-063c02c4ad53 tempest-VolumesAssistedSnapshotsTest-1858051006 None] Created reservations ['fa0431c0-2a65-4663-bbd6-11e8bafde0a5', 'b282467c-60d0-4e5d-bad0-561b0d501e6d', 'ca8f73d8-a868-483d-af6d-cb8ebc3bfd20', 'e39a9961-317f-4bf6-b732-8afc609eb6ba'] {{(pid=81187) reserve /opt/stack/cinder/cinder/quota.py:752}}
Nov 03 17:33:55 devstack cinder-volume[81187]: DEBUG oslo_concurrency.lockutils [None req-a89fdee2-2b32-4efb-9a56-063c02c4ad53 tempest-VolumesAssistedSnapshotsTest-1858051006 None] Acquiring lock "quobyte_ensure" by "cinder.volume.drivers.quobyte.QuobyteDriver._ensure_shares_mounted" {{(pid=81187) inner /opt/stack/data/venv/lib/python3.10/site-packages/oslo_concurrency/lockutils.py:405}}
Nov 03 17:33:55 devstack cinder-volume[81187]: DEBUG oslo_concurrency.lockutils [None req-a89fdee2-2b32-4efb-9a56-063c02c4ad53 tempest-VolumesAssistedSnapshotsTest-1858051006 None] Lock "quobyte_ensure" acquired by "cinder.volume.drivers.quobyte.QuobyteDriver._ensure_shares_mounted" :: waited 0.001s {{(pid=81187) inner /opt/stack/data/venv/lib/python3.10/site-packages/oslo_concurrency/lockutils.py:410}}
Nov 03 17:33:55 devstack cinder-volume[81187]: DEBUG cinder.volume.drivers.quobyte [None req-a89fdee2-2b32-4efb-9a56-063c02c4ad53 tempest-VolumesAssistedSnapshotsTest-1858051006 None] Quobyte Volume URL set to: {'osci02.corp.quobyte.com/cinder-vol-f7cd64d3-36af-4417-8bb4-7be8e393fdca': None} {{(pid=81187) _load_shares_config /opt/stack/cinder/cinder/volume/drivers/quobyte.py:604}}
Nov 03 17:33:55 devstack cinder-volume[81187]: DEBUG cinder.volume.drivers.quobyte [None req-a89fdee2-2b32-4efb-9a56-063c02c4ad53 tempest-VolumesAssistedSnapshotsTest-1858051006 None] Available shares ['osci02.corp.quobyte.com/cinder-vol-f7cd64d3-36af-4417-8bb4-7be8e393fdca'] {{(pid=81187) _ensure_shares_mounted /opt/stack/cinder/cinder/volume/drivers/quobyte.py:634}}
Nov 03 17:33:55 devstack cinder-volume[81187]: DEBUG oslo_concurrency.lockutils [None req-a89fdee2-2b32-4efb-9a56-063c02c4ad53 tempest-VolumesAssistedSnapshotsTest-1858051006 None] Lock "quobyte_ensure" "released" by "cinder.volume.drivers.quobyte.QuobyteDriver._ensure_shares_mounted" :: held 0.005s {{(pid=81187) inner /opt/stack/data/venv/lib/python3.10/site-packages/oslo_concurrency/lockutils.py:424}}
Nov 03 17:33:55 devstack cinder-volume[81187]: DEBUG oslo_concurrency.processutils [None req-a89fdee2-2b32-4efb-9a56-063c02c4ad53 tempest-VolumesAssistedSnapshotsTest-1858051006 None] Running cmd (subprocess): sudo cinder-rootwrap /etc/cinder/rootwrap.conf df --portability --block-size 1 /opt/stack/data/cinder/mnt/ceef7f6200f812f1a691eed0b58895dc {{(pid=81187) execute /opt/stack/data/venv/lib/python3.10/site-packages/oslo_concurrency/processutils.py:349}}
Nov 03 17:33:55 devstack sudo[86413]: quobyte : PWD=/ ; USER=root ; COMMAND=/opt/stack/data/venv/bin/cinder-rootwrap /etc/cinder/rootwrap.conf df --portability --block-size 1 /opt/stack/data/cinder/mnt/ceef7f6200f812f1a691eed0b58895dc
Nov 03 17:33:55 devstack sudo[86413]: pam_unix(sudo:session): session opened for user root(uid=0) by (uid=1000)
Nov 03 17:33:55 devstack sudo[86413]: pam_unix(sudo:session): session closed for user root
Nov 03 17:33:55 devstack cinder-volume[81187]: DEBUG oslo_concurrency.processutils [None req-a89fdee2-2b32-4efb-9a56-063c02c4ad53 tempest-VolumesAssistedSnapshotsTest-1858051006 None] CMD "sudo cinder-rootwrap /etc/cinder/rootwrap.conf df --portability --block-size 1 /opt/stack/data/cinder/mnt/ceef7f6200f812f1a691eed0b58895dc" returned: 0 in 0.465s {{(pid=81187) execute /opt/stack/data/venv/lib/python3.10/site-packages/oslo_concurrency/processutils.py:372}}
Nov 03 17:33:55 devstack cinder-volume[81187]: DEBUG cinder.manager [None req-a89fdee2-2b32-4efb-9a56-063c02c4ad53 tempest-VolumesAssistedSnapshotsTest-1858051006 None] Notifying Schedulers of capabilities ... {{(pid=81187) _publish_service_capabilities /opt/stack/cinder/cinder/manager.py:202}}
Nov 03 17:33:55 devstack cinder-volume[81187]: INFO cinder.volume.manager [None req-a89fdee2-2b32-4efb-9a56-063c02c4ad53 tempest-VolumesAssistedSnapshotsTest-1858051006 None] Deleted volume successfully.
Nov 03 17:33:55 devstack cinder-volume[81187]: DEBUG cinder.coordination [None req-a89fdee2-2b32-4efb-9a56-063c02c4ad53 tempest-VolumesAssistedSnapshotsTest-1858051006 None] Lock "cinder-df74acdf-610a-4ef9-9fee-91896bf04de5-delete_volume" released by "delete_volume" :: held 1.762s {{(pid=81187) __release /opt/stack/cinder/cinder/coordination.py:157}}
Nov 03 17:33:56 devstack cinder-volume[81187]: DEBUG cinder.coordination [None req-e2bcba3f-e17d-4ae5-bc0c-851eb6b47ef1 tempest-SnapshotsActionsTest-526045368 None] Acquiring lock "cinder-74ea12c4-402a-4814-878d-070eee636718-delete_snapshot" by "delete_snapshot" {{(pid=81187) __acquire /opt/stack/cinder/cinder/coordination.py:143}}
Nov 03 17:33:56 devstack cinder-volume[81187]: DEBUG cinder.coordination [None req-e2bcba3f-e17d-4ae5-bc0c-851eb6b47ef1 tempest-SnapshotsActionsTest-526045368 None] Lock "cinder-74ea12c4-402a-4814-878d-070eee636718-delete_snapshot" acquired by "delete_snapshot" :: waited 0.025s {{(pid=81187) __acquire /opt/stack/cinder/cinder/coordination.py:146}}
Nov 03 17:33:56 devstack cinder-volume[81187]: WARNING cinder.volume.volume_utils [None req-e2bcba3f-e17d-4ae5-bc0c-851eb6b47ef1 tempest-SnapshotsActionsTest-526045368 None] Volume driver (QuobyteDriver 1.1.13) is currently unsupported and may be removed in the next release of OpenStack. Use at your own risk.
Nov 03 17:33:56 devstack cinder-volume[81187]: DEBUG cinder.coordination [None req-e2bcba3f-e17d-4ae5-bc0c-851eb6b47ef1 tempest-SnapshotsActionsTest-526045368 None] Acquiring lock "cinder-quobyte-030d5958-8e12-4cc4-88ae-6fefe822dc32" by "delete_snapshot" {{(pid=81187) __acquire /opt/stack/cinder/cinder/coordination.py:143}}
Nov 03 17:33:56 devstack cinder-volume[81187]: DEBUG cinder.coordination [None req-e2bcba3f-e17d-4ae5-bc0c-851eb6b47ef1 tempest-SnapshotsActionsTest-526045368 None] Lock "cinder-quobyte-030d5958-8e12-4cc4-88ae-6fefe822dc32" acquired by "delete_snapshot" :: waited 0.017s {{(pid=81187) __acquire /opt/stack/cinder/cinder/coordination.py:146}}
Nov 03 17:33:56 devstack cinder-volume[81187]: DEBUG cinder.coordination [None req-e2bcba3f-e17d-4ae5-bc0c-851eb6b47ef1 tempest-SnapshotsActionsTest-526045368 None] Acquiring lock "cinder-quobyte-74ea12c4-402a-4814-878d-070eee636718" by "_delete_snapshot" {{(pid=81187) __acquire /opt/stack/cinder/cinder/coordination.py:143}}
Nov 03 17:33:56 devstack cinder-volume[81187]: DEBUG cinder.coordination [None req-e2bcba3f-e17d-4ae5-bc0c-851eb6b47ef1 tempest-SnapshotsActionsTest-526045368 None] Lock "cinder-quobyte-74ea12c4-402a-4814-878d-070eee636718" acquired by "_delete_snapshot" :: waited 0.034s {{(pid=81187) __acquire /opt/stack/cinder/cinder/coordination.py:146}}
Nov 03 17:33:56 devstack cinder-volume[81187]: DEBUG cinder.volume.drivers.remotefs [None req-e2bcba3f-e17d-4ae5-bc0c-851eb6b47ef1 tempest-SnapshotsActionsTest-526045368 None] Deleting offline snapshot 74ea12c4-402a-4814-878d-070eee636718 of volume 030d5958-8e12-4cc4-88ae-6fefe822dc32 {{(pid=81187) _delete_snapshot /opt/stack/cinder/cinder/volume/drivers/remotefs.py:1278}}
Nov 03 17:33:56 devstack cinder-volume[81187]: DEBUG cinder.volume.drivers.remotefs [None req-e2bcba3f-e17d-4ae5-bc0c-851eb6b47ef1 tempest-SnapshotsActionsTest-526045368 None] snapshot_file for this snap is: volume-030d5958-8e12-4cc4-88ae-6fefe822dc32.74ea12c4-402a-4814-878d-070eee636718 {{(pid=81187) _delete_snapshot /opt/stack/cinder/cinder/volume/drivers/remotefs.py:1307}}
Nov 03 17:33:56 devstack cinder-volume[81187]: DEBUG oslo.privsep.daemon [-] privsep: reply[1c29004a-d58a-4ebb-a2cd-d2740628bbfc]: (4, 'qcow2') {{(pid=82203) _call_back /opt/stack/data/venv/lib/python3.10/site-packages/oslo_privsep/daemon.py:515}}
Nov 03 17:33:56 devstack cinder-volume[81187]: DEBUG oslo_concurrency.processutils [None req-e2bcba3f-e17d-4ae5-bc0c-851eb6b47ef1 tempest-SnapshotsActionsTest-526045368 None] Running cmd (subprocess): /opt/stack/data/venv/bin/python3.10 -m oslo_concurrency.prlimit --as=1073741824 --cpu=60 -- sudo cinder-rootwrap /etc/cinder/rootwrap.conf env LC_ALL=C qemu-img info -f qcow2 --output=json --force-share /opt/stack/data/cinder/mnt/ceef7f6200f812f1a691eed0b58895dc/volume-030d5958-8e12-4cc4-88ae-6fefe822dc32.74ea12c4-402a-4814-878d-070eee636718 {{(pid=81187) execute /opt/stack/data/venv/lib/python3.10/site-packages/oslo_concurrency/processutils.py:349}}
Nov 03 17:33:56 devstack sudo[86416]: quobyte : PWD=/ ; USER=root ; COMMAND=/opt/stack/data/venv/bin/cinder-rootwrap /etc/cinder/rootwrap.conf env LC_ALL=C qemu-img info -f qcow2 --output=json --force-share /opt/stack/data/cinder/mnt/ceef7f6200f812f1a691eed0b58895dc/volume-030d5958-8e12-4cc4-88ae-6fefe822dc32.74ea12c4-402a-4814-878d-070eee636718
Nov 03 17:33:56 devstack sudo[86416]: pam_unix(sudo:session): session opened for user root(uid=0) by (uid=1000)
Nov 03 17:33:57 devstack sudo[86416]: pam_unix(sudo:session): session closed for user root
Nov 03 17:33:57 devstack cinder-volume[81187]: DEBUG oslo_concurrency.processutils [None req-e2bcba3f-e17d-4ae5-bc0c-851eb6b47ef1 tempest-SnapshotsActionsTest-526045368 None] CMD "/opt/stack/data/venv/bin/python3.10 -m oslo_concurrency.prlimit --as=1073741824 --cpu=60 -- sudo cinder-rootwrap /etc/cinder/rootwrap.conf env LC_ALL=C qemu-img info -f qcow2 --output=json --force-share /opt/stack/data/cinder/mnt/ceef7f6200f812f1a691eed0b58895dc/volume-030d5958-8e12-4cc4-88ae-6fefe822dc32.74ea12c4-402a-4814-878d-070eee636718" returned: 0 in 0.923s {{(pid=81187) execute /opt/stack/data/venv/lib/python3.10/site-packages/oslo_concurrency/processutils.py:372}}
Nov 03 17:33:57 devstack cinder-volume[81187]: DEBUG cinder.volume.drivers.remotefs [None req-e2bcba3f-e17d-4ae5-bc0c-851eb6b47ef1 tempest-SnapshotsActionsTest-526045368 None] Fetching qemu-img info with special backing_file_template: (/opt/stack/data/cinder/mnt/[0-9a-f]+/)?(volume-030d5958-8e12-4cc4-88ae-6fefe822dc32(.(tmp-snap-)?[0-9a-f-]+)?|volume_from_snapshot_cache/(tmp-snap-)?[0-9a-f-]+(.(child-|parent-)[0-9a-f-]+)?)$ {{(pid=81187) _qemu_img_info_base /opt/stack/cinder/cinder/volume/drivers/remotefs.py:886}}
Nov 03 17:33:57 devstack cinder-volume[81187]: DEBUG oslo.privsep.daemon [-] privsep: reply[daf7d40b-4737-485e-bad8-a1f4ceb00ba2]: (4, 'qcow2') {{(pid=82203) _call_back /opt/stack/data/venv/lib/python3.10/site-packages/oslo_privsep/daemon.py:515}}
Nov 03 17:33:57 devstack cinder-volume[81187]: DEBUG oslo_concurrency.processutils [None req-e2bcba3f-e17d-4ae5-bc0c-851eb6b47ef1 tempest-SnapshotsActionsTest-526045368 None] Running cmd (subprocess): /opt/stack/data/venv/bin/python3.10 -m oslo_concurrency.prlimit --as=1073741824 --cpu=60 -- sudo cinder-rootwrap /etc/cinder/rootwrap.conf env LC_ALL=C qemu-img info -f qcow2 --output=json --force-share /opt/stack/data/cinder/mnt/ceef7f6200f812f1a691eed0b58895dc/volume-030d5958-8e12-4cc4-88ae-6fefe822dc32.1c8d163e-e3d6-4b00-8bef-d61ea44d8cfa {{(pid=81187) execute /opt/stack/data/venv/lib/python3.10/site-packages/oslo_concurrency/processutils.py:349}}
Nov 03 17:33:57 devstack sudo[86421]: quobyte : PWD=/ ; USER=root ; COMMAND=/opt/stack/data/venv/bin/cinder-rootwrap /etc/cinder/rootwrap.conf env LC_ALL=C qemu-img info -f qcow2 --output=json --force-share /opt/stack/data/cinder/mnt/ceef7f6200f812f1a691eed0b58895dc/volume-030d5958-8e12-4cc4-88ae-6fefe822dc32.1c8d163e-e3d6-4b00-8bef-d61ea44d8cfa
Nov 03 17:33:57 devstack sudo[86421]: pam_unix(sudo:session): session opened for user root(uid=0) by (uid=1000)
Nov 03 17:33:58 devstack sudo[86421]: pam_unix(sudo:session): session closed for user root
Nov 03 17:33:58 devstack cinder-volume[81187]: DEBUG oslo_concurrency.processutils [None req-e2bcba3f-e17d-4ae5-bc0c-851eb6b47ef1 tempest-SnapshotsActionsTest-526045368 None] CMD "/opt/stack/data/venv/bin/python3.10 -m oslo_concurrency.prlimit --as=1073741824 --cpu=60 -- sudo cinder-rootwrap /etc/cinder/rootwrap.conf env LC_ALL=C qemu-img info -f qcow2 --output=json --force-share /opt/stack/data/cinder/mnt/ceef7f6200f812f1a691eed0b58895dc/volume-030d5958-8e12-4cc4-88ae-6fefe822dc32.1c8d163e-e3d6-4b00-8bef-d61ea44d8cfa" returned: 0 in 1.079s {{(pid=81187) execute /opt/stack/data/venv/lib/python3.10/site-packages/oslo_concurrency/processutils.py:372}}
Nov 03 17:33:58 devstack cinder-volume[81187]: DEBUG cinder.volume.drivers.remotefs [None req-e2bcba3f-e17d-4ae5-bc0c-851eb6b47ef1 tempest-SnapshotsActionsTest-526045368 None] Fetching qemu-img info with special backing_file_template: (/opt/stack/data/cinder/mnt/[0-9a-f]+/)?(volume-030d5958-8e12-4cc4-88ae-6fefe822dc32(.(tmp-snap-)?[0-9a-f-]+)?|volume_from_snapshot_cache/(tmp-snap-)?[0-9a-f-]+(.(child-|parent-)[0-9a-f-]+)?)$ {{(pid=81187) _qemu_img_info_base /opt/stack/cinder/cinder/volume/drivers/remotefs.py:886}}
Nov 03 17:33:58 devstack cinder-volume[81187]: DEBUG oslo_concurrency.processutils [None req-e2bcba3f-e17d-4ae5-bc0c-851eb6b47ef1 tempest-SnapshotsActionsTest-526045368 None] Running cmd (subprocess): sudo cinder-rootwrap /etc/cinder/rootwrap.conf qemu-img commit -d /opt/stack/data/cinder/mnt/ceef7f6200f812f1a691eed0b58895dc/volume-030d5958-8e12-4cc4-88ae-6fefe822dc32.74ea12c4-402a-4814-878d-070eee636718 {{(pid=81187) execute /opt/stack/data/venv/lib/python3.10/site-packages/oslo_concurrency/processutils.py:349}}
Nov 03 17:33:58 devstack sudo[86460]: quobyte : PWD=/ ; USER=root ; COMMAND=/opt/stack/data/venv/bin/cinder-rootwrap /etc/cinder/rootwrap.conf qemu-img commit -d /opt/stack/data/cinder/mnt/ceef7f6200f812f1a691eed0b58895dc/volume-030d5958-8e12-4cc4-88ae-6fefe822dc32.74ea12c4-402a-4814-878d-070eee636718
Nov 03 17:33:58 devstack sudo[86460]: pam_unix(sudo:session): session opened for user root(uid=0) by (uid=1000)
Nov 03 17:33:59 devstack sudo[86460]: pam_unix(sudo:session): session closed for user root
Nov 03 17:33:59 devstack cinder-volume[81187]: DEBUG oslo_concurrency.processutils [None req-e2bcba3f-e17d-4ae5-bc0c-851eb6b47ef1 tempest-SnapshotsActionsTest-526045368 None] CMD "sudo cinder-rootwrap /etc/cinder/rootwrap.conf qemu-img commit -d /opt/stack/data/cinder/mnt/ceef7f6200f812f1a691eed0b58895dc/volume-030d5958-8e12-4cc4-88ae-6fefe822dc32.74ea12c4-402a-4814-878d-070eee636718" returned: 0 in 1.022s {{(pid=81187) execute /opt/stack/data/venv/lib/python3.10/site-packages/oslo_concurrency/processutils.py:372}}
Nov 03 17:33:59 devstack cinder-volume[81187]: DEBUG oslo_concurrency.processutils [None req-e2bcba3f-e17d-4ae5-bc0c-851eb6b47ef1 tempest-SnapshotsActionsTest-526045368 None] Running cmd (subprocess): sudo cinder-rootwrap /etc/cinder/rootwrap.conf rm -f /opt/stack/data/cinder/mnt/ceef7f6200f812f1a691eed0b58895dc/volume-030d5958-8e12-4cc4-88ae-6fefe822dc32.74ea12c4-402a-4814-878d-070eee636718 {{(pid=81187) execute /opt/stack/data/venv/lib/python3.10/site-packages/oslo_concurrency/processutils.py:349}}
Nov 03 17:33:59 devstack sudo[86467]: quobyte : PWD=/ ; USER=root ; COMMAND=/opt/stack/data/venv/bin/cinder-rootwrap /etc/cinder/rootwrap.conf rm -f /opt/stack/data/cinder/mnt/ceef7f6200f812f1a691eed0b58895dc/volume-030d5958-8e12-4cc4-88ae-6fefe822dc32.74ea12c4-402a-4814-878d-070eee636718
Nov 03 17:33:59 devstack sudo[86467]: pam_unix(sudo:session): session opened for user root(uid=0) by (uid=1000)
Nov 03 17:34:00 devstack sudo[86467]: pam_unix(sudo:session): session closed for user root
Nov 03 17:34:00 devstack cinder-volume[81187]: DEBUG oslo_concurrency.processutils [None req-e2bcba3f-e17d-4ae5-bc0c-851eb6b47ef1 tempest-SnapshotsActionsTest-526045368 None] CMD "sudo cinder-rootwrap /etc/cinder/rootwrap.conf rm -f /opt/stack/data/cinder/mnt/ceef7f6200f812f1a691eed0b58895dc/volume-030d5958-8e12-4cc4-88ae-6fefe822dc32.74ea12c4-402a-4814-878d-070eee636718" returned: 0 in 0.928s {{(pid=81187) execute /opt/stack/data/venv/lib/python3.10/site-packages/oslo_concurrency/processutils.py:372}}
Nov 03 17:34:00 devstack cinder-volume[81187]: DEBUG cinder.coordination [None req-e2bcba3f-e17d-4ae5-bc0c-851eb6b47ef1 tempest-SnapshotsActionsTest-526045368 None] Lock "cinder-quobyte-74ea12c4-402a-4814-878d-070eee636718" released by "_delete_snapshot" :: held 4.145s {{(pid=81187) __release /opt/stack/cinder/cinder/coordination.py:157}}
Nov 03 17:34:00 devstack cinder-volume[81187]: DEBUG cinder.coordination [None req-e2bcba3f-e17d-4ae5-bc0c-851eb6b47ef1 tempest-SnapshotsActionsTest-526045368 None] Lock "cinder-quobyte-030d5958-8e12-4cc4-88ae-6fefe822dc32" released by "delete_snapshot" :: held 4.187s {{(pid=81187) __release /opt/stack/cinder/cinder/coordination.py:157}}
Nov 03 17:34:00 devstack cinder-volume[81187]: DEBUG cinder.quota [None req-e2bcba3f-e17d-4ae5-bc0c-851eb6b47ef1 tempest-SnapshotsActionsTest-526045368 None] Created reservations ['b2e070d0-65d8-4f14-b539-805d2a8fca4e', '90d1ff73-ef24-4ecb-92f0-3da0e963ece1', 'be468b96-e924-4a4b-b981-bb458c34454b', 'd81bf249-5754-4bca-b16c-48d951f539b7'] {{(pid=81187) reserve /opt/stack/cinder/cinder/quota.py:752}}
Nov 03 17:34:00 devstack cinder-volume[81187]: INFO cinder.volume.manager [None req-e2bcba3f-e17d-4ae5-bc0c-851eb6b47ef1 tempest-SnapshotsActionsTest-526045368 None] Delete snapshot completed successfully.
Nov 03 17:34:00 devstack cinder-volume[81187]: DEBUG cinder.coordination [None req-e2bcba3f-e17d-4ae5-bc0c-851eb6b47ef1 tempest-SnapshotsActionsTest-526045368 None] Lock "cinder-74ea12c4-402a-4814-878d-070eee636718-delete_snapshot" released by "delete_snapshot" :: held 4.438s {{(pid=81187) __release /opt/stack/cinder/cinder/coordination.py:157}}
Nov 03 17:34:02 devstack cinder-volume[81187]: DEBUG cinder.coordination [None req-6dda2895-7c3a-44c2-9311-8b48b743cd8c tempest-SnapshotsActionsTest-1296311881 None] Acquiring lock "cinder-1c8d163e-e3d6-4b00-8bef-d61ea44d8cfa-delete_snapshot" by "delete_snapshot" {{(pid=81187) __acquire /opt/stack/cinder/cinder/coordination.py:143}}
Nov 03 17:34:02 devstack cinder-volume[81187]: DEBUG cinder.coordination [None req-6dda2895-7c3a-44c2-9311-8b48b743cd8c tempest-SnapshotsActionsTest-1296311881 None] Lock "cinder-1c8d163e-e3d6-4b00-8bef-d61ea44d8cfa-delete_snapshot" acquired by "delete_snapshot" :: waited 0.013s {{(pid=81187) __acquire /opt/stack/cinder/cinder/coordination.py:146}}
Nov 03 17:34:02 devstack cinder-volume[81187]: WARNING cinder.volume.volume_utils [None req-6dda2895-7c3a-44c2-9311-8b48b743cd8c tempest-SnapshotsActionsTest-1296311881 None] Volume driver (QuobyteDriver 1.1.13) is currently unsupported and may be removed in the next release of OpenStack. Use at your own risk.
Nov 03 17:34:02 devstack cinder-volume[81187]: DEBUG cinder.coordination [None req-6dda2895-7c3a-44c2-9311-8b48b743cd8c tempest-SnapshotsActionsTest-1296311881 None] Acquiring lock "cinder-quobyte-030d5958-8e12-4cc4-88ae-6fefe822dc32" by "delete_snapshot" {{(pid=81187) __acquire /opt/stack/cinder/cinder/coordination.py:143}}
Nov 03 17:34:02 devstack cinder-volume[81187]: DEBUG cinder.coordination [None req-6dda2895-7c3a-44c2-9311-8b48b743cd8c tempest-SnapshotsActionsTest-1296311881 None] Lock "cinder-quobyte-030d5958-8e12-4cc4-88ae-6fefe822dc32" acquired by "delete_snapshot" :: waited 0.031s {{(pid=81187) __acquire /opt/stack/cinder/cinder/coordination.py:146}}
Nov 03 17:34:02 devstack cinder-volume[81187]: DEBUG cinder.coordination [None req-6dda2895-7c3a-44c2-9311-8b48b743cd8c tempest-SnapshotsActionsTest-1296311881 None] Acquiring lock "cinder-quobyte-1c8d163e-e3d6-4b00-8bef-d61ea44d8cfa" by "_delete_snapshot" {{(pid=81187) __acquire /opt/stack/cinder/cinder/coordination.py:143}}
Nov 03 17:34:02 devstack cinder-volume[81187]: DEBUG cinder.coordination [None req-6dda2895-7c3a-44c2-9311-8b48b743cd8c tempest-SnapshotsActionsTest-1296311881 None] Lock "cinder-quobyte-1c8d163e-e3d6-4b00-8bef-d61ea44d8cfa" acquired by "_delete_snapshot" :: waited 0.011s {{(pid=81187) __acquire /opt/stack/cinder/cinder/coordination.py:146}}
Nov 03 17:34:02 devstack cinder-volume[81187]: DEBUG cinder.volume.drivers.remotefs [None req-6dda2895-7c3a-44c2-9311-8b48b743cd8c tempest-SnapshotsActionsTest-1296311881 None] Deleting offline snapshot 1c8d163e-e3d6-4b00-8bef-d61ea44d8cfa of volume 030d5958-8e12-4cc4-88ae-6fefe822dc32 {{(pid=81187) _delete_snapshot /opt/stack/cinder/cinder/volume/drivers/remotefs.py:1278}}
Nov 03 17:34:02 devstack cinder-volume[81187]: DEBUG cinder.volume.drivers.remotefs [None req-6dda2895-7c3a-44c2-9311-8b48b743cd8c tempest-SnapshotsActionsTest-1296311881 None] snapshot_file for this snap is: volume-030d5958-8e12-4cc4-88ae-6fefe822dc32.1c8d163e-e3d6-4b00-8bef-d61ea44d8cfa {{(pid=81187) _delete_snapshot /opt/stack/cinder/cinder/volume/drivers/remotefs.py:1307}}
Nov 03 17:34:02 devstack cinder-volume[81187]: DEBUG oslo.privsep.daemon [-] privsep: reply[8be300f8-ad8b-4422-bcc1-4e5913d0a04b]: (4, 'qcow2') {{(pid=82203) _call_back /opt/stack/data/venv/lib/python3.10/site-packages/oslo_privsep/daemon.py:515}}
Nov 03 17:34:02 devstack cinder-volume[81187]: DEBUG oslo_concurrency.processutils [None req-6dda2895-7c3a-44c2-9311-8b48b743cd8c tempest-SnapshotsActionsTest-1296311881 None] Running cmd (subprocess): /opt/stack/data/venv/bin/python3.10 -m oslo_concurrency.prlimit --as=1073741824 --cpu=60 -- sudo cinder-rootwrap /etc/cinder/rootwrap.conf env LC_ALL=C qemu-img info -f qcow2 --output=json --force-share /opt/stack/data/cinder/mnt/ceef7f6200f812f1a691eed0b58895dc/volume-030d5958-8e12-4cc4-88ae-6fefe822dc32.1c8d163e-e3d6-4b00-8bef-d61ea44d8cfa {{(pid=81187) execute /opt/stack/data/venv/lib/python3.10/site-packages/oslo_concurrency/processutils.py:349}}
Nov 03 17:34:02 devstack sudo[86474]: quobyte : PWD=/ ; USER=root ; COMMAND=/opt/stack/data/venv/bin/cinder-rootwrap /etc/cinder/rootwrap.conf env LC_ALL=C qemu-img info -f qcow2 --output=json --force-share /opt/stack/data/cinder/mnt/ceef7f6200f812f1a691eed0b58895dc/volume-030d5958-8e12-4cc4-88ae-6fefe822dc32.1c8d163e-e3d6-4b00-8bef-d61ea44d8cfa
Nov 03 17:34:02 devstack sudo[86474]: pam_unix(sudo:session): session opened for user root(uid=0) by (uid=1000)
Nov 03 17:34:02 devstack sudo[86474]: pam_unix(sudo:session): session closed for user root
Nov 03 17:34:02 devstack cinder-volume[81187]: DEBUG oslo_concurrency.processutils [None req-6dda2895-7c3a-44c2-9311-8b48b743cd8c tempest-SnapshotsActionsTest-1296311881 None] CMD "/opt/stack/data/venv/bin/python3.10 -m oslo_concurrency.prlimit --as=1073741824 --cpu=60 -- sudo cinder-rootwrap /etc/cinder/rootwrap.conf env LC_ALL=C qemu-img info -f qcow2 --output=json --force-share /opt/stack/data/cinder/mnt/ceef7f6200f812f1a691eed0b58895dc/volume-030d5958-8e12-4cc4-88ae-6fefe822dc32.1c8d163e-e3d6-4b00-8bef-d61ea44d8cfa" returned: 0 in 0.605s {{(pid=81187) execute /opt/stack/data/venv/lib/python3.10/site-packages/oslo_concurrency/processutils.py:372}}
Nov 03 17:34:02 devstack cinder-volume[81187]: DEBUG cinder.volume.drivers.remotefs [None req-6dda2895-7c3a-44c2-9311-8b48b743cd8c tempest-SnapshotsActionsTest-1296311881 None] Fetching qemu-img info with special backing_file_template: (/opt/stack/data/cinder/mnt/[0-9a-f]+/)?(volume-030d5958-8e12-4cc4-88ae-6fefe822dc32(.(tmp-snap-)?[0-9a-f-]+)?|volume_from_snapshot_cache/(tmp-snap-)?[0-9a-f-]+(.(child-|parent-)[0-9a-f-]+)?)$ {{(pid=81187) _qemu_img_info_base /opt/stack/cinder/cinder/volume/drivers/remotefs.py:886}}
Nov 03 17:34:02 devstack cinder-volume[81187]: DEBUG oslo.privsep.daemon [-] privsep: reply[74c26271-0c5d-4070-a69b-35499b000b43]: (4, 'qcow2') {{(pid=82203) _call_back /opt/stack/data/venv/lib/python3.10/site-packages/oslo_privsep/daemon.py:515}}
Nov 03 17:34:02 devstack cinder-volume[81187]: DEBUG oslo_concurrency.processutils [None req-6dda2895-7c3a-44c2-9311-8b48b743cd8c tempest-SnapshotsActionsTest-1296311881 None] Running cmd (subprocess): /opt/stack/data/venv/bin/python3.10 -m oslo_concurrency.prlimit --as=1073741824 --cpu=60 -- sudo cinder-rootwrap /etc/cinder/rootwrap.conf env LC_ALL=C qemu-img info -f qcow2 --output=json --force-share /opt/stack/data/cinder/mnt/ceef7f6200f812f1a691eed0b58895dc/volume-030d5958-8e12-4cc4-88ae-6fefe822dc32 {{(pid=81187) execute /opt/stack/data/venv/lib/python3.10/site-packages/oslo_concurrency/processutils.py:349}}
Nov 03 17:34:02 devstack sudo[86479]: quobyte : PWD=/ ; USER=root ; COMMAND=/opt/stack/data/venv/bin/cinder-rootwrap /etc/cinder/rootwrap.conf env LC_ALL=C qemu-img info -f qcow2 --output=json --force-share /opt/stack/data/cinder/mnt/ceef7f6200f812f1a691eed0b58895dc/volume-030d5958-8e12-4cc4-88ae-6fefe822dc32
Nov 03 17:34:02 devstack sudo[86479]: pam_unix(sudo:session): session opened for user root(uid=0) by (uid=1000)
Nov 03 17:34:03 devstack sudo[86479]: pam_unix(sudo:session): session closed for user root
Nov 03 17:34:03 devstack cinder-volume[81187]: DEBUG oslo_concurrency.processutils [None req-6dda2895-7c3a-44c2-9311-8b48b743cd8c tempest-SnapshotsActionsTest-1296311881 None] CMD "/opt/stack/data/venv/bin/python3.10 -m oslo_concurrency.prlimit --as=1073741824 --cpu=60 -- sudo cinder-rootwrap /etc/cinder/rootwrap.conf env LC_ALL=C qemu-img info -f qcow2 --output=json --force-share /opt/stack/data/cinder/mnt/ceef7f6200f812f1a691eed0b58895dc/volume-030d5958-8e12-4cc4-88ae-6fefe822dc32" returned: 0 in 0.615s {{(pid=81187) execute /opt/stack/data/venv/lib/python3.10/site-packages/oslo_concurrency/processutils.py:372}}
Nov 03 17:34:03 devstack cinder-volume[81187]: DEBUG oslo_concurrency.processutils [None req-6dda2895-7c3a-44c2-9311-8b48b743cd8c tempest-SnapshotsActionsTest-1296311881 None] Running cmd (subprocess): sudo cinder-rootwrap /etc/cinder/rootwrap.conf qemu-img commit -d /opt/stack/data/cinder/mnt/ceef7f6200f812f1a691eed0b58895dc/volume-030d5958-8e12-4cc4-88ae-6fefe822dc32.1c8d163e-e3d6-4b00-8bef-d61ea44d8cfa {{(pid=81187) execute /opt/stack/data/venv/lib/python3.10/site-packages/oslo_concurrency/processutils.py:349}}
Nov 03 17:34:03 devstack sudo[86484]: quobyte : PWD=/ ; USER=root ; COMMAND=/opt/stack/data/venv/bin/cinder-rootwrap /etc/cinder/rootwrap.conf qemu-img commit -d /opt/stack/data/cinder/mnt/ceef7f6200f812f1a691eed0b58895dc/volume-030d5958-8e12-4cc4-88ae-6fefe822dc32.1c8d163e-e3d6-4b00-8bef-d61ea44d8cfa
