Apr 24 19:55:26 devstack cinder-volume[81241]: DEBUG cinder.coordination [None req-3ecada9e-e19d-4169-a771-a8ba100a49fa tempest-SnapshotsActionsTest-1237137383 None] Acquiring lock "cinder-quobyte-4aeae95d-361e-4e33-a4e9-c1f1df3411a5" by "_delete_snapshot" {{(pid=81241) __acquire /opt/stack/cinder/cinder/coordination.py:138}}
Apr 24 19:55:26 devstack sudo[84601]: quobyte : PWD=/ ; USER=root ; COMMAND=/opt/stack/data/venv/bin/cinder-rootwrap /etc/cinder/rootwrap.conf env LC_ALL=C qemu-img info -f qcow2 --output=json --force-share /opt/stack/data/cinder/mnt/099f1a4efd5a1ef45b5ade9ae878f883/volume-3eb9fbd7-a8db-46d9-a10c-66d9f059ab0e
Apr 24 19:55:26 devstack sudo[84601]: pam_unix(sudo:session): session opened for user root(uid=0) by (uid=1000)
Apr 24 19:55:26 devstack cinder-volume[81241]: DEBUG cinder.coordination [None req-3ecada9e-e19d-4169-a771-a8ba100a49fa tempest-SnapshotsActionsTest-1237137383 None] Lock "cinder-quobyte-4aeae95d-361e-4e33-a4e9-c1f1df3411a5" acquired by "_delete_snapshot" :: waited 0.038s {{(pid=81241) __acquire /opt/stack/cinder/cinder/coordination.py:141}}
Apr 24 19:55:26 devstack cinder-volume[81241]: DEBUG cinder.volume.drivers.remotefs [None req-3ecada9e-e19d-4169-a771-a8ba100a49fa tempest-SnapshotsActionsTest-1237137383 None] Deleting offline snapshot 4aeae95d-361e-4e33-a4e9-c1f1df3411a5 of volume 7c598c47-1c38-4ca1-948e-a3a7c87de97c {{(pid=81241) _delete_snapshot /opt/stack/cinder/cinder/volume/drivers/remotefs.py:1288}}
Apr 24 19:55:26 devstack cinder-volume[81241]: DEBUG cinder.volume.drivers.remotefs [None req-3ecada9e-e19d-4169-a771-a8ba100a49fa tempest-SnapshotsActionsTest-1237137383 None] snapshot_file for this snap is: volume-7c598c47-1c38-4ca1-948e-a3a7c87de97c.4aeae95d-361e-4e33-a4e9-c1f1df3411a5 {{(pid=81241) _delete_snapshot /opt/stack/cinder/cinder/volume/drivers/remotefs.py:1317}}
Apr 24 19:55:26 devstack cinder-volume[81241]: DEBUG oslo.privsep.daemon [-] privsep: reply[0d8d01d9-9519-4f5e-8771-6c3e66d7ac12]: (4, 'qcow2') {{(pid=82087) _call_back /opt/stack/data/venv/lib/python3.10/site-packages/oslo_privsep/daemon.py:573}}
Apr 24 19:55:26 devstack cinder-volume[81241]: DEBUG oslo_concurrency.processutils [None req-3ecada9e-e19d-4169-a771-a8ba100a49fa tempest-SnapshotsActionsTest-1237137383 None] Running cmd (subprocess): /opt/stack/data/venv/bin/python3.10 -m oslo_concurrency.prlimit --as=1073741824 --cpu=60 -- sudo cinder-rootwrap /etc/cinder/rootwrap.conf env LC_ALL=C qemu-img info -f qcow2 --output=json --force-share /opt/stack/data/cinder/mnt/099f1a4efd5a1ef45b5ade9ae878f883/volume-7c598c47-1c38-4ca1-948e-a3a7c87de97c.4aeae95d-361e-4e33-a4e9-c1f1df3411a5 {{(pid=81241) execute /opt/stack/data/venv/lib/python3.10/site-packages/oslo_concurrency/processutils.py:440}}
Apr 24 19:55:26 devstack sudo[84612]: quobyte : PWD=/ ; USER=root ; COMMAND=/opt/stack/data/venv/bin/cinder-rootwrap /etc/cinder/rootwrap.conf env LC_ALL=C qemu-img info -f qcow2 --output=json --force-share /opt/stack/data/cinder/mnt/099f1a4efd5a1ef45b5ade9ae878f883/volume-7c598c47-1c38-4ca1-948e-a3a7c87de97c.4aeae95d-361e-4e33-a4e9-c1f1df3411a5
Apr 24 19:55:26 devstack sudo[84612]: pam_unix(sudo:session): session opened for user root(uid=0) by (uid=1000)
Apr 24 19:55:28 devstack sudo[84612]: pam_unix(sudo:session): session closed for user root
Apr 24 19:55:28 devstack cinder-volume[81241]: DEBUG oslo_concurrency.processutils [None req-3ecada9e-e19d-4169-a771-a8ba100a49fa tempest-SnapshotsActionsTest-1237137383 None] CMD "/opt/stack/data/venv/bin/python3.10 -m oslo_concurrency.prlimit --as=1073741824 --cpu=60 -- sudo cinder-rootwrap /etc/cinder/rootwrap.conf env LC_ALL=C qemu-img info -f qcow2 --output=json --force-share /opt/stack/data/cinder/mnt/099f1a4efd5a1ef45b5ade9ae878f883/volume-7c598c47-1c38-4ca1-948e-a3a7c87de97c.4aeae95d-361e-4e33-a4e9-c1f1df3411a5" returned: 0 in 1.358s {{(pid=81241) execute /opt/stack/data/venv/lib/python3.10/site-packages/oslo_concurrency/processutils.py:468}}
Apr 24 19:55:28 devstack cinder-volume[81241]: DEBUG cinder.volume.drivers.remotefs [None req-3ecada9e-e19d-4169-a771-a8ba100a49fa tempest-SnapshotsActionsTest-1237137383 None] Fetching qemu-img info with special backing_file_template: (/opt/stack/data/cinder/mnt/[0-9a-f]+/)?(volume-7c598c47-1c38-4ca1-948e-a3a7c87de97c(.(tmp-snap-)?[0-9a-f-]+)?|volume_from_snapshot_cache/(tmp-snap-)?[0-9a-f-]+(.(child-|parent-)[0-9a-f-]+)?)$ {{(pid=81241) _qemu_img_info_base /opt/stack/cinder/cinder/volume/drivers/remotefs.py:896}}
Apr 24 19:55:28 devstack cinder-volume[81241]: DEBUG oslo.privsep.daemon [-] privsep: reply[d2e181e8-e372-4d0f-811a-159b6bd22345]: (4, 'qcow2') {{(pid=82087) _call_back /opt/stack/data/venv/lib/python3.10/site-packages/oslo_privsep/daemon.py:573}}
Apr 24 19:55:28 devstack cinder-volume[81241]: DEBUG oslo_concurrency.processutils [None req-3ecada9e-e19d-4169-a771-a8ba100a49fa tempest-SnapshotsActionsTest-1237137383 None] Running cmd (subprocess): /opt/stack/data/venv/bin/python3.10 -m oslo_concurrency.prlimit --as=1073741824 --cpu=60 -- sudo cinder-rootwrap /etc/cinder/rootwrap.conf env LC_ALL=C qemu-img info -f qcow2 --output=json --force-share /opt/stack/data/cinder/mnt/099f1a4efd5a1ef45b5ade9ae878f883/volume-7c598c47-1c38-4ca1-948e-a3a7c87de97c.7bc139c0-50e7-4e81-b803-e82e85757e95 {{(pid=81241) execute /opt/stack/data/venv/lib/python3.10/site-packages/oslo_concurrency/processutils.py:440}}
Apr 24 19:55:28 devstack sudo[84601]: pam_unix(sudo:session): session closed for user root
Apr 24 19:55:28 devstack cinder-volume[81241]: DEBUG oslo_concurrency.processutils [None req-e45197ad-64cb-4751-98c3-fd662d8d0971 tempest-VolumesActionsTest-1762206869 None] CMD "/opt/stack/data/venv/bin/python3.10 -m oslo_concurrency.prlimit --as=1073741824 --cpu=60 -- sudo cinder-rootwrap /etc/cinder/rootwrap.conf env LC_ALL=C qemu-img info -f qcow2 --output=json --force-share /opt/stack/data/cinder/mnt/099f1a4efd5a1ef45b5ade9ae878f883/volume-3eb9fbd7-a8db-46d9-a10c-66d9f059ab0e" returned: 0 in 1.961s {{(pid=81241) execute /opt/stack/data/venv/lib/python3.10/site-packages/oslo_concurrency/processutils.py:468}}
Apr 24 19:55:28 devstack cinder-volume[81241]: DEBUG oslo_concurrency.processutils [None req-e45197ad-64cb-4751-98c3-fd662d8d0971 tempest-VolumesActionsTest-1762206869 None] Running cmd (subprocess): sudo cinder-rootwrap /etc/cinder/rootwrap.conf rm -f /opt/stack/data/cinder/mnt/099f1a4efd5a1ef45b5ade9ae878f883/volume-3eb9fbd7-a8db-46d9-a10c-66d9f059ab0e {{(pid=81241) execute /opt/stack/data/venv/lib/python3.10/site-packages/oslo_concurrency/processutils.py:440}}
Apr 24 19:55:28 devstack sudo[84630]: quobyte : PWD=/ ; USER=root ; COMMAND=/opt/stack/data/venv/bin/cinder-rootwrap /etc/cinder/rootwrap.conf rm -f /opt/stack/data/cinder/mnt/099f1a4efd5a1ef45b5ade9ae878f883/volume-3eb9fbd7-a8db-46d9-a10c-66d9f059ab0e
Apr 24 19:55:28 devstack sudo[84630]: pam_unix(sudo:session): session opened for user root(uid=0) by (uid=1000)
Apr 24 19:55:28 devstack sudo[84628]: quobyte : PWD=/ ; USER=root ; COMMAND=/opt/stack/data/venv/bin/cinder-rootwrap /etc/cinder/rootwrap.conf env LC_ALL=C qemu-img info -f qcow2 --output=json --force-share /opt/stack/data/cinder/mnt/099f1a4efd5a1ef45b5ade9ae878f883/volume-7c598c47-1c38-4ca1-948e-a3a7c87de97c.7bc139c0-50e7-4e81-b803-e82e85757e95
Apr 24 19:55:28 devstack sudo[84628]: pam_unix(sudo:session): session opened for user root(uid=0) by (uid=1000)
Apr 24 19:55:28 devstack sudo[84630]: pam_unix(sudo:session): session closed for user root
Apr 24 19:55:28 devstack cinder-volume[81241]: DEBUG oslo_concurrency.processutils [None req-e45197ad-64cb-4751-98c3-fd662d8d0971 tempest-VolumesActionsTest-1762206869 None] CMD "sudo cinder-rootwrap /etc/cinder/rootwrap.conf rm -f /opt/stack/data/cinder/mnt/099f1a4efd5a1ef45b5ade9ae878f883/volume-3eb9fbd7-a8db-46d9-a10c-66d9f059ab0e" returned: 0 in 0.710s {{(pid=81241) execute /opt/stack/data/venv/lib/python3.10/site-packages/oslo_concurrency/processutils.py:468}}
Apr 24 19:55:28 devstack cinder-volume[81241]: DEBUG cinder.coordination [None req-e45197ad-64cb-4751-98c3-fd662d8d0971 tempest-VolumesActionsTest-1762206869 None] Lock "cinder-quobyte-3eb9fbd7-a8db-46d9-a10c-66d9f059ab0e" released by "delete_volume" :: held 2.836s {{(pid=81241) __release /opt/stack/cinder/cinder/coordination.py:152}}
Apr 24 19:55:29 devstack cinder-volume[81241]: DEBUG cinder.quota [None req-e45197ad-64cb-4751-98c3-fd662d8d0971 tempest-VolumesActionsTest-1762206869 None] Created reservations ['2753e90d-f990-4feb-bda5-ab21d170a2a1', '6ec6a932-2830-4ea5-8cdf-619a851ea15f', '7970e96f-8c40-4337-b39e-35de7bb8f43a', '9935b767-b0f4-493a-b1de-8ce4838ad5c0'] {{(pid=81241) reserve /opt/stack/cinder/cinder/quota.py:752}}
Apr 24 19:55:29 devstack sudo[84628]: pam_unix(sudo:session): session closed for user root
Apr 24 19:55:29 devstack cinder-volume[81241]: DEBUG oslo_concurrency.processutils [None req-3ecada9e-e19d-4169-a771-a8ba100a49fa tempest-SnapshotsActionsTest-1237137383 None] CMD "/opt/stack/data/venv/bin/python3.10 -m oslo_concurrency.prlimit --as=1073741824 --cpu=60 -- sudo cinder-rootwrap /etc/cinder/rootwrap.conf env LC_ALL=C qemu-img info -f qcow2 --output=json --force-share /opt/stack/data/cinder/mnt/099f1a4efd5a1ef45b5ade9ae878f883/volume-7c598c47-1c38-4ca1-948e-a3a7c87de97c.7bc139c0-50e7-4e81-b803-e82e85757e95" returned: 0 in 1.095s {{(pid=81241) execute /opt/stack/data/venv/lib/python3.10/site-packages/oslo_concurrency/processutils.py:468}}
Apr 24 19:55:29 devstack cinder-volume[81241]: DEBUG cinder.volume.drivers.remotefs [None req-3ecada9e-e19d-4169-a771-a8ba100a49fa tempest-SnapshotsActionsTest-1237137383 None] Fetching qemu-img info with special backing_file_template: (/opt/stack/data/cinder/mnt/[0-9a-f]+/)?(volume-7c598c47-1c38-4ca1-948e-a3a7c87de97c(.(tmp-snap-)?[0-9a-f-]+)?|volume_from_snapshot_cache/(tmp-snap-)?[0-9a-f-]+(.(child-|parent-)[0-9a-f-]+)?)$ {{(pid=81241) _qemu_img_info_base /opt/stack/cinder/cinder/volume/drivers/remotefs.py:896}}
Apr 24 19:55:29 devstack cinder-volume[81241]: DEBUG oslo_concurrency.processutils [None req-3ecada9e-e19d-4169-a771-a8ba100a49fa tempest-SnapshotsActionsTest-1237137383 None] Running cmd (subprocess): sudo cinder-rootwrap /etc/cinder/rootwrap.conf qemu-img commit -d /opt/stack/data/cinder/mnt/099f1a4efd5a1ef45b5ade9ae878f883/volume-7c598c47-1c38-4ca1-948e-a3a7c87de97c.4aeae95d-361e-4e33-a4e9-c1f1df3411a5 {{(pid=81241) execute /opt/stack/data/venv/lib/python3.10/site-packages/oslo_concurrency/processutils.py:440}}
Apr 24 19:55:29 devstack sudo[84641]: quobyte : PWD=/ ; USER=root ; COMMAND=/opt/stack/data/venv/bin/cinder-rootwrap /etc/cinder/rootwrap.conf qemu-img commit -d /opt/stack/data/cinder/mnt/099f1a4efd5a1ef45b5ade9ae878f883/volume-7c598c47-1c38-4ca1-948e-a3a7c87de97c.4aeae95d-361e-4e33-a4e9-c1f1df3411a5
Apr 24 19:55:29 devstack sudo[84641]: pam_unix(sudo:session): session opened for user root(uid=0) by (uid=1000)
Apr 24 19:55:29 devstack cinder-volume[81241]: DEBUG oslo_concurrency.lockutils [None req-e45197ad-64cb-4751-98c3-fd662d8d0971 tempest-VolumesActionsTest-1762206869 None] Acquiring lock "quobyte_ensure" by "cinder.volume.drivers.quobyte.QuobyteDriver._ensure_shares_mounted" {{(pid=81241) inner /opt/stack/data/venv/lib/python3.10/site-packages/oslo_concurrency/lockutils.py:506}}
Apr 24 19:55:29 devstack cinder-volume[81241]: DEBUG oslo_concurrency.lockutils [None req-e45197ad-64cb-4751-98c3-fd662d8d0971 tempest-VolumesActionsTest-1762206869 None] Lock "quobyte_ensure" acquired by "cinder.volume.drivers.quobyte.QuobyteDriver._ensure_shares_mounted" :: waited 0.004s {{(pid=81241) inner /opt/stack/data/venv/lib/python3.10/site-packages/oslo_concurrency/lockutils.py:519}}
Apr 24 19:55:29 devstack cinder-volume[81241]: DEBUG cinder.volume.drivers.quobyte [None req-e45197ad-64cb-4751-98c3-fd662d8d0971 tempest-VolumesActionsTest-1762206869 None] Quobyte Volume URL set to: {'osci02.corp.quobyte.com/cinder-vol-76ed7b31-d8f1-4986-846a-2a47bb20838e': None} {{(pid=81241) _load_shares_config /opt/stack/cinder/cinder/volume/drivers/quobyte.py:617}}
Apr 24 19:55:29 devstack cinder-volume[81241]: DEBUG cinder.volume.drivers.quobyte [None req-e45197ad-64cb-4751-98c3-fd662d8d0971 tempest-VolumesActionsTest-1762206869 None] Available shares ['osci02.corp.quobyte.com/cinder-vol-76ed7b31-d8f1-4986-846a-2a47bb20838e'] {{(pid=81241) _ensure_shares_mounted /opt/stack/cinder/cinder/volume/drivers/quobyte.py:647}}
Apr 24 19:55:29 devstack cinder-volume[81241]: DEBUG oslo_concurrency.lockutils [None req-e45197ad-64cb-4751-98c3-fd662d8d0971 tempest-VolumesActionsTest-1762206869 None] Lock "quobyte_ensure" "released" by "cinder.volume.drivers.quobyte.QuobyteDriver._ensure_shares_mounted" :: held 0.021s {{(pid=81241) inner /opt/stack/data/venv/lib/python3.10/site-packages/oslo_concurrency/lockutils.py:538}}
Apr 24 19:55:29 devstack cinder-volume[81241]: DEBUG oslo_concurrency.processutils [None req-e45197ad-64cb-4751-98c3-fd662d8d0971 tempest-VolumesActionsTest-1762206869 None] Running cmd (subprocess): sudo cinder-rootwrap /etc/cinder/rootwrap.conf df --portability --block-size 1 /opt/stack/data/cinder/mnt/099f1a4efd5a1ef45b5ade9ae878f883 {{(pid=81241) execute /opt/stack/data/venv/lib/python3.10/site-packages/oslo_concurrency/processutils.py:440}}
Apr 24 19:55:29 devstack sudo[84643]: quobyte : PWD=/ ; USER=root ; COMMAND=/opt/stack/data/venv/bin/cinder-rootwrap /etc/cinder/rootwrap.conf df --portability --block-size 1 /opt/stack/data/cinder/mnt/099f1a4efd5a1ef45b5ade9ae878f883
Apr 24 19:55:29 devstack sudo[84643]: pam_unix(sudo:session): session opened for user root(uid=0) by (uid=1000)
Apr 24 19:55:30 devstack sudo[84643]: pam_unix(sudo:session): session closed for user root
Apr 24 19:55:30 devstack cinder-volume[81241]: DEBUG oslo_concurrency.processutils [None req-e45197ad-64cb-4751-98c3-fd662d8d0971 tempest-VolumesActionsTest-1762206869 None] CMD "sudo cinder-rootwrap /etc/cinder/rootwrap.conf df --portability --block-size 1 /opt/stack/data/cinder/mnt/099f1a4efd5a1ef45b5ade9ae878f883" returned: 0 in 0.697s {{(pid=81241) execute /opt/stack/data/venv/lib/python3.10/site-packages/oslo_concurrency/processutils.py:468}}
Apr 24 19:55:30 devstack cinder-volume[81241]: DEBUG cinder.manager [None req-e45197ad-64cb-4751-98c3-fd662d8d0971 tempest-VolumesActionsTest-1762206869 None] Notifying Schedulers of capabilities ... {{(pid=81241) _publish_service_capabilities /opt/stack/cinder/cinder/manager.py:202}}
Apr 24 19:55:30 devstack cinder-volume[81241]: INFO cinder.volume.manager [None req-e45197ad-64cb-4751-98c3-fd662d8d0971 tempest-VolumesActionsTest-1762206869 None] Deleted volume successfully.
Apr 24 19:55:30 devstack cinder-volume[81241]: DEBUG cinder.coordination [None req-e45197ad-64cb-4751-98c3-fd662d8d0971 tempest-VolumesActionsTest-1762206869 None] Lock "cinder-3eb9fbd7-a8db-46d9-a10c-66d9f059ab0e-delete_volume" released by "delete_volume" :: held 4.393s {{(pid=81241) __release /opt/stack/cinder/cinder/coordination.py:152}}
Apr 24 19:55:30 devstack sudo[84641]: pam_unix(sudo:session): session closed for user root
Apr 24 19:55:30 devstack cinder-volume[81241]: DEBUG oslo_concurrency.processutils [None req-3ecada9e-e19d-4169-a771-a8ba100a49fa tempest-SnapshotsActionsTest-1237137383 None] CMD "sudo cinder-rootwrap /etc/cinder/rootwrap.conf qemu-img commit -d /opt/stack/data/cinder/mnt/099f1a4efd5a1ef45b5ade9ae878f883/volume-7c598c47-1c38-4ca1-948e-a3a7c87de97c.4aeae95d-361e-4e33-a4e9-c1f1df3411a5" returned: 0 in 1.041s {{(pid=81241) execute /opt/stack/data/venv/lib/python3.10/site-packages/oslo_concurrency/processutils.py:468}}
Apr 24 19:55:30 devstack cinder-volume[81241]: DEBUG oslo_concurrency.processutils [None req-3ecada9e-e19d-4169-a771-a8ba100a49fa tempest-SnapshotsActionsTest-1237137383 None] Running cmd (subprocess): sudo cinder-rootwrap /etc/cinder/rootwrap.conf rm -f /opt/stack/data/cinder/mnt/099f1a4efd5a1ef45b5ade9ae878f883/volume-7c598c47-1c38-4ca1-948e-a3a7c87de97c.4aeae95d-361e-4e33-a4e9-c1f1df3411a5 {{(pid=81241) execute /opt/stack/data/venv/lib/python3.10/site-packages/oslo_concurrency/processutils.py:440}}
Apr 24 19:55:30 devstack sudo[84649]: quobyte : PWD=/ ; USER=root ; COMMAND=/opt/stack/data/venv/bin/cinder-rootwrap /etc/cinder/rootwrap.conf rm -f /opt/stack/data/cinder/mnt/099f1a4efd5a1ef45b5ade9ae878f883/volume-7c598c47-1c38-4ca1-948e-a3a7c87de97c.4aeae95d-361e-4e33-a4e9-c1f1df3411a5
Apr 24 19:55:30 devstack sudo[84649]: pam_unix(sudo:session): session opened for user root(uid=0) by (uid=1000)
Apr 24 19:55:30 devstack sudo[84649]: pam_unix(sudo:session): session closed for user root
Apr 24 19:55:30 devstack cinder-volume[81241]: DEBUG oslo_concurrency.processutils [None req-3ecada9e-e19d-4169-a771-a8ba100a49fa tempest-SnapshotsActionsTest-1237137383 None] CMD "sudo cinder-rootwrap /etc/cinder/rootwrap.conf rm -f /opt/stack/data/cinder/mnt/099f1a4efd5a1ef45b5ade9ae878f883/volume-7c598c47-1c38-4ca1-948e-a3a7c87de97c.4aeae95d-361e-4e33-a4e9-c1f1df3411a5" returned: 0 in 0.619s {{(pid=81241) execute /opt/stack/data/venv/lib/python3.10/site-packages/oslo_concurrency/processutils.py:468}}
Apr 24 19:55:30 devstack cinder-volume[81241]: DEBUG cinder.coordination [None req-3ecada9e-e19d-4169-a771-a8ba100a49fa tempest-SnapshotsActionsTest-1237137383 None] Lock "cinder-quobyte-4aeae95d-361e-4e33-a4e9-c1f1df3411a5" released by "_delete_snapshot" :: held 4.348s {{(pid=81241) __release /opt/stack/cinder/cinder/coordination.py:152}}
Apr 24 19:55:30 devstack cinder-volume[81241]: DEBUG cinder.coordination [None req-3ecada9e-e19d-4169-a771-a8ba100a49fa tempest-SnapshotsActionsTest-1237137383 None] Lock "cinder-quobyte-7c598c47-1c38-4ca1-948e-a3a7c87de97c" released by "delete_snapshot" :: held 4.410s {{(pid=81241) __release /opt/stack/cinder/cinder/coordination.py:152}}
Apr 24 19:55:31 devstack cinder-volume[81241]: DEBUG cinder.quota [None req-3ecada9e-e19d-4169-a771-a8ba100a49fa tempest-SnapshotsActionsTest-1237137383 None] Created reservations ['18ebeacc-a687-4026-9fbe-37c175386148', '63bebc2c-10d2-43b4-8e35-3b5749330e65', 'e27c6d2f-6a73-4fee-bbff-8a5025ecbe25', 'd05acff0-3e28-464d-bcad-dd1ed18ae43c'] {{(pid=81241) reserve /opt/stack/cinder/cinder/quota.py:752}}
Apr 24 19:55:31 devstack cinder-volume[81241]: INFO cinder.volume.manager [None req-3ecada9e-e19d-4169-a771-a8ba100a49fa tempest-SnapshotsActionsTest-1237137383 None] Delete snapshot completed successfully.
Apr 24 19:55:31 devstack cinder-volume[81241]: DEBUG cinder.coordination [None req-3ecada9e-e19d-4169-a771-a8ba100a49fa tempest-SnapshotsActionsTest-1237137383 None] Lock "cinder-4aeae95d-361e-4e33-a4e9-c1f1df3411a5-delete_snapshot" released by "delete_snapshot" :: held 4.662s {{(pid=81241) __release /opt/stack/cinder/cinder/coordination.py:152}}
Apr 24 19:55:32 devstack cinder-volume[81241]: DEBUG oslo_concurrency.lockutils [None req-2a367b67-95c9-4068-9b58-e950dd431855 tempest-SnapshotsActionsTest-1276737476 None] Acquiring lock "quobyte" by "cinder.volume.drivers.quobyte.QuobyteDriver.create_snapshot" {{(pid=81241) inner /opt/stack/data/venv/lib/python3.10/site-packages/oslo_concurrency/lockutils.py:506}}
Apr 24 19:55:32 devstack cinder-volume[81241]: DEBUG oslo_concurrency.lockutils [None req-2a367b67-95c9-4068-9b58-e950dd431855 tempest-SnapshotsActionsTest-1276737476 None] Lock "quobyte" acquired by "cinder.volume.drivers.quobyte.QuobyteDriver.create_snapshot" :: waited 0.002s {{(pid=81241) inner /opt/stack/data/venv/lib/python3.10/site-packages/oslo_concurrency/lockutils.py:519}}
Apr 24 19:55:32 devstack cinder-volume[81241]: DEBUG cinder.volume.drivers.remotefs [None req-2a367b67-95c9-4068-9b58-e950dd431855 tempest-SnapshotsActionsTest-1276737476 None] Creating offline snapshot 886bc699-14e1-4ac9-8919-92ddd26f042d of volume 7c598c47-1c38-4ca1-948e-a3a7c87de97c {{(pid=81241) _create_snapshot /opt/stack/cinder/cinder/volume/drivers/remotefs.py:1816}}
Apr 24 19:55:32 devstack cinder-volume[81241]: DEBUG oslo.privsep.daemon [-] privsep: reply[61be62af-44ff-49f8-b780-641f5e84e46d]: (4, 'qcow2') {{(pid=82087) _call_back /opt/stack/data/venv/lib/python3.10/site-packages/oslo_privsep/daemon.py:573}}
Apr 24 19:55:32 devstack cinder-volume[81241]: DEBUG oslo_concurrency.processutils [None req-2a367b67-95c9-4068-9b58-e950dd431855 tempest-SnapshotsActionsTest-1276737476 None] Running cmd (subprocess): /opt/stack/data/venv/bin/python3.10 -m oslo_concurrency.prlimit --as=1073741824 --cpu=60 -- sudo cinder-rootwrap /etc/cinder/rootwrap.conf env LC_ALL=C qemu-img info -f qcow2 --output=json --force-share /opt/stack/data/cinder/mnt/099f1a4efd5a1ef45b5ade9ae878f883/volume-7c598c47-1c38-4ca1-948e-a3a7c87de97c.7bc139c0-50e7-4e81-b803-e82e85757e95 {{(pid=81241) execute /opt/stack/data/venv/lib/python3.10/site-packages/oslo_concurrency/processutils.py:440}}
Apr 24 19:55:32 devstack sudo[84693]: quobyte : PWD=/ ; USER=root ; COMMAND=/opt/stack/data/venv/bin/cinder-rootwrap /etc/cinder/rootwrap.conf env LC_ALL=C qemu-img info -f qcow2 --output=json --force-share /opt/stack/data/cinder/mnt/099f1a4efd5a1ef45b5ade9ae878f883/volume-7c598c47-1c38-4ca1-948e-a3a7c87de97c.7bc139c0-50e7-4e81-b803-e82e85757e95
Apr 24 19:55:32 devstack sudo[84693]: pam_unix(sudo:session): session opened for user root(uid=0) by (uid=1000)
Apr 24 19:55:33 devstack sudo[84693]: pam_unix(sudo:session): session closed for user root
Apr 24 19:55:33 devstack cinder-volume[81241]: DEBUG oslo_concurrency.processutils [None req-2a367b67-95c9-4068-9b58-e950dd431855 tempest-SnapshotsActionsTest-1276737476 None] CMD "/opt/stack/data/venv/bin/python3.10 -m oslo_concurrency.prlimit --as=1073741824 --cpu=60 -- sudo cinder-rootwrap /etc/cinder/rootwrap.conf env LC_ALL=C qemu-img info -f qcow2 --output=json --force-share /opt/stack/data/cinder/mnt/099f1a4efd5a1ef45b5ade9ae878f883/volume-7c598c47-1c38-4ca1-948e-a3a7c87de97c.7bc139c0-50e7-4e81-b803-e82e85757e95" returned: 0 in 0.785s {{(pid=81241) execute /opt/stack/data/venv/lib/python3.10/site-packages/oslo_concurrency/processutils.py:468}}
Apr 24 19:55:33 devstack cinder-volume[81241]: DEBUG cinder.volume.drivers.remotefs [None req-2a367b67-95c9-4068-9b58-e950dd431855 tempest-SnapshotsActionsTest-1276737476 None] Fetching qemu-img info with special backing_file_template: (/opt/stack/data/cinder/mnt/[0-9a-f]+/)?(volume-7c598c47-1c38-4ca1-948e-a3a7c87de97c(.(tmp-snap-)?[0-9a-f-]+)?|volume_from_snapshot_cache/(tmp-snap-)?[0-9a-f-]+(.(child-|parent-)[0-9a-f-]+)?)$ {{(pid=81241) _qemu_img_info_base /opt/stack/cinder/cinder/volume/drivers/remotefs.py:896}}
Apr 24 19:55:33 devstack cinder-volume[81241]: DEBUG oslo_concurrency.processutils [None req-2a367b67-95c9-4068-9b58-e950dd431855 tempest-SnapshotsActionsTest-1276737476 None] Running cmd (subprocess): sudo cinder-rootwrap /etc/cinder/rootwrap.conf qemu-img create -f qcow2 -o backing_file=/opt/stack/data/cinder/mnt/099f1a4efd5a1ef45b5ade9ae878f883/volume-7c598c47-1c38-4ca1-948e-a3a7c87de97c.7bc139c0-50e7-4e81-b803-e82e85757e95,backing_fmt=qcow2 /opt/stack/data/cinder/mnt/099f1a4efd5a1ef45b5ade9ae878f883/volume-7c598c47-1c38-4ca1-948e-a3a7c87de97c.886bc699-14e1-4ac9-8919-92ddd26f042d 1G {{(pid=81241) execute /opt/stack/data/venv/lib/python3.10/site-packages/oslo_concurrency/processutils.py:440}}
Apr 24 19:55:33 devstack sudo[84701]: quobyte : PWD=/ ; USER=root ; COMMAND=/opt/stack/data/venv/bin/cinder-rootwrap /etc/cinder/rootwrap.conf qemu-img create -f qcow2 -o backing_file=/opt/stack/data/cinder/mnt/099f1a4efd5a1ef45b5ade9ae878f883/volume-7c598c47-1c38-4ca1-948e-a3a7c87de97c.7bc139c0-50e7-4e81-b803-e82e85757e95,backing_fmt=qcow2 /opt/stack/data/cinder/mnt/099f1a4efd5a1ef45b5ade9ae878f883/volume-7c598c47-1c38-4ca1-948e-a3a7c87de97c.886bc699-14e1-4ac9-8919-92ddd26f042d 1G
Apr 24 19:55:33 devstack sudo[84701]: pam_unix(sudo:session): session opened for user root(uid=0) by (uid=1000)
Apr 24 19:55:34 devstack sudo[84701]: pam_unix(sudo:session): session closed for user root
Apr 24 19:55:34 devstack cinder-volume[81241]: DEBUG oslo_concurrency.processutils [None req-2a367b67-95c9-4068-9b58-e950dd431855 tempest-SnapshotsActionsTest-1276737476 None] CMD "sudo cinder-rootwrap /etc/cinder/rootwrap.conf qemu-img create -f qcow2 -o backing_file=/opt/stack/data/cinder/mnt/099f1a4efd5a1ef45b5ade9ae878f883/volume-7c598c47-1c38-4ca1-948e-a3a7c87de97c.7bc139c0-50e7-4e81-b803-e82e85757e95,backing_fmt=qcow2 /opt/stack/data/cinder/mnt/099f1a4efd5a1ef45b5ade9ae878f883/volume-7c598c47-1c38-4ca1-948e-a3a7c87de97c.886bc699-14e1-4ac9-8919-92ddd26f042d 1G" returned: 0 in 0.958s {{(pid=81241) execute /opt/stack/data/venv/lib/python3.10/site-packages/oslo_concurrency/processutils.py:468}}
Apr 24 19:55:34 devstack cinder-volume[81241]: DEBUG oslo_concurrency.processutils [None req-2a367b67-95c9-4068-9b58-e950dd431855 tempest-SnapshotsActionsTest-1276737476 None] Running cmd (subprocess): sudo cinder-rootwrap /etc/cinder/rootwrap.conf qemu-img rebase -u -b volume-7c598c47-1c38-4ca1-948e-a3a7c87de97c.7bc139c0-50e7-4e81-b803-e82e85757e95 -F qcow2 /opt/stack/data/cinder/mnt/099f1a4efd5a1ef45b5ade9ae878f883/volume-7c598c47-1c38-4ca1-948e-a3a7c87de97c.886bc699-14e1-4ac9-8919-92ddd26f042d {{(pid=81241) execute /opt/stack/data/venv/lib/python3.10/site-packages/oslo_concurrency/processutils.py:440}}
Apr 24 19:55:34 devstack sudo[84717]: quobyte : PWD=/ ; USER=root ; COMMAND=/opt/stack/data/venv/bin/cinder-rootwrap /etc/cinder/rootwrap.conf qemu-img rebase -u -b volume-7c598c47-1c38-4ca1-948e-a3a7c87de97c.7bc139c0-50e7-4e81-b803-e82e85757e95 -F qcow2 /opt/stack/data/cinder/mnt/099f1a4efd5a1ef45b5ade9ae878f883/volume-7c598c47-1c38-4ca1-948e-a3a7c87de97c.886bc699-14e1-4ac9-8919-92ddd26f042d
Apr 24 19:55:34 devstack sudo[84717]: pam_unix(sudo:session): session opened for user root(uid=0) by (uid=1000)
Apr 24 19:55:35 devstack sudo[84717]: pam_unix(sudo:session): session closed for user root
Apr 24 19:55:35 devstack cinder-volume[81241]: DEBUG oslo_concurrency.processutils [None req-2a367b67-95c9-4068-9b58-e950dd431855 tempest-SnapshotsActionsTest-1276737476 None] CMD "sudo cinder-rootwrap /etc/cinder/rootwrap.conf qemu-img rebase -u -b volume-7c598c47-1c38-4ca1-948e-a3a7c87de97c.7bc139c0-50e7-4e81-b803-e82e85757e95 -F qcow2 /opt/stack/data/cinder/mnt/099f1a4efd5a1ef45b5ade9ae878f883/volume-7c598c47-1c38-4ca1-948e-a3a7c87de97c.886bc699-14e1-4ac9-8919-92ddd26f042d" returned: 0 in 0.744s {{(pid=81241) execute /opt/stack/data/venv/lib/python3.10/site-packages/oslo_concurrency/processutils.py:468}}
Apr 24 19:55:35 devstack cinder-volume[81241]: WARNING cinder.volume.drivers.remotefs [None req-2a367b67-95c9-4068-9b58-e950dd431855 tempest-SnapshotsActionsTest-1276737476 None] /opt/stack/data/cinder/mnt/099f1a4efd5a1ef45b5ade9ae878f883/volume-7c598c47-1c38-4ca1-948e-a3a7c87de97c.886bc699-14e1-4ac9-8919-92ddd26f042d is being set with open permissions: ugo+rw
Apr 24 19:55:35 devstack cinder-volume[81241]: DEBUG oslo_concurrency.processutils [None req-2a367b67-95c9-4068-9b58-e950dd431855 tempest-SnapshotsActionsTest-1276737476 None] Running cmd (subprocess): sudo cinder-rootwrap /etc/cinder/rootwrap.conf chmod ugo+rw /opt/stack/data/cinder/mnt/099f1a4efd5a1ef45b5ade9ae878f883/volume-7c598c47-1c38-4ca1-948e-a3a7c87de97c.886bc699-14e1-4ac9-8919-92ddd26f042d {{(pid=81241) execute /opt/stack/data/venv/lib/python3.10/site-packages/oslo_concurrency/processutils.py:440}}
Apr 24 19:55:35 devstack sudo[84740]: quobyte : PWD=/ ; USER=root ; COMMAND=/opt/stack/data/venv/bin/cinder-rootwrap /etc/cinder/rootwrap.conf chmod ugo+rw /opt/stack/data/cinder/mnt/099f1a4efd5a1ef45b5ade9ae878f883/volume-7c598c47-1c38-4ca1-948e-a3a7c87de97c.886bc699-14e1-4ac9-8919-92ddd26f042d
Apr 24 19:55:35 devstack sudo[84740]: pam_unix(sudo:session): session opened for user root(uid=0) by (uid=1000)
Apr 24 19:55:35 devstack sudo[84740]: pam_unix(sudo:session): session closed for user root
Apr 24 19:55:35 devstack cinder-volume[81241]: DEBUG oslo_concurrency.processutils [None req-2a367b67-95c9-4068-9b58-e950dd431855 tempest-SnapshotsActionsTest-1276737476 None] CMD "sudo cinder-rootwrap /etc/cinder/rootwrap.conf chmod ugo+rw /opt/stack/data/cinder/mnt/099f1a4efd5a1ef45b5ade9ae878f883/volume-7c598c47-1c38-4ca1-948e-a3a7c87de97c.886bc699-14e1-4ac9-8919-92ddd26f042d" returned: 0 in 0.509s {{(pid=81241) execute /opt/stack/data/venv/lib/python3.10/site-packages/oslo_concurrency/processutils.py:468}}
Apr 24 19:55:35 devstack cinder-volume[81241]: DEBUG oslo_concurrency.lockutils [None req-2a367b67-95c9-4068-9b58-e950dd431855 tempest-SnapshotsActionsTest-1276737476 None] Lock "quobyte" "released" by "cinder.volume.drivers.quobyte.QuobyteDriver.create_snapshot" :: held 3.108s {{(pid=81241) inner /opt/stack/data/venv/lib/python3.10/site-packages/oslo_concurrency/lockutils.py:538}}
Apr 24 19:55:35 devstack cinder-volume[81241]: INFO cinder.volume.manager [None req-2a367b67-95c9-4068-9b58-e950dd431855 tempest-SnapshotsActionsTest-1276737476 None] Create snapshot completed successfully
Apr 24 19:55:36 devstack cinder-volume[81241]: DEBUG cinder.coordination [None req-6762af06-a23d-471e-a1b4-d611ad39575f tempest-SnapshotsActionsTest-1237137383 None] Acquiring lock "cinder-886bc699-14e1-4ac9-8919-92ddd26f042d-delete_snapshot" by "delete_snapshot" {{(pid=81241) __acquire /opt/stack/cinder/cinder/coordination.py:138}}
Apr 24 19:55:36 devstack cinder-volume[81241]: DEBUG cinder.coordination [None req-6762af06-a23d-471e-a1b4-d611ad39575f tempest-SnapshotsActionsTest-1237137383 None] Lock "cinder-886bc699-14e1-4ac9-8919-92ddd26f042d-delete_snapshot" acquired by "delete_snapshot" :: waited 0.024s {{(pid=81241) __acquire /opt/stack/cinder/cinder/coordination.py:141}}
Apr 24 19:55:36 devstack cinder-volume[81241]: DEBUG cinder.coordination [None req-6762af06-a23d-471e-a1b4-d611ad39575f tempest-SnapshotsActionsTest-1237137383 None] Acquiring lock "cinder-quobyte-7c598c47-1c38-4ca1-948e-a3a7c87de97c" by "delete_snapshot" {{(pid=81241) __acquire /opt/stack/cinder/cinder/coordination.py:138}}
Apr 24 19:55:36 devstack cinder-volume[81241]: DEBUG cinder.coordination [None req-6762af06-a23d-471e-a1b4-d611ad39575f tempest-SnapshotsActionsTest-1237137383 None] Lock "cinder-quobyte-7c598c47-1c38-4ca1-948e-a3a7c87de97c" acquired by "delete_snapshot" :: waited 0.024s {{(pid=81241) __acquire /opt/stack/cinder/cinder/coordination.py:141}}
Apr 24 19:55:36 devstack cinder-volume[81241]: DEBUG cinder.coordination [None req-6762af06-a23d-471e-a1b4-d611ad39575f tempest-SnapshotsActionsTest-1237137383 None] Acquiring lock "cinder-quobyte-886bc699-14e1-4ac9-8919-92ddd26f042d" by "_delete_snapshot" {{(pid=81241) __acquire /opt/stack/cinder/cinder/coordination.py:138}}
Apr 24 19:55:36 devstack cinder-volume[81241]: DEBUG cinder.coordination [None req-6762af06-a23d-471e-a1b4-d611ad39575f tempest-SnapshotsActionsTest-1237137383 None] Lock "cinder-quobyte-886bc699-14e1-4ac9-8919-92ddd26f042d" acquired by "_delete_snapshot" :: waited 0.023s {{(pid=81241) __acquire /opt/stack/cinder/cinder/coordination.py:141}}
Apr 24 19:55:36 devstack cinder-volume[81241]: DEBUG cinder.volume.drivers.remotefs [None req-6762af06-a23d-471e-a1b4-d611ad39575f tempest-SnapshotsActionsTest-1237137383 None] Deleting offline snapshot 886bc699-14e1-4ac9-8919-92ddd26f042d of volume 7c598c47-1c38-4ca1-948e-a3a7c87de97c {{(pid=81241) _delete_snapshot /opt/stack/cinder/cinder/volume/drivers/remotefs.py:1288}}
Apr 24 19:55:36 devstack cinder-volume[81241]: DEBUG cinder.volume.drivers.remotefs [None req-6762af06-a23d-471e-a1b4-d611ad39575f tempest-SnapshotsActionsTest-1237137383 None] snapshot_file for this snap is: volume-7c598c47-1c38-4ca1-948e-a3a7c87de97c.886bc699-14e1-4ac9-8919-92ddd26f042d {{(pid=81241) _delete_snapshot /opt/stack/cinder/cinder/volume/drivers/remotefs.py:1317}}
Apr 24 19:55:36 devstack cinder-volume[81241]: DEBUG oslo.privsep.daemon [-] privsep: reply[f760dd40-7160-4eb6-b59e-34a4a0468e42]: (4, 'qcow2') {{(pid=82087) _call_back /opt/stack/data/venv/lib/python3.10/site-packages/oslo_privsep/daemon.py:573}}
Apr 24 19:55:36 devstack cinder-volume[81241]: DEBUG oslo_concurrency.processutils [None req-6762af06-a23d-471e-a1b4-d611ad39575f tempest-SnapshotsActionsTest-1237137383 None] Running cmd (subprocess): /opt/stack/data/venv/bin/python3.10 -m oslo_concurrency.prlimit --as=1073741824 --cpu=60 -- sudo cinder-rootwrap /etc/cinder/rootwrap.conf env LC_ALL=C qemu-img info -f qcow2 --output=json --force-share /opt/stack/data/cinder/mnt/099f1a4efd5a1ef45b5ade9ae878f883/volume-7c598c47-1c38-4ca1-948e-a3a7c87de97c.886bc699-14e1-4ac9-8919-92ddd26f042d {{(pid=81241) execute /opt/stack/data/venv/lib/python3.10/site-packages/oslo_concurrency/processutils.py:440}}
Apr 24 19:55:36 devstack sudo[84763]: quobyte : PWD=/ ; USER=root ; COMMAND=/opt/stack/data/venv/bin/cinder-rootwrap /etc/cinder/rootwrap.conf env LC_ALL=C qemu-img info -f qcow2 --output=json --force-share /opt/stack/data/cinder/mnt/099f1a4efd5a1ef45b5ade9ae878f883/volume-7c598c47-1c38-4ca1-948e-a3a7c87de97c.886bc699-14e1-4ac9-8919-92ddd26f042d
Apr 24 19:55:36 devstack sudo[84763]: pam_unix(sudo:session): session opened for user root(uid=0) by (uid=1000)
Apr 24 19:55:37 devstack sudo[84763]: pam_unix(sudo:session): session closed for user root
Apr 24 19:55:37 devstack cinder-volume[81241]: DEBUG oslo_concurrency.processutils [None req-6762af06-a23d-471e-a1b4-d611ad39575f tempest-SnapshotsActionsTest-1237137383 None] CMD "/opt/stack/data/venv/bin/python3.10 -m oslo_concurrency.prlimit --as=1073741824 --cpu=60 -- sudo cinder-rootwrap /etc/cinder/rootwrap.conf env LC_ALL=C qemu-img info -f qcow2 --output=json --force-share /opt/stack/data/cinder/mnt/099f1a4efd5a1ef45b5ade9ae878f883/volume-7c598c47-1c38-4ca1-948e-a3a7c87de97c.886bc699-14e1-4ac9-8919-92ddd26f042d" returned: 0 in 0.779s {{(pid=81241) execute /opt/stack/data/venv/lib/python3.10/site-packages/oslo_concurrency/processutils.py:468}}
Apr 24 19:55:37 devstack cinder-volume[81241]: DEBUG cinder.volume.drivers.remotefs [None req-6762af06-a23d-471e-a1b4-d611ad39575f tempest-SnapshotsActionsTest-1237137383 None] Fetching qemu-img info with special backing_file_template: (/opt/stack/data/cinder/mnt/[0-9a-f]+/)?(volume-7c598c47-1c38-4ca1-948e-a3a7c87de97c(.(tmp-snap-)?[0-9a-f-]+)?|volume_from_snapshot_cache/(tmp-snap-)?[0-9a-f-]+(.(child-|parent-)[0-9a-f-]+)?)$ {{(pid=81241) _qemu_img_info_base /opt/stack/cinder/cinder/volume/drivers/remotefs.py:896}}
Apr 24 19:55:37 devstack cinder-volume[81241]: DEBUG oslo.privsep.daemon [-] privsep: reply[6b5d9e20-f66b-44cc-b153-cccf2e35dd54]: (4, 'qcow2') {{(pid=82087) _call_back /opt/stack/data/venv/lib/python3.10/site-packages/oslo_privsep/daemon.py:573}}
Apr 24 19:55:37 devstack cinder-volume[81241]: DEBUG oslo_concurrency.processutils [None req-6762af06-a23d-471e-a1b4-d611ad39575f tempest-SnapshotsActionsTest-1237137383 None] Running cmd (subprocess): /opt/stack/data/venv/bin/python3.10 -m oslo_concurrency.prlimit --as=1073741824 --cpu=60 -- sudo cinder-rootwrap /etc/cinder/rootwrap.conf env LC_ALL=C qemu-img info -f qcow2 --output=json --force-share /opt/stack/data/cinder/mnt/099f1a4efd5a1ef45b5ade9ae878f883/volume-7c598c47-1c38-4ca1-948e-a3a7c87de97c.7bc139c0-50e7-4e81-b803-e82e85757e95 {{(pid=81241) execute /opt/stack/data/venv/lib/python3.10/site-packages/oslo_concurrency/processutils.py:440}}
Apr 24 19:55:37 devstack sudo[84809]: quobyte : PWD=/ ; USER=root ; COMMAND=/opt/stack/data/venv/bin/cinder-rootwrap /etc/cinder/rootwrap.conf env LC_ALL=C qemu-img info -f qcow2 --output=json --force-share /opt/stack/data/cinder/mnt/099f1a4efd5a1ef45b5ade9ae878f883/volume-7c598c47-1c38-4ca1-948e-a3a7c87de97c.7bc139c0-50e7-4e81-b803-e82e85757e95
Apr 24 19:55:37 devstack sudo[84809]: pam_unix(sudo:session): session opened for user root(uid=0) by (uid=1000)
Apr 24 19:55:37 devstack cinder-volume[81241]: DEBUG dbcounter [-] [81241] Writing DB stats cinder:SELECT=58,cinder:UPDATE=56,cinder:INSERT=9,cinder:DELETE=2 {{(pid=81241) stat_writer /opt/stack/data/venv/lib/python3.10/site-packages/dbcounter.py:115}}
Apr 24 19:55:37 devstack cinder-volume[81241]: DEBUG dbcounter [-] [81241] Writing DB stats cinder:SELECT=59,cinder:UPDATE=55,cinder:INSERT=18,cinder:DELETE=9 {{(pid=81241) stat_writer /opt/stack/data/venv/lib/python3.10/site-packages/dbcounter.py:115}}
Apr 24 19:55:37 devstack cinder-volume[81241]: DEBUG cinder.volume.flows.manager.create_volume [None req-c0a6a8b6-0929-42b6-a0c5-27070bf8bbe8 tempest-VolumesActionsTest-1762206869 None] Volume reschedule parameters: True retry: {'num_attempts': 1, 'backends': ['devstack@QuobyteHD#QuobyteHD'], 'hosts': ['devstack@QuobyteHD#QuobyteHD']} {{(pid=81241) get_flow /opt/stack/cinder/cinder/volume/flows/manager/create_volume.py:1395}}
Apr 24 19:55:37 devstack cinder-volume[81241]: DEBUG cinder.volume.manager [None req-c0a6a8b6-0929-42b6-a0c5-27070bf8bbe8 tempest-VolumesActionsTest-1762206869 None] Flow 'volume_create_manager' (d817411e-0ed2-405b-bb5f-7b70b64e7413) transitioned into state 'RUNNING' from state 'PENDING' {{(pid=81241) _flow_receiver /opt/stack/data/venv/lib/python3.10/site-packages/taskflow/listeners/logging.py:145}}
Apr 24 19:55:37 devstack cinder-volume[81241]: DEBUG cinder.volume.manager [None req-c0a6a8b6-0929-42b6-a0c5-27070bf8bbe8 tempest-VolumesActionsTest-1762206869 None] Task 'cinder.volume.flows.manager.create_volume.ExtractVolumeRefTask;volume:create' (baf821bb-cb0f-4f25-922d-cdff08b8824e) transitioned into state 'RUNNING' from state 'PENDING' {{(pid=81241) _task_receiver /opt/stack/data/venv/lib/python3.10/site-packages/taskflow/listeners/logging.py:194}}
Apr 24 19:55:37 devstack cinder-volume[81241]: DEBUG cinder.volume.manager [None req-c0a6a8b6-0929-42b6-a0c5-27070bf8bbe8 tempest-VolumesActionsTest-1762206869 None] Task 'cinder.volume.flows.manager.create_volume.ExtractVolumeRefTask;volume:create' (baf821bb-cb0f-4f25-922d-cdff08b8824e) transitioned into state 'SUCCESS' from state 'RUNNING' with result 'Volume(_name_id=None,admin_metadata=,attach_status='detached',availability_zone='nova',bootable=False,cluster=,cluster_name=None,consistencygroup=,consistencygroup_id=None,created_at=2026-04-24T17:55:38Z,deleted=False,deleted_at=None,display_description=None,display_name='tempest-VolumesActionsTest-Volume-413348438',ec2_id=None,encryption_key_id=None,glance_metadata=,group=,group_id=None,host='devstack@QuobyteHD#QuobyteHD',id=44b3d644-4466-42c4-a745-91fcbaf85755,launched_at=None,metadata={},migration_status=None,multiattach=False,previous_status=None,project_id='43ce3173ad44488b82dcae63850a42d9',provider_auth=None,provider_geometry=None,provider_id=None,provider_location=None,replication_driver_data=None,replication_extended_status=None,replication_status=None,scheduled_at=2026-04-24T17:55:38Z,service_uuid=None,shared_targets=True,size=1,snapshot_id=None,snapshots=,source_volid=None,status='creating',terminated_at=None,updated_at=2026-04-24T17:55:38Z,use_quota=True,user_id='d9099e0470954a2790796acdf16b1511',volume_attachment=VolumeAttachmentList,volume_type=VolumeType(c2be1a04-2f21-4866-908a-42c52423064b),volume_type_id=c2be1a04-2f21-4866-908a-42c52423064b)' {{(pid=81241) _task_receiver /opt/stack/data/venv/lib/python3.10/site-packages/taskflow/listeners/logging.py:182}}
Apr 24 19:55:37 devstack cinder-volume[81241]: DEBUG cinder.volume.manager [None req-c0a6a8b6-0929-42b6-a0c5-27070bf8bbe8 tempest-VolumesActionsTest-1762206869 None] Task 'cinder.volume.flows.manager.create_volume.OnFailureRescheduleTask;volume:create' (beb2b8d5-0eaa-4880-b970-87421b6a5479) transitioned into state 'RUNNING' from state 'PENDING' {{(pid=81241) _task_receiver /opt/stack/data/venv/lib/python3.10/site-packages/taskflow/listeners/logging.py:194}}
Apr 24 19:55:37 devstack cinder-volume[81241]: DEBUG cinder.volume.manager [None req-c0a6a8b6-0929-42b6-a0c5-27070bf8bbe8 tempest-VolumesActionsTest-1762206869 None] Task 'cinder.volume.flows.manager.create_volume.OnFailureRescheduleTask;volume:create' (beb2b8d5-0eaa-4880-b970-87421b6a5479) transitioned into state 'SUCCESS' from state 'RUNNING' with result 'None' {{(pid=81241) _task_receiver /opt/stack/data/venv/lib/python3.10/site-packages/taskflow/listeners/logging.py:182}}
Apr 24 19:55:37 devstack cinder-volume[81241]: DEBUG cinder.volume.manager [None req-c0a6a8b6-0929-42b6-a0c5-27070bf8bbe8 tempest-VolumesActionsTest-1762206869 None] Task 'cinder.volume.flows.manager.create_volume.ExtractVolumeSpecTask;volume:create' (c0d05dee-d2ec-42a0-9eaa-20aa3cd7445b) transitioned into state 'RUNNING' from state 'PENDING' {{(pid=81241) _task_receiver /opt/stack/data/venv/lib/python3.10/site-packages/taskflow/listeners/logging.py:194}}
Apr 24 19:55:37 devstack cinder-volume[81241]: DEBUG cinder.volume.manager [None req-c0a6a8b6-0929-42b6-a0c5-27070bf8bbe8 tempest-VolumesActionsTest-1762206869 None] Task 'cinder.volume.flows.manager.create_volume.ExtractVolumeSpecTask;volume:create' (c0d05dee-d2ec-42a0-9eaa-20aa3cd7445b) transitioned into state 'SUCCESS' from state 'RUNNING' with result '{'status': 'creating', 'type': 'raw', 'volume_id': '44b3d644-4466-42c4-a745-91fcbaf85755', 'volume_name': 'volume-44b3d644-4466-42c4-a745-91fcbaf85755', 'volume_size': 1}' {{(pid=81241) _task_receiver /opt/stack/data/venv/lib/python3.10/site-packages/taskflow/listeners/logging.py:182}}
Apr 24 19:55:37 devstack cinder-volume[81241]: DEBUG cinder.volume.manager [None req-c0a6a8b6-0929-42b6-a0c5-27070bf8bbe8 tempest-VolumesActionsTest-1762206869 None] Task 'cinder.volume.flows.manager.create_volume.NotifyVolumeActionTask;volume:create, create.start' (fe3f208b-0cda-484d-8bea-55f2f4777064) transitioned into state 'RUNNING' from state 'PENDING' {{(pid=81241) _task_receiver /opt/stack/data/venv/lib/python3.10/site-packages/taskflow/listeners/logging.py:194}}
Apr 24 19:55:37 devstack cinder-volume[81241]: DEBUG cinder.volume.manager [None req-c0a6a8b6-0929-42b6-a0c5-27070bf8bbe8 tempest-VolumesActionsTest-1762206869 None] Task 'cinder.volume.flows.manager.create_volume.NotifyVolumeActionTask;volume:create, create.start' (fe3f208b-0cda-484d-8bea-55f2f4777064) transitioned into state 'SUCCESS' from state 'RUNNING' with result 'None' {{(pid=81241) _task_receiver /opt/stack/data/venv/lib/python3.10/site-packages/taskflow/listeners/logging.py:182}}
Apr 24 19:55:37 devstack cinder-volume[81241]: DEBUG cinder.volume.manager [None req-c0a6a8b6-0929-42b6-a0c5-27070bf8bbe8 tempest-VolumesActionsTest-1762206869 None] Task 'cinder.volume.flows.manager.create_volume.CreateVolumeFromSpecTask;volume:create' (8b3e1f9e-eada-4a52-a319-cb123120a690) transitioned into state 'RUNNING' from state 'PENDING' {{(pid=81241) _task_receiver /opt/stack/data/venv/lib/python3.10/site-packages/taskflow/listeners/logging.py:194}}
Apr 24 19:55:37 devstack cinder-volume[81241]: INFO cinder.volume.flows.manager.create_volume [None req-c0a6a8b6-0929-42b6-a0c5-27070bf8bbe8 tempest-VolumesActionsTest-1762206869 None] Volume 44b3d644-4466-42c4-a745-91fcbaf85755: being created as raw with specification: {'status': 'creating', 'volume_name': 'volume-44b3d644-4466-42c4-a745-91fcbaf85755', 'volume_size': 1}
Apr 24 19:55:37 devstack cinder-volume[81241]: DEBUG oslo_concurrency.lockutils [None req-c0a6a8b6-0929-42b6-a0c5-27070bf8bbe8 tempest-VolumesActionsTest-1762206869 None] Acquiring lock "quobyte" by "cinder.volume.drivers.quobyte.QuobyteDriver.create_volume" {{(pid=81241) inner /opt/stack/data/venv/lib/python3.10/site-packages/oslo_concurrency/lockutils.py:506}}
Apr 24 19:55:37 devstack cinder-volume[81241]: DEBUG oslo_concurrency.lockutils [None req-c0a6a8b6-0929-42b6-a0c5-27070bf8bbe8 tempest-VolumesActionsTest-1762206869 None] Lock "quobyte" acquired by "cinder.volume.drivers.quobyte.QuobyteDriver.create_volume" :: waited 0.001s {{(pid=81241) inner /opt/stack/data/venv/lib/python3.10/site-packages/oslo_concurrency/lockutils.py:519}}
Apr 24 19:55:37 devstack cinder-volume[81241]: DEBUG cinder.volume.drivers.quobyte [None req-c0a6a8b6-0929-42b6-a0c5-27070bf8bbe8 tempest-VolumesActionsTest-1762206869 None] ==> create_volume: call "{'self': , 'volume': Volume(_name_id=None,admin_metadata=,attach_status='detached',availability_zone='nova',bootable=False,cluster=,cluster_name=None,consistencygroup=,consistencygroup_id=None,created_at=2026-04-24T17:55:38Z,deleted=False,deleted_at=None,display_description=None,display_name='tempest-VolumesActionsTest-Volume-413348438',ec2_id=None,encryption_key_id=None,glance_metadata=,group=,group_id=None,host='devstack@QuobyteHD#QuobyteHD',id=44b3d644-4466-42c4-a745-91fcbaf85755,launched_at=None,metadata={},migration_status=None,multiattach=False,previous_status=None,project_id='43ce3173ad44488b82dcae63850a42d9',provider_auth=None,provider_geometry=None,provider_id=None,provider_location=None,replication_driver_data=None,replication_extended_status=None,replication_status=None,scheduled_at=2026-04-24T17:55:38Z,service_uuid=None,shared_targets=True,size=1,snapshot_id=None,snapshots=,source_volid=None,status='creating',terminated_at=None,updated_at=2026-04-24T17:55:38Z,use_quota=True,user_id='d9099e0470954a2790796acdf16b1511',volume_attachment=VolumeAttachmentList,volume_type=VolumeType(c2be1a04-2f21-4866-908a-42c52423064b),volume_type_id=c2be1a04-2f21-4866-908a-42c52423064b)}" {{(pid=81241) trace_logging_wrapper /opt/stack/cinder/cinder/volume/volume_utils.py:1498}}
Apr 24 19:55:37 devstack cinder-volume[81241]: DEBUG cinder.volume.drivers.remotefs [None req-c0a6a8b6-0929-42b6-a0c5-27070bf8bbe8 tempest-VolumesActionsTest-1762206869 None] Creating volume 44b3d644-4466-42c4-a745-91fcbaf85755 {{(pid=81241) create_volume /opt/stack/cinder/cinder/volume/drivers/remotefs.py:292}}
Apr 24 19:55:37 devstack cinder-volume[81241]: DEBUG oslo_concurrency.lockutils [None req-c0a6a8b6-0929-42b6-a0c5-27070bf8bbe8 tempest-VolumesActionsTest-1762206869 None] Acquiring lock "quobyte_ensure" by "cinder.volume.drivers.quobyte.QuobyteDriver._ensure_shares_mounted" {{(pid=81241) inner /opt/stack/data/venv/lib/python3.10/site-packages/oslo_concurrency/lockutils.py:506}}
Apr 24 19:55:37 devstack cinder-volume[81241]: DEBUG oslo_concurrency.lockutils [None req-c0a6a8b6-0929-42b6-a0c5-27070bf8bbe8 tempest-VolumesActionsTest-1762206869 None] Lock "quobyte_ensure" acquired by "cinder.volume.drivers.quobyte.QuobyteDriver._ensure_shares_mounted" :: waited 0.000s {{(pid=81241) inner /opt/stack/data/venv/lib/python3.10/site-packages/oslo_concurrency/lockutils.py:519}}
Apr 24 19:55:37 devstack cinder-volume[81241]: DEBUG cinder.volume.drivers.quobyte [None req-c0a6a8b6-0929-42b6-a0c5-27070bf8bbe8 tempest-VolumesActionsTest-1762206869 None] Quobyte Volume URL set to: {'osci02.corp.quobyte.com/cinder-vol-76ed7b31-d8f1-4986-846a-2a47bb20838e': None} {{(pid=81241) _load_shares_config /opt/stack/cinder/cinder/volume/drivers/quobyte.py:617}}
Apr 24 19:55:37 devstack cinder-volume[81241]: DEBUG cinder.volume.drivers.quobyte [None req-c0a6a8b6-0929-42b6-a0c5-27070bf8bbe8 tempest-VolumesActionsTest-1762206869 None] Available shares ['osci02.corp.quobyte.com/cinder-vol-76ed7b31-d8f1-4986-846a-2a47bb20838e'] {{(pid=81241) _ensure_shares_mounted /opt/stack/cinder/cinder/volume/drivers/quobyte.py:647}}
Apr 24 19:55:37 devstack cinder-volume[81241]: DEBUG oslo_concurrency.lockutils [None req-c0a6a8b6-0929-42b6-a0c5-27070bf8bbe8 tempest-VolumesActionsTest-1762206869 None] Lock "quobyte_ensure" "released" by "cinder.volume.drivers.quobyte.QuobyteDriver._ensure_shares_mounted" :: held 0.008s {{(pid=81241) inner /opt/stack/data/venv/lib/python3.10/site-packages/oslo_concurrency/lockutils.py:538}}
Apr 24 19:55:37 devstack cinder-volume[81241]: DEBUG cinder.volume.drivers.quobyte [None req-c0a6a8b6-0929-42b6-a0c5-27070bf8bbe8 tempest-VolumesActionsTest-1762206869 None] Selected osci02.corp.quobyte.com/cinder-vol-76ed7b31-d8f1-4986-846a-2a47bb20838e as target Quobyte volume. {{(pid=81241) _find_share /opt/stack/cinder/cinder/volume/drivers/quobyte.py:668}}
Apr 24 19:55:37 devstack cinder-volume[81241]: INFO cinder.volume.drivers.remotefs [None req-c0a6a8b6-0929-42b6-a0c5-27070bf8bbe8 tempest-VolumesActionsTest-1762206869 None] casted to osci02.corp.quobyte.com/cinder-vol-76ed7b31-d8f1-4986-846a-2a47bb20838e
Apr 24 19:55:37 devstack cinder-volume[81241]: DEBUG oslo_concurrency.processutils [None req-c0a6a8b6-0929-42b6-a0c5-27070bf8bbe8 tempest-VolumesActionsTest-1762206869 None] Running cmd (subprocess): sudo cinder-rootwrap /etc/cinder/rootwrap.conf qemu-img create -f qcow2 -o preallocation=metadata /opt/stack/data/cinder/mnt/099f1a4efd5a1ef45b5ade9ae878f883/volume-44b3d644-4466-42c4-a745-91fcbaf85755 1073741824 {{(pid=81241) execute /opt/stack/data/venv/lib/python3.10/site-packages/oslo_concurrency/processutils.py:440}}
Apr 24 19:55:37 devstack sudo[84812]: quobyte : PWD=/ ; USER=root ; COMMAND=/opt/stack/data/venv/bin/cinder-rootwrap /etc/cinder/rootwrap.conf qemu-img create -f qcow2 -o preallocation=metadata /opt/stack/data/cinder/mnt/099f1a4efd5a1ef45b5ade9ae878f883/volume-44b3d644-4466-42c4-a745-91fcbaf85755 1073741824
Apr 24 19:55:37 devstack sudo[84812]: pam_unix(sudo:session): session opened for user root(uid=0) by (uid=1000)
Apr 24 19:55:38 devstack sudo[84809]: pam_unix(sudo:session): session closed for user root
Apr 24 19:55:38 devstack cinder-volume[81241]: DEBUG oslo_concurrency.processutils [None req-6762af06-a23d-471e-a1b4-d611ad39575f tempest-SnapshotsActionsTest-1237137383 None] CMD "/opt/stack/data/venv/bin/python3.10 -m oslo_concurrency.prlimit --as=1073741824 --cpu=60 -- sudo cinder-rootwrap /etc/cinder/rootwrap.conf env LC_ALL=C qemu-img info -f qcow2 --output=json --force-share /opt/stack/data/cinder/mnt/099f1a4efd5a1ef45b5ade9ae878f883/volume-7c598c47-1c38-4ca1-948e-a3a7c87de97c.7bc139c0-50e7-4e81-b803-e82e85757e95" returned: 0 in 0.770s {{(pid=81241) execute /opt/stack/data/venv/lib/python3.10/site-packages/oslo_concurrency/processutils.py:468}}
