Jul 01 19:21:32 devstack cinder-volume[86453]: INFO cinder.volume.flows.manager.create_volume [None req-3bac4d43-0e7f-4a95-9ac4-3894c5dfbddc tempest-GroupSnapshotsTest-646359862 None] Volume fd6cbd0b-470f-4a55-8f62-5a9361cf5618: being created as raw with specification: {'status': 'creating', 'volume_name': 'volume-fd6cbd0b-470f-4a55-8f62-5a9361cf5618', 'volume_size': 1}
Jul 01 19:21:32 devstack cinder-volume[86453]: DEBUG oslo_concurrency.lockutils [None req-3bac4d43-0e7f-4a95-9ac4-3894c5dfbddc tempest-GroupSnapshotsTest-646359862 None] Acquiring lock "quobyte" by "cinder.volume.drivers.quobyte.QuobyteDriver.create_volume" {{(pid=86453) inner /opt/stack/data/venv/lib/python3.12/site-packages/oslo_concurrency/lockutils.py:511}}
Jul 01 19:21:32 devstack cinder-volume[86453]: DEBUG oslo_concurrency.lockutils [None req-3bac4d43-0e7f-4a95-9ac4-3894c5dfbddc tempest-GroupSnapshotsTest-646359862 None] Lock "quobyte" acquired by "cinder.volume.drivers.quobyte.QuobyteDriver.create_volume" :: waited 0.000s {{(pid=86453) inner /opt/stack/data/venv/lib/python3.12/site-packages/oslo_concurrency/lockutils.py:524}}
Jul 01 19:21:32 devstack cinder-volume[86453]: DEBUG cinder.volume.drivers.quobyte [None req-3bac4d43-0e7f-4a95-9ac4-3894c5dfbddc tempest-GroupSnapshotsTest-646359862 None] ==> create_volume: call "{'self': , 'volume': Volume(_name_id=None,admin_metadata=,attach_status='detached',availability_zone='nova',bootable=False,cluster=,cluster_name=None,consistencygroup=,consistencygroup_id=a8ff2a84-439f-4140-9289-e407d5d2554d,created_at=2026-07-01T17:21:32Z,deleted=False,deleted_at=None,display_description=None,display_name='tempest-volume-273804340',ec2_id=None,encryption_key_id=None,glance_metadata=,group=,group_id=a8ff2a84-439f-4140-9289-e407d5d2554d,host='devstack@QuobyteHD#QuobyteHD',id=fd6cbd0b-470f-4a55-8f62-5a9361cf5618,launched_at=None,metadata={},migration_status=None,multiattach=False,previous_status=None,project_id='af16cb1dca144ce384f0fa5066bf0bb0',provider_auth=None,provider_geometry=None,provider_id=None,provider_location=None,replication_driver_data=None,replication_extended_status=None,replication_status=None,scheduled_at=2026-07-01T17:21:32Z,service_uuid=None,shared_targets=True,size=1,snapshot_id=None,snapshots=,source_volid=None,status='creating',terminated_at=None,updated_at=2026-07-01T17:21:32Z,use_quota=True,user_id='d8461a47ae82440385cfedf3423037f9',volume_attachment=VolumeAttachmentList,volume_type=VolumeType(163bc8de-65a4-4131-84b9-2b46a2241e48),volume_type_id=163bc8de-65a4-4131-84b9-2b46a2241e48)}" {{(pid=86453) trace_logging_wrapper /opt/stack/cinder/cinder/volume/volume_utils.py:1497}}
Jul 01 19:21:32 devstack cinder-volume[86453]: DEBUG cinder.volume.drivers.remotefs [None req-3bac4d43-0e7f-4a95-9ac4-3894c5dfbddc tempest-GroupSnapshotsTest-646359862 None] Creating volume fd6cbd0b-470f-4a55-8f62-5a9361cf5618 {{(pid=86453) create_volume /opt/stack/cinder/cinder/volume/drivers/remotefs.py:292}}
Jul 01 19:21:32 devstack cinder-volume[86453]: DEBUG oslo_concurrency.lockutils [None req-3bac4d43-0e7f-4a95-9ac4-3894c5dfbddc tempest-GroupSnapshotsTest-646359862 None] Acquiring lock "quobyte_ensure" by "cinder.volume.drivers.quobyte.QuobyteDriver._ensure_shares_mounted" {{(pid=86453) inner /opt/stack/data/venv/lib/python3.12/site-packages/oslo_concurrency/lockutils.py:511}}
Jul 01 19:21:32 devstack cinder-volume[86453]: DEBUG oslo_concurrency.lockutils [None req-3bac4d43-0e7f-4a95-9ac4-3894c5dfbddc tempest-GroupSnapshotsTest-646359862 None] Lock "quobyte_ensure" acquired by "cinder.volume.drivers.quobyte.QuobyteDriver._ensure_shares_mounted" :: waited 0.006s {{(pid=86453) inner /opt/stack/data/venv/lib/python3.12/site-packages/oslo_concurrency/lockutils.py:524}}
Jul 01 19:21:32 devstack cinder-volume[86453]: DEBUG cinder.volume.drivers.quobyte [None req-3bac4d43-0e7f-4a95-9ac4-3894c5dfbddc tempest-GroupSnapshotsTest-646359862 None] Quobyte Volume URL set to: {'osci02.corp.quobyte.com/cinder-vol-5bdaf280-4001-4032-80b2-d0d59c559738': None} {{(pid=86453) _load_shares_config /opt/stack/cinder/cinder/volume/drivers/quobyte.py:617}}
Jul 01 19:21:32 devstack cinder-volume[86453]: DEBUG cinder.volume.drivers.quobyte [None req-3bac4d43-0e7f-4a95-9ac4-3894c5dfbddc tempest-GroupSnapshotsTest-646359862 None] Available shares ['osci02.corp.quobyte.com/cinder-vol-5bdaf280-4001-4032-80b2-d0d59c559738'] {{(pid=86453) _ensure_shares_mounted /opt/stack/cinder/cinder/volume/drivers/quobyte.py:647}}
Jul 01 19:21:32 devstack cinder-volume[86453]: DEBUG oslo_concurrency.lockutils [None req-3bac4d43-0e7f-4a95-9ac4-3894c5dfbddc tempest-GroupSnapshotsTest-646359862 None] Lock "quobyte_ensure" "released" by "cinder.volume.drivers.quobyte.QuobyteDriver._ensure_shares_mounted" :: held 0.011s {{(pid=86453) inner /opt/stack/data/venv/lib/python3.12/site-packages/oslo_concurrency/lockutils.py:543}}
Jul 01 19:21:32 devstack cinder-volume[86453]: DEBUG cinder.volume.drivers.quobyte [None req-3bac4d43-0e7f-4a95-9ac4-3894c5dfbddc tempest-GroupSnapshotsTest-646359862 None] Selected osci02.corp.quobyte.com/cinder-vol-5bdaf280-4001-4032-80b2-d0d59c559738 as target Quobyte volume. {{(pid=86453) _find_share /opt/stack/cinder/cinder/volume/drivers/quobyte.py:668}}
Jul 01 19:21:32 devstack cinder-volume[86453]: INFO cinder.volume.drivers.remotefs [None req-3bac4d43-0e7f-4a95-9ac4-3894c5dfbddc tempest-GroupSnapshotsTest-646359862 None] casted to osci02.corp.quobyte.com/cinder-vol-5bdaf280-4001-4032-80b2-d0d59c559738
Jul 01 19:21:32 devstack cinder-volume[86453]: DEBUG oslo_concurrency.processutils [None req-3bac4d43-0e7f-4a95-9ac4-3894c5dfbddc tempest-GroupSnapshotsTest-646359862 None] Running cmd (subprocess): sudo cinder-rootwrap /etc/cinder/rootwrap.conf qemu-img create -f qcow2 -o preallocation=metadata /opt/stack/data/cinder/mnt/fb87c574b95943483ead682306a5b7b2/volume-fd6cbd0b-470f-4a55-8f62-5a9361cf5618 1073741824 {{(pid=86453) execute /opt/stack/data/venv/lib/python3.12/site-packages/oslo_concurrency/processutils.py:440}}
Jul 01 19:21:32 devstack sudo[88147]: quobyte : PWD=/ ; USER=root ; COMMAND=/opt/stack/data/venv/bin/cinder-rootwrap /etc/cinder/rootwrap.conf qemu-img create -f qcow2 -o preallocation=metadata /opt/stack/data/cinder/mnt/fb87c574b95943483ead682306a5b7b2/volume-fd6cbd0b-470f-4a55-8f62-5a9361cf5618 1073741824
Jul 01 19:21:32 devstack sudo[88147]: pam_unix(sudo:session): session opened for user root(uid=0) by (uid=1000)
Jul 01 19:21:33 devstack sudo[88147]: pam_unix(sudo:session): session closed for user root
Jul 01 19:21:33 devstack cinder-volume[86453]: DEBUG oslo_concurrency.processutils [None req-3bac4d43-0e7f-4a95-9ac4-3894c5dfbddc tempest-GroupSnapshotsTest-646359862 None] CMD "sudo cinder-rootwrap /etc/cinder/rootwrap.conf qemu-img create -f qcow2 -o preallocation=metadata /opt/stack/data/cinder/mnt/fb87c574b95943483ead682306a5b7b2/volume-fd6cbd0b-470f-4a55-8f62-5a9361cf5618 1073741824" returned: 0 in 1.338s {{(pid=86453) execute /opt/stack/data/venv/lib/python3.12/site-packages/oslo_concurrency/processutils.py:468}}
Jul 01 19:21:34 devstack cinder-volume[86453]: DEBUG oslo_concurrency.processutils [None req-3bac4d43-0e7f-4a95-9ac4-3894c5dfbddc tempest-GroupSnapshotsTest-646359862 None] Running cmd (subprocess): sudo cinder-rootwrap /etc/cinder/rootwrap.conf chmod ugo+rw /opt/stack/data/cinder/mnt/fb87c574b95943483ead682306a5b7b2/volume-fd6cbd0b-470f-4a55-8f62-5a9361cf5618 {{(pid=86453) execute /opt/stack/data/venv/lib/python3.12/site-packages/oslo_concurrency/processutils.py:440}}
Jul 01 19:21:34 devstack sudo[88155]: quobyte : PWD=/ ; USER=root ; COMMAND=/opt/stack/data/venv/bin/cinder-rootwrap /etc/cinder/rootwrap.conf chmod ugo+rw /opt/stack/data/cinder/mnt/fb87c574b95943483ead682306a5b7b2/volume-fd6cbd0b-470f-4a55-8f62-5a9361cf5618
Jul 01 19:21:34 devstack sudo[88155]: pam_unix(sudo:session): session opened for user root(uid=0) by (uid=1000)
Jul 01 19:21:34 devstack sudo[88155]: pam_unix(sudo:session): session closed for user root
Jul 01 19:21:34 devstack cinder-volume[86453]: DEBUG oslo_concurrency.processutils [None req-3bac4d43-0e7f-4a95-9ac4-3894c5dfbddc tempest-GroupSnapshotsTest-646359862 None] CMD "sudo cinder-rootwrap /etc/cinder/rootwrap.conf chmod ugo+rw /opt/stack/data/cinder/mnt/fb87c574b95943483ead682306a5b7b2/volume-fd6cbd0b-470f-4a55-8f62-5a9361cf5618" returned: 0 in 0.906s {{(pid=86453) execute /opt/stack/data/venv/lib/python3.12/site-packages/oslo_concurrency/processutils.py:468}}
Jul 01 19:21:34 devstack cinder-volume[86453]: DEBUG cinder.volume.drivers.quobyte [None req-3bac4d43-0e7f-4a95-9ac4-3894c5dfbddc tempest-GroupSnapshotsTest-646359862 None] <== create_volume: return (2320ms) {'provider_location': 'osci02.corp.quobyte.com/cinder-vol-5bdaf280-4001-4032-80b2-d0d59c559738'} {{(pid=86453) trace_logging_wrapper /opt/stack/cinder/cinder/volume/volume_utils.py:1522}}
Jul 01 19:21:34 devstack cinder-volume[86453]: DEBUG oslo_concurrency.lockutils [None req-3bac4d43-0e7f-4a95-9ac4-3894c5dfbddc tempest-GroupSnapshotsTest-646359862 None] Lock "quobyte" "released" by "cinder.volume.drivers.quobyte.QuobyteDriver.create_volume" :: held 2.323s {{(pid=86453) inner /opt/stack/data/venv/lib/python3.12/site-packages/oslo_concurrency/lockutils.py:543}}
Jul 01 19:21:34 devstack cinder-volume[86453]: DEBUG cinder.volume.manager [None req-3bac4d43-0e7f-4a95-9ac4-3894c5dfbddc tempest-GroupSnapshotsTest-646359862 None] Task 'cinder.volume.flows.manager.create_volume.CreateVolumeFromSpecTask;volume:create' (77ed0d63-d96f-42c6-ad09-4ba43f2b5d47) transitioned into state 'SUCCESS' from state 'RUNNING' with result '{'status': 'creating', 'volume_name': 'volume-fd6cbd0b-470f-4a55-8f62-5a9361cf5618', 'volume_size': 1}' {{(pid=86453) _task_receiver /opt/stack/data/venv/lib/python3.12/site-packages/taskflow/listeners/logging.py:218}}
Jul 01 19:21:34 devstack cinder-volume[86453]: DEBUG cinder.volume.manager [None req-3bac4d43-0e7f-4a95-9ac4-3894c5dfbddc tempest-GroupSnapshotsTest-646359862 None] Task 'cinder.volume.flows.manager.create_volume.CreateVolumeOnFinishTask;volume:create, create.end' (e144b244-8116-4fe5-bae8-b836db0fc322) transitioned into state 'RUNNING' from state 'PENDING' {{(pid=86453) _task_receiver /opt/stack/data/venv/lib/python3.12/site-packages/taskflow/listeners/logging.py:242}}
Jul 01 19:21:34 devstack cinder-volume[86453]: INFO cinder.volume.flows.manager.create_volume [None req-3bac4d43-0e7f-4a95-9ac4-3894c5dfbddc tempest-GroupSnapshotsTest-646359862 None] Volume volume-fd6cbd0b-470f-4a55-8f62-5a9361cf5618 (fd6cbd0b-470f-4a55-8f62-5a9361cf5618): created successfully
Jul 01 19:21:34 devstack cinder-volume[86453]: DEBUG cinder.volume.manager [None req-3bac4d43-0e7f-4a95-9ac4-3894c5dfbddc tempest-GroupSnapshotsTest-646359862 None] Task 'cinder.volume.flows.manager.create_volume.CreateVolumeOnFinishTask;volume:create, create.end' (e144b244-8116-4fe5-bae8-b836db0fc322) transitioned into state 'SUCCESS' from state 'RUNNING' with result 'None' {{(pid=86453) _task_receiver /opt/stack/data/venv/lib/python3.12/site-packages/taskflow/listeners/logging.py:218}}
Jul 01 19:21:35 devstack cinder-volume[86453]: DEBUG cinder.volume.manager [None req-3bac4d43-0e7f-4a95-9ac4-3894c5dfbddc tempest-GroupSnapshotsTest-646359862 None] Flow 'volume_create_manager' (9389a097-458c-4c7e-9364-7add559de1d2) transitioned into state 'SUCCESS' from state 'RUNNING' {{(pid=86453) _flow_receiver /opt/stack/data/venv/lib/python3.12/site-packages/taskflow/listeners/logging.py:160}}
Jul 01 19:21:35 devstack cinder-volume[86453]: INFO cinder.volume.manager [None req-3bac4d43-0e7f-4a95-9ac4-3894c5dfbddc tempest-GroupSnapshotsTest-646359862 None] Created volume successfully.
Jul 01 19:21:36 devstack cinder-volume[86453]: INFO cinder.volume.manager [None req-61ef1650-8d0e-4427-9eb4-a4670fb2c36b tempest-GroupSnapshotsTest-646359862 None] Update group completed successfully.
Jul 01 19:21:37 devstack cinder-volume[86453]: INFO cinder.volume.manager [None req-e8fb4b87-f9db-48ea-af3b-47f94674b0a1 tempest-GroupSnapshotsTest-646359862 None] Update group completed successfully.
Jul 01 19:21:39 devstack cinder-volume[86453]: INFO cinder.volume.manager [None req-b93f2dc6-b76d-45a2-9a0d-e7dd9dabe8d3 tempest-GroupSnapshotsTest-646359862 None] Update group completed successfully.
Jul 01 19:21:40 devstack cinder-volume[86453]: INFO cinder.volume.manager [None req-478366ae-95ce-4323-9c94-64ecc65d1eaf tempest-GroupSnapshotsTest-646359862 None] Update group completed successfully.
Jul 01 19:21:42 devstack cinder-volume[86453]: INFO cinder.volume.manager [None req-178b5854-3da1-474a-a637-73af1ef37e97 tempest-GroupSnapshotsTest-646359862 None] GroupSnapshot a9216c56-ce01-4bb5-b58a-6bdb6896156f: creating.
Jul 01 19:21:42 devstack cinder-volume[86453]: DEBUG cinder.volume.manager [None req-178b5854-3da1-474a-a637-73af1ef37e97 tempest-GroupSnapshotsTest-646359862 None] Group snapshot a9216c56-ce01-4bb5-b58a-6bdb6896156f: creating. {{(pid=86453) create_group_snapshot /opt/stack/cinder/cinder/volume/manager.py:4175}}
Jul 01 19:21:42 devstack cinder-volume[86453]: DEBUG oslo_concurrency.lockutils [None req-178b5854-3da1-474a-a637-73af1ef37e97 tempest-GroupSnapshotsTest-646359862 None] Acquiring lock "quobyte" by "cinder.volume.drivers.quobyte.QuobyteDriver.create_snapshot" {{(pid=86453) inner /opt/stack/data/venv/lib/python3.12/site-packages/oslo_concurrency/lockutils.py:511}}
Jul 01 19:21:42 devstack cinder-volume[86453]: DEBUG oslo_concurrency.lockutils [None req-178b5854-3da1-474a-a637-73af1ef37e97 tempest-GroupSnapshotsTest-646359862 None] Lock "quobyte" acquired by "cinder.volume.drivers.quobyte.QuobyteDriver.create_snapshot" :: waited 0.001s {{(pid=86453) inner /opt/stack/data/venv/lib/python3.12/site-packages/oslo_concurrency/lockutils.py:524}}
Jul 01 19:21:42 devstack cinder-volume[86453]: DEBUG cinder.volume.drivers.remotefs [None req-178b5854-3da1-474a-a637-73af1ef37e97 tempest-GroupSnapshotsTest-646359862 None] Creating offline snapshot 594f1cc9-57aa-45d4-adbe-13c86d96b1b8 of volume 82cf48b7-3dfd-4ee1-99b4-27309db5ec1b {{(pid=86453) _create_snapshot /opt/stack/cinder/cinder/volume/drivers/remotefs.py:1816}}
Jul 01 19:21:42 devstack cinder-volume[86453]: DEBUG oslo.privsep.daemon [-] privsep: reply[775d2159-4f73-458c-ae51-72c75f726598]: (4, 'qcow2') {{(pid=87387) _call_back /opt/stack/data/venv/lib/python3.12/site-packages/oslo_privsep/daemon.py:580}}
Jul 01 19:21:42 devstack cinder-volume[86453]: DEBUG oslo_concurrency.processutils [None req-178b5854-3da1-474a-a637-73af1ef37e97 tempest-GroupSnapshotsTest-646359862 None] Running cmd (subprocess): /opt/stack/data/venv/bin/python3.12 -m oslo_concurrency.prlimit --as=1073741824 --cpu=60 -- sudo cinder-rootwrap /etc/cinder/rootwrap.conf env LC_ALL=C qemu-img info -f qcow2 --output=json --force-share /opt/stack/data/cinder/mnt/fb87c574b95943483ead682306a5b7b2/volume-82cf48b7-3dfd-4ee1-99b4-27309db5ec1b {{(pid=86453) execute /opt/stack/data/venv/lib/python3.12/site-packages/oslo_concurrency/processutils.py:440}}
Jul 01 19:21:42 devstack sudo[88161]: quobyte : PWD=/ ; USER=root ; COMMAND=/opt/stack/data/venv/bin/cinder-rootwrap /etc/cinder/rootwrap.conf env LC_ALL=C qemu-img info -f qcow2 --output=json --force-share /opt/stack/data/cinder/mnt/fb87c574b95943483ead682306a5b7b2/volume-82cf48b7-3dfd-4ee1-99b4-27309db5ec1b
Jul 01 19:21:42 devstack sudo[88161]: pam_unix(sudo:session): session opened for user root(uid=0) by (uid=1000)
Jul 01 19:21:42 devstack cinder-volume[86453]: DEBUG cinder.volume.flows.manager.create_volume [None req-16e554f0-0063-42cc-86a9-3250beee3f8b tempest-TaggedAttachmentsTest-1583028321 None] Volume reschedule parameters: True retry: {'num_attempts': 1, 'backends': ['devstack@QuobyteHD#QuobyteHD'], 'hosts': ['devstack@QuobyteHD#QuobyteHD']} {{(pid=86453) get_flow /opt/stack/cinder/cinder/volume/flows/manager/create_volume.py:1397}}
Jul 01 19:21:42 devstack cinder-volume[86453]: DEBUG cinder.volume.manager [None req-16e554f0-0063-42cc-86a9-3250beee3f8b tempest-TaggedAttachmentsTest-1583028321 None] Flow 'volume_create_manager' (9d211302-d522-491d-a5cc-e01d822a3272) transitioned into state 'RUNNING' from state 'PENDING' {{(pid=86453) _flow_receiver /opt/stack/data/venv/lib/python3.12/site-packages/taskflow/listeners/logging.py:160}}
Jul 01 19:21:42 devstack cinder-volume[86453]: DEBUG cinder.volume.manager [None req-16e554f0-0063-42cc-86a9-3250beee3f8b tempest-TaggedAttachmentsTest-1583028321 None] Task 'cinder.volume.flows.manager.create_volume.ExtractVolumeRefTask;volume:create' (af4b2844-9d75-4e0b-a478-136582bee490) transitioned into state 'RUNNING' from state 'PENDING' {{(pid=86453) _task_receiver /opt/stack/data/venv/lib/python3.12/site-packages/taskflow/listeners/logging.py:242}}
Jul 01 19:21:42 devstack cinder-volume[86453]: DEBUG cinder.volume.manager [None req-16e554f0-0063-42cc-86a9-3250beee3f8b tempest-TaggedAttachmentsTest-1583028321 None] Task 'cinder.volume.flows.manager.create_volume.ExtractVolumeRefTask;volume:create' (af4b2844-9d75-4e0b-a478-136582bee490) transitioned into state 'SUCCESS' from state 'RUNNING' with result 'Volume(_name_id=None,admin_metadata=,attach_status='detached',availability_zone='nova',bootable=False,cluster=,cluster_name=None,consistencygroup=,consistencygroup_id=None,created_at=2026-07-01T17:21:42Z,deleted=False,deleted_at=None,display_description=None,display_name='tempest-TaggedAttachmentsTest-volume-1061148958',ec2_id=None,encryption_key_id=None,glance_metadata=,group=,group_id=None,host='devstack@QuobyteHD#QuobyteHD',id=6b2d649f-368e-4454-81b5-8cbc057df4f3,launched_at=None,metadata={},migration_status=None,multiattach=False,previous_status=None,project_id='ab2377337e3846a5913058b403ac55b5',provider_auth=None,provider_geometry=None,provider_id=None,provider_location=None,replication_driver_data=None,replication_extended_status=None,replication_status=None,scheduled_at=2026-07-01T17:21:43Z,service_uuid=None,shared_targets=True,size=1,snapshot_id=None,snapshots=,source_volid=None,status='creating',terminated_at=None,updated_at=2026-07-01T17:21:43Z,use_quota=True,user_id='0f75629e5c694c9e9c464337e6637b4b',volume_attachment=VolumeAttachmentList,volume_type=VolumeType(9b40bfbe-acb9-4fca-8ae8-bb40439d5f7d),volume_type_id=9b40bfbe-acb9-4fca-8ae8-bb40439d5f7d)' {{(pid=86453) _task_receiver /opt/stack/data/venv/lib/python3.12/site-packages/taskflow/listeners/logging.py:218}}
Jul 01 19:21:42 devstack cinder-volume[86453]: DEBUG cinder.volume.manager [None req-16e554f0-0063-42cc-86a9-3250beee3f8b tempest-TaggedAttachmentsTest-1583028321 None] Task 'cinder.volume.flows.manager.create_volume.OnFailureRescheduleTask;volume:create' (76d47963-d837-48bd-9af6-97fad93ce144) transitioned into state 'RUNNING' from state 'PENDING' {{(pid=86453) _task_receiver /opt/stack/data/venv/lib/python3.12/site-packages/taskflow/listeners/logging.py:242}}
Jul 01 19:21:42 devstack cinder-volume[86453]: DEBUG cinder.volume.manager [None req-16e554f0-0063-42cc-86a9-3250beee3f8b tempest-TaggedAttachmentsTest-1583028321 None] Task 'cinder.volume.flows.manager.create_volume.OnFailureRescheduleTask;volume:create' (76d47963-d837-48bd-9af6-97fad93ce144) transitioned into state 'SUCCESS' from state 'RUNNING' with result 'None' {{(pid=86453) _task_receiver /opt/stack/data/venv/lib/python3.12/site-packages/taskflow/listeners/logging.py:218}}
Jul 01 19:21:42 devstack cinder-volume[86453]: DEBUG cinder.volume.manager [None req-16e554f0-0063-42cc-86a9-3250beee3f8b tempest-TaggedAttachmentsTest-1583028321 None] Task 'cinder.volume.flows.manager.create_volume.ExtractVolumeSpecTask;volume:create' (e43bf62f-419b-46a7-bbe0-455091488754) transitioned into state 'RUNNING' from state 'PENDING' {{(pid=86453) _task_receiver /opt/stack/data/venv/lib/python3.12/site-packages/taskflow/listeners/logging.py:242}}
Jul 01 19:21:42 devstack cinder-volume[86453]: DEBUG cinder.volume.manager [None req-16e554f0-0063-42cc-86a9-3250beee3f8b tempest-TaggedAttachmentsTest-1583028321 None] Task 'cinder.volume.flows.manager.create_volume.ExtractVolumeSpecTask;volume:create' (e43bf62f-419b-46a7-bbe0-455091488754) transitioned into state 'SUCCESS' from state 'RUNNING' with result '{'status': 'creating', 'type': 'raw', 'volume_id': '6b2d649f-368e-4454-81b5-8cbc057df4f3', 'volume_name': 'volume-6b2d649f-368e-4454-81b5-8cbc057df4f3', 'volume_size': 1}' {{(pid=86453) _task_receiver /opt/stack/data/venv/lib/python3.12/site-packages/taskflow/listeners/logging.py:218}}
Jul 01 19:21:42 devstack cinder-volume[86453]: DEBUG cinder.volume.manager [None req-16e554f0-0063-42cc-86a9-3250beee3f8b tempest-TaggedAttachmentsTest-1583028321 None] Task 'cinder.volume.flows.manager.create_volume.NotifyVolumeActionTask;volume:create, create.start' (4aec9334-7776-49af-acb5-58e7a2e5d71b) transitioned into state 'RUNNING' from state 'PENDING' {{(pid=86453) _task_receiver /opt/stack/data/venv/lib/python3.12/site-packages/taskflow/listeners/logging.py:242}}
Jul 01 19:21:42 devstack cinder-volume[86453]: DEBUG cinder.volume.manager [None req-16e554f0-0063-42cc-86a9-3250beee3f8b tempest-TaggedAttachmentsTest-1583028321 None] Task 'cinder.volume.flows.manager.create_volume.NotifyVolumeActionTask;volume:create, create.start' (4aec9334-7776-49af-acb5-58e7a2e5d71b) transitioned into state 'SUCCESS' from state 'RUNNING' with result 'None' {{(pid=86453) _task_receiver /opt/stack/data/venv/lib/python3.12/site-packages/taskflow/listeners/logging.py:218}}
Jul 01 19:21:42 devstack cinder-volume[86453]: DEBUG cinder.volume.manager [None req-16e554f0-0063-42cc-86a9-3250beee3f8b tempest-TaggedAttachmentsTest-1583028321 None] Task 'cinder.volume.flows.manager.create_volume.CreateVolumeFromSpecTask;volume:create' (66978cbe-312c-4f6e-854e-968ceeffd3a6) transitioned into state 'RUNNING' from state 'PENDING' {{(pid=86453) _task_receiver /opt/stack/data/venv/lib/python3.12/site-packages/taskflow/listeners/logging.py:242}}
Jul 01 19:21:42 devstack cinder-volume[86453]: INFO cinder.volume.flows.manager.create_volume [None req-16e554f0-0063-42cc-86a9-3250beee3f8b tempest-TaggedAttachmentsTest-1583028321 None] Volume 6b2d649f-368e-4454-81b5-8cbc057df4f3: being created as raw with specification: {'status': 'creating', 'volume_name': 'volume-6b2d649f-368e-4454-81b5-8cbc057df4f3', 'volume_size': 1}
Jul 01 19:21:42 devstack cinder-volume[86453]: DEBUG oslo_concurrency.lockutils [None req-16e554f0-0063-42cc-86a9-3250beee3f8b tempest-TaggedAttachmentsTest-1583028321 None] Acquiring lock "quobyte" by "cinder.volume.drivers.quobyte.QuobyteDriver.create_volume" {{(pid=86453) inner /opt/stack/data/venv/lib/python3.12/site-packages/oslo_concurrency/lockutils.py:511}}
Jul 01 19:21:43 devstack sudo[88161]: pam_unix(sudo:session): session closed for user root
Jul 01 19:21:43 devstack cinder-volume[86453]: DEBUG oslo_concurrency.processutils [None req-178b5854-3da1-474a-a637-73af1ef37e97 tempest-GroupSnapshotsTest-646359862 None] CMD "/opt/stack/data/venv/bin/python3.12 -m oslo_concurrency.prlimit --as=1073741824 --cpu=60 -- sudo cinder-rootwrap /etc/cinder/rootwrap.conf env LC_ALL=C qemu-img info -f qcow2 --output=json --force-share /opt/stack/data/cinder/mnt/fb87c574b95943483ead682306a5b7b2/volume-82cf48b7-3dfd-4ee1-99b4-27309db5ec1b" returned: 0 in 1.020s {{(pid=86453) execute /opt/stack/data/venv/lib/python3.12/site-packages/oslo_concurrency/processutils.py:468}}
Jul 01 19:21:43 devstack cinder-volume[86453]: DEBUG oslo_concurrency.processutils [None req-178b5854-3da1-474a-a637-73af1ef37e97 tempest-GroupSnapshotsTest-646359862 None] Running cmd (subprocess): sudo cinder-rootwrap /etc/cinder/rootwrap.conf qemu-img create -f qcow2 -o backing_file=/opt/stack/data/cinder/mnt/fb87c574b95943483ead682306a5b7b2/volume-82cf48b7-3dfd-4ee1-99b4-27309db5ec1b,backing_fmt=qcow2 /opt/stack/data/cinder/mnt/fb87c574b95943483ead682306a5b7b2/volume-82cf48b7-3dfd-4ee1-99b4-27309db5ec1b.594f1cc9-57aa-45d4-adbe-13c86d96b1b8 1G {{(pid=86453) execute /opt/stack/data/venv/lib/python3.12/site-packages/oslo_concurrency/processutils.py:440}}
Jul 01 19:21:43 devstack sudo[88166]: quobyte : PWD=/ ; USER=root ; COMMAND=/opt/stack/data/venv/bin/cinder-rootwrap /etc/cinder/rootwrap.conf qemu-img create -f qcow2 -o backing_file=/opt/stack/data/cinder/mnt/fb87c574b95943483ead682306a5b7b2/volume-82cf48b7-3dfd-4ee1-99b4-27309db5ec1b,backing_fmt=qcow2 /opt/stack/data/cinder/mnt/fb87c574b95943483ead682306a5b7b2/volume-82cf48b7-3dfd-4ee1-99b4-27309db5ec1b.594f1cc9-57aa-45d4-adbe-13c86d96b1b8 1G
Jul 01 19:21:43 devstack sudo[88166]: pam_unix(sudo:session): session opened for user root(uid=0) by (uid=1000)
Jul 01 19:21:44 devstack sudo[88166]: pam_unix(sudo:session): session closed for user root
Jul 01 19:21:44 devstack cinder-volume[86453]: DEBUG oslo_concurrency.processutils [None req-178b5854-3da1-474a-a637-73af1ef37e97 tempest-GroupSnapshotsTest-646359862 None] CMD "sudo cinder-rootwrap /etc/cinder/rootwrap.conf qemu-img create -f qcow2 -o backing_file=/opt/stack/data/cinder/mnt/fb87c574b95943483ead682306a5b7b2/volume-82cf48b7-3dfd-4ee1-99b4-27309db5ec1b,backing_fmt=qcow2 /opt/stack/data/cinder/mnt/fb87c574b95943483ead682306a5b7b2/volume-82cf48b7-3dfd-4ee1-99b4-27309db5ec1b.594f1cc9-57aa-45d4-adbe-13c86d96b1b8 1G" returned: 0 in 1.087s {{(pid=86453) execute /opt/stack/data/venv/lib/python3.12/site-packages/oslo_concurrency/processutils.py:468}}
Jul 01 19:21:44 devstack cinder-volume[86453]: DEBUG oslo_concurrency.processutils [None req-178b5854-3da1-474a-a637-73af1ef37e97 tempest-GroupSnapshotsTest-646359862 None] Running cmd (subprocess): sudo cinder-rootwrap /etc/cinder/rootwrap.conf qemu-img rebase -u -b volume-82cf48b7-3dfd-4ee1-99b4-27309db5ec1b -F qcow2 /opt/stack/data/cinder/mnt/fb87c574b95943483ead682306a5b7b2/volume-82cf48b7-3dfd-4ee1-99b4-27309db5ec1b.594f1cc9-57aa-45d4-adbe-13c86d96b1b8 {{(pid=86453) execute /opt/stack/data/venv/lib/python3.12/site-packages/oslo_concurrency/processutils.py:440}}
Jul 01 19:21:44 devstack sudo[88172]: quobyte : PWD=/ ; USER=root ; COMMAND=/opt/stack/data/venv/bin/cinder-rootwrap /etc/cinder/rootwrap.conf qemu-img rebase -u -b volume-82cf48b7-3dfd-4ee1-99b4-27309db5ec1b -F qcow2 /opt/stack/data/cinder/mnt/fb87c574b95943483ead682306a5b7b2/volume-82cf48b7-3dfd-4ee1-99b4-27309db5ec1b.594f1cc9-57aa-45d4-adbe-13c86d96b1b8
Jul 01 19:21:44 devstack sudo[88172]: pam_unix(sudo:session): session opened for user root(uid=0) by (uid=1000)
Jul 01 19:21:45 devstack sudo[88172]: pam_unix(sudo:session): session closed for user root
Jul 01 19:21:45 devstack cinder-volume[86453]: DEBUG oslo_concurrency.processutils [None req-178b5854-3da1-474a-a637-73af1ef37e97 tempest-GroupSnapshotsTest-646359862 None] CMD "sudo cinder-rootwrap /etc/cinder/rootwrap.conf qemu-img rebase -u -b volume-82cf48b7-3dfd-4ee1-99b4-27309db5ec1b -F qcow2 /opt/stack/data/cinder/mnt/fb87c574b95943483ead682306a5b7b2/volume-82cf48b7-3dfd-4ee1-99b4-27309db5ec1b.594f1cc9-57aa-45d4-adbe-13c86d96b1b8" returned: 0 in 0.845s {{(pid=86453) execute /opt/stack/data/venv/lib/python3.12/site-packages/oslo_concurrency/processutils.py:468}}
Jul 01 19:21:45 devstack cinder-volume[86453]: WARNING cinder.volume.drivers.remotefs [None req-178b5854-3da1-474a-a637-73af1ef37e97 tempest-GroupSnapshotsTest-646359862 None] /opt/stack/data/cinder/mnt/fb87c574b95943483ead682306a5b7b2/volume-82cf48b7-3dfd-4ee1-99b4-27309db5ec1b.594f1cc9-57aa-45d4-adbe-13c86d96b1b8 is being set with open permissions: ugo+rw: NotImplementedError
Jul 01 19:21:45 devstack cinder-volume[86453]: DEBUG oslo_concurrency.processutils [None req-178b5854-3da1-474a-a637-73af1ef37e97 tempest-GroupSnapshotsTest-646359862 None] Running cmd (subprocess): sudo cinder-rootwrap /etc/cinder/rootwrap.conf chmod ugo+rw /opt/stack/data/cinder/mnt/fb87c574b95943483ead682306a5b7b2/volume-82cf48b7-3dfd-4ee1-99b4-27309db5ec1b.594f1cc9-57aa-45d4-adbe-13c86d96b1b8 {{(pid=86453) execute /opt/stack/data/venv/lib/python3.12/site-packages/oslo_concurrency/processutils.py:440}}
Jul 01 19:21:45 devstack sudo[88177]: quobyte : PWD=/ ; USER=root ; COMMAND=/opt/stack/data/venv/bin/cinder-rootwrap /etc/cinder/rootwrap.conf chmod ugo+rw /opt/stack/data/cinder/mnt/fb87c574b95943483ead682306a5b7b2/volume-82cf48b7-3dfd-4ee1-99b4-27309db5ec1b.594f1cc9-57aa-45d4-adbe-13c86d96b1b8
Jul 01 19:21:45 devstack sudo[88177]: pam_unix(sudo:session): session opened for user root(uid=0) by (uid=1000)
Jul 01 19:21:45 devstack sudo[88177]: pam_unix(sudo:session): session closed for user root
Jul 01 19:21:45 devstack cinder-volume[86453]: DEBUG oslo_concurrency.processutils [None req-178b5854-3da1-474a-a637-73af1ef37e97 tempest-GroupSnapshotsTest-646359862 None] CMD "sudo cinder-rootwrap /etc/cinder/rootwrap.conf chmod ugo+rw /opt/stack/data/cinder/mnt/fb87c574b95943483ead682306a5b7b2/volume-82cf48b7-3dfd-4ee1-99b4-27309db5ec1b.594f1cc9-57aa-45d4-adbe-13c86d96b1b8" returned: 0 in 0.804s {{(pid=86453) execute /opt/stack/data/venv/lib/python3.12/site-packages/oslo_concurrency/processutils.py:468}}
Jul 01 19:21:45 devstack cinder-volume[86453]: DEBUG oslo_concurrency.processutils [None req-178b5854-3da1-474a-a637-73af1ef37e97 tempest-GroupSnapshotsTest-646359862 None] Running cmd (subprocess): sudo cinder-rootwrap /etc/cinder/rootwrap.conf truncate -s0 /opt/stack/data/cinder/mnt/fb87c574b95943483ead682306a5b7b2/volume-82cf48b7-3dfd-4ee1-99b4-27309db5ec1b.info {{(pid=86453) execute /opt/stack/data/venv/lib/python3.12/site-packages/oslo_concurrency/processutils.py:440}}
Jul 01 19:21:45 devstack sudo[88181]: quobyte : PWD=/ ; USER=root ; COMMAND=/opt/stack/data/venv/bin/cinder-rootwrap /etc/cinder/rootwrap.conf truncate -s0 /opt/stack/data/cinder/mnt/fb87c574b95943483ead682306a5b7b2/volume-82cf48b7-3dfd-4ee1-99b4-27309db5ec1b.info
Jul 01 19:21:45 devstack sudo[88181]: pam_unix(sudo:session): session opened for user root(uid=0) by (uid=1000)
Jul 01 19:21:46 devstack sudo[88181]: pam_unix(sudo:session): session closed for user root
Jul 01 19:21:46 devstack cinder-volume[86453]: DEBUG oslo_concurrency.processutils [None req-178b5854-3da1-474a-a637-73af1ef37e97 tempest-GroupSnapshotsTest-646359862 None] CMD "sudo cinder-rootwrap /etc/cinder/rootwrap.conf truncate -s0 /opt/stack/data/cinder/mnt/fb87c574b95943483ead682306a5b7b2/volume-82cf48b7-3dfd-4ee1-99b4-27309db5ec1b.info" returned: 0 in 0.777s {{(pid=86453) execute /opt/stack/data/venv/lib/python3.12/site-packages/oslo_concurrency/processutils.py:468}}
Jul 01 19:21:46 devstack cinder-volume[86453]: WARNING cinder.volume.drivers.remotefs [None req-178b5854-3da1-474a-a637-73af1ef37e97 tempest-GroupSnapshotsTest-646359862 None] /opt/stack/data/cinder/mnt/fb87c574b95943483ead682306a5b7b2/volume-82cf48b7-3dfd-4ee1-99b4-27309db5ec1b.info is being set with open permissions: ugo+rw: NotImplementedError
Jul 01 19:21:46 devstack cinder-volume[86453]: DEBUG oslo_concurrency.processutils [None req-178b5854-3da1-474a-a637-73af1ef37e97 tempest-GroupSnapshotsTest-646359862 None] Running cmd (subprocess): sudo cinder-rootwrap /etc/cinder/rootwrap.conf chmod ugo+rw /opt/stack/data/cinder/mnt/fb87c574b95943483ead682306a5b7b2/volume-82cf48b7-3dfd-4ee1-99b4-27309db5ec1b.info {{(pid=86453) execute /opt/stack/data/venv/lib/python3.12/site-packages/oslo_concurrency/processutils.py:440}}
Jul 01 19:21:46 devstack sudo[88184]: quobyte : PWD=/ ; USER=root ; COMMAND=/opt/stack/data/venv/bin/cinder-rootwrap /etc/cinder/rootwrap.conf chmod ugo+rw /opt/stack/data/cinder/mnt/fb87c574b95943483ead682306a5b7b2/volume-82cf48b7-3dfd-4ee1-99b4-27309db5ec1b.info
Jul 01 19:21:46 devstack sudo[88184]: pam_unix(sudo:session): session opened for user root(uid=0) by (uid=1000)
Jul 01 19:21:47 devstack sudo[88184]: pam_unix(sudo:session): session closed for user root
Jul 01 19:21:47 devstack cinder-volume[86453]: DEBUG oslo_concurrency.processutils [None req-178b5854-3da1-474a-a637-73af1ef37e97 tempest-GroupSnapshotsTest-646359862 None] CMD "sudo cinder-rootwrap /etc/cinder/rootwrap.conf chmod ugo+rw /opt/stack/data/cinder/mnt/fb87c574b95943483ead682306a5b7b2/volume-82cf48b7-3dfd-4ee1-99b4-27309db5ec1b.info" returned: 0 in 0.937s {{(pid=86453) execute /opt/stack/data/venv/lib/python3.12/site-packages/oslo_concurrency/processutils.py:468}}
Jul 01 19:21:47 devstack cinder-volume[86453]: DEBUG oslo_concurrency.lockutils [None req-178b5854-3da1-474a-a637-73af1ef37e97 tempest-GroupSnapshotsTest-646359862 None] Lock "quobyte" "released" by "cinder.volume.drivers.quobyte.QuobyteDriver.create_snapshot" :: held 5.591s {{(pid=86453) inner /opt/stack/data/venv/lib/python3.12/site-packages/oslo_concurrency/lockutils.py:543}}
Jul 01 19:21:47 devstack cinder-volume[86453]: DEBUG oslo_concurrency.lockutils [None req-178b5854-3da1-474a-a637-73af1ef37e97 tempest-GroupSnapshotsTest-646359862 None] Acquiring lock "quobyte" by "cinder.volume.drivers.quobyte.QuobyteDriver.create_snapshot" {{(pid=86453) inner /opt/stack/data/venv/lib/python3.12/site-packages/oslo_concurrency/lockutils.py:511}}
Jul 01 19:21:47 devstack cinder-volume[86453]: DEBUG oslo_concurrency.lockutils [None req-178b5854-3da1-474a-a637-73af1ef37e97 tempest-GroupSnapshotsTest-646359862 None] Lock "quobyte" acquired by "cinder.volume.drivers.quobyte.QuobyteDriver.create_snapshot" :: waited 0.000s {{(pid=86453) inner /opt/stack/data/venv/lib/python3.12/site-packages/oslo_concurrency/lockutils.py:524}}
Jul 01 19:21:47 devstack cinder-volume[86453]: DEBUG cinder.volume.drivers.remotefs [None req-178b5854-3da1-474a-a637-73af1ef37e97 tempest-GroupSnapshotsTest-646359862 None] Creating offline snapshot e5056498-f06c-4754-aa05-932effce35f5 of volume fd6cbd0b-470f-4a55-8f62-5a9361cf5618 {{(pid=86453) _create_snapshot /opt/stack/cinder/cinder/volume/drivers/remotefs.py:1816}}
Jul 01 19:21:47 devstack cinder-volume[86453]: DEBUG oslo.privsep.daemon [-] privsep: reply[3c090c19-bd14-46bc-b2e2-fcc79e767530]: (4, 'qcow2') {{(pid=87387) _call_back /opt/stack/data/venv/lib/python3.12/site-packages/oslo_privsep/daemon.py:580}}
Jul 01 19:21:47 devstack cinder-volume[86453]: DEBUG oslo_concurrency.processutils [None req-178b5854-3da1-474a-a637-73af1ef37e97 tempest-GroupSnapshotsTest-646359862 None] Running cmd (subprocess): /opt/stack/data/venv/bin/python3.12 -m oslo_concurrency.prlimit --as=1073741824 --cpu=60 -- sudo cinder-rootwrap /etc/cinder/rootwrap.conf env LC_ALL=C qemu-img info -f qcow2 --output=json --force-share /opt/stack/data/cinder/mnt/fb87c574b95943483ead682306a5b7b2/volume-fd6cbd0b-470f-4a55-8f62-5a9361cf5618 {{(pid=86453) execute /opt/stack/data/venv/lib/python3.12/site-packages/oslo_concurrency/processutils.py:440}}
Jul 01 19:21:47 devstack sudo[88187]: quobyte : PWD=/ ; USER=root ; COMMAND=/opt/stack/data/venv/bin/cinder-rootwrap /etc/cinder/rootwrap.conf env LC_ALL=C qemu-img info -f qcow2 --output=json --force-share /opt/stack/data/cinder/mnt/fb87c574b95943483ead682306a5b7b2/volume-fd6cbd0b-470f-4a55-8f62-5a9361cf5618
Jul 01 19:21:47 devstack sudo[88187]: pam_unix(sudo:session): session opened for user root(uid=0) by (uid=1000)
Jul 01 19:21:48 devstack sudo[88187]: pam_unix(sudo:session): session closed for user root
Jul 01 19:21:48 devstack cinder-volume[86453]: DEBUG oslo_concurrency.processutils [None req-178b5854-3da1-474a-a637-73af1ef37e97 tempest-GroupSnapshotsTest-646359862 None] CMD "/opt/stack/data/venv/bin/python3.12 -m oslo_concurrency.prlimit --as=1073741824 --cpu=60 -- sudo cinder-rootwrap /etc/cinder/rootwrap.conf env LC_ALL=C qemu-img info -f qcow2 --output=json --force-share /opt/stack/data/cinder/mnt/fb87c574b95943483ead682306a5b7b2/volume-fd6cbd0b-470f-4a55-8f62-5a9361cf5618" returned: 0 in 0.959s {{(pid=86453) execute /opt/stack/data/venv/lib/python3.12/site-packages/oslo_concurrency/processutils.py:468}}
Jul 01 19:21:48 devstack cinder-volume[86453]: DEBUG oslo_concurrency.processutils [None req-178b5854-3da1-474a-a637-73af1ef37e97 tempest-GroupSnapshotsTest-646359862 None] Running cmd (subprocess): sudo cinder-rootwrap /etc/cinder/rootwrap.conf qemu-img create -f qcow2 -o backing_file=/opt/stack/data/cinder/mnt/fb87c574b95943483ead682306a5b7b2/volume-fd6cbd0b-470f-4a55-8f62-5a9361cf5618,backing_fmt=qcow2 /opt/stack/data/cinder/mnt/fb87c574b95943483ead682306a5b7b2/volume-fd6cbd0b-470f-4a55-8f62-5a9361cf5618.e5056498-f06c-4754-aa05-932effce35f5 1G {{(pid=86453) execute /opt/stack/data/venv/lib/python3.12/site-packages/oslo_concurrency/processutils.py:440}}
Jul 01 19:21:48 devstack sudo[88194]: quobyte : PWD=/ ; USER=root ; COMMAND=/opt/stack/data/venv/bin/cinder-rootwrap /etc/cinder/rootwrap.conf qemu-img create -f qcow2 -o backing_file=/opt/stack/data/cinder/mnt/fb87c574b95943483ead682306a5b7b2/volume-fd6cbd0b-470f-4a55-8f62-5a9361cf5618,backing_fmt=qcow2 /opt/stack/data/cinder/mnt/fb87c574b95943483ead682306a5b7b2/volume-fd6cbd0b-470f-4a55-8f62-5a9361cf5618.e5056498-f06c-4754-aa05-932effce35f5 1G
Jul 01 19:21:48 devstack sudo[88194]: pam_unix(sudo:session): session opened for user root(uid=0) by (uid=1000)
Jul 01 19:21:49 devstack sudo[88194]: pam_unix(sudo:session): session closed for user root
Jul 01 19:21:49 devstack cinder-volume[86453]: DEBUG oslo_concurrency.processutils [None req-178b5854-3da1-474a-a637-73af1ef37e97 tempest-GroupSnapshotsTest-646359862 None] CMD "sudo cinder-rootwrap /etc/cinder/rootwrap.conf qemu-img create -f qcow2 -o backing_file=/opt/stack/data/cinder/mnt/fb87c574b95943483ead682306a5b7b2/volume-fd6cbd0b-470f-4a55-8f62-5a9361cf5618,backing_fmt=qcow2 /opt/stack/data/cinder/mnt/fb87c574b95943483ead682306a5b7b2/volume-fd6cbd0b-470f-4a55-8f62-5a9361cf5618.e5056498-f06c-4754-aa05-932effce35f5 1G" returned: 0 in 0.926s {{(pid=86453) execute /opt/stack/data/venv/lib/python3.12/site-packages/oslo_concurrency/processutils.py:468}}
Jul 01 19:21:49 devstack cinder-volume[86453]: DEBUG oslo_concurrency.processutils [None req-178b5854-3da1-474a-a637-73af1ef37e97 tempest-GroupSnapshotsTest-646359862 None] Running cmd (subprocess): sudo cinder-rootwrap /etc/cinder/rootwrap.conf qemu-img rebase -u -b volume-fd6cbd0b-470f-4a55-8f62-5a9361cf5618 -F qcow2 /opt/stack/data/cinder/mnt/fb87c574b95943483ead682306a5b7b2/volume-fd6cbd0b-470f-4a55-8f62-5a9361cf5618.e5056498-f06c-4754-aa05-932effce35f5 {{(pid=86453) execute /opt/stack/data/venv/lib/python3.12/site-packages/oslo_concurrency/processutils.py:440}}
Jul 01 19:21:49 devstack sudo[88200]: quobyte : PWD=/ ; USER=root ; COMMAND=/opt/stack/data/venv/bin/cinder-rootwrap /etc/cinder/rootwrap.conf qemu-img rebase -u -b volume-fd6cbd0b-470f-4a55-8f62-5a9361cf5618 -F qcow2 /opt/stack/data/cinder/mnt/fb87c574b95943483ead682306a5b7b2/volume-fd6cbd0b-470f-4a55-8f62-5a9361cf5618.e5056498-f06c-4754-aa05-932effce35f5
Jul 01 19:21:49 devstack sudo[88200]: pam_unix(sudo:session): session opened for user root(uid=0) by (uid=1000)
Jul 01 19:21:50 devstack sudo[88200]: pam_unix(sudo:session): session closed for user root
Jul 01 19:21:50 devstack cinder-volume[86453]: DEBUG oslo_concurrency.processutils [None req-178b5854-3da1-474a-a637-73af1ef37e97 tempest-GroupSnapshotsTest-646359862 None] CMD "sudo cinder-rootwrap /etc/cinder/rootwrap.conf qemu-img rebase -u -b volume-fd6cbd0b-470f-4a55-8f62-5a9361cf5618 -F qcow2 /opt/stack/data/cinder/mnt/fb87c574b95943483ead682306a5b7b2/volume-fd6cbd0b-470f-4a55-8f62-5a9361cf5618.e5056498-f06c-4754-aa05-932effce35f5" returned: 0 in 0.724s {{(pid=86453) execute /opt/stack/data/venv/lib/python3.12/site-packages/oslo_concurrency/processutils.py:468}}
Jul 01 19:21:50 devstack cinder-volume[86453]: WARNING cinder.volume.drivers.remotefs [None req-178b5854-3da1-474a-a637-73af1ef37e97 tempest-GroupSnapshotsTest-646359862 None] /opt/stack/data/cinder/mnt/fb87c574b95943483ead682306a5b7b2/volume-fd6cbd0b-470f-4a55-8f62-5a9361cf5618.e5056498-f06c-4754-aa05-932effce35f5 is being set with open permissions: ugo+rw: NotImplementedError
Jul 01 19:21:50 devstack cinder-volume[86453]: DEBUG oslo_concurrency.processutils [None req-178b5854-3da1-474a-a637-73af1ef37e97 tempest-GroupSnapshotsTest-646359862 None] Running cmd (subprocess): sudo cinder-rootwrap /etc/cinder/rootwrap.conf chmod ugo+rw /opt/stack/data/cinder/mnt/fb87c574b95943483ead682306a5b7b2/volume-fd6cbd0b-470f-4a55-8f62-5a9361cf5618.e5056498-f06c-4754-aa05-932effce35f5 {{(pid=86453) execute /opt/stack/data/venv/lib/python3.12/site-packages/oslo_concurrency/processutils.py:440}}
Jul 01 19:21:50 devstack sudo[88205]: quobyte : PWD=/ ; USER=root ; COMMAND=/opt/stack/data/venv/bin/cinder-rootwrap /etc/cinder/rootwrap.conf chmod ugo+rw /opt/stack/data/cinder/mnt/fb87c574b95943483ead682306a5b7b2/volume-fd6cbd0b-470f-4a55-8f62-5a9361cf5618.e5056498-f06c-4754-aa05-932effce35f5
Jul 01 19:21:50 devstack sudo[88205]: pam_unix(sudo:session): session opened for user root(uid=0) by (uid=1000)
Jul 01 19:21:50 devstack cinder-volume[86453]: DEBUG oslo_service.periodic_task [None req-f3c29eb1-d372-490f-9514-27c48781d71f None None] Running periodic task VolumeManager.publish_service_capabilities {{(pid=86453) run_periodic_tasks /opt/stack/data/venv/lib/python3.12/site-packages/oslo_service/periodic_task.py:225}}
Jul 01 19:21:50 devstack cinder-volume[86453]: DEBUG oslo_concurrency.lockutils [None req-f3c29eb1-d372-490f-9514-27c48781d71f None None] Acquiring lock "quobyte_ensure" by "cinder.volume.drivers.quobyte.QuobyteDriver._ensure_shares_mounted" {{(pid=86453) inner /opt/stack/data/venv/lib/python3.12/site-packages/oslo_concurrency/lockutils.py:511}}
Jul 01 19:21:50 devstack cinder-volume[86453]: DEBUG oslo_concurrency.lockutils [None req-f3c29eb1-d372-490f-9514-27c48781d71f None None] Lock "quobyte_ensure" acquired by "cinder.volume.drivers.quobyte.QuobyteDriver._ensure_shares_mounted" :: waited 0.000s {{(pid=86453) inner /opt/stack/data/venv/lib/python3.12/site-packages/oslo_concurrency/lockutils.py:524}}
Jul 01 19:21:50 devstack cinder-volume[86453]: DEBUG cinder.volume.drivers.quobyte [None req-f3c29eb1-d372-490f-9514-27c48781d71f None None] Quobyte Volume URL set to: {'osci02.corp.quobyte.com/cinder-vol-5bdaf280-4001-4032-80b2-d0d59c559738': None} {{(pid=86453) _load_shares_config /opt/stack/cinder/cinder/volume/drivers/quobyte.py:617}}
Jul 01 19:21:50 devstack cinder-volume[86453]: DEBUG cinder.volume.drivers.quobyte [None req-f3c29eb1-d372-490f-9514-27c48781d71f None None] Available shares ['osci02.corp.quobyte.com/cinder-vol-5bdaf280-4001-4032-80b2-d0d59c559738'] {{(pid=86453) _ensure_shares_mounted /opt/stack/cinder/cinder/volume/drivers/quobyte.py:647}}
Jul 01 19:21:50 devstack cinder-volume[86453]: DEBUG oslo_concurrency.lockutils [None req-f3c29eb1-d372-490f-9514-27c48781d71f None None] Lock "quobyte_ensure" "released" by "cinder.volume.drivers.quobyte.QuobyteDriver._ensure_shares_mounted" :: held 0.015s {{(pid=86453) inner /opt/stack/data/venv/lib/python3.12/site-packages/oslo_concurrency/lockutils.py:543}}
Jul 01 19:21:50 devstack cinder-volume[86453]: DEBUG oslo_concurrency.processutils [None req-f3c29eb1-d372-490f-9514-27c48781d71f None None] Running cmd (subprocess): sudo cinder-rootwrap /etc/cinder/rootwrap.conf df --portability --block-size 1 /opt/stack/data/cinder/mnt/fb87c574b95943483ead682306a5b7b2 {{(pid=86453) execute /opt/stack/data/venv/lib/python3.12/site-packages/oslo_concurrency/processutils.py:440}}
Jul 01 19:21:50 devstack sudo[88207]: quobyte : PWD=/ ; USER=root ; COMMAND=/opt/stack/data/venv/bin/cinder-rootwrap /etc/cinder/rootwrap.conf df --portability --block-size 1 /opt/stack/data/cinder/mnt/fb87c574b95943483ead682306a5b7b2
Jul 01 19:21:50 devstack sudo[88207]: pam_unix(sudo:session): session opened for user root(uid=0) by (uid=1000)
Jul 01 19:21:51 devstack sudo[88205]: pam_unix(sudo:session): session closed for user root
Jul 01 19:21:51 devstack cinder-volume[86453]: DEBUG oslo_concurrency.processutils [None req-178b5854-3da1-474a-a637-73af1ef37e97 tempest-GroupSnapshotsTest-646359862 None] CMD "sudo cinder-rootwrap /etc/cinder/rootwrap.conf chmod ugo+rw /opt/stack/data/cinder/mnt/fb87c574b95943483ead682306a5b7b2/volume-fd6cbd0b-470f-4a55-8f62-5a9361cf5618.e5056498-f06c-4754-aa05-932effce35f5" returned: 0 in 0.718s {{(pid=86453) execute /opt/stack/data/venv/lib/python3.12/site-packages/oslo_concurrency/processutils.py:468}}
Jul 01 19:21:51 devstack cinder-volume[86453]: DEBUG oslo_concurrency.processutils [None req-178b5854-3da1-474a-a637-73af1ef37e97 tempest-GroupSnapshotsTest-646359862 None] Running cmd (subprocess): sudo cinder-rootwrap /etc/cinder/rootwrap.conf truncate -s0 /opt/stack/data/cinder/mnt/fb87c574b95943483ead682306a5b7b2/volume-fd6cbd0b-470f-4a55-8f62-5a9361cf5618.info {{(pid=86453) execute /opt/stack/data/venv/lib/python3.12/site-packages/oslo_concurrency/processutils.py:440}}
Jul 01 19:21:51 devstack sudo[88219]: quobyte : PWD=/ ; USER=root ; COMMAND=/opt/stack/data/venv/bin/cinder-rootwrap /etc/cinder/rootwrap.conf truncate -s0 /opt/stack/data/cinder/mnt/fb87c574b95943483ead682306a5b7b2/volume-fd6cbd0b-470f-4a55-8f62-5a9361cf5618.info
Jul 01 19:21:51 devstack sudo[88219]: pam_unix(sudo:session): session opened for user root(uid=0) by (uid=1000)
Jul 01 19:21:51 devstack sudo[88207]: pam_unix(sudo:session): session closed for user root
Jul 01 19:21:51 devstack cinder-volume[86453]: DEBUG oslo_concurrency.processutils [None req-f3c29eb1-d372-490f-9514-27c48781d71f None None] CMD "sudo cinder-rootwrap /etc/cinder/rootwrap.conf df --portability --block-size 1 /opt/stack/data/cinder/mnt/fb87c574b95943483ead682306a5b7b2" returned: 0 in 0.953s {{(pid=86453) execute /opt/stack/data/venv/lib/python3.12/site-packages/oslo_concurrency/processutils.py:468}}
Jul 01 19:21:51 devstack cinder-volume[86453]: DEBUG cinder.manager [None req-f3c29eb1-d372-490f-9514-27c48781d71f None None] Notifying Schedulers of capabilities ... {{(pid=86453) _publish_service_capabilities /opt/stack/cinder/cinder/manager.py:219}}
Jul 01 19:21:51 devstack cinder-volume[86453]: DEBUG oslo_service.periodic_task [None req-f3c29eb1-d372-490f-9514-27c48781d71f None None] Running periodic task VolumeManager._thread_info {{(pid=86453) run_periodic_tasks /opt/stack/data/venv/lib/python3.12/site-packages/oslo_service/periodic_task.py:225}}
Jul 01 19:21:51 devstack cinder-volume[86453]: DEBUG cinder.volume.manager [None req-f3c29eb1-d372-490f-9514-27c48781d71f None None] thread count: 8 {{(pid=86453) _thread_info /opt/stack/cinder/cinder/volume/manager.py:5472}}
Jul 01 19:21:51 devstack cinder-volume[86453]: DEBUG cinder.volume.manager [None req-f3c29eb1-d372-490f-9514-27c48781d71f None None] thread info: [<_MainThread(MainThread, started 129777299857536)>, , , , , , , ] {{(pid=86453) _thread_info /opt/stack/cinder/cinder/volume/manager.py:5473}}
Jul 01 19:21:51 devstack sudo[88219]: pam_unix(sudo:session): session closed for user root
Jul 01 19:21:51 devstack cinder-volume[86453]: DEBUG oslo_concurrency.processutils [None req-178b5854-3da1-474a-a637-73af1ef37e97 tempest-GroupSnapshotsTest-646359862 None] CMD "sudo cinder-rootwrap /etc/cinder/rootwrap.conf truncate -s0 /opt/stack/data/cinder/mnt/fb87c574b95943483ead682306a5b7b2/volume-fd6cbd0b-470f-4a55-8f62-5a9361cf5618.info" returned: 0 in 0.771s {{(pid=86453) execute /opt/stack/data/venv/lib/python3.12/site-packages/oslo_concurrency/processutils.py:468}}
Jul 01 19:21:51 devstack cinder-volume[86453]: WARNING cinder.volume.drivers.remotefs [None req-178b5854-3da1-474a-a637-73af1ef37e97 tempest-GroupSnapshotsTest-646359862 None] /opt/stack/data/cinder/mnt/fb87c574b95943483ead682306a5b7b2/volume-fd6cbd0b-470f-4a55-8f62-5a9361cf5618.info is being set with open permissions: ugo+rw: NotImplementedError
Jul 01 19:21:51 devstack cinder-volume[86453]: DEBUG oslo_concurrency.processutils [None req-178b5854-3da1-474a-a637-73af1ef37e97 tempest-GroupSnapshotsTest-646359862 None] Running cmd (subprocess): sudo cinder-rootwrap /etc/cinder/rootwrap.conf chmod ugo+rw /opt/stack/data/cinder/mnt/fb87c574b95943483ead682306a5b7b2/volume-fd6cbd0b-470f-4a55-8f62-5a9361cf5618.info {{(pid=86453) execute /opt/stack/data/venv/lib/python3.12/site-packages/oslo_concurrency/processutils.py:440}}
Jul 01 19:21:51 devstack sudo[88228]: quobyte : PWD=/ ; USER=root ; COMMAND=/opt/stack/data/venv/bin/cinder-rootwrap /etc/cinder/rootwrap.conf chmod ugo+rw /opt/stack/data/cinder/mnt/fb87c574b95943483ead682306a5b7b2/volume-fd6cbd0b-470f-4a55-8f62-5a9361cf5618.info
Jul 01 19:21:51 devstack sudo[88228]: pam_unix(sudo:session): session opened for user root(uid=0) by (uid=1000)
Jul 01 19:21:52 devstack sudo[88228]: pam_unix(sudo:session): session closed for user root
Jul 01 19:21:52 devstack cinder-volume[86453]: DEBUG oslo_concurrency.processutils [None req-178b5854-3da1-474a-a637-73af1ef37e97 tempest-GroupSnapshotsTest-646359862 None] CMD "sudo cinder-rootwrap /etc/cinder/rootwrap.conf chmod ugo+rw /opt/stack/data/cinder/mnt/fb87c574b95943483ead682306a5b7b2/volume-fd6cbd0b-470f-4a55-8f62-5a9361cf5618.info" returned: 0 in 0.790s {{(pid=86453) execute /opt/stack/data/venv/lib/python3.12/site-packages/oslo_concurrency/processutils.py:468}}
Jul 01 19:21:52 devstack cinder-volume[86453]: DEBUG oslo_concurrency.lockutils [None req-178b5854-3da1-474a-a637-73af1ef37e97 tempest-GroupSnapshotsTest-646359862 None] Lock "quobyte" "released" by "cinder.volume.drivers.quobyte.QuobyteDriver.create_snapshot" :: held 5.041s {{(pid=86453) inner /opt/stack/data/venv/lib/python3.12/site-packages/oslo_concurrency/lockutils.py:543}}
Jul 01 19:21:52 devstack cinder-volume[86453]: DEBUG oslo_concurrency.lockutils [None req-16e554f0-0063-42cc-86a9-3250beee3f8b tempest-TaggedAttachmentsTest-1583028321 None] Lock "quobyte" acquired by "cinder.volume.drivers.quobyte.QuobyteDriver.create_volume" :: waited 9.899s {{(pid=86453) inner /opt/stack/data/venv/lib/python3.12/site-packages/oslo_concurrency/lockutils.py:524}}
