Jul 01 19:27:53 devstack cinder-volume[86453]: DEBUG cinder.manager [None req-54c20c9e-aee0-41ca-9430-bc56109a99bc tempest-VolumesTransfersV357Test-1163137162 None] Notifying Schedulers of capabilities ... {{(pid=86453) _publish_service_capabilities /opt/stack/cinder/cinder/manager.py:219}}
Jul 01 19:27:53 devstack cinder-volume[86453]: INFO cinder.volume.manager [None req-54c20c9e-aee0-41ca-9430-bc56109a99bc tempest-VolumesTransfersV357Test-1163137162 None] Deleted volume successfully.
Jul 01 19:27:53 devstack cinder-volume[86453]: DEBUG cinder.coordination [None req-54c20c9e-aee0-41ca-9430-bc56109a99bc tempest-VolumesTransfersV357Test-1163137162 None] Lock "cinder-fee35f37-5120-44b7-8c89-1cbd23e09619-delete_volume" released by "delete_volume" :: held 2.817s {{(pid=86453) __release /opt/stack/cinder/cinder/coordination.py:152}}
Jul 01 19:27:53 devstack cinder-volume[86453]: DEBUG cinder.volume.flows.manager.create_volume [None req-7db8b50a-d382-4562-8265-a0edc0654f2c tempest-VolumesTransfersV357Test-1981356707 None] Volume reschedule parameters: True retry: {'num_attempts': 1, 'backends': ['devstack@QuobyteHD#QuobyteHD'], 'hosts': ['devstack@QuobyteHD#QuobyteHD']} {{(pid=86453) get_flow /opt/stack/cinder/cinder/volume/flows/manager/create_volume.py:1397}}
Jul 01 19:27:53 devstack sudo[94157]: pam_unix(sudo:session): session closed for user root
Jul 01 19:27:53 devstack cinder-volume[86453]: DEBUG cinder.volume.manager [None req-7db8b50a-d382-4562-8265-a0edc0654f2c tempest-VolumesTransfersV357Test-1981356707 None] Flow 'volume_create_manager' (98892b59-6515-4713-add0-2fd759a0e2cf) transitioned into state 'RUNNING' from state 'PENDING' {{(pid=86453) _flow_receiver /opt/stack/data/venv/lib/python3.12/site-packages/taskflow/listeners/logging.py:160}}
Jul 01 19:27:53 devstack cinder-volume[86453]: DEBUG cinder.volume.manager [None req-7db8b50a-d382-4562-8265-a0edc0654f2c tempest-VolumesTransfersV357Test-1981356707 None] Task 'cinder.volume.flows.manager.create_volume.ExtractVolumeRefTask;volume:create' (8afdc9ba-dd5e-4eef-a383-a7e3cd89e954) transitioned into state 'RUNNING' from state 'PENDING' {{(pid=86453) _task_receiver /opt/stack/data/venv/lib/python3.12/site-packages/taskflow/listeners/logging.py:242}}
Jul 01 19:27:53 devstack cinder-volume[86453]: DEBUG oslo_concurrency.processutils [None req-d1c49c45-670c-44e4-8721-c57fbdce7484 tempest-VolumesImageMetadata-640239108 None] CMD "/opt/stack/data/venv/bin/python3.12 -m oslo_concurrency.prlimit --as=1073741824 --cpu=60 -- sudo cinder-rootwrap /etc/cinder/rootwrap.conf env LC_ALL=C qemu-img info -f qcow2 --output=json /opt/stack/data/cinder/conversion/image_fetch_939c277e-5b69-466a-87ac-2f78313348e2_qvlrh5s_devstack@QuobyteHD" returned: 0 in 0.847s {{(pid=86453) execute /opt/stack/data/venv/lib/python3.12/site-packages/oslo_concurrency/processutils.py:468}}
Jul 01 19:27:53 devstack cinder-volume[86453]: DEBUG oslo_concurrency.lockutils [None req-d1c49c45-670c-44e4-8721-c57fbdce7484 tempest-VolumesImageMetadata-640239108 None] Acquiring lock "quobyte" by "cinder.volume.drivers.quobyte.QuobyteDriver.create_volume" {{(pid=86453) inner /opt/stack/data/venv/lib/python3.12/site-packages/oslo_concurrency/lockutils.py:511}}
Jul 01 19:27:53 devstack cinder-volume[86453]: DEBUG cinder.volume.manager [None req-7db8b50a-d382-4562-8265-a0edc0654f2c tempest-VolumesTransfersV357Test-1981356707 None] Task 'cinder.volume.flows.manager.create_volume.ExtractVolumeRefTask;volume:create' (8afdc9ba-dd5e-4eef-a383-a7e3cd89e954) transitioned into state 'SUCCESS' from state 'RUNNING' with result 'Volume(_name_id=None,admin_metadata=,attach_status='detached',availability_zone='nova',bootable=False,cluster=,cluster_name=None,consistencygroup=,consistencygroup_id=None,created_at=2026-07-01T17:27:53Z,deleted=False,deleted_at=None,display_description=None,display_name='tempest-VolumesTransfersV357Test-Volume-283180705',ec2_id=None,encryption_key_id=None,glance_metadata=,group=,group_id=None,host='devstack@QuobyteHD#QuobyteHD',id=975de3ff-6ef3-4d89-8d9a-c02df85225af,launched_at=None,metadata={},migration_status=None,multiattach=False,previous_status=None,project_id='2487831f7e154d51a720456981af86dc',provider_auth=None,provider_geometry=None,provider_id=None,provider_location=None,replication_driver_data=None,replication_extended_status=None,replication_status=None,scheduled_at=2026-07-01T17:27:53Z,service_uuid=None,shared_targets=True,size=1,snapshot_id=None,snapshots=,source_volid=None,status='creating',terminated_at=None,updated_at=2026-07-01T17:27:53Z,use_quota=True,user_id='f59ccce97e8849f98a27af2da28eafd8',volume_attachment=VolumeAttachmentList,volume_type=VolumeType(9b40bfbe-acb9-4fca-8ae8-bb40439d5f7d),volume_type_id=9b40bfbe-acb9-4fca-8ae8-bb40439d5f7d)' {{(pid=86453) _task_receiver /opt/stack/data/venv/lib/python3.12/site-packages/taskflow/listeners/logging.py:218}}
Jul 01 19:27:53 devstack cinder-volume[86453]: DEBUG cinder.volume.manager [None req-7db8b50a-d382-4562-8265-a0edc0654f2c tempest-VolumesTransfersV357Test-1981356707 None] Task 'cinder.volume.flows.manager.create_volume.OnFailureRescheduleTask;volume:create' (3cef8229-135b-43eb-8216-475d1db45f0e) transitioned into state 'RUNNING' from state 'PENDING' {{(pid=86453) _task_receiver /opt/stack/data/venv/lib/python3.12/site-packages/taskflow/listeners/logging.py:242}}
Jul 01 19:27:53 devstack cinder-volume[86453]: DEBUG cinder.volume.manager [None req-7db8b50a-d382-4562-8265-a0edc0654f2c tempest-VolumesTransfersV357Test-1981356707 None] Task 'cinder.volume.flows.manager.create_volume.OnFailureRescheduleTask;volume:create' (3cef8229-135b-43eb-8216-475d1db45f0e) transitioned into state 'SUCCESS' from state 'RUNNING' with result 'None' {{(pid=86453) _task_receiver /opt/stack/data/venv/lib/python3.12/site-packages/taskflow/listeners/logging.py:218}}
Jul 01 19:27:53 devstack cinder-volume[86453]: DEBUG cinder.volume.manager [None req-7db8b50a-d382-4562-8265-a0edc0654f2c tempest-VolumesTransfersV357Test-1981356707 None] Task 'cinder.volume.flows.manager.create_volume.ExtractVolumeSpecTask;volume:create' (9fd4e124-ae0e-47b0-8d92-9f93a1ea5b4c) transitioned into state 'RUNNING' from state 'PENDING' {{(pid=86453) _task_receiver /opt/stack/data/venv/lib/python3.12/site-packages/taskflow/listeners/logging.py:242}}
Jul 01 19:27:53 devstack cinder-volume[86453]: DEBUG cinder.volume.manager [None req-7db8b50a-d382-4562-8265-a0edc0654f2c tempest-VolumesTransfersV357Test-1981356707 None] Task 'cinder.volume.flows.manager.create_volume.ExtractVolumeSpecTask;volume:create' (9fd4e124-ae0e-47b0-8d92-9f93a1ea5b4c) transitioned into state 'SUCCESS' from state 'RUNNING' with result '{'status': 'creating', 'type': 'raw', 'volume_id': '975de3ff-6ef3-4d89-8d9a-c02df85225af', 'volume_name': 'volume-975de3ff-6ef3-4d89-8d9a-c02df85225af', 'volume_size': 1}' {{(pid=86453) _task_receiver /opt/stack/data/venv/lib/python3.12/site-packages/taskflow/listeners/logging.py:218}}
Jul 01 19:27:53 devstack cinder-volume[86453]: DEBUG cinder.volume.manager [None req-7db8b50a-d382-4562-8265-a0edc0654f2c tempest-VolumesTransfersV357Test-1981356707 None] Task 'cinder.volume.flows.manager.create_volume.NotifyVolumeActionTask;volume:create, create.start' (d0b8da73-f7f8-4430-9d07-db48d2249630) transitioned into state 'RUNNING' from state 'PENDING' {{(pid=86453) _task_receiver /opt/stack/data/venv/lib/python3.12/site-packages/taskflow/listeners/logging.py:242}}
Jul 01 19:27:53 devstack cinder-volume[86453]: DEBUG cinder.volume.manager [None req-7db8b50a-d382-4562-8265-a0edc0654f2c tempest-VolumesTransfersV357Test-1981356707 None] Task 'cinder.volume.flows.manager.create_volume.NotifyVolumeActionTask;volume:create, create.start' (d0b8da73-f7f8-4430-9d07-db48d2249630) transitioned into state 'SUCCESS' from state 'RUNNING' with result 'None' {{(pid=86453) _task_receiver /opt/stack/data/venv/lib/python3.12/site-packages/taskflow/listeners/logging.py:218}}
Jul 01 19:27:53 devstack cinder-volume[86453]: DEBUG cinder.volume.manager [None req-7db8b50a-d382-4562-8265-a0edc0654f2c tempest-VolumesTransfersV357Test-1981356707 None] Task 'cinder.volume.flows.manager.create_volume.CreateVolumeFromSpecTask;volume:create' (928a61a9-8447-44f1-9e72-06887167c134) transitioned into state 'RUNNING' from state 'PENDING' {{(pid=86453) _task_receiver /opt/stack/data/venv/lib/python3.12/site-packages/taskflow/listeners/logging.py:242}}
Jul 01 19:27:53 devstack cinder-volume[86453]: INFO cinder.volume.flows.manager.create_volume [None req-7db8b50a-d382-4562-8265-a0edc0654f2c tempest-VolumesTransfersV357Test-1981356707 None] Volume 975de3ff-6ef3-4d89-8d9a-c02df85225af: being created as raw with specification: {'status': 'creating', 'volume_name': 'volume-975de3ff-6ef3-4d89-8d9a-c02df85225af', 'volume_size': 1}
Jul 01 19:27:53 devstack cinder-volume[86453]: DEBUG oslo_concurrency.lockutils [None req-7db8b50a-d382-4562-8265-a0edc0654f2c tempest-VolumesTransfersV357Test-1981356707 None] Acquiring lock "quobyte" by "cinder.volume.drivers.quobyte.QuobyteDriver.create_volume" {{(pid=86453) inner /opt/stack/data/venv/lib/python3.12/site-packages/oslo_concurrency/lockutils.py:511}}
Jul 01 19:27:53 devstack sudo[94159]: pam_unix(sudo:session): session closed for user root
Jul 01 19:27:53 devstack cinder-volume[86453]: DEBUG oslo_concurrency.processutils [None req-e90aa13b-0845-4d31-a444-fca1347aeec8 tempest-GroupsV314Test-153876065 None] CMD "/opt/stack/data/venv/bin/python3.12 -m oslo_concurrency.prlimit --as=1073741824 --cpu=60 -- sudo cinder-rootwrap /etc/cinder/rootwrap.conf env LC_ALL=C qemu-img info -f qcow2 --output=json --force-share /opt/stack/data/cinder/mnt/fb87c574b95943483ead682306a5b7b2/volume-af8815b3-b3f6-4880-823d-9d0186a45632.35a20ac3-8a7b-4ced-8b21-63c6cc3726ac" returned: 0 in 0.936s {{(pid=86453) execute /opt/stack/data/venv/lib/python3.12/site-packages/oslo_concurrency/processutils.py:468}}
Jul 01 19:27:53 devstack cinder-volume[86453]: DEBUG cinder.volume.drivers.remotefs [None req-e90aa13b-0845-4d31-a444-fca1347aeec8 tempest-GroupsV314Test-153876065 None] Fetching qemu-img info with special backing_file_template: (/opt/stack/data/cinder/mnt/[0-9a-f]+/)?(volume-af8815b3-b3f6-4880-823d-9d0186a45632(.(tmp-snap-)?[0-9a-f-]+)?|volume_from_snapshot_cache/(tmp-snap-)?[0-9a-f-]+(.(child-|parent-)[0-9a-f-]+)?)$ {{(pid=86453) _qemu_img_info_base /opt/stack/cinder/cinder/volume/drivers/remotefs.py:896}}
Jul 01 19:27:53 devstack cinder-volume[86453]: DEBUG cinder.volume.drivers.quobyte [None req-e90aa13b-0845-4d31-a444-fca1347aeec8 tempest-GroupsV314Test-153876065 None] will copy from snapshot at /opt/stack/data/cinder/mnt/fb87c574b95943483ead682306a5b7b2/volume-af8815b3-b3f6-4880-823d-9d0186a45632 {{(pid=86453) _copy_volume_from_snapshot /opt/stack/cinder/cinder/volume/drivers/quobyte.py:420}}
Jul 01 19:27:53 devstack cinder-volume[86453]: DEBUG cinder.volume.drivers.quobyte [None req-e90aa13b-0845-4d31-a444-fca1347aeec8 tempest-GroupsV314Test-153876065 None] Creating direct copy from snapshot {{(pid=86453) _copy_volume_from_snapshot /opt/stack/cinder/cinder/volume/drivers/quobyte.py:428}}
Jul 01 19:27:53 devstack cinder-volume[86453]: DEBUG oslo.privsep.daemon [-] privsep: reply[598847b5-1ade-4ab2-9c5f-76d627056f04]: (4, 'qcow2') {{(pid=87387) _call_back /opt/stack/data/venv/lib/python3.12/site-packages/oslo_privsep/daemon.py:580}}
Jul 01 19:27:53 devstack cinder-volume[86453]: DEBUG oslo_concurrency.processutils [None req-e90aa13b-0845-4d31-a444-fca1347aeec8 tempest-GroupsV314Test-153876065 None] Running cmd (subprocess): /opt/stack/data/venv/bin/python3.12 -m oslo_concurrency.prlimit --as=1073741824 --cpu=60 -- sudo cinder-rootwrap /etc/cinder/rootwrap.conf env LC_ALL=C qemu-img info -f qcow2 --output=json /opt/stack/data/cinder/mnt/fb87c574b95943483ead682306a5b7b2/volume-af8815b3-b3f6-4880-823d-9d0186a45632 {{(pid=86453) execute /opt/stack/data/venv/lib/python3.12/site-packages/oslo_concurrency/processutils.py:440}}
Jul 01 19:27:53 devstack sudo[94169]: quobyte : PWD=/ ; USER=root ; COMMAND=/opt/stack/data/venv/bin/cinder-rootwrap /etc/cinder/rootwrap.conf env LC_ALL=C qemu-img info -f qcow2 --output=json /opt/stack/data/cinder/mnt/fb87c574b95943483ead682306a5b7b2/volume-af8815b3-b3f6-4880-823d-9d0186a45632
Jul 01 19:27:53 devstack sudo[94169]: pam_unix(sudo:session): session opened for user root(uid=0) by (uid=1000)
Jul 01 19:27:54 devstack sudo[94169]: pam_unix(sudo:session): session closed for user root
Jul 01 19:27:54 devstack cinder-volume[86453]: DEBUG oslo_concurrency.processutils [None req-e90aa13b-0845-4d31-a444-fca1347aeec8 tempest-GroupsV314Test-153876065 None] CMD "/opt/stack/data/venv/bin/python3.12 -m oslo_concurrency.prlimit --as=1073741824 --cpu=60 -- sudo cinder-rootwrap /etc/cinder/rootwrap.conf env LC_ALL=C qemu-img info -f qcow2 --output=json /opt/stack/data/cinder/mnt/fb87c574b95943483ead682306a5b7b2/volume-af8815b3-b3f6-4880-823d-9d0186a45632" returned: 0 in 0.755s {{(pid=86453) execute /opt/stack/data/venv/lib/python3.12/site-packages/oslo_concurrency/processutils.py:468}}
Jul 01 19:27:54 devstack cinder-volume[86453]: DEBUG cinder.utils [None req-e90aa13b-0845-4d31-a444-fca1347aeec8 tempest-GroupsV314Test-153876065 None] Path /opt/stack/data/cinder/mnt/fb87c574b95943483ead682306a5b7b2/volume-38f888ee-3f5d-4a9e-aa31-23b7749d2ee2 not found in is_blk_device check {{(pid=86453) is_blk_device /opt/stack/cinder/cinder/utils.py:615}}
Jul 01 19:27:54 devstack cinder-volume[86453]: DEBUG oslo_concurrency.processutils [None req-e90aa13b-0845-4d31-a444-fca1347aeec8 tempest-GroupsV314Test-153876065 None] Running cmd (subprocess): sudo cinder-rootwrap /etc/cinder/rootwrap.conf qemu-img convert -O qcow2 /opt/stack/data/cinder/mnt/fb87c574b95943483ead682306a5b7b2/volume-af8815b3-b3f6-4880-823d-9d0186a45632 /opt/stack/data/cinder/mnt/fb87c574b95943483ead682306a5b7b2/volume-38f888ee-3f5d-4a9e-aa31-23b7749d2ee2 {{(pid=86453) execute /opt/stack/data/venv/lib/python3.12/site-packages/oslo_concurrency/processutils.py:440}}
Jul 01 19:27:54 devstack sudo[94174]: quobyte : PWD=/ ; USER=root ; COMMAND=/opt/stack/data/venv/bin/cinder-rootwrap /etc/cinder/rootwrap.conf qemu-img convert -O qcow2 /opt/stack/data/cinder/mnt/fb87c574b95943483ead682306a5b7b2/volume-af8815b3-b3f6-4880-823d-9d0186a45632 /opt/stack/data/cinder/mnt/fb87c574b95943483ead682306a5b7b2/volume-38f888ee-3f5d-4a9e-aa31-23b7749d2ee2
Jul 01 19:27:54 devstack sudo[94174]: pam_unix(sudo:session): session opened for user root(uid=0) by (uid=1000)
Jul 01 19:27:59 devstack sudo[94174]: pam_unix(sudo:session): session closed for user root
Jul 01 19:27:59 devstack cinder-volume[86453]: DEBUG oslo_concurrency.processutils [None req-e90aa13b-0845-4d31-a444-fca1347aeec8 tempest-GroupsV314Test-153876065 None] CMD "sudo cinder-rootwrap /etc/cinder/rootwrap.conf qemu-img convert -O qcow2 /opt/stack/data/cinder/mnt/fb87c574b95943483ead682306a5b7b2/volume-af8815b3-b3f6-4880-823d-9d0186a45632 /opt/stack/data/cinder/mnt/fb87c574b95943483ead682306a5b7b2/volume-38f888ee-3f5d-4a9e-aa31-23b7749d2ee2" returned: 0 in 5.018s {{(pid=86453) execute /opt/stack/data/venv/lib/python3.12/site-packages/oslo_concurrency/processutils.py:468}}
Jul 01 19:27:59 devstack cinder-volume[86453]: DEBUG oslo.privsep.daemon [-] privsep: reply[50080b50-7386-41dd-b2a3-8c37238f6c1b]: (4, 'qcow2') {{(pid=87387) _call_back /opt/stack/data/venv/lib/python3.12/site-packages/oslo_privsep/daemon.py:580}}
Jul 01 19:27:59 devstack cinder-volume[86453]: DEBUG oslo_concurrency.processutils [None req-e90aa13b-0845-4d31-a444-fca1347aeec8 tempest-GroupsV314Test-153876065 None] Running cmd (subprocess): /opt/stack/data/venv/bin/python3.12 -m oslo_concurrency.prlimit --as=1073741824 --cpu=60 -- sudo cinder-rootwrap /etc/cinder/rootwrap.conf env LC_ALL=C qemu-img info -f qcow2 --output=json /opt/stack/data/cinder/mnt/fb87c574b95943483ead682306a5b7b2/volume-af8815b3-b3f6-4880-823d-9d0186a45632 {{(pid=86453) execute /opt/stack/data/venv/lib/python3.12/site-packages/oslo_concurrency/processutils.py:440}}
Jul 01 19:27:59 devstack sudo[94188]: quobyte : PWD=/ ; USER=root ; COMMAND=/opt/stack/data/venv/bin/cinder-rootwrap /etc/cinder/rootwrap.conf env LC_ALL=C qemu-img info -f qcow2 --output=json /opt/stack/data/cinder/mnt/fb87c574b95943483ead682306a5b7b2/volume-af8815b3-b3f6-4880-823d-9d0186a45632
Jul 01 19:27:59 devstack sudo[94188]: pam_unix(sudo:session): session opened for user root(uid=0) by (uid=1000)
Jul 01 19:28:00 devstack sudo[94188]: pam_unix(sudo:session): session closed for user root
Jul 01 19:28:00 devstack cinder-volume[86453]: DEBUG oslo_concurrency.processutils [None req-e90aa13b-0845-4d31-a444-fca1347aeec8 tempest-GroupsV314Test-153876065 None] CMD "/opt/stack/data/venv/bin/python3.12 -m oslo_concurrency.prlimit --as=1073741824 --cpu=60 -- sudo cinder-rootwrap /etc/cinder/rootwrap.conf env LC_ALL=C qemu-img info -f qcow2 --output=json /opt/stack/data/cinder/mnt/fb87c574b95943483ead682306a5b7b2/volume-af8815b3-b3f6-4880-823d-9d0186a45632" returned: 0 in 0.923s {{(pid=86453) execute /opt/stack/data/venv/lib/python3.12/site-packages/oslo_concurrency/processutils.py:468}}
Jul 01 19:28:00 devstack cinder-volume[86453]: DEBUG cinder.image.image_utils [None req-e90aa13b-0845-4d31-a444-fca1347aeec8 tempest-GroupsV314Test-153876065 None] Image conversion details: src /opt/stack/data/cinder/mnt/fb87c574b95943483ead682306a5b7b2/volume-af8815b3-b3f6-4880-823d-9d0186a45632, size 1024.00 MB, duration 5.02 sec, destination /opt/stack/data/cinder/mnt/fb87c574b95943483ead682306a5b7b2/volume-38f888ee-3f5d-4a9e-aa31-23b7749d2ee2 {{(pid=86453) _convert_image /opt/stack/cinder/cinder/image/image_utils.py:536}}
Jul 01 19:28:00 devstack cinder-volume[86453]: INFO cinder.image.image_utils [None req-e90aa13b-0845-4d31-a444-fca1347aeec8 tempest-GroupsV314Test-153876065 None] Converted 1024.00 MB image at 204.02 MB/s
Jul 01 19:28:00 devstack cinder-volume[86453]: WARNING cinder.volume.drivers.remotefs [None req-e90aa13b-0845-4d31-a444-fca1347aeec8 tempest-GroupsV314Test-153876065 None] /opt/stack/data/cinder/mnt/fb87c574b95943483ead682306a5b7b2/volume-38f888ee-3f5d-4a9e-aa31-23b7749d2ee2 is being set with open permissions: ugo+rw: NotImplementedError
Jul 01 19:28:00 devstack cinder-volume[86453]: DEBUG oslo_concurrency.processutils [None req-e90aa13b-0845-4d31-a444-fca1347aeec8 tempest-GroupsV314Test-153876065 None] Running cmd (subprocess): sudo cinder-rootwrap /etc/cinder/rootwrap.conf chmod ugo+rw /opt/stack/data/cinder/mnt/fb87c574b95943483ead682306a5b7b2/volume-38f888ee-3f5d-4a9e-aa31-23b7749d2ee2 {{(pid=86453) execute /opt/stack/data/venv/lib/python3.12/site-packages/oslo_concurrency/processutils.py:440}}
Jul 01 19:28:00 devstack sudo[94193]: quobyte : PWD=/ ; USER=root ; COMMAND=/opt/stack/data/venv/bin/cinder-rootwrap /etc/cinder/rootwrap.conf chmod ugo+rw /opt/stack/data/cinder/mnt/fb87c574b95943483ead682306a5b7b2/volume-38f888ee-3f5d-4a9e-aa31-23b7749d2ee2
Jul 01 19:28:00 devstack sudo[94193]: pam_unix(sudo:session): session opened for user root(uid=0) by (uid=1000)
Jul 01 19:28:01 devstack sudo[94193]: pam_unix(sudo:session): session closed for user root
Jul 01 19:28:01 devstack cinder-volume[86453]: DEBUG oslo_concurrency.processutils [None req-e90aa13b-0845-4d31-a444-fca1347aeec8 tempest-GroupsV314Test-153876065 None] CMD "sudo cinder-rootwrap /etc/cinder/rootwrap.conf chmod ugo+rw /opt/stack/data/cinder/mnt/fb87c574b95943483ead682306a5b7b2/volume-38f888ee-3f5d-4a9e-aa31-23b7749d2ee2" returned: 0 in 0.648s {{(pid=86453) execute /opt/stack/data/venv/lib/python3.12/site-packages/oslo_concurrency/processutils.py:468}}
Jul 01 19:28:01 devstack cinder-volume[86453]: DEBUG cinder.coordination [None req-e90aa13b-0845-4d31-a444-fca1347aeec8 tempest-GroupsV314Test-153876065 None] Lock "cinder-quobyte-38f888ee-3f5d-4a9e-aa31-23b7749d2ee2" released by "_copy_volume_from_snapshot" :: held 8.384s {{(pid=86453) __release /opt/stack/cinder/cinder/coordination.py:152}}
Jul 01 19:28:01 devstack cinder-volume[86453]: DEBUG cinder.coordination [None req-e90aa13b-0845-4d31-a444-fca1347aeec8 tempest-GroupsV314Test-153876065 None] Acquiring lock "cinder-quobyte-35a20ac3-8a7b-4ced-8b21-63c6cc3726ac" by "_delete_snapshot" {{(pid=86453) __acquire /opt/stack/cinder/cinder/coordination.py:138}}
Jul 01 19:28:01 devstack cinder-volume[86453]: DEBUG cinder.coordination [None req-e90aa13b-0845-4d31-a444-fca1347aeec8 tempest-GroupsV314Test-153876065 None] Lock "cinder-quobyte-35a20ac3-8a7b-4ced-8b21-63c6cc3726ac" acquired by "_delete_snapshot" :: waited 0.018s {{(pid=86453) __acquire /opt/stack/cinder/cinder/coordination.py:141}}
Jul 01 19:28:01 devstack cinder-volume[86453]: DEBUG cinder.volume.drivers.remotefs [None req-e90aa13b-0845-4d31-a444-fca1347aeec8 tempest-GroupsV314Test-153876065 None] Deleting offline snapshot 35a20ac3-8a7b-4ced-8b21-63c6cc3726ac of volume af8815b3-b3f6-4880-823d-9d0186a45632 {{(pid=86453) _delete_snapshot /opt/stack/cinder/cinder/volume/drivers/remotefs.py:1288}}
Jul 01 19:28:01 devstack cinder-volume[86453]: DEBUG cinder.volume.drivers.remotefs [None req-e90aa13b-0845-4d31-a444-fca1347aeec8 tempest-GroupsV314Test-153876065 None] snapshot_file for this snap is: volume-af8815b3-b3f6-4880-823d-9d0186a45632.35a20ac3-8a7b-4ced-8b21-63c6cc3726ac {{(pid=86453) _delete_snapshot /opt/stack/cinder/cinder/volume/drivers/remotefs.py:1317}}
Jul 01 19:28:01 devstack cinder-volume[86453]: DEBUG oslo.privsep.daemon [-] privsep: reply[192c4b28-4359-4212-ba54-d8bfd854079d]: (4, 'qcow2') {{(pid=87387) _call_back /opt/stack/data/venv/lib/python3.12/site-packages/oslo_privsep/daemon.py:580}}
Jul 01 19:28:01 devstack cinder-volume[86453]: DEBUG oslo_concurrency.processutils [None req-e90aa13b-0845-4d31-a444-fca1347aeec8 tempest-GroupsV314Test-153876065 None] Running cmd (subprocess): /opt/stack/data/venv/bin/python3.12 -m oslo_concurrency.prlimit --as=1073741824 --cpu=60 -- sudo cinder-rootwrap /etc/cinder/rootwrap.conf env LC_ALL=C qemu-img info -f qcow2 --output=json --force-share /opt/stack/data/cinder/mnt/fb87c574b95943483ead682306a5b7b2/volume-af8815b3-b3f6-4880-823d-9d0186a45632.35a20ac3-8a7b-4ced-8b21-63c6cc3726ac {{(pid=86453) execute /opt/stack/data/venv/lib/python3.12/site-packages/oslo_concurrency/processutils.py:440}}
Jul 01 19:28:01 devstack sudo[94196]: quobyte : PWD=/ ; USER=root ; COMMAND=/opt/stack/data/venv/bin/cinder-rootwrap /etc/cinder/rootwrap.conf env LC_ALL=C qemu-img info -f qcow2 --output=json --force-share /opt/stack/data/cinder/mnt/fb87c574b95943483ead682306a5b7b2/volume-af8815b3-b3f6-4880-823d-9d0186a45632.35a20ac3-8a7b-4ced-8b21-63c6cc3726ac
Jul 01 19:28:01 devstack sudo[94196]: pam_unix(sudo:session): session opened for user root(uid=0) by (uid=1000)
Jul 01 19:28:02 devstack sudo[94196]: pam_unix(sudo:session): session closed for user root
Jul 01 19:28:02 devstack cinder-volume[86453]: DEBUG oslo_concurrency.processutils [None req-e90aa13b-0845-4d31-a444-fca1347aeec8 tempest-GroupsV314Test-153876065 None] CMD "/opt/stack/data/venv/bin/python3.12 -m oslo_concurrency.prlimit --as=1073741824 --cpu=60 -- sudo cinder-rootwrap /etc/cinder/rootwrap.conf env LC_ALL=C qemu-img info -f qcow2 --output=json --force-share /opt/stack/data/cinder/mnt/fb87c574b95943483ead682306a5b7b2/volume-af8815b3-b3f6-4880-823d-9d0186a45632.35a20ac3-8a7b-4ced-8b21-63c6cc3726ac" returned: 0 in 0.777s {{(pid=86453) execute /opt/stack/data/venv/lib/python3.12/site-packages/oslo_concurrency/processutils.py:468}}
Jul 01 19:28:02 devstack cinder-volume[86453]: DEBUG cinder.volume.drivers.remotefs [None req-e90aa13b-0845-4d31-a444-fca1347aeec8 tempest-GroupsV314Test-153876065 None] Fetching qemu-img info with special backing_file_template: (/opt/stack/data/cinder/mnt/[0-9a-f]+/)?(volume-af8815b3-b3f6-4880-823d-9d0186a45632(.(tmp-snap-)?[0-9a-f-]+)?|volume_from_snapshot_cache/(tmp-snap-)?[0-9a-f-]+(.(child-|parent-)[0-9a-f-]+)?)$ {{(pid=86453) _qemu_img_info_base /opt/stack/cinder/cinder/volume/drivers/remotefs.py:896}}
Jul 01 19:28:02 devstack cinder-volume[86453]: DEBUG oslo.privsep.daemon [-] privsep: reply[ecfe0217-19ee-4bac-859b-bf9c5feada1b]: (4, 'qcow2') {{(pid=87387) _call_back /opt/stack/data/venv/lib/python3.12/site-packages/oslo_privsep/daemon.py:580}}
Jul 01 19:28:02 devstack cinder-volume[86453]: DEBUG oslo_concurrency.processutils [None req-e90aa13b-0845-4d31-a444-fca1347aeec8 tempest-GroupsV314Test-153876065 None] Running cmd (subprocess): /opt/stack/data/venv/bin/python3.12 -m oslo_concurrency.prlimit --as=1073741824 --cpu=60 -- sudo cinder-rootwrap /etc/cinder/rootwrap.conf env LC_ALL=C qemu-img info -f qcow2 --output=json --force-share /opt/stack/data/cinder/mnt/fb87c574b95943483ead682306a5b7b2/volume-af8815b3-b3f6-4880-823d-9d0186a45632 {{(pid=86453) execute /opt/stack/data/venv/lib/python3.12/site-packages/oslo_concurrency/processutils.py:440}}
Jul 01 19:28:02 devstack sudo[94201]: quobyte : PWD=/ ; USER=root ; COMMAND=/opt/stack/data/venv/bin/cinder-rootwrap /etc/cinder/rootwrap.conf env LC_ALL=C qemu-img info -f qcow2 --output=json --force-share /opt/stack/data/cinder/mnt/fb87c574b95943483ead682306a5b7b2/volume-af8815b3-b3f6-4880-823d-9d0186a45632
Jul 01 19:28:02 devstack sudo[94201]: pam_unix(sudo:session): session opened for user root(uid=0) by (uid=1000)
Jul 01 19:28:02 devstack sudo[94201]: pam_unix(sudo:session): session closed for user root
Jul 01 19:28:02 devstack cinder-volume[86453]: DEBUG oslo_concurrency.processutils [None req-e90aa13b-0845-4d31-a444-fca1347aeec8 tempest-GroupsV314Test-153876065 None] CMD "/opt/stack/data/venv/bin/python3.12 -m oslo_concurrency.prlimit --as=1073741824 --cpu=60 -- sudo cinder-rootwrap /etc/cinder/rootwrap.conf env LC_ALL=C qemu-img info -f qcow2 --output=json --force-share /opt/stack/data/cinder/mnt/fb87c574b95943483ead682306a5b7b2/volume-af8815b3-b3f6-4880-823d-9d0186a45632" returned: 0 in 0.734s {{(pid=86453) execute /opt/stack/data/venv/lib/python3.12/site-packages/oslo_concurrency/processutils.py:468}}
Jul 01 19:28:02 devstack cinder-volume[86453]: DEBUG oslo_concurrency.processutils [None req-e90aa13b-0845-4d31-a444-fca1347aeec8 tempest-GroupsV314Test-153876065 None] Running cmd (subprocess): sudo cinder-rootwrap /etc/cinder/rootwrap.conf qemu-img commit -d /opt/stack/data/cinder/mnt/fb87c574b95943483ead682306a5b7b2/volume-af8815b3-b3f6-4880-823d-9d0186a45632.35a20ac3-8a7b-4ced-8b21-63c6cc3726ac {{(pid=86453) execute /opt/stack/data/venv/lib/python3.12/site-packages/oslo_concurrency/processutils.py:440}}
Jul 01 19:28:02 devstack sudo[94207]: quobyte : PWD=/ ; USER=root ; COMMAND=/opt/stack/data/venv/bin/cinder-rootwrap /etc/cinder/rootwrap.conf qemu-img commit -d /opt/stack/data/cinder/mnt/fb87c574b95943483ead682306a5b7b2/volume-af8815b3-b3f6-4880-823d-9d0186a45632.35a20ac3-8a7b-4ced-8b21-63c6cc3726ac
Jul 01 19:28:02 devstack sudo[94207]: pam_unix(sudo:session): session opened for user root(uid=0) by (uid=1000)
Jul 01 19:28:03 devstack sudo[94207]: pam_unix(sudo:session): session closed for user root
Jul 01 19:28:03 devstack cinder-volume[86453]: DEBUG oslo_concurrency.processutils [None req-e90aa13b-0845-4d31-a444-fca1347aeec8 tempest-GroupsV314Test-153876065 None] CMD "sudo cinder-rootwrap /etc/cinder/rootwrap.conf qemu-img commit -d /opt/stack/data/cinder/mnt/fb87c574b95943483ead682306a5b7b2/volume-af8815b3-b3f6-4880-823d-9d0186a45632.35a20ac3-8a7b-4ced-8b21-63c6cc3726ac" returned: 0 in 0.738s {{(pid=86453) execute /opt/stack/data/venv/lib/python3.12/site-packages/oslo_concurrency/processutils.py:468}}
Jul 01 19:28:03 devstack cinder-volume[86453]: DEBUG dbcounter [-] [86453] Writing DB stats cinder:SELECT=20,cinder:UPDATE=15,cinder:DELETE=3,cinder:INSERT=2 {{(pid=86453) stat_writer /opt/stack/data/venv/lib/python3.12/site-packages/dbcounter.py:115}}
Jul 01 19:28:03 devstack cinder-volume[86453]: DEBUG oslo_concurrency.processutils [None req-e90aa13b-0845-4d31-a444-fca1347aeec8 tempest-GroupsV314Test-153876065 None] Running cmd (subprocess): sudo cinder-rootwrap /etc/cinder/rootwrap.conf rm -f /opt/stack/data/cinder/mnt/fb87c574b95943483ead682306a5b7b2/volume-af8815b3-b3f6-4880-823d-9d0186a45632.35a20ac3-8a7b-4ced-8b21-63c6cc3726ac {{(pid=86453) execute /opt/stack/data/venv/lib/python3.12/site-packages/oslo_concurrency/processutils.py:440}}
Jul 01 19:28:03 devstack sudo[94212]: quobyte : PWD=/ ; USER=root ; COMMAND=/opt/stack/data/venv/bin/cinder-rootwrap /etc/cinder/rootwrap.conf rm -f /opt/stack/data/cinder/mnt/fb87c574b95943483ead682306a5b7b2/volume-af8815b3-b3f6-4880-823d-9d0186a45632.35a20ac3-8a7b-4ced-8b21-63c6cc3726ac
Jul 01 19:28:03 devstack sudo[94212]: pam_unix(sudo:session): session opened for user root(uid=0) by (uid=1000)
Jul 01 19:28:04 devstack sudo[94212]: pam_unix(sudo:session): session closed for user root
Jul 01 19:28:04 devstack cinder-volume[86453]: DEBUG oslo_concurrency.processutils [None req-e90aa13b-0845-4d31-a444-fca1347aeec8 tempest-GroupsV314Test-153876065 None] CMD "sudo cinder-rootwrap /etc/cinder/rootwrap.conf rm -f /opt/stack/data/cinder/mnt/fb87c574b95943483ead682306a5b7b2/volume-af8815b3-b3f6-4880-823d-9d0186a45632.35a20ac3-8a7b-4ced-8b21-63c6cc3726ac" returned: 0 in 0.683s {{(pid=86453) execute /opt/stack/data/venv/lib/python3.12/site-packages/oslo_concurrency/processutils.py:468}}
Jul 01 19:28:04 devstack cinder-volume[86453]: DEBUG cinder.coordination [None req-e90aa13b-0845-4d31-a444-fca1347aeec8 tempest-GroupsV314Test-153876065 None] Lock "cinder-quobyte-35a20ac3-8a7b-4ced-8b21-63c6cc3726ac" released by "_delete_snapshot" :: held 3.025s {{(pid=86453) __release /opt/stack/cinder/cinder/coordination.py:152}}
Jul 01 19:28:04 devstack cinder-volume[86453]: DEBUG oslo_concurrency.lockutils [None req-e90aa13b-0845-4d31-a444-fca1347aeec8 tempest-GroupsV314Test-153876065 None] Lock "quobyte" "released" by "cinder.volume.drivers.quobyte.QuobyteDriver.create_cloned_volume" :: held 16.836s {{(pid=86453) inner /opt/stack/data/venv/lib/python3.12/site-packages/oslo_concurrency/lockutils.py:543}}
Jul 01 19:28:04 devstack cinder-volume[86453]: DEBUG oslo_concurrency.lockutils [None req-cdaf0148-8136-4559-a339-de43744533bc tempest-ServersNegativeTestJSON-525081639 None] Lock "quobyte" acquired by "cinder.volume.drivers.quobyte.QuobyteDriver.create_volume" :: waited 16.507s {{(pid=86453) inner /opt/stack/data/venv/lib/python3.12/site-packages/oslo_concurrency/lockutils.py:524}}
Jul 01 19:28:04 devstack cinder-volume[86453]: DEBUG cinder.volume.drivers.quobyte [None req-cdaf0148-8136-4559-a339-de43744533bc tempest-ServersNegativeTestJSON-525081639 None] ==> create_volume: call "{'self': , 'volume': Volume(_name_id=None,admin_metadata=,attach_status='detached',availability_zone='nova',bootable=False,cluster=,cluster_name=None,consistencygroup=,consistencygroup_id=None,created_at=2026-07-01T17:27:47Z,deleted=False,deleted_at=None,display_description=None,display_name='tempest-ServersNegativeTestJSON-volume-1646281831',ec2_id=None,encryption_key_id=None,glance_metadata=,group=,group_id=None,host='devstack@QuobyteHD#QuobyteHD',id=4d5f6958-28ec-4901-a452-f9c34f1f1c02,launched_at=None,metadata={},migration_status=None,multiattach=False,previous_status=None,project_id='b11914887620484d98c5ed0d5a707a6c',provider_auth=None,provider_geometry=None,provider_id=None,provider_location=None,replication_driver_data=None,replication_extended_status=None,replication_status=None,scheduled_at=2026-07-01T17:27:48Z,service_uuid=None,shared_targets=True,size=1,snapshot_id=None,snapshots=,source_volid=None,status='creating',terminated_at=None,updated_at=2026-07-01T17:27:48Z,use_quota=True,user_id='c5732bf3cbb0417a9ad59c1a42458011',volume_attachment=VolumeAttachmentList,volume_type=VolumeType(9b40bfbe-acb9-4fca-8ae8-bb40439d5f7d),volume_type_id=9b40bfbe-acb9-4fca-8ae8-bb40439d5f7d)}" {{(pid=86453) trace_logging_wrapper /opt/stack/cinder/cinder/volume/volume_utils.py:1497}}
Jul 01 19:28:04 devstack cinder-volume[86453]: DEBUG cinder.volume.drivers.remotefs [None req-cdaf0148-8136-4559-a339-de43744533bc tempest-ServersNegativeTestJSON-525081639 None] Creating volume 4d5f6958-28ec-4901-a452-f9c34f1f1c02 {{(pid=86453) create_volume /opt/stack/cinder/cinder/volume/drivers/remotefs.py:292}}
Jul 01 19:28:04 devstack cinder-volume[86453]: DEBUG oslo_concurrency.lockutils [None req-cdaf0148-8136-4559-a339-de43744533bc tempest-ServersNegativeTestJSON-525081639 None] Acquiring lock "quobyte_ensure" by "cinder.volume.drivers.quobyte.QuobyteDriver._ensure_shares_mounted" {{(pid=86453) inner /opt/stack/data/venv/lib/python3.12/site-packages/oslo_concurrency/lockutils.py:511}}
Jul 01 19:28:04 devstack cinder-volume[86453]: DEBUG oslo_concurrency.lockutils [None req-cdaf0148-8136-4559-a339-de43744533bc tempest-ServersNegativeTestJSON-525081639 None] Lock "quobyte_ensure" acquired by "cinder.volume.drivers.quobyte.QuobyteDriver._ensure_shares_mounted" :: waited 0.000s {{(pid=86453) inner /opt/stack/data/venv/lib/python3.12/site-packages/oslo_concurrency/lockutils.py:524}}
Jul 01 19:28:04 devstack cinder-volume[86453]: DEBUG cinder.volume.drivers.quobyte [None req-cdaf0148-8136-4559-a339-de43744533bc tempest-ServersNegativeTestJSON-525081639 None] Quobyte Volume URL set to: {'osci02.corp.quobyte.com/cinder-vol-5bdaf280-4001-4032-80b2-d0d59c559738': None} {{(pid=86453) _load_shares_config /opt/stack/cinder/cinder/volume/drivers/quobyte.py:617}}
Jul 01 19:28:04 devstack cinder-volume[86453]: DEBUG cinder.volume.drivers.quobyte [None req-cdaf0148-8136-4559-a339-de43744533bc tempest-ServersNegativeTestJSON-525081639 None] Available shares ['osci02.corp.quobyte.com/cinder-vol-5bdaf280-4001-4032-80b2-d0d59c559738'] {{(pid=86453) _ensure_shares_mounted /opt/stack/cinder/cinder/volume/drivers/quobyte.py:647}}
Jul 01 19:28:04 devstack cinder-volume[86453]: DEBUG oslo_concurrency.lockutils [None req-cdaf0148-8136-4559-a339-de43744533bc tempest-ServersNegativeTestJSON-525081639 None] Lock "quobyte_ensure" "released" by "cinder.volume.drivers.quobyte.QuobyteDriver._ensure_shares_mounted" :: held 0.007s {{(pid=86453) inner /opt/stack/data/venv/lib/python3.12/site-packages/oslo_concurrency/lockutils.py:543}}
Jul 01 19:28:04 devstack cinder-volume[86453]: DEBUG cinder.volume.drivers.quobyte [None req-cdaf0148-8136-4559-a339-de43744533bc tempest-ServersNegativeTestJSON-525081639 None] Selected osci02.corp.quobyte.com/cinder-vol-5bdaf280-4001-4032-80b2-d0d59c559738 as target Quobyte volume. {{(pid=86453) _find_share /opt/stack/cinder/cinder/volume/drivers/quobyte.py:668}}
Jul 01 19:28:04 devstack cinder-volume[86453]: INFO cinder.volume.drivers.remotefs [None req-cdaf0148-8136-4559-a339-de43744533bc tempest-ServersNegativeTestJSON-525081639 None] casted to osci02.corp.quobyte.com/cinder-vol-5bdaf280-4001-4032-80b2-d0d59c559738
Jul 01 19:28:04 devstack cinder-volume[86453]: DEBUG oslo_concurrency.processutils [None req-cdaf0148-8136-4559-a339-de43744533bc tempest-ServersNegativeTestJSON-525081639 None] Running cmd (subprocess): sudo cinder-rootwrap /etc/cinder/rootwrap.conf qemu-img create -f qcow2 -o preallocation=metadata /opt/stack/data/cinder/mnt/fb87c574b95943483ead682306a5b7b2/volume-4d5f6958-28ec-4901-a452-f9c34f1f1c02 1073741824 {{(pid=86453) execute /opt/stack/data/venv/lib/python3.12/site-packages/oslo_concurrency/processutils.py:440}}
Jul 01 19:28:04 devstack sudo[94215]: quobyte : PWD=/ ; USER=root ; COMMAND=/opt/stack/data/venv/bin/cinder-rootwrap /etc/cinder/rootwrap.conf qemu-img create -f qcow2 -o preallocation=metadata /opt/stack/data/cinder/mnt/fb87c574b95943483ead682306a5b7b2/volume-4d5f6958-28ec-4901-a452-f9c34f1f1c02 1073741824
Jul 01 19:28:04 devstack sudo[94215]: pam_unix(sudo:session): session opened for user root(uid=0) by (uid=1000)
Jul 01 19:28:04 devstack cinder-volume[86453]: INFO cinder.volume.manager [None req-e90aa13b-0845-4d31-a444-fca1347aeec8 tempest-GroupsV314Test-153876065 None] Create group from source-group-49d5ca0d-6d4b-4a19-9602-4a456a0b2360 completed successfully.
Jul 01 19:28:04 devstack cinder-volume[86453]: DEBUG cinder.coordination [None req-271d95af-4cb5-4c24-acb4-f8a96966871b tempest-GroupsV314Test-153876065 None] Acquiring lock "cinder-quobyte-38f888ee-3f5d-4a9e-aa31-23b7749d2ee2" by "delete_volume" {{(pid=86453) __acquire /opt/stack/cinder/cinder/coordination.py:138}}
Jul 01 19:28:04 devstack cinder-volume[86453]: DEBUG cinder.coordination [None req-271d95af-4cb5-4c24-acb4-f8a96966871b tempest-GroupsV314Test-153876065 None] Lock "cinder-quobyte-38f888ee-3f5d-4a9e-aa31-23b7749d2ee2" acquired by "delete_volume" :: waited 0.018s {{(pid=86453) __acquire /opt/stack/cinder/cinder/coordination.py:141}}
Jul 01 19:28:05 devstack cinder-volume[86453]: DEBUG oslo.privsep.daemon [-] privsep: reply[1b251929-224d-47c5-9ba4-5c3d6d9e0818]: (4, 'qcow2') {{(pid=87387) _call_back /opt/stack/data/venv/lib/python3.12/site-packages/oslo_privsep/daemon.py:580}}
Jul 01 19:28:05 devstack cinder-volume[86453]: DEBUG oslo_concurrency.processutils [None req-271d95af-4cb5-4c24-acb4-f8a96966871b tempest-GroupsV314Test-153876065 None] Running cmd (subprocess): /opt/stack/data/venv/bin/python3.12 -m oslo_concurrency.prlimit --as=1073741824 --cpu=60 -- sudo cinder-rootwrap /etc/cinder/rootwrap.conf env LC_ALL=C qemu-img info -f qcow2 --output=json --force-share /opt/stack/data/cinder/mnt/fb87c574b95943483ead682306a5b7b2/volume-38f888ee-3f5d-4a9e-aa31-23b7749d2ee2 {{(pid=86453) execute /opt/stack/data/venv/lib/python3.12/site-packages/oslo_concurrency/processutils.py:440}}
Jul 01 19:28:05 devstack sudo[94215]: pam_unix(sudo:session): session closed for user root
Jul 01 19:28:05 devstack cinder-volume[86453]: DEBUG oslo_concurrency.processutils [None req-cdaf0148-8136-4559-a339-de43744533bc tempest-ServersNegativeTestJSON-525081639 None] CMD "sudo cinder-rootwrap /etc/cinder/rootwrap.conf qemu-img create -f qcow2 -o preallocation=metadata /opt/stack/data/cinder/mnt/fb87c574b95943483ead682306a5b7b2/volume-4d5f6958-28ec-4901-a452-f9c34f1f1c02 1073741824" returned: 0 in 0.839s {{(pid=86453) execute /opt/stack/data/venv/lib/python3.12/site-packages/oslo_concurrency/processutils.py:468}}
Jul 01 19:28:05 devstack sudo[94221]: quobyte : PWD=/ ; USER=root ; COMMAND=/opt/stack/data/venv/bin/cinder-rootwrap /etc/cinder/rootwrap.conf env LC_ALL=C qemu-img info -f qcow2 --output=json --force-share /opt/stack/data/cinder/mnt/fb87c574b95943483ead682306a5b7b2/volume-38f888ee-3f5d-4a9e-aa31-23b7749d2ee2
Jul 01 19:28:05 devstack sudo[94221]: pam_unix(sudo:session): session opened for user root(uid=0) by (uid=1000)
Jul 01 19:28:05 devstack cinder-volume[86453]: DEBUG oslo_concurrency.processutils [None req-cdaf0148-8136-4559-a339-de43744533bc tempest-ServersNegativeTestJSON-525081639 None] Running cmd (subprocess): sudo cinder-rootwrap /etc/cinder/rootwrap.conf chmod ugo+rw /opt/stack/data/cinder/mnt/fb87c574b95943483ead682306a5b7b2/volume-4d5f6958-28ec-4901-a452-f9c34f1f1c02 {{(pid=86453) execute /opt/stack/data/venv/lib/python3.12/site-packages/oslo_concurrency/processutils.py:440}}
Jul 01 19:28:05 devstack sudo[94223]: quobyte : PWD=/ ; USER=root ; COMMAND=/opt/stack/data/venv/bin/cinder-rootwrap /etc/cinder/rootwrap.conf chmod ugo+rw /opt/stack/data/cinder/mnt/fb87c574b95943483ead682306a5b7b2/volume-4d5f6958-28ec-4901-a452-f9c34f1f1c02
Jul 01 19:28:05 devstack sudo[94223]: pam_unix(sudo:session): session opened for user root(uid=0) by (uid=1000)
Jul 01 19:28:05 devstack sudo[94221]: pam_unix(sudo:session): session closed for user root
Jul 01 19:28:05 devstack cinder-volume[86453]: DEBUG oslo_concurrency.processutils [None req-271d95af-4cb5-4c24-acb4-f8a96966871b tempest-GroupsV314Test-153876065 None] CMD "/opt/stack/data/venv/bin/python3.12 -m oslo_concurrency.prlimit --as=1073741824 --cpu=60 -- sudo cinder-rootwrap /etc/cinder/rootwrap.conf env LC_ALL=C qemu-img info -f qcow2 --output=json --force-share /opt/stack/data/cinder/mnt/fb87c574b95943483ead682306a5b7b2/volume-38f888ee-3f5d-4a9e-aa31-23b7749d2ee2" returned: 0 in 0.777s {{(pid=86453) execute /opt/stack/data/venv/lib/python3.12/site-packages/oslo_concurrency/processutils.py:468}}
Jul 01 19:28:05 devstack cinder-volume[86453]: DEBUG oslo_concurrency.processutils [None req-271d95af-4cb5-4c24-acb4-f8a96966871b tempest-GroupsV314Test-153876065 None] Running cmd (subprocess): sudo cinder-rootwrap /etc/cinder/rootwrap.conf rm -f /opt/stack/data/cinder/mnt/fb87c574b95943483ead682306a5b7b2/volume-38f888ee-3f5d-4a9e-aa31-23b7749d2ee2 {{(pid=86453) execute /opt/stack/data/venv/lib/python3.12/site-packages/oslo_concurrency/processutils.py:440}}
Jul 01 19:28:05 devstack sudo[94223]: pam_unix(sudo:session): session closed for user root
Jul 01 19:28:05 devstack cinder-volume[86453]: DEBUG oslo_concurrency.processutils [None req-cdaf0148-8136-4559-a339-de43744533bc tempest-ServersNegativeTestJSON-525081639 None] CMD "sudo cinder-rootwrap /etc/cinder/rootwrap.conf chmod ugo+rw /opt/stack/data/cinder/mnt/fb87c574b95943483ead682306a5b7b2/volume-4d5f6958-28ec-4901-a452-f9c34f1f1c02" returned: 0 in 0.655s {{(pid=86453) execute /opt/stack/data/venv/lib/python3.12/site-packages/oslo_concurrency/processutils.py:468}}
Jul 01 19:28:05 devstack cinder-volume[86453]: DEBUG cinder.volume.drivers.quobyte [None req-cdaf0148-8136-4559-a339-de43744533bc tempest-ServersNegativeTestJSON-525081639 None] <== create_volume: return (1543ms) {'provider_location': 'osci02.corp.quobyte.com/cinder-vol-5bdaf280-4001-4032-80b2-d0d59c559738'} {{(pid=86453) trace_logging_wrapper /opt/stack/cinder/cinder/volume/volume_utils.py:1522}}
Jul 01 19:28:05 devstack cinder-volume[86453]: DEBUG oslo_concurrency.lockutils [None req-cdaf0148-8136-4559-a339-de43744533bc tempest-ServersNegativeTestJSON-525081639 None] Lock "quobyte" "released" by "cinder.volume.drivers.quobyte.QuobyteDriver.create_volume" :: held 1.546s {{(pid=86453) inner /opt/stack/data/venv/lib/python3.12/site-packages/oslo_concurrency/lockutils.py:543}}
Jul 01 19:28:05 devstack sudo[94229]: quobyte : PWD=/ ; USER=root ; COMMAND=/opt/stack/data/venv/bin/cinder-rootwrap /etc/cinder/rootwrap.conf rm -f /opt/stack/data/cinder/mnt/fb87c574b95943483ead682306a5b7b2/volume-38f888ee-3f5d-4a9e-aa31-23b7749d2ee2
Jul 01 19:28:05 devstack cinder-volume[86453]: DEBUG oslo_concurrency.lockutils [None req-d1c49c45-670c-44e4-8721-c57fbdce7484 tempest-VolumesImageMetadata-640239108 None] Lock "quobyte" acquired by "cinder.volume.drivers.quobyte.QuobyteDriver.create_volume" :: waited 12.281s {{(pid=86453) inner /opt/stack/data/venv/lib/python3.12/site-packages/oslo_concurrency/lockutils.py:524}}
Jul 01 19:28:05 devstack sudo[94229]: pam_unix(sudo:session): session opened for user root(uid=0) by (uid=1000)
Jul 01 19:28:05 devstack cinder-volume[86453]: DEBUG cinder.volume.drivers.quobyte [None req-d1c49c45-670c-44e4-8721-c57fbdce7484 tempest-VolumesImageMetadata-640239108 None] ==> create_volume: call "{'self': , 'volume': Volume(_name_id=None,admin_metadata=,attach_status='detached',availability_zone='nova',bootable=False,cluster=,cluster_name=None,consistencygroup=,consistencygroup_id=None,created_at=2026-07-01T17:27:50Z,deleted=False,deleted_at=None,display_description=None,display_name='tempest-VolumesImageMetadata-Volume-1400064220',ec2_id=None,encryption_key_id=None,glance_metadata=,group=,group_id=None,host='devstack@QuobyteHD#QuobyteHD',id=578c1d2d-2743-46a0-9491-cd8be6b0e5b8,launched_at=None,metadata={},migration_status=None,multiattach=False,previous_status=None,project_id='f3413249a8404a039bb4c6e74297f71c',provider_auth=None,provider_geometry=None,provider_id=None,provider_location=None,replication_driver_data=None,replication_extended_status=None,replication_status=None,scheduled_at=2026-07-01T17:27:50Z,service_uuid=None,shared_targets=True,size=1,snapshot_id=None,snapshots=,source_volid=None,status='creating',terminated_at=None,updated_at=2026-07-01T17:27:50Z,use_quota=True,user_id='fdcfbdef642f4d2b84a1fcdfa011f3ac',volume_attachment=VolumeAttachmentList,volume_type=VolumeType(9b40bfbe-acb9-4fca-8ae8-bb40439d5f7d),volume_type_id=9b40bfbe-acb9-4fca-8ae8-bb40439d5f7d)}" {{(pid=86453) trace_logging_wrapper /opt/stack/cinder/cinder/volume/volume_utils.py:1497}}
Jul 01 19:28:05 devstack cinder-volume[86453]: DEBUG cinder.volume.drivers.remotefs [None req-d1c49c45-670c-44e4-8721-c57fbdce7484 tempest-VolumesImageMetadata-640239108 None] Creating volume 578c1d2d-2743-46a0-9491-cd8be6b0e5b8 {{(pid=86453) create_volume /opt/stack/cinder/cinder/volume/drivers/remotefs.py:292}}
Jul 01 19:28:05 devstack cinder-volume[86453]: DEBUG oslo_concurrency.lockutils [None req-d1c49c45-670c-44e4-8721-c57fbdce7484 tempest-VolumesImageMetadata-640239108 None] Acquiring lock "quobyte_ensure" by "cinder.volume.drivers.quobyte.QuobyteDriver._ensure_shares_mounted" {{(pid=86453) inner /opt/stack/data/venv/lib/python3.12/site-packages/oslo_concurrency/lockutils.py:511}}
Jul 01 19:28:05 devstack cinder-volume[86453]: DEBUG oslo_concurrency.lockutils [None req-d1c49c45-670c-44e4-8721-c57fbdce7484 tempest-VolumesImageMetadata-640239108 None] Lock "quobyte_ensure" acquired by "cinder.volume.drivers.quobyte.QuobyteDriver._ensure_shares_mounted" :: waited 0.001s {{(pid=86453) inner /opt/stack/data/venv/lib/python3.12/site-packages/oslo_concurrency/lockutils.py:524}}
Jul 01 19:28:05 devstack cinder-volume[86453]: DEBUG cinder.volume.drivers.quobyte [None req-d1c49c45-670c-44e4-8721-c57fbdce7484 tempest-VolumesImageMetadata-640239108 None] Quobyte Volume URL set to: {'osci02.corp.quobyte.com/cinder-vol-5bdaf280-4001-4032-80b2-d0d59c559738': None} {{(pid=86453) _load_shares_config /opt/stack/cinder/cinder/volume/drivers/quobyte.py:617}}
Jul 01 19:28:05 devstack cinder-volume[86453]: DEBUG cinder.volume.drivers.quobyte [None req-d1c49c45-670c-44e4-8721-c57fbdce7484 tempest-VolumesImageMetadata-640239108 None] Available shares ['osci02.corp.quobyte.com/cinder-vol-5bdaf280-4001-4032-80b2-d0d59c559738'] {{(pid=86453) _ensure_shares_mounted /opt/stack/cinder/cinder/volume/drivers/quobyte.py:647}}
Jul 01 19:28:05 devstack cinder-volume[86453]: DEBUG oslo_concurrency.lockutils [None req-d1c49c45-670c-44e4-8721-c57fbdce7484 tempest-VolumesImageMetadata-640239108 None] Lock "quobyte_ensure" "released" by "cinder.volume.drivers.quobyte.QuobyteDriver._ensure_shares_mounted" :: held 0.007s {{(pid=86453) inner /opt/stack/data/venv/lib/python3.12/site-packages/oslo_concurrency/lockutils.py:543}}
Jul 01 19:28:05 devstack cinder-volume[86453]: DEBUG cinder.volume.drivers.quobyte [None req-d1c49c45-670c-44e4-8721-c57fbdce7484 tempest-VolumesImageMetadata-640239108 None] Selected osci02.corp.quobyte.com/cinder-vol-5bdaf280-4001-4032-80b2-d0d59c559738 as target Quobyte volume. {{(pid=86453) _find_share /opt/stack/cinder/cinder/volume/drivers/quobyte.py:668}}
Jul 01 19:28:05 devstack cinder-volume[86453]: INFO cinder.volume.drivers.remotefs [None req-d1c49c45-670c-44e4-8721-c57fbdce7484 tempest-VolumesImageMetadata-640239108 None] casted to osci02.corp.quobyte.com/cinder-vol-5bdaf280-4001-4032-80b2-d0d59c559738
Jul 01 19:28:05 devstack cinder-volume[86453]: DEBUG oslo_concurrency.processutils [None req-d1c49c45-670c-44e4-8721-c57fbdce7484 tempest-VolumesImageMetadata-640239108 None] Running cmd (subprocess): sudo cinder-rootwrap /etc/cinder/rootwrap.conf qemu-img create -f qcow2 -o preallocation=metadata /opt/stack/data/cinder/mnt/fb87c574b95943483ead682306a5b7b2/volume-578c1d2d-2743-46a0-9491-cd8be6b0e5b8 1073741824 {{(pid=86453) execute /opt/stack/data/venv/lib/python3.12/site-packages/oslo_concurrency/processutils.py:440}}
Jul 01 19:28:05 devstack cinder-volume[86453]: DEBUG cinder.volume.manager [None req-cdaf0148-8136-4559-a339-de43744533bc tempest-ServersNegativeTestJSON-525081639 None] Task 'cinder.volume.flows.manager.create_volume.CreateVolumeFromSpecTask;volume:create' (1e3f5661-0002-462e-824f-79faeff3fdbe) transitioned into state 'SUCCESS' from state 'RUNNING' with result '{'status': 'creating', 'volume_name': 'volume-4d5f6958-28ec-4901-a452-f9c34f1f1c02', 'volume_size': 1}' {{(pid=86453) _task_receiver /opt/stack/data/venv/lib/python3.12/site-packages/taskflow/listeners/logging.py:218}}
Jul 01 19:28:05 devstack sudo[94231]: quobyte : PWD=/ ; USER=root ; COMMAND=/opt/stack/data/venv/bin/cinder-rootwrap /etc/cinder/rootwrap.conf qemu-img create -f qcow2 -o preallocation=metadata /opt/stack/data/cinder/mnt/fb87c574b95943483ead682306a5b7b2/volume-578c1d2d-2743-46a0-9491-cd8be6b0e5b8 1073741824
Jul 01 19:28:05 devstack sudo[94231]: pam_unix(sudo:session): session opened for user root(uid=0) by (uid=1000)
Jul 01 19:28:05 devstack cinder-volume[86453]: DEBUG cinder.volume.manager [None req-cdaf0148-8136-4559-a339-de43744533bc tempest-ServersNegativeTestJSON-525081639 None] Task 'cinder.volume.flows.manager.create_volume.CreateVolumeOnFinishTask;volume:create, create.end' (e30ab3ae-e657-4af4-8c34-e57d27d39d4a) transitioned into state 'RUNNING' from state 'PENDING' {{(pid=86453) _task_receiver /opt/stack/data/venv/lib/python3.12/site-packages/taskflow/listeners/logging.py:242}}
Jul 01 19:28:05 devstack cinder-volume[86453]: INFO cinder.volume.flows.manager.create_volume [None req-cdaf0148-8136-4559-a339-de43744533bc tempest-ServersNegativeTestJSON-525081639 None] Volume volume-4d5f6958-28ec-4901-a452-f9c34f1f1c02 (4d5f6958-28ec-4901-a452-f9c34f1f1c02): created successfully
Jul 01 19:28:05 devstack cinder-volume[86453]: DEBUG cinder.volume.manager [None req-cdaf0148-8136-4559-a339-de43744533bc tempest-ServersNegativeTestJSON-525081639 None] Task 'cinder.volume.flows.manager.create_volume.CreateVolumeOnFinishTask;volume:create, create.end' (e30ab3ae-e657-4af4-8c34-e57d27d39d4a) transitioned into state 'SUCCESS' from state 'RUNNING' with result 'None' {{(pid=86453) _task_receiver /opt/stack/data/venv/lib/python3.12/site-packages/taskflow/listeners/logging.py:218}}
