Jul 01 19:21:52 devstack cinder-volume[86453]: DEBUG cinder.volume.drivers.quobyte [None req-16e554f0-0063-42cc-86a9-3250beee3f8b tempest-TaggedAttachmentsTest-1583028321 None] ==> create_volume: call "{'self': , 'volume': Volume(_name_id=None,admin_metadata=,attach_status='detached',availability_zone='nova',bootable=False,cluster=,cluster_name=None,consistencygroup=,consistencygroup_id=None,created_at=2026-07-01T17:21:42Z,deleted=False,deleted_at=None,display_description=None,display_name='tempest-TaggedAttachmentsTest-volume-1061148958',ec2_id=None,encryption_key_id=None,glance_metadata=,group=,group_id=None,host='devstack@QuobyteHD#QuobyteHD',id=6b2d649f-368e-4454-81b5-8cbc057df4f3,launched_at=None,metadata={},migration_status=None,multiattach=False,previous_status=None,project_id='ab2377337e3846a5913058b403ac55b5',provider_auth=None,provider_geometry=None,provider_id=None,provider_location=None,replication_driver_data=None,replication_extended_status=None,replication_status=None,scheduled_at=2026-07-01T17:21:43Z,service_uuid=None,shared_targets=True,size=1,snapshot_id=None,snapshots=,source_volid=None,status='creating',terminated_at=None,updated_at=2026-07-01T17:21:43Z,use_quota=True,user_id='0f75629e5c694c9e9c464337e6637b4b',volume_attachment=VolumeAttachmentList,volume_type=VolumeType(9b40bfbe-acb9-4fca-8ae8-bb40439d5f7d),volume_type_id=9b40bfbe-acb9-4fca-8ae8-bb40439d5f7d)}" {{(pid=86453) trace_logging_wrapper /opt/stack/cinder/cinder/volume/volume_utils.py:1497}}
Jul 01 19:21:52 devstack cinder-volume[86453]: DEBUG cinder.volume.drivers.remotefs [None req-16e554f0-0063-42cc-86a9-3250beee3f8b tempest-TaggedAttachmentsTest-1583028321 None] Creating volume 6b2d649f-368e-4454-81b5-8cbc057df4f3 {{(pid=86453) create_volume /opt/stack/cinder/cinder/volume/drivers/remotefs.py:292}}
Jul 01 19:21:52 devstack cinder-volume[86453]: DEBUG oslo_concurrency.lockutils [None req-16e554f0-0063-42cc-86a9-3250beee3f8b tempest-TaggedAttachmentsTest-1583028321 None] Acquiring lock "quobyte_ensure" by "cinder.volume.drivers.quobyte.QuobyteDriver._ensure_shares_mounted" {{(pid=86453) inner /opt/stack/data/venv/lib/python3.12/site-packages/oslo_concurrency/lockutils.py:511}}
Jul 01 19:21:52 devstack cinder-volume[86453]: DEBUG oslo_concurrency.lockutils [None req-16e554f0-0063-42cc-86a9-3250beee3f8b tempest-TaggedAttachmentsTest-1583028321 None] Lock "quobyte_ensure" acquired by "cinder.volume.drivers.quobyte.QuobyteDriver._ensure_shares_mounted" :: waited 0.001s {{(pid=86453) inner /opt/stack/data/venv/lib/python3.12/site-packages/oslo_concurrency/lockutils.py:524}}
Jul 01 19:21:52 devstack cinder-volume[86453]: DEBUG cinder.volume.drivers.quobyte [None req-16e554f0-0063-42cc-86a9-3250beee3f8b tempest-TaggedAttachmentsTest-1583028321 None] Quobyte Volume URL set to: {'osci02.corp.quobyte.com/cinder-vol-5bdaf280-4001-4032-80b2-d0d59c559738': None} {{(pid=86453) _load_shares_config /opt/stack/cinder/cinder/volume/drivers/quobyte.py:617}}
Jul 01 19:21:52 devstack cinder-volume[86453]: DEBUG cinder.volume.drivers.quobyte [None req-16e554f0-0063-42cc-86a9-3250beee3f8b tempest-TaggedAttachmentsTest-1583028321 None] Available shares ['osci02.corp.quobyte.com/cinder-vol-5bdaf280-4001-4032-80b2-d0d59c559738'] {{(pid=86453) _ensure_shares_mounted /opt/stack/cinder/cinder/volume/drivers/quobyte.py:647}}
Jul 01 19:21:52 devstack cinder-volume[86453]: DEBUG oslo_concurrency.lockutils [None req-16e554f0-0063-42cc-86a9-3250beee3f8b tempest-TaggedAttachmentsTest-1583028321 None] Lock "quobyte_ensure" "released" by "cinder.volume.drivers.quobyte.QuobyteDriver._ensure_shares_mounted" :: held 0.012s {{(pid=86453) inner /opt/stack/data/venv/lib/python3.12/site-packages/oslo_concurrency/lockutils.py:543}}
Jul 01 19:21:52 devstack cinder-volume[86453]: DEBUG cinder.volume.drivers.quobyte [None req-16e554f0-0063-42cc-86a9-3250beee3f8b tempest-TaggedAttachmentsTest-1583028321 None] Selected osci02.corp.quobyte.com/cinder-vol-5bdaf280-4001-4032-80b2-d0d59c559738 as target Quobyte volume. {{(pid=86453) _find_share /opt/stack/cinder/cinder/volume/drivers/quobyte.py:668}}
Jul 01 19:21:52 devstack cinder-volume[86453]: INFO cinder.volume.drivers.remotefs [None req-16e554f0-0063-42cc-86a9-3250beee3f8b tempest-TaggedAttachmentsTest-1583028321 None] casted to osci02.corp.quobyte.com/cinder-vol-5bdaf280-4001-4032-80b2-d0d59c559738
Jul 01 19:21:52 devstack cinder-volume[86453]: DEBUG oslo_concurrency.processutils [None req-16e554f0-0063-42cc-86a9-3250beee3f8b tempest-TaggedAttachmentsTest-1583028321 None] Running cmd (subprocess): sudo cinder-rootwrap /etc/cinder/rootwrap.conf qemu-img create -f qcow2 -o preallocation=metadata /opt/stack/data/cinder/mnt/fb87c574b95943483ead682306a5b7b2/volume-6b2d649f-368e-4454-81b5-8cbc057df4f3 1073741824 {{(pid=86453) execute /opt/stack/data/venv/lib/python3.12/site-packages/oslo_concurrency/processutils.py:440}}
Jul 01 19:21:52 devstack sudo[88231]: quobyte : PWD=/ ; USER=root ; COMMAND=/opt/stack/data/venv/bin/cinder-rootwrap /etc/cinder/rootwrap.conf qemu-img create -f qcow2 -o preallocation=metadata /opt/stack/data/cinder/mnt/fb87c574b95943483ead682306a5b7b2/volume-6b2d649f-368e-4454-81b5-8cbc057df4f3 1073741824
Jul 01 19:21:52 devstack sudo[88231]: pam_unix(sudo:session): session opened for user root(uid=0) by (uid=1000)
Jul 01 19:21:52 devstack cinder-volume[86453]: INFO cinder.volume.manager [None req-178b5854-3da1-474a-a637-73af1ef37e97 tempest-GroupSnapshotsTest-646359862 None] group_snapshot a9216c56-ce01-4bb5-b58a-6bdb6896156f: created successfully
Jul 01 19:21:53 devstack sudo[88231]: pam_unix(sudo:session): session closed for user root
Jul 01 19:21:53 devstack cinder-volume[86453]: DEBUG oslo_concurrency.processutils [None req-16e554f0-0063-42cc-86a9-3250beee3f8b tempest-TaggedAttachmentsTest-1583028321 None] CMD "sudo cinder-rootwrap /etc/cinder/rootwrap.conf qemu-img create -f qcow2 -o preallocation=metadata /opt/stack/data/cinder/mnt/fb87c574b95943483ead682306a5b7b2/volume-6b2d649f-368e-4454-81b5-8cbc057df4f3 1073741824" returned: 0 in 1.064s {{(pid=86453) execute /opt/stack/data/venv/lib/python3.12/site-packages/oslo_concurrency/processutils.py:468}}
Jul 01 19:21:53 devstack cinder-volume[86453]: DEBUG oslo_concurrency.processutils [None req-16e554f0-0063-42cc-86a9-3250beee3f8b tempest-TaggedAttachmentsTest-1583028321 None] Running cmd (subprocess): sudo cinder-rootwrap /etc/cinder/rootwrap.conf chmod ugo+rw /opt/stack/data/cinder/mnt/fb87c574b95943483ead682306a5b7b2/volume-6b2d649f-368e-4454-81b5-8cbc057df4f3 {{(pid=86453) execute /opt/stack/data/venv/lib/python3.12/site-packages/oslo_concurrency/processutils.py:440}}
Jul 01 19:21:53 devstack sudo[88237]: quobyte : PWD=/ ; USER=root ; COMMAND=/opt/stack/data/venv/bin/cinder-rootwrap /etc/cinder/rootwrap.conf chmod ugo+rw /opt/stack/data/cinder/mnt/fb87c574b95943483ead682306a5b7b2/volume-6b2d649f-368e-4454-81b5-8cbc057df4f3
Jul 01 19:21:53 devstack sudo[88237]: pam_unix(sudo:session): session opened for user root(uid=0) by (uid=1000)
Jul 01 19:21:53 devstack cinder-volume[86453]: INFO cinder.volume.manager [None req-d197b4fc-1ef6-4812-8a5a-18db04af4d88 tempest-GroupSnapshotsTest-646359862 None] group_snapshot a9216c56-ce01-4bb5-b58a-6bdb6896156f: deleting
Jul 01 19:21:54 devstack cinder-volume[86453]: DEBUG cinder.volume.manager [None req-d197b4fc-1ef6-4812-8a5a-18db04af4d88 tempest-GroupSnapshotsTest-646359862 None] group_snapshot a9216c56-ce01-4bb5-b58a-6bdb6896156f: deleting {{(pid=86453) delete_group_snapshot /opt/stack/cinder/cinder/volume/manager.py:4350}}
Jul 01 19:21:54 devstack cinder-volume[86453]: DEBUG cinder.coordination [None req-d197b4fc-1ef6-4812-8a5a-18db04af4d88 tempest-GroupSnapshotsTest-646359862 None] Acquiring lock "cinder-quobyte-82cf48b7-3dfd-4ee1-99b4-27309db5ec1b" by "delete_snapshot" {{(pid=86453) __acquire /opt/stack/cinder/cinder/coordination.py:138}}
Jul 01 19:21:54 devstack cinder-volume[86453]: DEBUG cinder.coordination [None req-d197b4fc-1ef6-4812-8a5a-18db04af4d88 tempest-GroupSnapshotsTest-646359862 None] Lock "cinder-quobyte-82cf48b7-3dfd-4ee1-99b4-27309db5ec1b" acquired by "delete_snapshot" :: waited 0.024s {{(pid=86453) __acquire /opt/stack/cinder/cinder/coordination.py:141}}
Jul 01 19:21:54 devstack cinder-volume[86453]: DEBUG cinder.coordination [None req-d197b4fc-1ef6-4812-8a5a-18db04af4d88 tempest-GroupSnapshotsTest-646359862 None] Acquiring lock "cinder-quobyte-594f1cc9-57aa-45d4-adbe-13c86d96b1b8" by "_delete_snapshot" {{(pid=86453) __acquire /opt/stack/cinder/cinder/coordination.py:138}}
Jul 01 19:21:54 devstack cinder-volume[86453]: DEBUG cinder.coordination [None req-d197b4fc-1ef6-4812-8a5a-18db04af4d88 tempest-GroupSnapshotsTest-646359862 None] Lock "cinder-quobyte-594f1cc9-57aa-45d4-adbe-13c86d96b1b8" acquired by "_delete_snapshot" :: waited 0.021s {{(pid=86453) __acquire /opt/stack/cinder/cinder/coordination.py:141}}
Jul 01 19:21:54 devstack cinder-volume[86453]: DEBUG cinder.volume.drivers.remotefs [None req-d197b4fc-1ef6-4812-8a5a-18db04af4d88 tempest-GroupSnapshotsTest-646359862 None] Deleting offline snapshot 594f1cc9-57aa-45d4-adbe-13c86d96b1b8 of volume 82cf48b7-3dfd-4ee1-99b4-27309db5ec1b {{(pid=86453) _delete_snapshot /opt/stack/cinder/cinder/volume/drivers/remotefs.py:1288}}
Jul 01 19:21:54 devstack cinder-volume[86453]: DEBUG cinder.volume.drivers.remotefs [None req-d197b4fc-1ef6-4812-8a5a-18db04af4d88 tempest-GroupSnapshotsTest-646359862 None] snapshot_file for this snap is: volume-82cf48b7-3dfd-4ee1-99b4-27309db5ec1b.594f1cc9-57aa-45d4-adbe-13c86d96b1b8 {{(pid=86453) _delete_snapshot /opt/stack/cinder/cinder/volume/drivers/remotefs.py:1317}}
Jul 01 19:21:54 devstack cinder-volume[86453]: DEBUG oslo.privsep.daemon [-] privsep: reply[f596830e-904a-47aa-a8f9-ccc63a89cab9]: (4, 'qcow2') {{(pid=87387) _call_back /opt/stack/data/venv/lib/python3.12/site-packages/oslo_privsep/daemon.py:580}}
Jul 01 19:21:54 devstack cinder-volume[86453]: DEBUG oslo_concurrency.processutils [None req-d197b4fc-1ef6-4812-8a5a-18db04af4d88 tempest-GroupSnapshotsTest-646359862 None] Running cmd (subprocess): /opt/stack/data/venv/bin/python3.12 -m oslo_concurrency.prlimit --as=1073741824 --cpu=60 -- sudo cinder-rootwrap /etc/cinder/rootwrap.conf env LC_ALL=C qemu-img info -f qcow2 --output=json --force-share /opt/stack/data/cinder/mnt/fb87c574b95943483ead682306a5b7b2/volume-82cf48b7-3dfd-4ee1-99b4-27309db5ec1b.594f1cc9-57aa-45d4-adbe-13c86d96b1b8 {{(pid=86453) execute /opt/stack/data/venv/lib/python3.12/site-packages/oslo_concurrency/processutils.py:440}}
Jul 01 19:21:54 devstack sudo[88239]: quobyte : PWD=/ ; USER=root ; COMMAND=/opt/stack/data/venv/bin/cinder-rootwrap /etc/cinder/rootwrap.conf env LC_ALL=C qemu-img info -f qcow2 --output=json --force-share /opt/stack/data/cinder/mnt/fb87c574b95943483ead682306a5b7b2/volume-82cf48b7-3dfd-4ee1-99b4-27309db5ec1b.594f1cc9-57aa-45d4-adbe-13c86d96b1b8
Jul 01 19:21:54 devstack sudo[88239]: pam_unix(sudo:session): session opened for user root(uid=0) by (uid=1000)
Jul 01 19:21:54 devstack sudo[88237]: pam_unix(sudo:session): session closed for user root
Jul 01 19:21:54 devstack cinder-volume[86453]: DEBUG oslo_concurrency.processutils [None req-16e554f0-0063-42cc-86a9-3250beee3f8b tempest-TaggedAttachmentsTest-1583028321 None] CMD "sudo cinder-rootwrap /etc/cinder/rootwrap.conf chmod ugo+rw /opt/stack/data/cinder/mnt/fb87c574b95943483ead682306a5b7b2/volume-6b2d649f-368e-4454-81b5-8cbc057df4f3" returned: 0 in 1.149s {{(pid=86453) execute /opt/stack/data/venv/lib/python3.12/site-packages/oslo_concurrency/processutils.py:468}}
Jul 01 19:21:54 devstack cinder-volume[86453]: DEBUG cinder.volume.drivers.quobyte [None req-16e554f0-0063-42cc-86a9-3250beee3f8b tempest-TaggedAttachmentsTest-1583028321 None] <== create_volume: return (2288ms) {'provider_location': 'osci02.corp.quobyte.com/cinder-vol-5bdaf280-4001-4032-80b2-d0d59c559738'} {{(pid=86453) trace_logging_wrapper /opt/stack/cinder/cinder/volume/volume_utils.py:1522}}
Jul 01 19:21:54 devstack cinder-volume[86453]: DEBUG oslo_concurrency.lockutils [None req-16e554f0-0063-42cc-86a9-3250beee3f8b tempest-TaggedAttachmentsTest-1583028321 None] Lock "quobyte" "released" by "cinder.volume.drivers.quobyte.QuobyteDriver.create_volume" :: held 2.293s {{(pid=86453) inner /opt/stack/data/venv/lib/python3.12/site-packages/oslo_concurrency/lockutils.py:543}}
Jul 01 19:21:55 devstack cinder-volume[86453]: DEBUG cinder.volume.manager [None req-16e554f0-0063-42cc-86a9-3250beee3f8b tempest-TaggedAttachmentsTest-1583028321 None] Task 'cinder.volume.flows.manager.create_volume.CreateVolumeFromSpecTask;volume:create' (66978cbe-312c-4f6e-854e-968ceeffd3a6) transitioned into state 'SUCCESS' from state 'RUNNING' with result '{'status': 'creating', 'volume_name': 'volume-6b2d649f-368e-4454-81b5-8cbc057df4f3', 'volume_size': 1}' {{(pid=86453) _task_receiver /opt/stack/data/venv/lib/python3.12/site-packages/taskflow/listeners/logging.py:218}}
Jul 01 19:21:55 devstack cinder-volume[86453]: DEBUG cinder.volume.manager [None req-16e554f0-0063-42cc-86a9-3250beee3f8b tempest-TaggedAttachmentsTest-1583028321 None] Task 'cinder.volume.flows.manager.create_volume.CreateVolumeOnFinishTask;volume:create, create.end' (fe27c198-0b6f-4c20-ad0b-d728f788686e) transitioned into state 'RUNNING' from state 'PENDING' {{(pid=86453) _task_receiver /opt/stack/data/venv/lib/python3.12/site-packages/taskflow/listeners/logging.py:242}}
Jul 01 19:21:55 devstack cinder-volume[86453]: INFO cinder.volume.flows.manager.create_volume [None req-16e554f0-0063-42cc-86a9-3250beee3f8b tempest-TaggedAttachmentsTest-1583028321 None] Volume volume-6b2d649f-368e-4454-81b5-8cbc057df4f3 (6b2d649f-368e-4454-81b5-8cbc057df4f3): created successfully
Jul 01 19:21:55 devstack cinder-volume[86453]: DEBUG cinder.volume.manager [None req-16e554f0-0063-42cc-86a9-3250beee3f8b tempest-TaggedAttachmentsTest-1583028321 None] Task 'cinder.volume.flows.manager.create_volume.CreateVolumeOnFinishTask;volume:create, create.end' (fe27c198-0b6f-4c20-ad0b-d728f788686e) transitioned into state 'SUCCESS' from state 'RUNNING' with result 'None' {{(pid=86453) _task_receiver /opt/stack/data/venv/lib/python3.12/site-packages/taskflow/listeners/logging.py:218}}
Jul 01 19:21:55 devstack cinder-volume[86453]: DEBUG cinder.volume.manager [None req-16e554f0-0063-42cc-86a9-3250beee3f8b tempest-TaggedAttachmentsTest-1583028321 None] Flow 'volume_create_manager' (9d211302-d522-491d-a5cc-e01d822a3272) transitioned into state 'SUCCESS' from state 'RUNNING' {{(pid=86453) _flow_receiver /opt/stack/data/venv/lib/python3.12/site-packages/taskflow/listeners/logging.py:160}}
Jul 01 19:21:55 devstack cinder-volume[86453]: INFO cinder.volume.manager [None req-16e554f0-0063-42cc-86a9-3250beee3f8b tempest-TaggedAttachmentsTest-1583028321 None] Created volume successfully.
Jul 01 19:21:55 devstack sudo[88239]: pam_unix(sudo:session): session closed for user root
Jul 01 19:21:55 devstack cinder-volume[86453]: DEBUG oslo_concurrency.processutils [None req-d197b4fc-1ef6-4812-8a5a-18db04af4d88 tempest-GroupSnapshotsTest-646359862 None] CMD "/opt/stack/data/venv/bin/python3.12 -m oslo_concurrency.prlimit --as=1073741824 --cpu=60 -- sudo cinder-rootwrap /etc/cinder/rootwrap.conf env LC_ALL=C qemu-img info -f qcow2 --output=json --force-share /opt/stack/data/cinder/mnt/fb87c574b95943483ead682306a5b7b2/volume-82cf48b7-3dfd-4ee1-99b4-27309db5ec1b.594f1cc9-57aa-45d4-adbe-13c86d96b1b8" returned: 0 in 0.946s {{(pid=86453) execute /opt/stack/data/venv/lib/python3.12/site-packages/oslo_concurrency/processutils.py:468}}
Jul 01 19:21:55 devstack cinder-volume[86453]: DEBUG cinder.volume.drivers.remotefs [None req-d197b4fc-1ef6-4812-8a5a-18db04af4d88 tempest-GroupSnapshotsTest-646359862 None] Fetching qemu-img info with special backing_file_template: (/opt/stack/data/cinder/mnt/[0-9a-f]+/)?(volume-82cf48b7-3dfd-4ee1-99b4-27309db5ec1b(.(tmp-snap-)?[0-9a-f-]+)?|volume_from_snapshot_cache/(tmp-snap-)?[0-9a-f-]+(.(child-|parent-)[0-9a-f-]+)?)$ {{(pid=86453) _qemu_img_info_base /opt/stack/cinder/cinder/volume/drivers/remotefs.py:896}}
Jul 01 19:21:55 devstack cinder-volume[86453]: DEBUG oslo.privsep.daemon [-] privsep: reply[68ca98af-c39a-4bd2-b786-f021388ced4c]: (4, 'qcow2') {{(pid=87387) _call_back /opt/stack/data/venv/lib/python3.12/site-packages/oslo_privsep/daemon.py:580}}
Jul 01 19:21:55 devstack cinder-volume[86453]: DEBUG oslo_concurrency.processutils [None req-d197b4fc-1ef6-4812-8a5a-18db04af4d88 tempest-GroupSnapshotsTest-646359862 None] Running cmd (subprocess): /opt/stack/data/venv/bin/python3.12 -m oslo_concurrency.prlimit --as=1073741824 --cpu=60 -- sudo cinder-rootwrap /etc/cinder/rootwrap.conf env LC_ALL=C qemu-img info -f qcow2 --output=json --force-share /opt/stack/data/cinder/mnt/fb87c574b95943483ead682306a5b7b2/volume-82cf48b7-3dfd-4ee1-99b4-27309db5ec1b {{(pid=86453) execute /opt/stack/data/venv/lib/python3.12/site-packages/oslo_concurrency/processutils.py:440}}
Jul 01 19:21:55 devstack sudo[88246]: quobyte : PWD=/ ; USER=root ; COMMAND=/opt/stack/data/venv/bin/cinder-rootwrap /etc/cinder/rootwrap.conf env LC_ALL=C qemu-img info -f qcow2 --output=json --force-share /opt/stack/data/cinder/mnt/fb87c574b95943483ead682306a5b7b2/volume-82cf48b7-3dfd-4ee1-99b4-27309db5ec1b
Jul 01 19:21:55 devstack sudo[88246]: pam_unix(sudo:session): session opened for user root(uid=0) by (uid=1000)
Jul 01 19:21:56 devstack sudo[88246]: pam_unix(sudo:session): session closed for user root
Jul 01 19:21:56 devstack cinder-volume[86453]: DEBUG oslo_concurrency.processutils [None req-d197b4fc-1ef6-4812-8a5a-18db04af4d88 tempest-GroupSnapshotsTest-646359862 None] CMD "/opt/stack/data/venv/bin/python3.12 -m oslo_concurrency.prlimit --as=1073741824 --cpu=60 -- sudo cinder-rootwrap /etc/cinder/rootwrap.conf env LC_ALL=C qemu-img info -f qcow2 --output=json --force-share /opt/stack/data/cinder/mnt/fb87c574b95943483ead682306a5b7b2/volume-82cf48b7-3dfd-4ee1-99b4-27309db5ec1b" returned: 0 in 1.026s {{(pid=86453) execute /opt/stack/data/venv/lib/python3.12/site-packages/oslo_concurrency/processutils.py:468}}
Jul 01 19:21:56 devstack cinder-volume[86453]: DEBUG oslo_concurrency.processutils [None req-d197b4fc-1ef6-4812-8a5a-18db04af4d88 tempest-GroupSnapshotsTest-646359862 None] Running cmd (subprocess): sudo cinder-rootwrap /etc/cinder/rootwrap.conf qemu-img commit -d /opt/stack/data/cinder/mnt/fb87c574b95943483ead682306a5b7b2/volume-82cf48b7-3dfd-4ee1-99b4-27309db5ec1b.594f1cc9-57aa-45d4-adbe-13c86d96b1b8 {{(pid=86453) execute /opt/stack/data/venv/lib/python3.12/site-packages/oslo_concurrency/processutils.py:440}}
Jul 01 19:21:56 devstack sudo[88253]: quobyte : PWD=/ ; USER=root ; COMMAND=/opt/stack/data/venv/bin/cinder-rootwrap /etc/cinder/rootwrap.conf qemu-img commit -d /opt/stack/data/cinder/mnt/fb87c574b95943483ead682306a5b7b2/volume-82cf48b7-3dfd-4ee1-99b4-27309db5ec1b.594f1cc9-57aa-45d4-adbe-13c86d96b1b8
Jul 01 19:21:56 devstack sudo[88253]: pam_unix(sudo:session): session opened for user root(uid=0) by (uid=1000)
Jul 01 19:21:57 devstack sudo[88253]: pam_unix(sudo:session): session closed for user root
Jul 01 19:21:57 devstack cinder-volume[86453]: DEBUG oslo_concurrency.processutils [None req-d197b4fc-1ef6-4812-8a5a-18db04af4d88 tempest-GroupSnapshotsTest-646359862 None] CMD "sudo cinder-rootwrap /etc/cinder/rootwrap.conf qemu-img commit -d /opt/stack/data/cinder/mnt/fb87c574b95943483ead682306a5b7b2/volume-82cf48b7-3dfd-4ee1-99b4-27309db5ec1b.594f1cc9-57aa-45d4-adbe-13c86d96b1b8" returned: 0 in 1.137s {{(pid=86453) execute /opt/stack/data/venv/lib/python3.12/site-packages/oslo_concurrency/processutils.py:468}}
Jul 01 19:21:57 devstack cinder-volume[86453]: DEBUG oslo_concurrency.processutils [None req-d197b4fc-1ef6-4812-8a5a-18db04af4d88 tempest-GroupSnapshotsTest-646359862 None] Running cmd (subprocess): sudo cinder-rootwrap /etc/cinder/rootwrap.conf rm -f /opt/stack/data/cinder/mnt/fb87c574b95943483ead682306a5b7b2/volume-82cf48b7-3dfd-4ee1-99b4-27309db5ec1b.594f1cc9-57aa-45d4-adbe-13c86d96b1b8 {{(pid=86453) execute /opt/stack/data/venv/lib/python3.12/site-packages/oslo_concurrency/processutils.py:440}}
Jul 01 19:21:57 devstack sudo[88259]: quobyte : PWD=/ ; USER=root ; COMMAND=/opt/stack/data/venv/bin/cinder-rootwrap /etc/cinder/rootwrap.conf rm -f /opt/stack/data/cinder/mnt/fb87c574b95943483ead682306a5b7b2/volume-82cf48b7-3dfd-4ee1-99b4-27309db5ec1b.594f1cc9-57aa-45d4-adbe-13c86d96b1b8
Jul 01 19:21:57 devstack sudo[88259]: pam_unix(sudo:session): session opened for user root(uid=0) by (uid=1000)
Jul 01 19:21:58 devstack sudo[88259]: pam_unix(sudo:session): session closed for user root
Jul 01 19:21:58 devstack cinder-volume[86453]: DEBUG oslo_concurrency.processutils [None req-d197b4fc-1ef6-4812-8a5a-18db04af4d88 tempest-GroupSnapshotsTest-646359862 None] CMD "sudo cinder-rootwrap /etc/cinder/rootwrap.conf rm -f /opt/stack/data/cinder/mnt/fb87c574b95943483ead682306a5b7b2/volume-82cf48b7-3dfd-4ee1-99b4-27309db5ec1b.594f1cc9-57aa-45d4-adbe-13c86d96b1b8" returned: 0 in 0.932s {{(pid=86453) execute /opt/stack/data/venv/lib/python3.12/site-packages/oslo_concurrency/processutils.py:468}}
Jul 01 19:21:58 devstack cinder-volume[86453]: DEBUG cinder.coordination [None req-d197b4fc-1ef6-4812-8a5a-18db04af4d88 tempest-GroupSnapshotsTest-646359862 None] Lock "cinder-quobyte-594f1cc9-57aa-45d4-adbe-13c86d96b1b8" released by "_delete_snapshot" :: held 4.194s {{(pid=86453) __release /opt/stack/cinder/cinder/coordination.py:152}}
Jul 01 19:21:58 devstack cinder-volume[86453]: DEBUG cinder.coordination [None req-d197b4fc-1ef6-4812-8a5a-18db04af4d88 tempest-GroupSnapshotsTest-646359862 None] Lock "cinder-quobyte-82cf48b7-3dfd-4ee1-99b4-27309db5ec1b" released by "delete_snapshot" :: held 4.225s {{(pid=86453) __release /opt/stack/cinder/cinder/coordination.py:152}}
Jul 01 19:21:58 devstack cinder-volume[86453]: DEBUG cinder.coordination [None req-d197b4fc-1ef6-4812-8a5a-18db04af4d88 tempest-GroupSnapshotsTest-646359862 None] Acquiring lock "cinder-quobyte-fd6cbd0b-470f-4a55-8f62-5a9361cf5618" by "delete_snapshot" {{(pid=86453) __acquire /opt/stack/cinder/cinder/coordination.py:138}}
Jul 01 19:21:58 devstack cinder-volume[86453]: DEBUG cinder.coordination [None req-d197b4fc-1ef6-4812-8a5a-18db04af4d88 tempest-GroupSnapshotsTest-646359862 None] Lock "cinder-quobyte-fd6cbd0b-470f-4a55-8f62-5a9361cf5618" acquired by "delete_snapshot" :: waited 0.020s {{(pid=86453) __acquire /opt/stack/cinder/cinder/coordination.py:141}}
Jul 01 19:21:58 devstack cinder-volume[86453]: DEBUG cinder.coordination [None req-d197b4fc-1ef6-4812-8a5a-18db04af4d88 tempest-GroupSnapshotsTest-646359862 None] Acquiring lock "cinder-quobyte-e5056498-f06c-4754-aa05-932effce35f5" by "_delete_snapshot" {{(pid=86453) __acquire /opt/stack/cinder/cinder/coordination.py:138}}
Jul 01 19:21:58 devstack cinder-volume[86453]: DEBUG cinder.coordination [None req-d197b4fc-1ef6-4812-8a5a-18db04af4d88 tempest-GroupSnapshotsTest-646359862 None] Lock "cinder-quobyte-e5056498-f06c-4754-aa05-932effce35f5" acquired by "_delete_snapshot" :: waited 0.031s {{(pid=86453) __acquire /opt/stack/cinder/cinder/coordination.py:141}}
Jul 01 19:21:58 devstack cinder-volume[86453]: DEBUG cinder.volume.drivers.remotefs [None req-d197b4fc-1ef6-4812-8a5a-18db04af4d88 tempest-GroupSnapshotsTest-646359862 None] Deleting offline snapshot e5056498-f06c-4754-aa05-932effce35f5 of volume fd6cbd0b-470f-4a55-8f62-5a9361cf5618 {{(pid=86453) _delete_snapshot /opt/stack/cinder/cinder/volume/drivers/remotefs.py:1288}}
Jul 01 19:21:58 devstack cinder-volume[86453]: DEBUG cinder.volume.drivers.remotefs [None req-d197b4fc-1ef6-4812-8a5a-18db04af4d88 tempest-GroupSnapshotsTest-646359862 None] snapshot_file for this snap is: volume-fd6cbd0b-470f-4a55-8f62-5a9361cf5618.e5056498-f06c-4754-aa05-932effce35f5 {{(pid=86453) _delete_snapshot /opt/stack/cinder/cinder/volume/drivers/remotefs.py:1317}}
Jul 01 19:21:58 devstack cinder-volume[86453]: DEBUG oslo.privsep.daemon [-] privsep: reply[3efbdf57-0235-4058-88fe-da7f6f84d6a8]: (4, 'qcow2') {{(pid=87387) _call_back /opt/stack/data/venv/lib/python3.12/site-packages/oslo_privsep/daemon.py:580}}
Jul 01 19:21:58 devstack cinder-volume[86453]: DEBUG oslo_concurrency.processutils [None req-d197b4fc-1ef6-4812-8a5a-18db04af4d88 tempest-GroupSnapshotsTest-646359862 None] Running cmd (subprocess): /opt/stack/data/venv/bin/python3.12 -m oslo_concurrency.prlimit --as=1073741824 --cpu=60 -- sudo cinder-rootwrap /etc/cinder/rootwrap.conf env LC_ALL=C qemu-img info -f qcow2 --output=json --force-share /opt/stack/data/cinder/mnt/fb87c574b95943483ead682306a5b7b2/volume-fd6cbd0b-470f-4a55-8f62-5a9361cf5618.e5056498-f06c-4754-aa05-932effce35f5 {{(pid=86453) execute /opt/stack/data/venv/lib/python3.12/site-packages/oslo_concurrency/processutils.py:440}}
Jul 01 19:21:58 devstack sudo[88278]: quobyte : PWD=/ ; USER=root ; COMMAND=/opt/stack/data/venv/bin/cinder-rootwrap /etc/cinder/rootwrap.conf env LC_ALL=C qemu-img info -f qcow2 --output=json --force-share /opt/stack/data/cinder/mnt/fb87c574b95943483ead682306a5b7b2/volume-fd6cbd0b-470f-4a55-8f62-5a9361cf5618.e5056498-f06c-4754-aa05-932effce35f5
Jul 01 19:21:58 devstack sudo[88278]: pam_unix(sudo:session): session opened for user root(uid=0) by (uid=1000)
Jul 01 19:21:59 devstack sudo[88278]: pam_unix(sudo:session): session closed for user root
Jul 01 19:21:59 devstack cinder-volume[86453]: DEBUG oslo_concurrency.processutils [None req-d197b4fc-1ef6-4812-8a5a-18db04af4d88 tempest-GroupSnapshotsTest-646359862 None] CMD "/opt/stack/data/venv/bin/python3.12 -m oslo_concurrency.prlimit --as=1073741824 --cpu=60 -- sudo cinder-rootwrap /etc/cinder/rootwrap.conf env LC_ALL=C qemu-img info -f qcow2 --output=json --force-share /opt/stack/data/cinder/mnt/fb87c574b95943483ead682306a5b7b2/volume-fd6cbd0b-470f-4a55-8f62-5a9361cf5618.e5056498-f06c-4754-aa05-932effce35f5" returned: 0 in 0.885s {{(pid=86453) execute /opt/stack/data/venv/lib/python3.12/site-packages/oslo_concurrency/processutils.py:468}}
Jul 01 19:21:59 devstack cinder-volume[86453]: DEBUG cinder.volume.drivers.remotefs [None req-d197b4fc-1ef6-4812-8a5a-18db04af4d88 tempest-GroupSnapshotsTest-646359862 None] Fetching qemu-img info with special backing_file_template: (/opt/stack/data/cinder/mnt/[0-9a-f]+/)?(volume-fd6cbd0b-470f-4a55-8f62-5a9361cf5618(.(tmp-snap-)?[0-9a-f-]+)?|volume_from_snapshot_cache/(tmp-snap-)?[0-9a-f-]+(.(child-|parent-)[0-9a-f-]+)?)$ {{(pid=86453) _qemu_img_info_base /opt/stack/cinder/cinder/volume/drivers/remotefs.py:896}}
Jul 01 19:21:59 devstack cinder-volume[86453]: DEBUG oslo.privsep.daemon [-] privsep: reply[be40c116-7560-4bbe-a498-5f6a3bb52b51]: (4, 'qcow2') {{(pid=87387) _call_back /opt/stack/data/venv/lib/python3.12/site-packages/oslo_privsep/daemon.py:580}}
Jul 01 19:21:59 devstack cinder-volume[86453]: DEBUG oslo_concurrency.processutils [None req-d197b4fc-1ef6-4812-8a5a-18db04af4d88 tempest-GroupSnapshotsTest-646359862 None] Running cmd (subprocess): /opt/stack/data/venv/bin/python3.12 -m oslo_concurrency.prlimit --as=1073741824 --cpu=60 -- sudo cinder-rootwrap /etc/cinder/rootwrap.conf env LC_ALL=C qemu-img info -f qcow2 --output=json --force-share /opt/stack/data/cinder/mnt/fb87c574b95943483ead682306a5b7b2/volume-fd6cbd0b-470f-4a55-8f62-5a9361cf5618 {{(pid=86453) execute /opt/stack/data/venv/lib/python3.12/site-packages/oslo_concurrency/processutils.py:440}}
Jul 01 19:21:59 devstack sudo[88285]: quobyte : PWD=/ ; USER=root ; COMMAND=/opt/stack/data/venv/bin/cinder-rootwrap /etc/cinder/rootwrap.conf env LC_ALL=C qemu-img info -f qcow2 --output=json --force-share /opt/stack/data/cinder/mnt/fb87c574b95943483ead682306a5b7b2/volume-fd6cbd0b-470f-4a55-8f62-5a9361cf5618
Jul 01 19:21:59 devstack sudo[88285]: pam_unix(sudo:session): session opened for user root(uid=0) by (uid=1000)
Jul 01 19:22:00 devstack sudo[88285]: pam_unix(sudo:session): session closed for user root
Jul 01 19:22:00 devstack cinder-volume[86453]: DEBUG oslo_concurrency.processutils [None req-d197b4fc-1ef6-4812-8a5a-18db04af4d88 tempest-GroupSnapshotsTest-646359862 None] CMD "/opt/stack/data/venv/bin/python3.12 -m oslo_concurrency.prlimit --as=1073741824 --cpu=60 -- sudo cinder-rootwrap /etc/cinder/rootwrap.conf env LC_ALL=C qemu-img info -f qcow2 --output=json --force-share /opt/stack/data/cinder/mnt/fb87c574b95943483ead682306a5b7b2/volume-fd6cbd0b-470f-4a55-8f62-5a9361cf5618" returned: 0 in 0.867s {{(pid=86453) execute /opt/stack/data/venv/lib/python3.12/site-packages/oslo_concurrency/processutils.py:468}}
Jul 01 19:22:00 devstack cinder-volume[86453]: DEBUG oslo_concurrency.processutils [None req-d197b4fc-1ef6-4812-8a5a-18db04af4d88 tempest-GroupSnapshotsTest-646359862 None] Running cmd (subprocess): sudo cinder-rootwrap /etc/cinder/rootwrap.conf qemu-img commit -d /opt/stack/data/cinder/mnt/fb87c574b95943483ead682306a5b7b2/volume-fd6cbd0b-470f-4a55-8f62-5a9361cf5618.e5056498-f06c-4754-aa05-932effce35f5 {{(pid=86453) execute /opt/stack/data/venv/lib/python3.12/site-packages/oslo_concurrency/processutils.py:440}}
Jul 01 19:22:00 devstack sudo[88290]: quobyte : PWD=/ ; USER=root ; COMMAND=/opt/stack/data/venv/bin/cinder-rootwrap /etc/cinder/rootwrap.conf qemu-img commit -d /opt/stack/data/cinder/mnt/fb87c574b95943483ead682306a5b7b2/volume-fd6cbd0b-470f-4a55-8f62-5a9361cf5618.e5056498-f06c-4754-aa05-932effce35f5
Jul 01 19:22:00 devstack sudo[88290]: pam_unix(sudo:session): session opened for user root(uid=0) by (uid=1000)
Jul 01 19:22:01 devstack sudo[88290]: pam_unix(sudo:session): session closed for user root
Jul 01 19:22:01 devstack cinder-volume[86453]: DEBUG oslo_concurrency.processutils [None req-d197b4fc-1ef6-4812-8a5a-18db04af4d88 tempest-GroupSnapshotsTest-646359862 None] CMD "sudo cinder-rootwrap /etc/cinder/rootwrap.conf qemu-img commit -d /opt/stack/data/cinder/mnt/fb87c574b95943483ead682306a5b7b2/volume-fd6cbd0b-470f-4a55-8f62-5a9361cf5618.e5056498-f06c-4754-aa05-932effce35f5" returned: 0 in 0.910s {{(pid=86453) execute /opt/stack/data/venv/lib/python3.12/site-packages/oslo_concurrency/processutils.py:468}}
Jul 01 19:22:01 devstack cinder-volume[86453]: DEBUG oslo_concurrency.processutils [None req-d197b4fc-1ef6-4812-8a5a-18db04af4d88 tempest-GroupSnapshotsTest-646359862 None] Running cmd (subprocess): sudo cinder-rootwrap /etc/cinder/rootwrap.conf rm -f /opt/stack/data/cinder/mnt/fb87c574b95943483ead682306a5b7b2/volume-fd6cbd0b-470f-4a55-8f62-5a9361cf5618.e5056498-f06c-4754-aa05-932effce35f5 {{(pid=86453) execute /opt/stack/data/venv/lib/python3.12/site-packages/oslo_concurrency/processutils.py:440}}
Jul 01 19:22:01 devstack sudo[88299]: quobyte : PWD=/ ; USER=root ; COMMAND=/opt/stack/data/venv/bin/cinder-rootwrap /etc/cinder/rootwrap.conf rm -f /opt/stack/data/cinder/mnt/fb87c574b95943483ead682306a5b7b2/volume-fd6cbd0b-470f-4a55-8f62-5a9361cf5618.e5056498-f06c-4754-aa05-932effce35f5
Jul 01 19:22:01 devstack sudo[88299]: pam_unix(sudo:session): session opened for user root(uid=0) by (uid=1000)
Jul 01 19:22:01 devstack sudo[88299]: pam_unix(sudo:session): session closed for user root
Jul 01 19:22:01 devstack cinder-volume[86453]: DEBUG oslo_concurrency.processutils [None req-d197b4fc-1ef6-4812-8a5a-18db04af4d88 tempest-GroupSnapshotsTest-646359862 None] CMD "sudo cinder-rootwrap /etc/cinder/rootwrap.conf rm -f /opt/stack/data/cinder/mnt/fb87c574b95943483ead682306a5b7b2/volume-fd6cbd0b-470f-4a55-8f62-5a9361cf5618.e5056498-f06c-4754-aa05-932effce35f5" returned: 0 in 0.777s {{(pid=86453) execute /opt/stack/data/venv/lib/python3.12/site-packages/oslo_concurrency/processutils.py:468}}
Jul 01 19:22:01 devstack cinder-volume[86453]: DEBUG cinder.coordination [None req-d197b4fc-1ef6-4812-8a5a-18db04af4d88 tempest-GroupSnapshotsTest-646359862 None] Lock "cinder-quobyte-e5056498-f06c-4754-aa05-932effce35f5" released by "_delete_snapshot" :: held 3.581s {{(pid=86453) __release /opt/stack/cinder/cinder/coordination.py:152}}
Jul 01 19:22:01 devstack cinder-volume[86453]: DEBUG cinder.coordination [None req-d197b4fc-1ef6-4812-8a5a-18db04af4d88 tempest-GroupSnapshotsTest-646359862 None] Lock "cinder-quobyte-fd6cbd0b-470f-4a55-8f62-5a9361cf5618" released by "delete_snapshot" :: held 3.632s {{(pid=86453) __release /opt/stack/cinder/cinder/coordination.py:152}}
Jul 01 19:22:02 devstack cinder-volume[86453]: WARNING cinder.quota [None req-d197b4fc-1ef6-4812-8a5a-18db04af4d88 tempest-GroupSnapshotsTest-646359862 None] Deprecated: Default quota for resource: gigabytes_tempest-GroupSnapshotsTest-volume-type-846864588 is set by the default quota flag: quota_gigabytes_tempest-GroupSnapshotsTest-volume-type-846864588, it is now deprecated. Please use the default quota class for default quota.
Jul 01 19:22:02 devstack cinder-volume[86453]: WARNING cinder.quota [None req-d197b4fc-1ef6-4812-8a5a-18db04af4d88 tempest-GroupSnapshotsTest-646359862 None] Deprecated: Default quota for resource: snapshots_tempest-GroupSnapshotsTest-volume-type-846864588 is set by the default quota flag: quota_snapshots_tempest-GroupSnapshotsTest-volume-type-846864588, it is now deprecated. Please use the default quota class for default quota.
Jul 01 19:22:02 devstack cinder-volume[86453]: DEBUG cinder.quota [None req-d197b4fc-1ef6-4812-8a5a-18db04af4d88 tempest-GroupSnapshotsTest-646359862 None] Created reservations ['ef76186c-557a-4658-b076-9c53d6445506', 'f5979f17-6b2d-4782-926f-b1828de8a52c', '61f71634-da19-40d0-ab76-da76f0c4fde2', 'fee6aa16-a706-4143-9963-893e3edb52d2'] {{(pid=86453) reserve /opt/stack/cinder/cinder/quota.py:752}}
Jul 01 19:22:02 devstack cinder-volume[86453]: DEBUG cinder.quota [None req-d197b4fc-1ef6-4812-8a5a-18db04af4d88 tempest-GroupSnapshotsTest-646359862 None] Created reservations ['98317fb1-de2f-4a90-b38e-27feab155853', '07160bb0-6101-493e-9181-1e746703a735', '90935cd1-22f9-4135-a7a9-ca6e02b9d89e', 'c1a77c77-c0e8-44bf-9569-5f899c8de718'] {{(pid=86453) reserve /opt/stack/cinder/cinder/quota.py:752}}
Jul 01 19:22:02 devstack cinder-volume[86453]: INFO cinder.volume.manager [None req-d197b4fc-1ef6-4812-8a5a-18db04af4d88 tempest-GroupSnapshotsTest-646359862 None] group_snapshot a9216c56-ce01-4bb5-b58a-6bdb6896156f: deleted successfully
Jul 01 19:22:03 devstack cinder-volume[86453]: DEBUG cinder.coordination [None req-5b2ea095-d9db-44a2-8940-51b845e4b716 tempest-GroupSnapshotsTest-646359862 None] Acquiring lock "cinder-quobyte-82cf48b7-3dfd-4ee1-99b4-27309db5ec1b" by "delete_volume" {{(pid=86453) __acquire /opt/stack/cinder/cinder/coordination.py:138}}
Jul 01 19:22:03 devstack cinder-volume[86453]: DEBUG cinder.coordination [None req-5b2ea095-d9db-44a2-8940-51b845e4b716 tempest-GroupSnapshotsTest-646359862 None] Lock "cinder-quobyte-82cf48b7-3dfd-4ee1-99b4-27309db5ec1b" acquired by "delete_volume" :: waited 0.017s {{(pid=86453) __acquire /opt/stack/cinder/cinder/coordination.py:141}}
Jul 01 19:22:03 devstack cinder-volume[86453]: DEBUG oslo.privsep.daemon [-] privsep: reply[e8c1b1be-f3d7-4501-b3c1-6d636128f757]: (4, 'qcow2') {{(pid=87387) _call_back /opt/stack/data/venv/lib/python3.12/site-packages/oslo_privsep/daemon.py:580}}
Jul 01 19:22:03 devstack cinder-volume[86453]: DEBUG oslo_concurrency.processutils [None req-5b2ea095-d9db-44a2-8940-51b845e4b716 tempest-GroupSnapshotsTest-646359862 None] Running cmd (subprocess): /opt/stack/data/venv/bin/python3.12 -m oslo_concurrency.prlimit --as=1073741824 --cpu=60 -- sudo cinder-rootwrap /etc/cinder/rootwrap.conf env LC_ALL=C qemu-img info -f qcow2 --output=json --force-share /opt/stack/data/cinder/mnt/fb87c574b95943483ead682306a5b7b2/volume-82cf48b7-3dfd-4ee1-99b4-27309db5ec1b {{(pid=86453) execute /opt/stack/data/venv/lib/python3.12/site-packages/oslo_concurrency/processutils.py:440}}
Jul 01 19:22:03 devstack sudo[88317]: quobyte : PWD=/ ; USER=root ; COMMAND=/opt/stack/data/venv/bin/cinder-rootwrap /etc/cinder/rootwrap.conf env LC_ALL=C qemu-img info -f qcow2 --output=json --force-share /opt/stack/data/cinder/mnt/fb87c574b95943483ead682306a5b7b2/volume-82cf48b7-3dfd-4ee1-99b4-27309db5ec1b
Jul 01 19:22:03 devstack sudo[88317]: pam_unix(sudo:session): session opened for user root(uid=0) by (uid=1000)
Jul 01 19:22:04 devstack sudo[88317]: pam_unix(sudo:session): session closed for user root
Jul 01 19:22:04 devstack cinder-volume[86453]: DEBUG oslo_concurrency.processutils [None req-5b2ea095-d9db-44a2-8940-51b845e4b716 tempest-GroupSnapshotsTest-646359862 None] CMD "/opt/stack/data/venv/bin/python3.12 -m oslo_concurrency.prlimit --as=1073741824 --cpu=60 -- sudo cinder-rootwrap /etc/cinder/rootwrap.conf env LC_ALL=C qemu-img info -f qcow2 --output=json --force-share /opt/stack/data/cinder/mnt/fb87c574b95943483ead682306a5b7b2/volume-82cf48b7-3dfd-4ee1-99b4-27309db5ec1b" returned: 0 in 0.756s {{(pid=86453) execute /opt/stack/data/venv/lib/python3.12/site-packages/oslo_concurrency/processutils.py:468}}
Jul 01 19:22:04 devstack cinder-volume[86453]: DEBUG oslo_concurrency.processutils [None req-5b2ea095-d9db-44a2-8940-51b845e4b716 tempest-GroupSnapshotsTest-646359862 None] Running cmd (subprocess): sudo cinder-rootwrap /etc/cinder/rootwrap.conf rm -f /opt/stack/data/cinder/mnt/fb87c574b95943483ead682306a5b7b2/volume-82cf48b7-3dfd-4ee1-99b4-27309db5ec1b {{(pid=86453) execute /opt/stack/data/venv/lib/python3.12/site-packages/oslo_concurrency/processutils.py:440}}
Jul 01 19:22:04 devstack sudo[88322]: quobyte : PWD=/ ; USER=root ; COMMAND=/opt/stack/data/venv/bin/cinder-rootwrap /etc/cinder/rootwrap.conf rm -f /opt/stack/data/cinder/mnt/fb87c574b95943483ead682306a5b7b2/volume-82cf48b7-3dfd-4ee1-99b4-27309db5ec1b
Jul 01 19:22:04 devstack sudo[88322]: pam_unix(sudo:session): session opened for user root(uid=0) by (uid=1000)
Jul 01 19:22:05 devstack sudo[88322]: pam_unix(sudo:session): session closed for user root
Jul 01 19:22:05 devstack cinder-volume[86453]: DEBUG oslo_concurrency.processutils [None req-5b2ea095-d9db-44a2-8940-51b845e4b716 tempest-GroupSnapshotsTest-646359862 None] CMD "sudo cinder-rootwrap /etc/cinder/rootwrap.conf rm -f /opt/stack/data/cinder/mnt/fb87c574b95943483ead682306a5b7b2/volume-82cf48b7-3dfd-4ee1-99b4-27309db5ec1b" returned: 0 in 1.087s {{(pid=86453) execute /opt/stack/data/venv/lib/python3.12/site-packages/oslo_concurrency/processutils.py:468}}
Jul 01 19:22:05 devstack cinder-volume[86453]: DEBUG cinder.coordination [None req-5b2ea095-d9db-44a2-8940-51b845e4b716 tempest-GroupSnapshotsTest-646359862 None] Lock "cinder-quobyte-82cf48b7-3dfd-4ee1-99b4-27309db5ec1b" released by "delete_volume" :: held 1.928s {{(pid=86453) __release /opt/stack/cinder/cinder/coordination.py:152}}
Jul 01 19:22:05 devstack cinder-volume[86453]: DEBUG cinder.coordination [None req-5b2ea095-d9db-44a2-8940-51b845e4b716 tempest-GroupSnapshotsTest-646359862 None] Acquiring lock "cinder-quobyte-fd6cbd0b-470f-4a55-8f62-5a9361cf5618" by "delete_volume" {{(pid=86453) __acquire /opt/stack/cinder/cinder/coordination.py:138}}
Jul 01 19:22:05 devstack cinder-volume[86453]: DEBUG cinder.coordination [None req-5b2ea095-d9db-44a2-8940-51b845e4b716 tempest-GroupSnapshotsTest-646359862 None] Lock "cinder-quobyte-fd6cbd0b-470f-4a55-8f62-5a9361cf5618" acquired by "delete_volume" :: waited 0.029s {{(pid=86453) __acquire /opt/stack/cinder/cinder/coordination.py:141}}
Jul 01 19:22:05 devstack cinder-volume[86453]: DEBUG oslo.privsep.daemon [-] privsep: reply[f6c8b05d-dce0-48e8-bb90-c2f4f3e87901]: (4, 'qcow2') {{(pid=87387) _call_back /opt/stack/data/venv/lib/python3.12/site-packages/oslo_privsep/daemon.py:580}}
Jul 01 19:22:05 devstack cinder-volume[86453]: DEBUG oslo_concurrency.processutils [None req-5b2ea095-d9db-44a2-8940-51b845e4b716 tempest-GroupSnapshotsTest-646359862 None] Running cmd (subprocess): /opt/stack/data/venv/bin/python3.12 -m oslo_concurrency.prlimit --as=1073741824 --cpu=60 -- sudo cinder-rootwrap /etc/cinder/rootwrap.conf env LC_ALL=C qemu-img info -f qcow2 --output=json --force-share /opt/stack/data/cinder/mnt/fb87c574b95943483ead682306a5b7b2/volume-fd6cbd0b-470f-4a55-8f62-5a9361cf5618 {{(pid=86453) execute /opt/stack/data/venv/lib/python3.12/site-packages/oslo_concurrency/processutils.py:440}}
Jul 01 19:22:05 devstack sudo[88389]: quobyte : PWD=/ ; USER=root ; COMMAND=/opt/stack/data/venv/bin/cinder-rootwrap /etc/cinder/rootwrap.conf env LC_ALL=C qemu-img info -f qcow2 --output=json --force-share /opt/stack/data/cinder/mnt/fb87c574b95943483ead682306a5b7b2/volume-fd6cbd0b-470f-4a55-8f62-5a9361cf5618
Jul 01 19:22:05 devstack sudo[88389]: pam_unix(sudo:session): session opened for user root(uid=0) by (uid=1000)
Jul 01 19:22:06 devstack sudo[88389]: pam_unix(sudo:session): session closed for user root
Jul 01 19:22:06 devstack cinder-volume[86453]: DEBUG oslo_concurrency.processutils [None req-5b2ea095-d9db-44a2-8940-51b845e4b716 tempest-GroupSnapshotsTest-646359862 None] CMD "/opt/stack/data/venv/bin/python3.12 -m oslo_concurrency.prlimit --as=1073741824 --cpu=60 -- sudo cinder-rootwrap /etc/cinder/rootwrap.conf env LC_ALL=C qemu-img info -f qcow2 --output=json --force-share /opt/stack/data/cinder/mnt/fb87c574b95943483ead682306a5b7b2/volume-fd6cbd0b-470f-4a55-8f62-5a9361cf5618" returned: 0 in 0.958s {{(pid=86453) execute /opt/stack/data/venv/lib/python3.12/site-packages/oslo_concurrency/processutils.py:468}}
Jul 01 19:22:06 devstack cinder-volume[86453]: DEBUG oslo_concurrency.processutils [None req-5b2ea095-d9db-44a2-8940-51b845e4b716 tempest-GroupSnapshotsTest-646359862 None] Running cmd (subprocess): sudo cinder-rootwrap /etc/cinder/rootwrap.conf rm -f /opt/stack/data/cinder/mnt/fb87c574b95943483ead682306a5b7b2/volume-fd6cbd0b-470f-4a55-8f62-5a9361cf5618 {{(pid=86453) execute /opt/stack/data/venv/lib/python3.12/site-packages/oslo_concurrency/processutils.py:440}}
Jul 01 19:22:06 devstack sudo[88398]: quobyte : PWD=/ ; USER=root ; COMMAND=/opt/stack/data/venv/bin/cinder-rootwrap /etc/cinder/rootwrap.conf rm -f /opt/stack/data/cinder/mnt/fb87c574b95943483ead682306a5b7b2/volume-fd6cbd0b-470f-4a55-8f62-5a9361cf5618
Jul 01 19:22:06 devstack sudo[88398]: pam_unix(sudo:session): session opened for user root(uid=0) by (uid=1000)
Jul 01 19:22:07 devstack sudo[88398]: pam_unix(sudo:session): session closed for user root
Jul 01 19:22:07 devstack cinder-volume[86453]: DEBUG oslo_concurrency.processutils [None req-5b2ea095-d9db-44a2-8940-51b845e4b716 tempest-GroupSnapshotsTest-646359862 None] CMD "sudo cinder-rootwrap /etc/cinder/rootwrap.conf rm -f /opt/stack/data/cinder/mnt/fb87c574b95943483ead682306a5b7b2/volume-fd6cbd0b-470f-4a55-8f62-5a9361cf5618" returned: 0 in 1.229s {{(pid=86453) execute /opt/stack/data/venv/lib/python3.12/site-packages/oslo_concurrency/processutils.py:468}}
Jul 01 19:22:07 devstack cinder-volume[86453]: DEBUG cinder.coordination [None req-5b2ea095-d9db-44a2-8940-51b845e4b716 tempest-GroupSnapshotsTest-646359862 None] Lock "cinder-quobyte-fd6cbd0b-470f-4a55-8f62-5a9361cf5618" released by "delete_volume" :: held 2.343s {{(pid=86453) __release /opt/stack/cinder/cinder/coordination.py:152}}
Jul 01 19:22:07 devstack cinder-volume[86453]: DEBUG cinder.quota [None req-5b2ea095-d9db-44a2-8940-51b845e4b716 tempest-GroupSnapshotsTest-646359862 None] Created reservations ['de8cf351-8cec-400b-a1d4-736609af3b83'] {{(pid=86453) reserve /opt/stack/cinder/cinder/quota.py:752}}
Jul 01 19:22:07 devstack cinder-volume[86453]: WARNING cinder.quota [None req-5b2ea095-d9db-44a2-8940-51b845e4b716 tempest-GroupSnapshotsTest-646359862 None] Deprecated: Default quota for resource: volumes_tempest-GroupSnapshotsTest-volume-type-846864588 is set by the default quota flag: quota_volumes_tempest-GroupSnapshotsTest-volume-type-846864588, it is now deprecated. Please use the default quota class for default quota.
Jul 01 19:22:07 devstack cinder-volume[86453]: DEBUG cinder.quota [None req-5b2ea095-d9db-44a2-8940-51b845e4b716 tempest-GroupSnapshotsTest-646359862 None] Created reservations ['15138dca-6349-4f20-aad6-700cb21540a2', 'ca66f956-0c08-46a4-825e-7a0fe825628e', '662367d4-782a-477e-80de-d6f697a7fe3d', '01842084-e911-47ca-8360-570aa690fed7'] {{(pid=86453) reserve /opt/stack/cinder/cinder/quota.py:752}}
Jul 01 19:22:08 devstack cinder-volume[86453]: DEBUG cinder.quota [None req-5b2ea095-d9db-44a2-8940-51b845e4b716 tempest-GroupSnapshotsTest-646359862 None] Created reservations ['5b3ff068-19a0-4462-be52-6db7f0b8dbbd', '2484ccb3-568c-4f8b-b765-28ae48effb62', 'a3b94724-fb66-4d98-b113-3e2914ac0265', '46a0e5df-af3b-4b55-a76a-8fd113ce6db0'] {{(pid=86453) reserve /opt/stack/cinder/cinder/quota.py:752}}
Jul 01 19:22:08 devstack cinder-volume[86453]: DEBUG oslo_concurrency.lockutils [None req-5b2ea095-d9db-44a2-8940-51b845e4b716 tempest-GroupSnapshotsTest-646359862 None] Acquiring lock "quobyte_ensure" by "cinder.volume.drivers.quobyte.QuobyteDriver._ensure_shares_mounted" {{(pid=86453) inner /opt/stack/data/venv/lib/python3.12/site-packages/oslo_concurrency/lockutils.py:511}}
Jul 01 19:22:08 devstack cinder-volume[86453]: DEBUG oslo_concurrency.lockutils [None req-5b2ea095-d9db-44a2-8940-51b845e4b716 tempest-GroupSnapshotsTest-646359862 None] Lock "quobyte_ensure" acquired by "cinder.volume.drivers.quobyte.QuobyteDriver._ensure_shares_mounted" :: waited 0.002s {{(pid=86453) inner /opt/stack/data/venv/lib/python3.12/site-packages/oslo_concurrency/lockutils.py:524}}
Jul 01 19:22:08 devstack cinder-volume[86453]: DEBUG cinder.volume.drivers.quobyte [None req-5b2ea095-d9db-44a2-8940-51b845e4b716 tempest-GroupSnapshotsTest-646359862 None] Quobyte Volume URL set to: {'osci02.corp.quobyte.com/cinder-vol-5bdaf280-4001-4032-80b2-d0d59c559738': None} {{(pid=86453) _load_shares_config /opt/stack/cinder/cinder/volume/drivers/quobyte.py:617}}
Jul 01 19:22:08 devstack cinder-volume[86453]: DEBUG cinder.volume.drivers.quobyte [None req-5b2ea095-d9db-44a2-8940-51b845e4b716 tempest-GroupSnapshotsTest-646359862 None] Available shares ['osci02.corp.quobyte.com/cinder-vol-5bdaf280-4001-4032-80b2-d0d59c559738'] {{(pid=86453) _ensure_shares_mounted /opt/stack/cinder/cinder/volume/drivers/quobyte.py:647}}
Jul 01 19:22:08 devstack cinder-volume[86453]: DEBUG oslo_concurrency.lockutils [None req-5b2ea095-d9db-44a2-8940-51b845e4b716 tempest-GroupSnapshotsTest-646359862 None] Lock "quobyte_ensure" "released" by "cinder.volume.drivers.quobyte.QuobyteDriver._ensure_shares_mounted" :: held 0.015s {{(pid=86453) inner /opt/stack/data/venv/lib/python3.12/site-packages/oslo_concurrency/lockutils.py:543}}
Jul 01 19:22:08 devstack cinder-volume[86453]: DEBUG oslo_concurrency.processutils [None req-5b2ea095-d9db-44a2-8940-51b845e4b716 tempest-GroupSnapshotsTest-646359862 None] Running cmd (subprocess): sudo cinder-rootwrap /etc/cinder/rootwrap.conf df --portability --block-size 1 /opt/stack/data/cinder/mnt/fb87c574b95943483ead682306a5b7b2 {{(pid=86453) execute /opt/stack/data/venv/lib/python3.12/site-packages/oslo_concurrency/processutils.py:440}}
Jul 01 19:22:08 devstack sudo[88408]: quobyte : PWD=/ ; USER=root ; COMMAND=/opt/stack/data/venv/bin/cinder-rootwrap /etc/cinder/rootwrap.conf df --portability --block-size 1 /opt/stack/data/cinder/mnt/fb87c574b95943483ead682306a5b7b2
Jul 01 19:22:08 devstack sudo[88408]: pam_unix(sudo:session): session opened for user root(uid=0) by (uid=1000)
Jul 01 19:22:09 devstack cinder-volume[86453]: INFO cinder.volume.manager [None req-088afe2e-69d1-4945-ab13-b518af9ae1a5 tempest-GroupSnapshotsTest-646359862 None] Group tempest-GroupSnapshotsTest-Group-36645407: creating
Jul 01 19:22:09 devstack cinder-volume[86453]: INFO cinder.volume.manager [None req-088afe2e-69d1-4945-ab13-b518af9ae1a5 tempest-GroupSnapshotsTest-646359862 None] Group tempest-GroupSnapshotsTest-Group-36645407: created successfully
Jul 01 19:22:09 devstack cinder-volume[86453]: INFO cinder.volume.manager [None req-088afe2e-69d1-4945-ab13-b518af9ae1a5 tempest-GroupSnapshotsTest-646359862 None] Create group completed successfully.
Jul 01 19:22:09 devstack sudo[88408]: pam_unix(sudo:session): session closed for user root
Jul 01 19:22:09 devstack cinder-volume[86453]: DEBUG oslo_concurrency.processutils [None req-5b2ea095-d9db-44a2-8940-51b845e4b716 tempest-GroupSnapshotsTest-646359862 None] CMD "sudo cinder-rootwrap /etc/cinder/rootwrap.conf df --portability --block-size 1 /opt/stack/data/cinder/mnt/fb87c574b95943483ead682306a5b7b2" returned: 0 in 1.359s {{(pid=86453) execute /opt/stack/data/venv/lib/python3.12/site-packages/oslo_concurrency/processutils.py:468}}
Jul 01 19:22:09 devstack cinder-volume[86453]: DEBUG cinder.manager [None req-5b2ea095-d9db-44a2-8940-51b845e4b716 tempest-GroupSnapshotsTest-646359862 None] Notifying Schedulers of capabilities ... {{(pid=86453) _publish_service_capabilities /opt/stack/cinder/cinder/manager.py:219}}
Jul 01 19:22:09 devstack cinder-volume[86453]: INFO cinder.volume.manager [None req-5b2ea095-d9db-44a2-8940-51b845e4b716 tempest-GroupSnapshotsTest-646359862 None] Delete group completed successfully.
Jul 01 19:22:11 devstack cinder-volume[86453]: DEBUG cinder.volume.flows.manager.create_volume [None req-3e961d62-690f-4bb6-bc72-b179cd6f5ece tempest-GroupSnapshotsTest-646359862 None] Volume reschedule parameters: True retry: {'num_attempts': 1, 'backends': ['devstack@QuobyteHD#QuobyteHD'], 'hosts': ['devstack@QuobyteHD#QuobyteHD']} {{(pid=86453) get_flow /opt/stack/cinder/cinder/volume/flows/manager/create_volume.py:1397}}
Jul 01 19:22:11 devstack cinder-volume[86453]: DEBUG cinder.volume.manager [None req-3e961d62-690f-4bb6-bc72-b179cd6f5ece tempest-GroupSnapshotsTest-646359862 None] Flow 'volume_create_manager' (fc6b52c4-c564-4068-9ff8-b29ef27e0718) transitioned into state 'RUNNING' from state 'PENDING' {{(pid=86453) _flow_receiver /opt/stack/data/venv/lib/python3.12/site-packages/taskflow/listeners/logging.py:160}}
