Aug 17 21:42:11 devstack sudo[101260]: pam_unix(sudo:session): session opened for user root(uid=0) by (uid=1000)
Aug 17 21:42:11 devstack sudo[101260]: pam_unix(sudo:session): session closed for user root
Aug 17 21:42:11 devstack cinder-volume[94213]: DEBUG oslo_concurrency.processutils [None req-516b8447-27a6-4f27-b47d-922e343e84d3 tempest-VolumeSnapshotQuotasNegativeTestJSON-1709838025 None] CMD "sudo cinder-rootwrap /etc/cinder/rootwrap.conf df --portability --block-size 1 /opt/stack/data/cinder/mnt/3b779455e406f53f9bbdb0a89f9b9be5" returned: 0 in 0.344s {{(pid=94213) execute /opt/stack/data/venv/lib/python3.12/site-packages/oslo_concurrency/processutils.py:468}}
Aug 17 21:42:11 devstack cinder-volume[94213]: DEBUG cinder.manager [None req-516b8447-27a6-4f27-b47d-922e343e84d3 tempest-VolumeSnapshotQuotasNegativeTestJSON-1709838025 None] Notifying Schedulers of capabilities ... {{(pid=94213) _publish_service_capabilities /opt/stack/cinder/cinder/manager.py:219}}
Aug 17 21:42:11 devstack cinder-volume[94213]: INFO cinder.volume.manager [None req-516b8447-27a6-4f27-b47d-922e343e84d3 tempest-VolumeSnapshotQuotasNegativeTestJSON-1709838025 None] Deleted volume successfully.
Aug 17 21:42:11 devstack cinder-volume[94213]: DEBUG cinder.coordination [None req-516b8447-27a6-4f27-b47d-922e343e84d3 tempest-VolumeSnapshotQuotasNegativeTestJSON-1709838025 None] Lock "cinder-e0fa9eee-6f11-4ab2-9eb2-b7e853e42a14-delete_volume" released by "delete_volume" :: held 1.792s {{(pid=94213) __release /opt/stack/cinder/cinder/coordination.py:152}}
Aug 17 21:42:13 devstack cinder-volume[94213]: DEBUG oslo_concurrency.lockutils [None req-dd5df30e-5793-4255-9fa1-db5be8820482 tempest-GroupsV314Test-383341735 None] Acquiring lock "quobyte" by "cinder.volume.drivers.quobyte.QuobyteDriver.create_cloned_volume" {{(pid=94213) inner /opt/stack/data/venv/lib/python3.12/site-packages/oslo_concurrency/lockutils.py:512}}
Aug 17 21:42:13 devstack cinder-volume[94213]: DEBUG oslo_concurrency.lockutils [None req-dd5df30e-5793-4255-9fa1-db5be8820482 tempest-GroupsV314Test-383341735 None] Lock "quobyte" acquired by "cinder.volume.drivers.quobyte.QuobyteDriver.create_cloned_volume" :: waited 0.001s {{(pid=94213) inner /opt/stack/data/venv/lib/python3.12/site-packages/oslo_concurrency/lockutils.py:525}}
Aug 17 21:42:13 devstack cinder-volume[94213]: INFO cinder.volume.drivers.remotefs [None req-dd5df30e-5793-4255-9fa1-db5be8820482 tempest-GroupsV314Test-383341735 None] Cloning volume 93d9a465-4fd4-48ee-b8a1-4410335ad301 to volume 595c8132-d893-45da-b036-323b78b62309
Aug 17 21:42:13 devstack cinder-volume[94213]: DEBUG cinder.volume.drivers.remotefs [None req-dd5df30e-5793-4255-9fa1-db5be8820482 tempest-GroupsV314Test-383341735 None] Creating offline snapshot c20d1bec-afee-415f-9c9b-46674b81649c of volume 93d9a465-4fd4-48ee-b8a1-4410335ad301 {{(pid=94213) _create_snapshot /opt/stack/cinder/cinder/volume/drivers/remotefs.py:1816}}
Aug 17 21:42:13 devstack cinder-volume[94213]: DEBUG oslo.privsep.daemon [-] privsep: reply[610bd841-3341-43c8-b751-dfc8bc6b7749]: (4, 'qcow2') {{(pid=95843) _call_back /opt/stack/data/venv/lib/python3.12/site-packages/oslo_privsep/daemon.py:580}}
Aug 17 21:42:13 devstack cinder-volume[94213]: DEBUG oslo_concurrency.processutils [None req-dd5df30e-5793-4255-9fa1-db5be8820482 tempest-GroupsV314Test-383341735 None] Running cmd (subprocess): /opt/stack/data/venv/bin/python3.12 -m oslo_concurrency.prlimit --as=1073741824 --cpu=60 -- sudo cinder-rootwrap /etc/cinder/rootwrap.conf env LC_ALL=C qemu-img info -f qcow2 --output=json --force-share /opt/stack/data/cinder/mnt/3b779455e406f53f9bbdb0a89f9b9be5/volume-93d9a465-4fd4-48ee-b8a1-4410335ad301 {{(pid=94213) execute /opt/stack/data/venv/lib/python3.12/site-packages/oslo_concurrency/processutils.py:440}}
Aug 17 21:42:13 devstack sudo[101273]: quobyte : PWD=/ ; USER=root ; COMMAND=/opt/stack/data/venv/bin/cinder-rootwrap /etc/cinder/rootwrap.conf env LC_ALL=C qemu-img info -f qcow2 --output=json --force-share /opt/stack/data/cinder/mnt/3b779455e406f53f9bbdb0a89f9b9be5/volume-93d9a465-4fd4-48ee-b8a1-4410335ad301
Aug 17 21:42:13 devstack sudo[101273]: pam_unix(sudo:session): session opened for user root(uid=0) by (uid=1000)
Aug 17 21:42:14 devstack sudo[101273]: pam_unix(sudo:session): session closed for user root
Aug 17 21:42:14 devstack cinder-volume[94213]: DEBUG oslo_concurrency.processutils [None req-dd5df30e-5793-4255-9fa1-db5be8820482 tempest-GroupsV314Test-383341735 None] CMD "/opt/stack/data/venv/bin/python3.12 -m oslo_concurrency.prlimit --as=1073741824 --cpu=60 -- sudo cinder-rootwrap /etc/cinder/rootwrap.conf env LC_ALL=C qemu-img info -f qcow2 --output=json --force-share /opt/stack/data/cinder/mnt/3b779455e406f53f9bbdb0a89f9b9be5/volume-93d9a465-4fd4-48ee-b8a1-4410335ad301" returned: 0 in 0.946s {{(pid=94213) execute /opt/stack/data/venv/lib/python3.12/site-packages/oslo_concurrency/processutils.py:468}}
Aug 17 21:42:14 devstack cinder-volume[94213]: DEBUG oslo_concurrency.processutils [None req-dd5df30e-5793-4255-9fa1-db5be8820482 tempest-GroupsV314Test-383341735 None] Running cmd (subprocess): sudo cinder-rootwrap /etc/cinder/rootwrap.conf qemu-img create -f qcow2 -o backing_file=/opt/stack/data/cinder/mnt/3b779455e406f53f9bbdb0a89f9b9be5/volume-93d9a465-4fd4-48ee-b8a1-4410335ad301,backing_fmt=qcow2 /opt/stack/data/cinder/mnt/3b779455e406f53f9bbdb0a89f9b9be5/volume-93d9a465-4fd4-48ee-b8a1-4410335ad301.c20d1bec-afee-415f-9c9b-46674b81649c 1G {{(pid=94213) execute /opt/stack/data/venv/lib/python3.12/site-packages/oslo_concurrency/processutils.py:440}}
Aug 17 21:42:14 devstack sudo[101325]: quobyte : PWD=/ ; USER=root ; COMMAND=/opt/stack/data/venv/bin/cinder-rootwrap /etc/cinder/rootwrap.conf qemu-img create -f qcow2 -o backing_file=/opt/stack/data/cinder/mnt/3b779455e406f53f9bbdb0a89f9b9be5/volume-93d9a465-4fd4-48ee-b8a1-4410335ad301,backing_fmt=qcow2 /opt/stack/data/cinder/mnt/3b779455e406f53f9bbdb0a89f9b9be5/volume-93d9a465-4fd4-48ee-b8a1-4410335ad301.c20d1bec-afee-415f-9c9b-46674b81649c 1G
Aug 17 21:42:14 devstack sudo[101325]: pam_unix(sudo:session): session opened for user root(uid=0) by (uid=1000)
Aug 17 21:42:15 devstack sudo[101325]: pam_unix(sudo:session): session closed for user root
Aug 17 21:42:15 devstack cinder-volume[94213]: DEBUG oslo_concurrency.processutils [None req-dd5df30e-5793-4255-9fa1-db5be8820482 tempest-GroupsV314Test-383341735 None] CMD "sudo cinder-rootwrap /etc/cinder/rootwrap.conf qemu-img create -f qcow2 -o backing_file=/opt/stack/data/cinder/mnt/3b779455e406f53f9bbdb0a89f9b9be5/volume-93d9a465-4fd4-48ee-b8a1-4410335ad301,backing_fmt=qcow2 /opt/stack/data/cinder/mnt/3b779455e406f53f9bbdb0a89f9b9be5/volume-93d9a465-4fd4-48ee-b8a1-4410335ad301.c20d1bec-afee-415f-9c9b-46674b81649c 1G" returned: 0 in 0.903s {{(pid=94213) execute /opt/stack/data/venv/lib/python3.12/site-packages/oslo_concurrency/processutils.py:468}}
Aug 17 21:42:15 devstack cinder-volume[94213]: DEBUG oslo_concurrency.processutils [None req-dd5df30e-5793-4255-9fa1-db5be8820482 tempest-GroupsV314Test-383341735 None] Running cmd (subprocess): sudo cinder-rootwrap /etc/cinder/rootwrap.conf qemu-img rebase -u -b volume-93d9a465-4fd4-48ee-b8a1-4410335ad301 -F qcow2 /opt/stack/data/cinder/mnt/3b779455e406f53f9bbdb0a89f9b9be5/volume-93d9a465-4fd4-48ee-b8a1-4410335ad301.c20d1bec-afee-415f-9c9b-46674b81649c {{(pid=94213) execute /opt/stack/data/venv/lib/python3.12/site-packages/oslo_concurrency/processutils.py:440}}
Aug 17 21:42:15 devstack sudo[101373]: quobyte : PWD=/ ; USER=root ; COMMAND=/opt/stack/data/venv/bin/cinder-rootwrap /etc/cinder/rootwrap.conf qemu-img rebase -u -b volume-93d9a465-4fd4-48ee-b8a1-4410335ad301 -F qcow2 /opt/stack/data/cinder/mnt/3b779455e406f53f9bbdb0a89f9b9be5/volume-93d9a465-4fd4-48ee-b8a1-4410335ad301.c20d1bec-afee-415f-9c9b-46674b81649c
Aug 17 21:42:15 devstack sudo[101373]: pam_unix(sudo:session): session opened for user root(uid=0) by (uid=1000)
Aug 17 21:42:15 devstack sudo[101373]: pam_unix(sudo:session): session closed for user root
Aug 17 21:42:15 devstack cinder-volume[94213]: DEBUG oslo_concurrency.processutils [None req-dd5df30e-5793-4255-9fa1-db5be8820482 tempest-GroupsV314Test-383341735 None] CMD "sudo cinder-rootwrap /etc/cinder/rootwrap.conf qemu-img rebase -u -b volume-93d9a465-4fd4-48ee-b8a1-4410335ad301 -F qcow2 /opt/stack/data/cinder/mnt/3b779455e406f53f9bbdb0a89f9b9be5/volume-93d9a465-4fd4-48ee-b8a1-4410335ad301.c20d1bec-afee-415f-9c9b-46674b81649c" returned: 0 in 0.409s {{(pid=94213) execute /opt/stack/data/venv/lib/python3.12/site-packages/oslo_concurrency/processutils.py:468}}
Aug 17 21:42:15 devstack cinder-volume[94213]: WARNING cinder.volume.drivers.remotefs [None req-dd5df30e-5793-4255-9fa1-db5be8820482 tempest-GroupsV314Test-383341735 None] /opt/stack/data/cinder/mnt/3b779455e406f53f9bbdb0a89f9b9be5/volume-93d9a465-4fd4-48ee-b8a1-4410335ad301.c20d1bec-afee-415f-9c9b-46674b81649c is being set with open permissions: ugo+rw: NotImplementedError
Aug 17 21:42:15 devstack cinder-volume[94213]: DEBUG oslo_concurrency.processutils [None req-dd5df30e-5793-4255-9fa1-db5be8820482 tempest-GroupsV314Test-383341735 None] Running cmd (subprocess): sudo cinder-rootwrap /etc/cinder/rootwrap.conf chmod ugo+rw /opt/stack/data/cinder/mnt/3b779455e406f53f9bbdb0a89f9b9be5/volume-93d9a465-4fd4-48ee-b8a1-4410335ad301.c20d1bec-afee-415f-9c9b-46674b81649c {{(pid=94213) execute /opt/stack/data/venv/lib/python3.12/site-packages/oslo_concurrency/processutils.py:440}}
Aug 17 21:42:15 devstack sudo[101390]: quobyte : PWD=/ ; USER=root ; COMMAND=/opt/stack/data/venv/bin/cinder-rootwrap /etc/cinder/rootwrap.conf chmod ugo+rw /opt/stack/data/cinder/mnt/3b779455e406f53f9bbdb0a89f9b9be5/volume-93d9a465-4fd4-48ee-b8a1-4410335ad301.c20d1bec-afee-415f-9c9b-46674b81649c
Aug 17 21:42:15 devstack sudo[101390]: pam_unix(sudo:session): session opened for user root(uid=0) by (uid=1000)
Aug 17 21:42:16 devstack sudo[101390]: pam_unix(sudo:session): session closed for user root
Aug 17 21:42:16 devstack cinder-volume[94213]: DEBUG oslo_concurrency.processutils [None req-dd5df30e-5793-4255-9fa1-db5be8820482 tempest-GroupsV314Test-383341735 None] CMD "sudo cinder-rootwrap /etc/cinder/rootwrap.conf chmod ugo+rw /opt/stack/data/cinder/mnt/3b779455e406f53f9bbdb0a89f9b9be5/volume-93d9a465-4fd4-48ee-b8a1-4410335ad301.c20d1bec-afee-415f-9c9b-46674b81649c" returned: 0 in 0.368s {{(pid=94213) execute /opt/stack/data/venv/lib/python3.12/site-packages/oslo_concurrency/processutils.py:468}}
Aug 17 21:42:16 devstack cinder-volume[94213]: DEBUG oslo_concurrency.processutils [None req-dd5df30e-5793-4255-9fa1-db5be8820482 tempest-GroupsV314Test-383341735 None] Running cmd (subprocess): sudo cinder-rootwrap /etc/cinder/rootwrap.conf truncate -s0 /opt/stack/data/cinder/mnt/3b779455e406f53f9bbdb0a89f9b9be5/volume-93d9a465-4fd4-48ee-b8a1-4410335ad301.info {{(pid=94213) execute /opt/stack/data/venv/lib/python3.12/site-packages/oslo_concurrency/processutils.py:440}}
Aug 17 21:42:16 devstack sudo[101395]: quobyte : PWD=/ ; USER=root ; COMMAND=/opt/stack/data/venv/bin/cinder-rootwrap /etc/cinder/rootwrap.conf truncate -s0 /opt/stack/data/cinder/mnt/3b779455e406f53f9bbdb0a89f9b9be5/volume-93d9a465-4fd4-48ee-b8a1-4410335ad301.info
Aug 17 21:42:16 devstack sudo[101395]: pam_unix(sudo:session): session opened for user root(uid=0) by (uid=1000)
Aug 17 21:42:16 devstack cinder-volume[94213]: DEBUG oslo_service.periodic_task [None req-7c5643d5-3921-4d59-af34-eddcb79939c7 None None] Running periodic task VolumeManager.publish_service_capabilities {{(pid=94213) run_periodic_tasks /opt/stack/data/venv/lib/python3.12/site-packages/oslo_service/periodic_task.py:254}}
Aug 17 21:42:16 devstack cinder-volume[94213]: DEBUG oslo_concurrency.lockutils [None req-7c5643d5-3921-4d59-af34-eddcb79939c7 None None] Acquiring lock "quobyte_ensure" by "cinder.volume.drivers.quobyte.QuobyteDriver._ensure_shares_mounted" {{(pid=94213) inner /opt/stack/data/venv/lib/python3.12/site-packages/oslo_concurrency/lockutils.py:512}}
Aug 17 21:42:16 devstack cinder-volume[94213]: DEBUG oslo_concurrency.lockutils [None req-7c5643d5-3921-4d59-af34-eddcb79939c7 None None] Lock "quobyte_ensure" acquired by "cinder.volume.drivers.quobyte.QuobyteDriver._ensure_shares_mounted" :: waited 0.003s {{(pid=94213) inner /opt/stack/data/venv/lib/python3.12/site-packages/oslo_concurrency/lockutils.py:525}}
Aug 17 21:42:16 devstack cinder-volume[94213]: DEBUG cinder.volume.drivers.quobyte [None req-7c5643d5-3921-4d59-af34-eddcb79939c7 None None] Quobyte Volume URL set to: {'osci02.corp.quobyte.com/cinder-vol-b9890745-bbe9-44f8-854f-28ff34aaa123': None} {{(pid=94213) _load_shares_config /opt/stack/cinder/cinder/volume/drivers/quobyte.py:665}}
Aug 17 21:42:16 devstack cinder-volume[94213]: DEBUG cinder.volume.drivers.quobyte [None req-7c5643d5-3921-4d59-af34-eddcb79939c7 None None] Available shares ['osci02.corp.quobyte.com/cinder-vol-b9890745-bbe9-44f8-854f-28ff34aaa123'] {{(pid=94213) _ensure_shares_mounted /opt/stack/cinder/cinder/volume/drivers/quobyte.py:695}}
Aug 17 21:42:16 devstack cinder-volume[94213]: DEBUG oslo_concurrency.lockutils [None req-7c5643d5-3921-4d59-af34-eddcb79939c7 None None] Lock "quobyte_ensure" "released" by "cinder.volume.drivers.quobyte.QuobyteDriver._ensure_shares_mounted" :: held 0.019s {{(pid=94213) inner /opt/stack/data/venv/lib/python3.12/site-packages/oslo_concurrency/lockutils.py:544}}
Aug 17 21:42:16 devstack cinder-volume[94213]: DEBUG oslo_concurrency.processutils [None req-7c5643d5-3921-4d59-af34-eddcb79939c7 None None] Running cmd (subprocess): sudo cinder-rootwrap /etc/cinder/rootwrap.conf df --portability --block-size 1 /opt/stack/data/cinder/mnt/3b779455e406f53f9bbdb0a89f9b9be5 {{(pid=94213) execute /opt/stack/data/venv/lib/python3.12/site-packages/oslo_concurrency/processutils.py:440}}
Aug 17 21:42:16 devstack sudo[101397]: quobyte : PWD=/ ; USER=root ; COMMAND=/opt/stack/data/venv/bin/cinder-rootwrap /etc/cinder/rootwrap.conf df --portability --block-size 1 /opt/stack/data/cinder/mnt/3b779455e406f53f9bbdb0a89f9b9be5
Aug 17 21:42:16 devstack sudo[101397]: pam_unix(sudo:session): session opened for user root(uid=0) by (uid=1000)
Aug 17 21:42:16 devstack sudo[101395]: pam_unix(sudo:session): session closed for user root
Aug 17 21:42:16 devstack cinder-volume[94213]: DEBUG oslo_concurrency.processutils [None req-dd5df30e-5793-4255-9fa1-db5be8820482 tempest-GroupsV314Test-383341735 None] CMD "sudo cinder-rootwrap /etc/cinder/rootwrap.conf truncate -s0 /opt/stack/data/cinder/mnt/3b779455e406f53f9bbdb0a89f9b9be5/volume-93d9a465-4fd4-48ee-b8a1-4410335ad301.info" returned: 0 in 0.690s {{(pid=94213) execute /opt/stack/data/venv/lib/python3.12/site-packages/oslo_concurrency/processutils.py:468}}
Aug 17 21:42:16 devstack cinder-volume[94213]: WARNING cinder.volume.drivers.remotefs [None req-dd5df30e-5793-4255-9fa1-db5be8820482 tempest-GroupsV314Test-383341735 None] /opt/stack/data/cinder/mnt/3b779455e406f53f9bbdb0a89f9b9be5/volume-93d9a465-4fd4-48ee-b8a1-4410335ad301.info is being set with open permissions: ugo+rw: NotImplementedError
Aug 17 21:42:16 devstack cinder-volume[94213]: DEBUG oslo_concurrency.processutils [None req-dd5df30e-5793-4255-9fa1-db5be8820482 tempest-GroupsV314Test-383341735 None] Running cmd (subprocess): sudo cinder-rootwrap /etc/cinder/rootwrap.conf chmod ugo+rw /opt/stack/data/cinder/mnt/3b779455e406f53f9bbdb0a89f9b9be5/volume-93d9a465-4fd4-48ee-b8a1-4410335ad301.info {{(pid=94213) execute /opt/stack/data/venv/lib/python3.12/site-packages/oslo_concurrency/processutils.py:440}}
Aug 17 21:42:16 devstack sudo[101397]: pam_unix(sudo:session): session closed for user root
Aug 17 21:42:16 devstack cinder-volume[94213]: DEBUG oslo_concurrency.processutils [None req-7c5643d5-3921-4d59-af34-eddcb79939c7 None None] CMD "sudo cinder-rootwrap /etc/cinder/rootwrap.conf df --portability --block-size 1 /opt/stack/data/cinder/mnt/3b779455e406f53f9bbdb0a89f9b9be5" returned: 0 in 0.595s {{(pid=94213) execute /opt/stack/data/venv/lib/python3.12/site-packages/oslo_concurrency/processutils.py:468}}
Aug 17 21:42:16 devstack cinder-volume[94213]: DEBUG cinder.manager [None req-7c5643d5-3921-4d59-af34-eddcb79939c7 None None] Notifying Schedulers of capabilities ... {{(pid=94213) _publish_service_capabilities /opt/stack/cinder/cinder/manager.py:219}}
Aug 17 21:42:16 devstack sudo[101403]: quobyte : PWD=/ ; USER=root ; COMMAND=/opt/stack/data/venv/bin/cinder-rootwrap /etc/cinder/rootwrap.conf chmod ugo+rw /opt/stack/data/cinder/mnt/3b779455e406f53f9bbdb0a89f9b9be5/volume-93d9a465-4fd4-48ee-b8a1-4410335ad301.info
Aug 17 21:42:16 devstack sudo[101403]: pam_unix(sudo:session): session opened for user root(uid=0) by (uid=1000)
Aug 17 21:42:16 devstack cinder-volume[94213]: DEBUG oslo_service.periodic_task [None req-7c5643d5-3921-4d59-af34-eddcb79939c7 None None] Running periodic task VolumeManager._thread_info {{(pid=94213) run_periodic_tasks /opt/stack/data/venv/lib/python3.12/site-packages/oslo_service/periodic_task.py:254}}
Aug 17 21:42:16 devstack cinder-volume[94213]: DEBUG cinder.volume.manager [None req-7c5643d5-3921-4d59-af34-eddcb79939c7 None None] thread count: 28 {{(pid=94213) _thread_info /opt/stack/cinder/cinder/volume/manager.py:5472}}
Aug 17 21:42:16 devstack cinder-volume[94213]: DEBUG cinder.volume.manager [None req-7c5643d5-3921-4d59-af34-eddcb79939c7 None None] thread info: [<_MainThread(MainThread, started 134362887700608)>, , , , , , , , , , , , , , , , , , , , , , , , , , , ] {{(pid=94213) _thread_info /opt/stack/cinder/cinder/volume/manager.py:5473}}
Aug 17 21:42:17 devstack sudo[101403]: pam_unix(sudo:session): session closed for user root
Aug 17 21:42:17 devstack cinder-volume[94213]: DEBUG oslo_concurrency.processutils [None req-dd5df30e-5793-4255-9fa1-db5be8820482 tempest-GroupsV314Test-383341735 None] CMD "sudo cinder-rootwrap /etc/cinder/rootwrap.conf chmod ugo+rw /opt/stack/data/cinder/mnt/3b779455e406f53f9bbdb0a89f9b9be5/volume-93d9a465-4fd4-48ee-b8a1-4410335ad301.info" returned: 0 in 0.504s {{(pid=94213) execute /opt/stack/data/venv/lib/python3.12/site-packages/oslo_concurrency/processutils.py:468}}
Aug 17 21:42:17 devstack cinder-volume[94213]: DEBUG cinder.coordination [None req-dd5df30e-5793-4255-9fa1-db5be8820482 tempest-GroupsV314Test-383341735 None] Acquiring lock "cinder-quobyte-595c8132-d893-45da-b036-323b78b62309" by "_copy_volume_from_snapshot" {{(pid=94213) __acquire /opt/stack/cinder/cinder/coordination.py:138}}
Aug 17 21:42:17 devstack cinder-volume[94213]: DEBUG cinder.coordination [None req-dd5df30e-5793-4255-9fa1-db5be8820482 tempest-GroupsV314Test-383341735 None] Lock "cinder-quobyte-595c8132-d893-45da-b036-323b78b62309" acquired by "_copy_volume_from_snapshot" :: waited 0.028s {{(pid=94213) __acquire /opt/stack/cinder/cinder/coordination.py:141}}
Aug 17 21:42:17 devstack cinder-volume[94213]: DEBUG cinder.volume.drivers.quobyte [None req-dd5df30e-5793-4255-9fa1-db5be8820482 tempest-GroupsV314Test-383341735 None] snapshot: c20d1bec-afee-415f-9c9b-46674b81649c, volume: 595c8132-d893-45da-b036-323b78b62309, {{(pid=94213) _copy_volume_from_snapshot /opt/stack/cinder/cinder/volume/drivers/quobyte.py:405}}
Aug 17 21:42:17 devstack cinder-volume[94213]: DEBUG oslo_concurrency.lockutils [None req-dd5df30e-5793-4255-9fa1-db5be8820482 tempest-GroupsV314Test-383341735 None] Acquiring lock "quobyte_ensure" by "cinder.volume.drivers.quobyte.QuobyteDriver._ensure_shares_mounted" {{(pid=94213) inner /opt/stack/data/venv/lib/python3.12/site-packages/oslo_concurrency/lockutils.py:512}}
Aug 17 21:42:17 devstack cinder-volume[94213]: DEBUG oslo_concurrency.lockutils [None req-dd5df30e-5793-4255-9fa1-db5be8820482 tempest-GroupsV314Test-383341735 None] Lock "quobyte_ensure" acquired by "cinder.volume.drivers.quobyte.QuobyteDriver._ensure_shares_mounted" :: waited 0.002s {{(pid=94213) inner /opt/stack/data/venv/lib/python3.12/site-packages/oslo_concurrency/lockutils.py:525}}
Aug 17 21:42:17 devstack cinder-volume[94213]: DEBUG cinder.volume.drivers.quobyte [None req-dd5df30e-5793-4255-9fa1-db5be8820482 tempest-GroupsV314Test-383341735 None] Quobyte Volume URL set to: {'osci02.corp.quobyte.com/cinder-vol-b9890745-bbe9-44f8-854f-28ff34aaa123': None} {{(pid=94213) _load_shares_config /opt/stack/cinder/cinder/volume/drivers/quobyte.py:665}}
Aug 17 21:42:17 devstack cinder-volume[94213]: DEBUG cinder.volume.drivers.quobyte [None req-dd5df30e-5793-4255-9fa1-db5be8820482 tempest-GroupsV314Test-383341735 None] Available shares ['osci02.corp.quobyte.com/cinder-vol-b9890745-bbe9-44f8-854f-28ff34aaa123'] {{(pid=94213) _ensure_shares_mounted /opt/stack/cinder/cinder/volume/drivers/quobyte.py:695}}
Aug 17 21:42:17 devstack cinder-volume[94213]: DEBUG oslo_concurrency.lockutils [None req-dd5df30e-5793-4255-9fa1-db5be8820482 tempest-GroupsV314Test-383341735 None] Lock "quobyte_ensure" "released" by "cinder.volume.drivers.quobyte.QuobyteDriver._ensure_shares_mounted" :: held 0.012s {{(pid=94213) inner /opt/stack/data/venv/lib/python3.12/site-packages/oslo_concurrency/lockutils.py:544}}
Aug 17 21:42:17 devstack cinder-volume[94213]: DEBUG oslo.privsep.daemon [-] privsep: reply[a6016393-ec3a-45a9-bd8b-a6a49872a8e1]: (4, 'qcow2') {{(pid=95843) _call_back /opt/stack/data/venv/lib/python3.12/site-packages/oslo_privsep/daemon.py:580}}
Aug 17 21:42:17 devstack cinder-volume[94213]: DEBUG oslo_concurrency.processutils [None req-dd5df30e-5793-4255-9fa1-db5be8820482 tempest-GroupsV314Test-383341735 None] Running cmd (subprocess): /opt/stack/data/venv/bin/python3.12 -m oslo_concurrency.prlimit --as=1073741824 --cpu=60 -- sudo cinder-rootwrap /etc/cinder/rootwrap.conf env LC_ALL=C qemu-img info -f qcow2 --output=json --force-share /opt/stack/data/cinder/mnt/3b779455e406f53f9bbdb0a89f9b9be5/volume-93d9a465-4fd4-48ee-b8a1-4410335ad301.c20d1bec-afee-415f-9c9b-46674b81649c {{(pid=94213) execute /opt/stack/data/venv/lib/python3.12/site-packages/oslo_concurrency/processutils.py:440}}
Aug 17 21:42:17 devstack sudo[101406]: quobyte : PWD=/ ; USER=root ; COMMAND=/opt/stack/data/venv/bin/cinder-rootwrap /etc/cinder/rootwrap.conf env LC_ALL=C qemu-img info -f qcow2 --output=json --force-share /opt/stack/data/cinder/mnt/3b779455e406f53f9bbdb0a89f9b9be5/volume-93d9a465-4fd4-48ee-b8a1-4410335ad301.c20d1bec-afee-415f-9c9b-46674b81649c
Aug 17 21:42:17 devstack sudo[101406]: pam_unix(sudo:session): session opened for user root(uid=0) by (uid=1000)
Aug 17 21:42:18 devstack sudo[101406]: pam_unix(sudo:session): session closed for user root
Aug 17 21:42:18 devstack cinder-volume[94213]: DEBUG oslo_concurrency.processutils [None req-dd5df30e-5793-4255-9fa1-db5be8820482 tempest-GroupsV314Test-383341735 None] CMD "/opt/stack/data/venv/bin/python3.12 -m oslo_concurrency.prlimit --as=1073741824 --cpu=60 -- sudo cinder-rootwrap /etc/cinder/rootwrap.conf env LC_ALL=C qemu-img info -f qcow2 --output=json --force-share /opt/stack/data/cinder/mnt/3b779455e406f53f9bbdb0a89f9b9be5/volume-93d9a465-4fd4-48ee-b8a1-4410335ad301.c20d1bec-afee-415f-9c9b-46674b81649c" returned: 0 in 0.703s {{(pid=94213) execute /opt/stack/data/venv/lib/python3.12/site-packages/oslo_concurrency/processutils.py:468}}
Aug 17 21:42:18 devstack cinder-volume[94213]: DEBUG cinder.volume.drivers.remotefs [None req-dd5df30e-5793-4255-9fa1-db5be8820482 tempest-GroupsV314Test-383341735 None] Fetching qemu-img info with special backing_file_template: (/opt/stack/data/cinder/mnt/[0-9a-f]+/)?(volume-93d9a465-4fd4-48ee-b8a1-4410335ad301(.(tmp-snap-)?[0-9a-f-]+)?|volume_from_snapshot_cache/(tmp-snap-)?[0-9a-f-]+(.(child-|parent-)[0-9a-f-]+)?)$ {{(pid=94213) _qemu_img_info_base /opt/stack/cinder/cinder/volume/drivers/remotefs.py:896}}
Aug 17 21:42:18 devstack cinder-volume[94213]: DEBUG oslo.privsep.daemon [-] privsep: reply[3a21c3c1-edd0-480b-948e-fca0e6351d48]: (4, 'qcow2') {{(pid=95843) _call_back /opt/stack/data/venv/lib/python3.12/site-packages/oslo_privsep/daemon.py:580}}
Aug 17 21:42:18 devstack cinder-volume[94213]: DEBUG oslo_concurrency.processutils [None req-dd5df30e-5793-4255-9fa1-db5be8820482 tempest-GroupsV314Test-383341735 None] Running cmd (subprocess): /opt/stack/data/venv/bin/python3.12 -m oslo_concurrency.prlimit --as=1073741824 --cpu=60 -- sudo cinder-rootwrap /etc/cinder/rootwrap.conf env LC_ALL=C qemu-img info -f qcow2 --output=json --force-share /opt/stack/data/cinder/mnt/3b779455e406f53f9bbdb0a89f9b9be5/volume-93d9a465-4fd4-48ee-b8a1-4410335ad301 {{(pid=94213) execute /opt/stack/data/venv/lib/python3.12/site-packages/oslo_concurrency/processutils.py:440}}
Aug 17 21:42:18 devstack sudo[101412]: quobyte : PWD=/ ; USER=root ; COMMAND=/opt/stack/data/venv/bin/cinder-rootwrap /etc/cinder/rootwrap.conf env LC_ALL=C qemu-img info -f qcow2 --output=json --force-share /opt/stack/data/cinder/mnt/3b779455e406f53f9bbdb0a89f9b9be5/volume-93d9a465-4fd4-48ee-b8a1-4410335ad301
Aug 17 21:42:18 devstack sudo[101412]: pam_unix(sudo:session): session opened for user root(uid=0) by (uid=1000)
Aug 17 21:42:18 devstack sudo[101412]: pam_unix(sudo:session): session closed for user root
Aug 17 21:42:18 devstack cinder-volume[94213]: DEBUG oslo_concurrency.processutils [None req-dd5df30e-5793-4255-9fa1-db5be8820482 tempest-GroupsV314Test-383341735 None] CMD "/opt/stack/data/venv/bin/python3.12 -m oslo_concurrency.prlimit --as=1073741824 --cpu=60 -- sudo cinder-rootwrap /etc/cinder/rootwrap.conf env LC_ALL=C qemu-img info -f qcow2 --output=json --force-share /opt/stack/data/cinder/mnt/3b779455e406f53f9bbdb0a89f9b9be5/volume-93d9a465-4fd4-48ee-b8a1-4410335ad301" returned: 0 in 0.531s {{(pid=94213) execute /opt/stack/data/venv/lib/python3.12/site-packages/oslo_concurrency/processutils.py:468}}
Aug 17 21:42:18 devstack cinder-volume[94213]: DEBUG cinder.volume.drivers.quobyte [None req-dd5df30e-5793-4255-9fa1-db5be8820482 tempest-GroupsV314Test-383341735 None] will copy from snapshot at /opt/stack/data/cinder/mnt/3b779455e406f53f9bbdb0a89f9b9be5/volume-93d9a465-4fd4-48ee-b8a1-4410335ad301 {{(pid=94213) _copy_volume_from_snapshot /opt/stack/cinder/cinder/volume/drivers/quobyte.py:426}}
Aug 17 21:42:18 devstack cinder-volume[94213]: DEBUG cinder.volume.drivers.quobyte [None req-dd5df30e-5793-4255-9fa1-db5be8820482 tempest-GroupsV314Test-383341735 None] Creating direct copy from snapshot {{(pid=94213) _copy_volume_from_snapshot /opt/stack/cinder/cinder/volume/drivers/quobyte.py:434}}
Aug 17 21:42:18 devstack cinder-volume[94213]: DEBUG cinder.utils [None req-dd5df30e-5793-4255-9fa1-db5be8820482 tempest-GroupsV314Test-383341735 None] Path /opt/stack/data/cinder/mnt/3b779455e406f53f9bbdb0a89f9b9be5/volume-595c8132-d893-45da-b036-323b78b62309 not found in is_blk_device check {{(pid=94213) is_blk_device /opt/stack/cinder/cinder/utils.py:622}}
Aug 17 21:42:18 devstack cinder-volume[94213]: DEBUG oslo_concurrency.processutils [None req-dd5df30e-5793-4255-9fa1-db5be8820482 tempest-GroupsV314Test-383341735 None] Running cmd (subprocess): sudo cinder-rootwrap /etc/cinder/rootwrap.conf qemu-img convert -O qcow2 /opt/stack/data/cinder/mnt/3b779455e406f53f9bbdb0a89f9b9be5/volume-93d9a465-4fd4-48ee-b8a1-4410335ad301 /opt/stack/data/cinder/mnt/3b779455e406f53f9bbdb0a89f9b9be5/volume-595c8132-d893-45da-b036-323b78b62309 {{(pid=94213) execute /opt/stack/data/venv/lib/python3.12/site-packages/oslo_concurrency/processutils.py:440}}
Aug 17 21:42:18 devstack sudo[101417]: quobyte : PWD=/ ; USER=root ; COMMAND=/opt/stack/data/venv/bin/cinder-rootwrap /etc/cinder/rootwrap.conf qemu-img convert -O qcow2 /opt/stack/data/cinder/mnt/3b779455e406f53f9bbdb0a89f9b9be5/volume-93d9a465-4fd4-48ee-b8a1-4410335ad301 /opt/stack/data/cinder/mnt/3b779455e406f53f9bbdb0a89f9b9be5/volume-595c8132-d893-45da-b036-323b78b62309
Aug 17 21:42:18 devstack sudo[101417]: pam_unix(sudo:session): session opened for user root(uid=0) by (uid=1000)
Aug 17 21:42:26 devstack cinder-volume[94213]: DEBUG dbcounter [-] [94213] Writing DB stats cinder:SELECT=21,cinder:UPDATE=20,cinder:INSERT=8,cinder:DELETE=2 {{(pid=94213) stat_writer /opt/stack/data/venv/lib/python3.12/site-packages/dbcounter.py:115}}
Aug 17 21:42:26 devstack cinder-volume[94213]: DEBUG dbcounter [-] [94213] Writing DB stats cinder:UPDATE=26,cinder:SELECT=30,cinder:DELETE=2,cinder:INSERT=5 {{(pid=94213) stat_writer /opt/stack/data/venv/lib/python3.12/site-packages/dbcounter.py:115}}
Aug 17 21:42:29 devstack sudo[101417]: pam_unix(sudo:session): session closed for user root
Aug 17 21:42:29 devstack cinder-volume[94213]: DEBUG oslo_concurrency.processutils [None req-dd5df30e-5793-4255-9fa1-db5be8820482 tempest-GroupsV314Test-383341735 None] CMD "sudo cinder-rootwrap /etc/cinder/rootwrap.conf qemu-img convert -O qcow2 /opt/stack/data/cinder/mnt/3b779455e406f53f9bbdb0a89f9b9be5/volume-93d9a465-4fd4-48ee-b8a1-4410335ad301 /opt/stack/data/cinder/mnt/3b779455e406f53f9bbdb0a89f9b9be5/volume-595c8132-d893-45da-b036-323b78b62309" returned: 0 in 11.141s {{(pid=94213) execute /opt/stack/data/venv/lib/python3.12/site-packages/oslo_concurrency/processutils.py:468}}
Aug 17 21:42:29 devstack cinder-volume[94213]: DEBUG cinder.image.image_utils [None req-dd5df30e-5793-4255-9fa1-db5be8820482 tempest-GroupsV314Test-383341735 None] Image conversion details: src /opt/stack/data/cinder/mnt/3b779455e406f53f9bbdb0a89f9b9be5/volume-93d9a465-4fd4-48ee-b8a1-4410335ad301, size 1024.00 MB, duration 11.14 sec, destination /opt/stack/data/cinder/mnt/3b779455e406f53f9bbdb0a89f9b9be5/volume-595c8132-d893-45da-b036-323b78b62309 {{(pid=94213) _convert_image /opt/stack/cinder/cinder/image/image_utils.py:536}}
Aug 17 21:42:29 devstack cinder-volume[94213]: INFO cinder.image.image_utils [None req-dd5df30e-5793-4255-9fa1-db5be8820482 tempest-GroupsV314Test-383341735 None] Converted 1024.00 MB image at 91.90 MB/s
Aug 17 21:42:29 devstack cinder-volume[94213]: WARNING cinder.volume.drivers.remotefs [None req-dd5df30e-5793-4255-9fa1-db5be8820482 tempest-GroupsV314Test-383341735 None] /opt/stack/data/cinder/mnt/3b779455e406f53f9bbdb0a89f9b9be5/volume-595c8132-d893-45da-b036-323b78b62309 is being set with open permissions: ugo+rw: NotImplementedError
Aug 17 21:42:29 devstack cinder-volume[94213]: DEBUG oslo_concurrency.processutils [None req-dd5df30e-5793-4255-9fa1-db5be8820482 tempest-GroupsV314Test-383341735 None] Running cmd (subprocess): sudo cinder-rootwrap /etc/cinder/rootwrap.conf chmod ugo+rw /opt/stack/data/cinder/mnt/3b779455e406f53f9bbdb0a89f9b9be5/volume-595c8132-d893-45da-b036-323b78b62309 {{(pid=94213) execute /opt/stack/data/venv/lib/python3.12/site-packages/oslo_concurrency/processutils.py:440}}
Aug 17 21:42:29 devstack sudo[101570]: quobyte : PWD=/ ; USER=root ; COMMAND=/opt/stack/data/venv/bin/cinder-rootwrap /etc/cinder/rootwrap.conf chmod ugo+rw /opt/stack/data/cinder/mnt/3b779455e406f53f9bbdb0a89f9b9be5/volume-595c8132-d893-45da-b036-323b78b62309
Aug 17 21:42:29 devstack sudo[101570]: pam_unix(sudo:session): session opened for user root(uid=0) by (uid=1000)
Aug 17 21:42:30 devstack sudo[101570]: pam_unix(sudo:session): session closed for user root
Aug 17 21:42:30 devstack cinder-volume[94213]: DEBUG oslo_concurrency.processutils [None req-dd5df30e-5793-4255-9fa1-db5be8820482 tempest-GroupsV314Test-383341735 None] CMD "sudo cinder-rootwrap /etc/cinder/rootwrap.conf chmod ugo+rw /opt/stack/data/cinder/mnt/3b779455e406f53f9bbdb0a89f9b9be5/volume-595c8132-d893-45da-b036-323b78b62309" returned: 0 in 0.516s {{(pid=94213) execute /opt/stack/data/venv/lib/python3.12/site-packages/oslo_concurrency/processutils.py:468}}
Aug 17 21:42:30 devstack cinder-volume[94213]: DEBUG cinder.coordination [None req-dd5df30e-5793-4255-9fa1-db5be8820482 tempest-GroupsV314Test-383341735 None] Lock "cinder-quobyte-595c8132-d893-45da-b036-323b78b62309" released by "_copy_volume_from_snapshot" :: held 13.018s {{(pid=94213) __release /opt/stack/cinder/cinder/coordination.py:152}}
Aug 17 21:42:30 devstack cinder-volume[94213]: DEBUG cinder.coordination [None req-dd5df30e-5793-4255-9fa1-db5be8820482 tempest-GroupsV314Test-383341735 None] Acquiring lock "cinder-quobyte-c20d1bec-afee-415f-9c9b-46674b81649c" by "_delete_snapshot" {{(pid=94213) __acquire /opt/stack/cinder/cinder/coordination.py:138}}
Aug 17 21:42:30 devstack cinder-volume[94213]: DEBUG cinder.coordination [None req-dd5df30e-5793-4255-9fa1-db5be8820482 tempest-GroupsV314Test-383341735 None] Lock "cinder-quobyte-c20d1bec-afee-415f-9c9b-46674b81649c" acquired by "_delete_snapshot" :: waited 0.039s {{(pid=94213) __acquire /opt/stack/cinder/cinder/coordination.py:141}}
Aug 17 21:42:30 devstack cinder-volume[94213]: DEBUG cinder.volume.drivers.remotefs [None req-dd5df30e-5793-4255-9fa1-db5be8820482 tempest-GroupsV314Test-383341735 None] Deleting offline snapshot c20d1bec-afee-415f-9c9b-46674b81649c of volume 93d9a465-4fd4-48ee-b8a1-4410335ad301 {{(pid=94213) _delete_snapshot /opt/stack/cinder/cinder/volume/drivers/remotefs.py:1288}}
Aug 17 21:42:30 devstack cinder-volume[94213]: DEBUG cinder.volume.drivers.remotefs [None req-dd5df30e-5793-4255-9fa1-db5be8820482 tempest-GroupsV314Test-383341735 None] snapshot_file for this snap is: volume-93d9a465-4fd4-48ee-b8a1-4410335ad301.c20d1bec-afee-415f-9c9b-46674b81649c {{(pid=94213) _delete_snapshot /opt/stack/cinder/cinder/volume/drivers/remotefs.py:1317}}
Aug 17 21:42:30 devstack cinder-volume[94213]: DEBUG oslo.privsep.daemon [-] privsep: reply[902ac93e-e3ce-42a1-b604-cc9c6eb2f09d]: (4, 'qcow2') {{(pid=95843) _call_back /opt/stack/data/venv/lib/python3.12/site-packages/oslo_privsep/daemon.py:580}}
Aug 17 21:42:30 devstack cinder-volume[94213]: DEBUG oslo_concurrency.processutils [None req-dd5df30e-5793-4255-9fa1-db5be8820482 tempest-GroupsV314Test-383341735 None] Running cmd (subprocess): /opt/stack/data/venv/bin/python3.12 -m oslo_concurrency.prlimit --as=1073741824 --cpu=60 -- sudo cinder-rootwrap /etc/cinder/rootwrap.conf env LC_ALL=C qemu-img info -f qcow2 --output=json --force-share /opt/stack/data/cinder/mnt/3b779455e406f53f9bbdb0a89f9b9be5/volume-93d9a465-4fd4-48ee-b8a1-4410335ad301.c20d1bec-afee-415f-9c9b-46674b81649c {{(pid=94213) execute /opt/stack/data/venv/lib/python3.12/site-packages/oslo_concurrency/processutils.py:440}}
Aug 17 21:42:30 devstack sudo[101573]: quobyte : PWD=/ ; USER=root ; COMMAND=/opt/stack/data/venv/bin/cinder-rootwrap /etc/cinder/rootwrap.conf env LC_ALL=C qemu-img info -f qcow2 --output=json --force-share /opt/stack/data/cinder/mnt/3b779455e406f53f9bbdb0a89f9b9be5/volume-93d9a465-4fd4-48ee-b8a1-4410335ad301.c20d1bec-afee-415f-9c9b-46674b81649c
Aug 17 21:42:30 devstack sudo[101573]: pam_unix(sudo:session): session opened for user root(uid=0) by (uid=1000)
Aug 17 21:42:31 devstack sudo[101573]: pam_unix(sudo:session): session closed for user root
Aug 17 21:42:31 devstack cinder-volume[94213]: DEBUG oslo_concurrency.processutils [None req-dd5df30e-5793-4255-9fa1-db5be8820482 tempest-GroupsV314Test-383341735 None] CMD "/opt/stack/data/venv/bin/python3.12 -m oslo_concurrency.prlimit --as=1073741824 --cpu=60 -- sudo cinder-rootwrap /etc/cinder/rootwrap.conf env LC_ALL=C qemu-img info -f qcow2 --output=json --force-share /opt/stack/data/cinder/mnt/3b779455e406f53f9bbdb0a89f9b9be5/volume-93d9a465-4fd4-48ee-b8a1-4410335ad301.c20d1bec-afee-415f-9c9b-46674b81649c" returned: 0 in 0.556s {{(pid=94213) execute /opt/stack/data/venv/lib/python3.12/site-packages/oslo_concurrency/processutils.py:468}}
Aug 17 21:42:31 devstack cinder-volume[94213]: DEBUG cinder.volume.drivers.remotefs [None req-dd5df30e-5793-4255-9fa1-db5be8820482 tempest-GroupsV314Test-383341735 None] Fetching qemu-img info with special backing_file_template: (/opt/stack/data/cinder/mnt/[0-9a-f]+/)?(volume-93d9a465-4fd4-48ee-b8a1-4410335ad301(.(tmp-snap-)?[0-9a-f-]+)?|volume_from_snapshot_cache/(tmp-snap-)?[0-9a-f-]+(.(child-|parent-)[0-9a-f-]+)?)$ {{(pid=94213) _qemu_img_info_base /opt/stack/cinder/cinder/volume/drivers/remotefs.py:896}}
Aug 17 21:42:31 devstack cinder-volume[94213]: DEBUG oslo.privsep.daemon [-] privsep: reply[e278a1a3-98df-4eda-bb9e-8086d7ecb24d]: (4, 'qcow2') {{(pid=95843) _call_back /opt/stack/data/venv/lib/python3.12/site-packages/oslo_privsep/daemon.py:580}}
Aug 17 21:42:31 devstack cinder-volume[94213]: DEBUG oslo_concurrency.processutils [None req-dd5df30e-5793-4255-9fa1-db5be8820482 tempest-GroupsV314Test-383341735 None] Running cmd (subprocess): /opt/stack/data/venv/bin/python3.12 -m oslo_concurrency.prlimit --as=1073741824 --cpu=60 -- sudo cinder-rootwrap /etc/cinder/rootwrap.conf env LC_ALL=C qemu-img info -f qcow2 --output=json --force-share /opt/stack/data/cinder/mnt/3b779455e406f53f9bbdb0a89f9b9be5/volume-93d9a465-4fd4-48ee-b8a1-4410335ad301 {{(pid=94213) execute /opt/stack/data/venv/lib/python3.12/site-packages/oslo_concurrency/processutils.py:440}}
Aug 17 21:42:31 devstack sudo[101578]: quobyte : PWD=/ ; USER=root ; COMMAND=/opt/stack/data/venv/bin/cinder-rootwrap /etc/cinder/rootwrap.conf env LC_ALL=C qemu-img info -f qcow2 --output=json --force-share /opt/stack/data/cinder/mnt/3b779455e406f53f9bbdb0a89f9b9be5/volume-93d9a465-4fd4-48ee-b8a1-4410335ad301
Aug 17 21:42:31 devstack sudo[101578]: pam_unix(sudo:session): session opened for user root(uid=0) by (uid=1000)
Aug 17 21:42:31 devstack sudo[101578]: pam_unix(sudo:session): session closed for user root
Aug 17 21:42:31 devstack cinder-volume[94213]: DEBUG oslo_concurrency.processutils [None req-dd5df30e-5793-4255-9fa1-db5be8820482 tempest-GroupsV314Test-383341735 None] CMD "/opt/stack/data/venv/bin/python3.12 -m oslo_concurrency.prlimit --as=1073741824 --cpu=60 -- sudo cinder-rootwrap /etc/cinder/rootwrap.conf env LC_ALL=C qemu-img info -f qcow2 --output=json --force-share /opt/stack/data/cinder/mnt/3b779455e406f53f9bbdb0a89f9b9be5/volume-93d9a465-4fd4-48ee-b8a1-4410335ad301" returned: 0 in 0.620s {{(pid=94213) execute /opt/stack/data/venv/lib/python3.12/site-packages/oslo_concurrency/processutils.py:468}}
Aug 17 21:42:31 devstack cinder-volume[94213]: DEBUG oslo_concurrency.processutils [None req-dd5df30e-5793-4255-9fa1-db5be8820482 tempest-GroupsV314Test-383341735 None] Running cmd (subprocess): sudo cinder-rootwrap /etc/cinder/rootwrap.conf qemu-img commit -d /opt/stack/data/cinder/mnt/3b779455e406f53f9bbdb0a89f9b9be5/volume-93d9a465-4fd4-48ee-b8a1-4410335ad301.c20d1bec-afee-415f-9c9b-46674b81649c {{(pid=94213) execute /opt/stack/data/venv/lib/python3.12/site-packages/oslo_concurrency/processutils.py:440}}
Aug 17 21:42:31 devstack sudo[101584]: quobyte : PWD=/ ; USER=root ; COMMAND=/opt/stack/data/venv/bin/cinder-rootwrap /etc/cinder/rootwrap.conf qemu-img commit -d /opt/stack/data/cinder/mnt/3b779455e406f53f9bbdb0a89f9b9be5/volume-93d9a465-4fd4-48ee-b8a1-4410335ad301.c20d1bec-afee-415f-9c9b-46674b81649c
Aug 17 21:42:31 devstack sudo[101584]: pam_unix(sudo:session): session opened for user root(uid=0) by (uid=1000)
Aug 17 21:42:32 devstack sudo[101584]: pam_unix(sudo:session): session closed for user root
Aug 17 21:42:32 devstack cinder-volume[94213]: DEBUG oslo_concurrency.processutils [None req-dd5df30e-5793-4255-9fa1-db5be8820482 tempest-GroupsV314Test-383341735 None] CMD "sudo cinder-rootwrap /etc/cinder/rootwrap.conf qemu-img commit -d /opt/stack/data/cinder/mnt/3b779455e406f53f9bbdb0a89f9b9be5/volume-93d9a465-4fd4-48ee-b8a1-4410335ad301.c20d1bec-afee-415f-9c9b-46674b81649c" returned: 0 in 0.545s {{(pid=94213) execute /opt/stack/data/venv/lib/python3.12/site-packages/oslo_concurrency/processutils.py:468}}
Aug 17 21:42:32 devstack cinder-volume[94213]: DEBUG oslo_concurrency.processutils [None req-dd5df30e-5793-4255-9fa1-db5be8820482 tempest-GroupsV314Test-383341735 None] Running cmd (subprocess): sudo cinder-rootwrap /etc/cinder/rootwrap.conf rm -f /opt/stack/data/cinder/mnt/3b779455e406f53f9bbdb0a89f9b9be5/volume-93d9a465-4fd4-48ee-b8a1-4410335ad301.c20d1bec-afee-415f-9c9b-46674b81649c {{(pid=94213) execute /opt/stack/data/venv/lib/python3.12/site-packages/oslo_concurrency/processutils.py:440}}
Aug 17 21:42:32 devstack sudo[101590]: quobyte : PWD=/ ; USER=root ; COMMAND=/opt/stack/data/venv/bin/cinder-rootwrap /etc/cinder/rootwrap.conf rm -f /opt/stack/data/cinder/mnt/3b779455e406f53f9bbdb0a89f9b9be5/volume-93d9a465-4fd4-48ee-b8a1-4410335ad301.c20d1bec-afee-415f-9c9b-46674b81649c
Aug 17 21:42:32 devstack sudo[101590]: pam_unix(sudo:session): session opened for user root(uid=0) by (uid=1000)
Aug 17 21:42:32 devstack sudo[101590]: pam_unix(sudo:session): session closed for user root
Aug 17 21:42:32 devstack cinder-volume[94213]: DEBUG oslo_concurrency.processutils [None req-dd5df30e-5793-4255-9fa1-db5be8820482 tempest-GroupsV314Test-383341735 None] CMD "sudo cinder-rootwrap /etc/cinder/rootwrap.conf rm -f /opt/stack/data/cinder/mnt/3b779455e406f53f9bbdb0a89f9b9be5/volume-93d9a465-4fd4-48ee-b8a1-4410335ad301.c20d1bec-afee-415f-9c9b-46674b81649c" returned: 0 in 0.319s {{(pid=94213) execute /opt/stack/data/venv/lib/python3.12/site-packages/oslo_concurrency/processutils.py:468}}
Aug 17 21:42:32 devstack cinder-volume[94213]: DEBUG cinder.coordination [None req-dd5df30e-5793-4255-9fa1-db5be8820482 tempest-GroupsV314Test-383341735 None] Lock "cinder-quobyte-c20d1bec-afee-415f-9c9b-46674b81649c" released by "_delete_snapshot" :: held 2.189s {{(pid=94213) __release /opt/stack/cinder/cinder/coordination.py:152}}
Aug 17 21:42:32 devstack cinder-volume[94213]: DEBUG oslo_concurrency.lockutils [None req-dd5df30e-5793-4255-9fa1-db5be8820482 tempest-GroupsV314Test-383341735 None] Lock "quobyte" "released" by "cinder.volume.drivers.quobyte.QuobyteDriver.create_cloned_volume" :: held 19.432s {{(pid=94213) inner /opt/stack/data/venv/lib/python3.12/site-packages/oslo_concurrency/lockutils.py:544}}
Aug 17 21:42:32 devstack cinder-volume[94213]: INFO cinder.volume.manager [None req-dd5df30e-5793-4255-9fa1-db5be8820482 tempest-GroupsV314Test-383341735 None] Create group from source-group-5724783c-9136-4001-9c6c-793968a43676 completed successfully.
Aug 17 21:42:34 devstack cinder-volume[94213]: DEBUG cinder.coordination [None req-e5b5b0fd-57b9-4804-95c9-8f05d71f4991 tempest-GroupsV314Test-383341735 None] Acquiring lock "cinder-quobyte-595c8132-d893-45da-b036-323b78b62309" by "delete_volume" {{(pid=94213) __acquire /opt/stack/cinder/cinder/coordination.py:138}}
Aug 17 21:42:34 devstack cinder-volume[94213]: DEBUG cinder.coordination [None req-e5b5b0fd-57b9-4804-95c9-8f05d71f4991 tempest-GroupsV314Test-383341735 None] Lock "cinder-quobyte-595c8132-d893-45da-b036-323b78b62309" acquired by "delete_volume" :: waited 0.025s {{(pid=94213) __acquire /opt/stack/cinder/cinder/coordination.py:141}}
Aug 17 21:42:34 devstack cinder-volume[94213]: DEBUG oslo.privsep.daemon [-] privsep: reply[f83c9924-a78b-4d09-873c-8f1c88638569]: (4, 'qcow2') {{(pid=95843) _call_back /opt/stack/data/venv/lib/python3.12/site-packages/oslo_privsep/daemon.py:580}}
Aug 17 21:42:34 devstack cinder-volume[94213]: DEBUG oslo_concurrency.processutils [None req-e5b5b0fd-57b9-4804-95c9-8f05d71f4991 tempest-GroupsV314Test-383341735 None] Running cmd (subprocess): /opt/stack/data/venv/bin/python3.12 -m oslo_concurrency.prlimit --as=1073741824 --cpu=60 -- sudo cinder-rootwrap /etc/cinder/rootwrap.conf env LC_ALL=C qemu-img info -f qcow2 --output=json --force-share /opt/stack/data/cinder/mnt/3b779455e406f53f9bbdb0a89f9b9be5/volume-595c8132-d893-45da-b036-323b78b62309 {{(pid=94213) execute /opt/stack/data/venv/lib/python3.12/site-packages/oslo_concurrency/processutils.py:440}}
Aug 17 21:42:34 devstack sudo[101593]: quobyte : PWD=/ ; USER=root ; COMMAND=/opt/stack/data/venv/bin/cinder-rootwrap /etc/cinder/rootwrap.conf env LC_ALL=C qemu-img info -f qcow2 --output=json --force-share /opt/stack/data/cinder/mnt/3b779455e406f53f9bbdb0a89f9b9be5/volume-595c8132-d893-45da-b036-323b78b62309
Aug 17 21:42:34 devstack sudo[101593]: pam_unix(sudo:session): session opened for user root(uid=0) by (uid=1000)
Aug 17 21:42:34 devstack sudo[101593]: pam_unix(sudo:session): session closed for user root
Aug 17 21:42:34 devstack cinder-volume[94213]: DEBUG oslo_concurrency.processutils [None req-e5b5b0fd-57b9-4804-95c9-8f05d71f4991 tempest-GroupsV314Test-383341735 None] CMD "/opt/stack/data/venv/bin/python3.12 -m oslo_concurrency.prlimit --as=1073741824 --cpu=60 -- sudo cinder-rootwrap /etc/cinder/rootwrap.conf env LC_ALL=C qemu-img info -f qcow2 --output=json --force-share /opt/stack/data/cinder/mnt/3b779455e406f53f9bbdb0a89f9b9be5/volume-595c8132-d893-45da-b036-323b78b62309" returned: 0 in 0.414s {{(pid=94213) execute /opt/stack/data/venv/lib/python3.12/site-packages/oslo_concurrency/processutils.py:468}}
Aug 17 21:42:34 devstack cinder-volume[94213]: DEBUG oslo_concurrency.processutils [None req-e5b5b0fd-57b9-4804-95c9-8f05d71f4991 tempest-GroupsV314Test-383341735 None] Running cmd (subprocess): sudo cinder-rootwrap /etc/cinder/rootwrap.conf rm -f /opt/stack/data/cinder/mnt/3b779455e406f53f9bbdb0a89f9b9be5/volume-595c8132-d893-45da-b036-323b78b62309 {{(pid=94213) execute /opt/stack/data/venv/lib/python3.12/site-packages/oslo_concurrency/processutils.py:440}}
Aug 17 21:42:34 devstack sudo[101599]: quobyte : PWD=/ ; USER=root ; COMMAND=/opt/stack/data/venv/bin/cinder-rootwrap /etc/cinder/rootwrap.conf rm -f /opt/stack/data/cinder/mnt/3b779455e406f53f9bbdb0a89f9b9be5/volume-595c8132-d893-45da-b036-323b78b62309
Aug 17 21:42:34 devstack sudo[101599]: pam_unix(sudo:session): session opened for user root(uid=0) by (uid=1000)
Aug 17 21:42:34 devstack sudo[101599]: pam_unix(sudo:session): session closed for user root
Aug 17 21:42:34 devstack cinder-volume[94213]: DEBUG oslo_concurrency.processutils [None req-e5b5b0fd-57b9-4804-95c9-8f05d71f4991 tempest-GroupsV314Test-383341735 None] CMD "sudo cinder-rootwrap /etc/cinder/rootwrap.conf rm -f /opt/stack/data/cinder/mnt/3b779455e406f53f9bbdb0a89f9b9be5/volume-595c8132-d893-45da-b036-323b78b62309" returned: 0 in 0.287s {{(pid=94213) execute /opt/stack/data/venv/lib/python3.12/site-packages/oslo_concurrency/processutils.py:468}}
Aug 17 21:42:34 devstack cinder-volume[94213]: DEBUG cinder.coordination [None req-e5b5b0fd-57b9-4804-95c9-8f05d71f4991 tempest-GroupsV314Test-383341735 None] Lock "cinder-quobyte-595c8132-d893-45da-b036-323b78b62309" released by "delete_volume" :: held 0.761s {{(pid=94213) __release /opt/stack/cinder/cinder/coordination.py:152}}
Aug 17 21:42:34 devstack cinder-volume[94213]: DEBUG cinder.quota [None req-e5b5b0fd-57b9-4804-95c9-8f05d71f4991 tempest-GroupsV314Test-383341735 None] Created reservations ['bd622382-f1ca-4328-b50d-e6aca1ecf8ae'] {{(pid=94213) reserve /opt/stack/cinder/cinder/quota.py:752}}
Aug 17 21:42:34 devstack cinder-volume[94213]: WARNING cinder.quota [None req-e5b5b0fd-57b9-4804-95c9-8f05d71f4991 tempest-GroupsV314Test-383341735 None] Deprecated: Default quota for resource: volumes_tempest-GroupsV314Test-volume-type-578700426 is set by the default quota flag: quota_volumes_tempest-GroupsV314Test-volume-type-578700426, it is now deprecated. Please use the default quota class for default quota.
Aug 17 21:42:34 devstack cinder-volume[94213]: WARNING cinder.quota [None req-e5b5b0fd-57b9-4804-95c9-8f05d71f4991 tempest-GroupsV314Test-383341735 None] Deprecated: Default quota for resource: gigabytes_tempest-GroupsV314Test-volume-type-578700426 is set by the default quota flag: quota_gigabytes_tempest-GroupsV314Test-volume-type-578700426, it is now deprecated. Please use the default quota class for default quota.
Aug 17 21:42:34 devstack cinder-volume[94213]: DEBUG cinder.quota [None req-e5b5b0fd-57b9-4804-95c9-8f05d71f4991 tempest-GroupsV314Test-383341735 None] Created reservations ['4b497b45-997a-4c81-a277-cdfd62f807f2', '56c7bfd1-be7f-4fc1-8233-1c345df9daac', '537c495a-aae1-4f20-8828-3bc6de1aa9bb', '729873e7-d939-466a-9489-cfd320e47fe7'] {{(pid=94213) reserve /opt/stack/cinder/cinder/quota.py:752}}
Aug 17 21:42:35 devstack cinder-volume[94213]: DEBUG oslo_concurrency.lockutils [None req-e5b5b0fd-57b9-4804-95c9-8f05d71f4991 tempest-GroupsV314Test-383341735 None] Acquiring lock "quobyte_ensure" by "cinder.volume.drivers.quobyte.QuobyteDriver._ensure_shares_mounted" {{(pid=94213) inner /opt/stack/data/venv/lib/python3.12/site-packages/oslo_concurrency/lockutils.py:512}}
Aug 17 21:42:35 devstack cinder-volume[94213]: DEBUG oslo_concurrency.lockutils [None req-e5b5b0fd-57b9-4804-95c9-8f05d71f4991 tempest-GroupsV314Test-383341735 None] Lock "quobyte_ensure" acquired by "cinder.volume.drivers.quobyte.QuobyteDriver._ensure_shares_mounted" :: waited 0.001s {{(pid=94213) inner /opt/stack/data/venv/lib/python3.12/site-packages/oslo_concurrency/lockutils.py:525}}
Aug 17 21:42:35 devstack cinder-volume[94213]: DEBUG cinder.volume.drivers.quobyte [None req-e5b5b0fd-57b9-4804-95c9-8f05d71f4991 tempest-GroupsV314Test-383341735 None] Quobyte Volume URL set to: {'osci02.corp.quobyte.com/cinder-vol-b9890745-bbe9-44f8-854f-28ff34aaa123': None} {{(pid=94213) _load_shares_config /opt/stack/cinder/cinder/volume/drivers/quobyte.py:665}}
Aug 17 21:42:35 devstack cinder-volume[94213]: DEBUG cinder.volume.drivers.quobyte [None req-e5b5b0fd-57b9-4804-95c9-8f05d71f4991 tempest-GroupsV314Test-383341735 None] Available shares ['osci02.corp.quobyte.com/cinder-vol-b9890745-bbe9-44f8-854f-28ff34aaa123'] {{(pid=94213) _ensure_shares_mounted /opt/stack/cinder/cinder/volume/drivers/quobyte.py:695}}
Aug 17 21:42:35 devstack cinder-volume[94213]: DEBUG oslo_concurrency.lockutils [None req-e5b5b0fd-57b9-4804-95c9-8f05d71f4991 tempest-GroupsV314Test-383341735 None] Lock "quobyte_ensure" "released" by "cinder.volume.drivers.quobyte.QuobyteDriver._ensure_shares_mounted" :: held 0.009s {{(pid=94213) inner /opt/stack/data/venv/lib/python3.12/site-packages/oslo_concurrency/lockutils.py:544}}
