Jul 09 09:52:35 devstack devstack@g-api.service[76378]: DEBUG glance.common.config [None req-7a4fd8e1-09f4-4053-a6ad-a995b0ca2a89 None None] barbican_service_user.keyfile = None {{(pid=76378) log_opt_values /opt/stack/data/venv/lib/python3.12/site-packages/oslo_config/cfg.py:3253}}
Jul 09 09:52:35 devstack devstack@g-api.service[76378]: DEBUG glance.common.config [None req-7a4fd8e1-09f4-4053-a6ad-a995b0ca2a89 None None] barbican_service_user.split_loggers = False {{(pid=76378) log_opt_values /opt/stack/data/venv/lib/python3.12/site-packages/oslo_config/cfg.py:3253}}
Jul 09 09:52:35 devstack devstack@g-api.service[76378]: DEBUG glance.common.config [None req-7a4fd8e1-09f4-4053-a6ad-a995b0ca2a89 None None] barbican_service_user.timeout = None {{(pid=76378) log_opt_values /opt/stack/data/venv/lib/python3.12/site-packages/oslo_config/cfg.py:3253}}
Jul 09 09:52:35 devstack devstack@g-api.service[76378]: DEBUG glance.common.config [None req-7a4fd8e1-09f4-4053-a6ad-a995b0ca2a89 None None] database.asyncio_connection = **** {{(pid=76378) log_opt_values /opt/stack/data/venv/lib/python3.12/site-packages/oslo_config/cfg.py:3253}}
Jul 09 09:52:35 devstack devstack@g-api.service[76378]: DEBUG glance.common.config [None req-7a4fd8e1-09f4-4053-a6ad-a995b0ca2a89 None None] database.asyncio_slave_connection = **** {{(pid=76378) log_opt_values /opt/stack/data/venv/lib/python3.12/site-packages/oslo_config/cfg.py:3253}}
Jul 09 09:52:35 devstack devstack@g-api.service[76378]: DEBUG glance.common.config [None req-7a4fd8e1-09f4-4053-a6ad-a995b0ca2a89 None None] database.backend = sqlalchemy {{(pid=76378) log_opt_values /opt/stack/data/venv/lib/python3.12/site-packages/oslo_config/cfg.py:3253}}
Jul 09 09:52:35 devstack devstack@g-api.service[76378]: DEBUG glance.common.config [None req-7a4fd8e1-09f4-4053-a6ad-a995b0ca2a89 None None] database.connection = **** {{(pid=76378) log_opt_values /opt/stack/data/venv/lib/python3.12/site-packages/oslo_config/cfg.py:3253}}
Jul 09 09:52:35 devstack devstack@g-api.service[76378]: DEBUG glance.common.config [None req-7a4fd8e1-09f4-4053-a6ad-a995b0ca2a89 None None] database.connection_debug = 0 {{(pid=76378) log_opt_values /opt/stack/data/venv/lib/python3.12/site-packages/oslo_config/cfg.py:3253}}
Jul 09 09:52:35 devstack devstack@g-api.service[76378]: DEBUG glance.common.config [None req-7a4fd8e1-09f4-4053-a6ad-a995b0ca2a89 None None] database.connection_parameters = {{(pid=76378) log_opt_values /opt/stack/data/venv/lib/python3.12/site-packages/oslo_config/cfg.py:3253}}
Jul 09 09:52:35 devstack devstack@g-api.service[76378]: DEBUG glance.common.config [None req-7a4fd8e1-09f4-4053-a6ad-a995b0ca2a89 None None] database.connection_recycle_time = 3600 {{(pid=76378) log_opt_values /opt/stack/data/venv/lib/python3.12/site-packages/oslo_config/cfg.py:3253}}
Jul 09 09:52:35 devstack devstack@g-api.service[76378]: DEBUG glance.common.config [None req-7a4fd8e1-09f4-4053-a6ad-a995b0ca2a89 None None] database.connection_trace = False {{(pid=76378) log_opt_values /opt/stack/data/venv/lib/python3.12/site-packages/oslo_config/cfg.py:3253}}
Jul 09 09:52:35 devstack devstack@g-api.service[76378]: DEBUG glance.common.config [None req-7a4fd8e1-09f4-4053-a6ad-a995b0ca2a89 None None] database.db_inc_retry_interval = True {{(pid=76378) log_opt_values /opt/stack/data/venv/lib/python3.12/site-packages/oslo_config/cfg.py:3253}}
Jul 09 09:52:35 devstack devstack@g-api.service[76378]: DEBUG glance.common.config [None req-7a4fd8e1-09f4-4053-a6ad-a995b0ca2a89 None None] database.db_max_retries = 20 {{(pid=76378) log_opt_values /opt/stack/data/venv/lib/python3.12/site-packages/oslo_config/cfg.py:3253}}
Jul 09 09:52:35 devstack devstack@g-api.service[76378]: DEBUG glance.common.config [None req-7a4fd8e1-09f4-4053-a6ad-a995b0ca2a89 None None] database.db_max_retry_interval = 10 {{(pid=76378) log_opt_values /opt/stack/data/venv/lib/python3.12/site-packages/oslo_config/cfg.py:3253}}
Jul 09 09:52:35 devstack devstack@g-api.service[76378]: DEBUG glance.common.config [None req-7a4fd8e1-09f4-4053-a6ad-a995b0ca2a89 None None] database.db_retry_interval = 1 {{(pid=76378) log_opt_values /opt/stack/data/venv/lib/python3.12/site-packages/oslo_config/cfg.py:3253}}
Jul 09 09:52:35 devstack devstack@g-api.service[76378]: DEBUG glance.common.config [None req-7a4fd8e1-09f4-4053-a6ad-a995b0ca2a89 None None] database.max_overflow = 50 {{(pid=76378) log_opt_values /opt/stack/data/venv/lib/python3.12/site-packages/oslo_config/cfg.py:3253}}
Jul 09 09:52:35 devstack devstack@g-api.service[76378]: DEBUG glance.common.config [None req-7a4fd8e1-09f4-4053-a6ad-a995b0ca2a89 None None] database.max_pool_size = 5 {{(pid=76378) log_opt_values /opt/stack/data/venv/lib/python3.12/site-packages/oslo_config/cfg.py:3253}}
Jul 09 09:52:35 devstack devstack@g-api.service[76378]: DEBUG glance.common.config [None req-7a4fd8e1-09f4-4053-a6ad-a995b0ca2a89 None None] database.max_retries = 10 {{(pid=76378) log_opt_values /opt/stack/data/venv/lib/python3.12/site-packages/oslo_config/cfg.py:3253}}
Jul 09 09:52:35 devstack devstack@g-api.service[76378]: DEBUG glance.common.config [None req-7a4fd8e1-09f4-4053-a6ad-a995b0ca2a89 None None] database.mysql_sql_mode = TRADITIONAL {{(pid=76378) log_opt_values /opt/stack/data/venv/lib/python3.12/site-packages/oslo_config/cfg.py:3253}}
Jul 09 09:52:35 devstack devstack@g-api.service[76378]: DEBUG glance.common.config [None req-7a4fd8e1-09f4-4053-a6ad-a995b0ca2a89 None None] database.mysql_wsrep_sync_wait = None {{(pid=76378) log_opt_values /opt/stack/data/venv/lib/python3.12/site-packages/oslo_config/cfg.py:3253}}
Jul 09 09:52:35 devstack devstack@g-api.service[76378]: DEBUG glance.common.config [None req-7a4fd8e1-09f4-4053-a6ad-a995b0ca2a89 None None] database.pool_timeout = None {{(pid=76378) log_opt_values /opt/stack/data/venv/lib/python3.12/site-packages/oslo_config/cfg.py:3253}}
Jul 09 09:52:35 devstack devstack@g-api.service[76378]: DEBUG glance.common.config [None req-7a4fd8e1-09f4-4053-a6ad-a995b0ca2a89 None None] database.retry_interval = 10 {{(pid=76378) log_opt_values /opt/stack/data/venv/lib/python3.12/site-packages/oslo_config/cfg.py:3253}}
Jul 09 09:52:35 devstack devstack@g-api.service[76378]: DEBUG glance.common.config [None req-7a4fd8e1-09f4-4053-a6ad-a995b0ca2a89 None None] database.slave_connection = **** {{(pid=76378) log_opt_values /opt/stack/data/venv/lib/python3.12/site-packages/oslo_config/cfg.py:3253}}
Jul 09 09:52:35 devstack devstack@g-api.service[76378]: DEBUG glance.common.config [None req-7a4fd8e1-09f4-4053-a6ad-a995b0ca2a89 None None] database.sqlite_synchronous = True {{(pid=76378) log_opt_values /opt/stack/data/venv/lib/python3.12/site-packages/oslo_config/cfg.py:3253}}
Jul 09 09:52:35 devstack devstack@g-api.service[76378]: DEBUG glance.common.config [None req-7a4fd8e1-09f4-4053-a6ad-a995b0ca2a89 None None] database.synchronous_reader = True {{(pid=76378) log_opt_values /opt/stack/data/venv/lib/python3.12/site-packages/oslo_config/cfg.py:3253}}
Jul 09 09:52:35 devstack devstack@g-api.service[76378]: DEBUG glance.common.config [None req-7a4fd8e1-09f4-4053-a6ad-a995b0ca2a89 None None] database.use_db_reconnect = False {{(pid=76378) log_opt_values /opt/stack/data/venv/lib/python3.12/site-packages/oslo_config/cfg.py:3253}}
Jul 09 09:52:35 devstack devstack@g-api.service[76378]: DEBUG glance.common.config [None req-7a4fd8e1-09f4-4053-a6ad-a995b0ca2a89 None None] healthcheck.allowed_source_ranges = [] {{(pid=76378) log_opt_values /opt/stack/data/venv/lib/python3.12/site-packages/oslo_config/cfg.py:3253}}
Jul 09 09:52:35 devstack devstack@g-api.service[76378]: DEBUG glance.common.config [None req-7a4fd8e1-09f4-4053-a6ad-a995b0ca2a89 None None] healthcheck.backends = ['disable_by_file'] {{(pid=76378) log_opt_values /opt/stack/data/venv/lib/python3.12/site-packages/oslo_config/cfg.py:3253}}
Jul 09 09:52:35 devstack devstack@g-api.service[76378]: DEBUG glance.common.config [None req-7a4fd8e1-09f4-4053-a6ad-a995b0ca2a89 None None] healthcheck.detailed = False {{(pid=76378) log_opt_values /opt/stack/data/venv/lib/python3.12/site-packages/oslo_config/cfg.py:3253}}
Jul 09 09:52:35 devstack devstack@g-api.service[76378]: DEBUG glance.common.config [None req-7a4fd8e1-09f4-4053-a6ad-a995b0ca2a89 None None] healthcheck.disable_by_file_path = None {{(pid=76378) log_opt_values /opt/stack/data/venv/lib/python3.12/site-packages/oslo_config/cfg.py:3253}}
Jul 09 09:52:35 devstack devstack@g-api.service[76378]: DEBUG glance.common.config [None req-7a4fd8e1-09f4-4053-a6ad-a995b0ca2a89 None None] healthcheck.ignore_proxied_requests = False {{(pid=76378) log_opt_values /opt/stack/data/venv/lib/python3.12/site-packages/oslo_config/cfg.py:3253}}
Jul 09 09:52:35 devstack devstack@g-api.service[76378]: DEBUG glance.common.config [None req-7a4fd8e1-09f4-4053-a6ad-a995b0ca2a89 None None] ******************************************************************************** {{(pid=76378) log_opt_values /opt/stack/data/venv/lib/python3.12/site-packages/oslo_config/cfg.py:3260}}
Jul 09 09:52:35 devstack devstack@g-api.service[76378]: WSGI app 0 (mountpoint='') ready in 6 seconds on interpreter 0x71fa468a4668 pid: 76378 (default app)
Jul 09 09:52:39 devstack devstack@g-api.service[76377]: DEBUG glance.api.middleware.version_negotiation [None req-a114e6fc-1ee0-403f-a184-f1a0537d0622 None None] Determining version of request: GET / Accept: application/json {{(pid=76377) process_request /opt/stack/glance/glance/api/middleware/version_negotiation.py:44}}
Jul 09 09:52:39 devstack devstack@g-api.service[76377]: DEBUG glance.api.middleware.version_negotiation [None req-a114e6fc-1ee0-403f-a184-f1a0537d0622 None None] Using url versioning {{(pid=76377) process_request /opt/stack/glance/glance/api/middleware/version_negotiation.py:57}}
Jul 09 09:52:39 devstack devstack@g-api.service[76377]: DEBUG glance.api.middleware.version_negotiation [None req-a114e6fc-1ee0-403f-a184-f1a0537d0622 None None] Unknown version. Returning version choices. {{(pid=76377) process_request /opt/stack/glance/glance/api/middleware/version_negotiation.py:64}}
Jul 09 09:52:39 devstack devstack@g-api.service[76377]: [pid: 76377|app: 0|req: 2/2] 127.0.0.1 () {34 vars in 516 bytes} [Thu Jul 9 09:52:39 2026] GET / => generated 1557 bytes in 2 msecs (HTTP/1.1 300) 3 headers in 106 bytes (1 switches on core 0)
Jul 09 09:52:39 devstack devstack@g-api.service[76378]: DEBUG glance.api.middleware.version_negotiation [None req-7a4fd8e1-09f4-4053-a6ad-a995b0ca2a89 None None] Determining version of request: POST /v2/images Accept: */* {{(pid=76378) process_request /opt/stack/glance/glance/api/middleware/version_negotiation.py:44}}
Jul 09 09:52:39 devstack devstack@g-api.service[76378]: DEBUG glance.api.middleware.version_negotiation [None req-7a4fd8e1-09f4-4053-a6ad-a995b0ca2a89 None None] Using url versioning {{(pid=76378) process_request /opt/stack/glance/glance/api/middleware/version_negotiation.py:57}}
Jul 09 09:52:39 devstack devstack@g-api.service[76378]: DEBUG glance.api.middleware.version_negotiation [None req-7a4fd8e1-09f4-4053-a6ad-a995b0ca2a89 None None] Matched version: v2 {{(pid=76378) process_request /opt/stack/glance/glance/api/middleware/version_negotiation.py:69}}
Jul 09 09:52:39 devstack devstack@g-api.service[76378]: DEBUG glance.api.middleware.version_negotiation [None req-7a4fd8e1-09f4-4053-a6ad-a995b0ca2a89 None None] new path /v2/images {{(pid=76378) process_request /opt/stack/glance/glance/api/middleware/version_negotiation.py:70}}
Jul 09 09:52:40 devstack devstack@g-api.service[76378]: [pid: 76378|app: 0|req: 1/3] 127.0.0.1 () {40 vars in 779 bytes} [Thu Jul 9 09:52:39 2026] POST /v2/images => generated 807 bytes in 1188 msecs (HTTP/1.1 201) 6 headers in 314 bytes (1 switches on core 0)
Jul 09 09:52:40 devstack devstack@g-api.service[76377]: DEBUG glance.api.middleware.version_negotiation [None req-a114e6fc-1ee0-403f-a184-f1a0537d0622 None None] Determining version of request: PUT /v2/images/fa7e3e1d-94aa-4e9d-9686-9cd6ad72b4a1/file Accept: {{(pid=76377) process_request /opt/stack/glance/glance/api/middleware/version_negotiation.py:44}}
Jul 09 09:52:40 devstack devstack@g-api.service[76377]: DEBUG glance.api.middleware.version_negotiation [None req-a114e6fc-1ee0-403f-a184-f1a0537d0622 None None] Using url versioning {{(pid=76377) process_request /opt/stack/glance/glance/api/middleware/version_negotiation.py:57}}
Jul 09 09:52:40 devstack devstack@g-api.service[76377]: DEBUG glance.api.middleware.version_negotiation [None req-a114e6fc-1ee0-403f-a184-f1a0537d0622 None None] Matched version: v2 {{(pid=76377) process_request /opt/stack/glance/glance/api/middleware/version_negotiation.py:69}}
Jul 09 09:52:40 devstack devstack@g-api.service[76377]: DEBUG glance.api.middleware.version_negotiation [None req-a114e6fc-1ee0-403f-a184-f1a0537d0622 None None] new path /v2/images/fa7e3e1d-94aa-4e9d-9686-9cd6ad72b4a1/file {{(pid=76377) process_request /opt/stack/glance/glance/api/middleware/version_negotiation.py:70}}
Jul 09 09:52:41 devstack devstack@g-api.service[76377]: INFO glance.api.v2.image_data [None req-cdb5f105-f8ce-45ce-b4f9-645f31d8ee9a admin admin] Unable to create trust: no such option collect_timing in group [keystone_authtoken] Use the existing user token.
Jul 09 09:52:42 devstack devstack@g-api.service[76377]: DEBUG glance.location [None req-cdb5f105-f8ce-45ce-b4f9-645f31d8ee9a admin admin] Enabling in-flight format inspection for qcow2 {{(pid=76377) set_data /opt/stack/glance/glance/location.py:596}}
Jul 09 09:52:42 devstack devstack@g-api.service[76377]: DEBUG oslo_utils.imageutils.format_inspector [None req-cdb5f105-f8ce-45ce-b4f9-645f31d8ee9a admin admin] Format inspector for vmdk does not match, excluding from consideration (Signature KDMV not found: b'QFI\xfb') {{(pid=76377) _process_chunk /opt/stack/data/venv/lib/python3.12/site-packages/oslo_utils/imageutils/format_inspector.py:1758}}
Jul 09 09:52:42 devstack devstack@g-api.service[76377]: DEBUG oslo_utils.imageutils.format_inspector [None req-cdb5f105-f8ce-45ce-b4f9-645f31d8ee9a admin admin] Format inspector for vhdx does not match, excluding from consideration (Region signature not found at 30000) {{(pid=76377) _process_chunk /opt/stack/data/venv/lib/python3.12/site-packages/oslo_utils/imageutils/format_inspector.py:1758}}
Jul 09 09:52:42 devstack devstack@g-api.service[76377]: DEBUG glance_store._drivers.filesystem [None req-cdb5f105-f8ce-45ce-b4f9-645f31d8ee9a admin admin] Wrote 21692416 bytes to /opt/stack/data/glance/images/fa7e3e1d-94aa-4e9d-9686-9cd6ad72b4a1 with checksum 87617e24a5e30cb3b87fda8c0764838f and multihash 9a9bce0083a00939ec17c11febbfc767aa211aaa54f51e75c5a8b271a9b5637c77205a518b7a2007cb391d23cceb01e0e4e8d64832317151bc85b734b92a7be0 {{(pid=76377) add /opt/stack/data/venv/lib/python3.12/site-packages/glance_store/_drivers/filesystem.py:899}}
Jul 09 09:52:42 devstack devstack@g-api.service[76377]: INFO glance.location [None req-cdb5f105-f8ce-45ce-b4f9-645f31d8ee9a admin admin] Image format matched and virtual size computed: 117440512
Jul 09 09:52:42 devstack devstack@g-api.service[76377]: DEBUG glance_store.backend [None req-cdb5f105-f8ce-45ce-b4f9-645f31d8ee9a admin admin] Skipping store.set_acls... not implemented. {{(pid=76377) set_acls /opt/stack/data/venv/lib/python3.12/site-packages/glance_store/backend.py:507}}
Jul 09 09:52:42 devstack devstack@g-api.service[76377]: [pid: 76377|app: 0|req: 3/4] 127.0.0.1 () {40 vars in 872 bytes} [Thu Jul 9 09:52:40 2026] PUT /v2/images/fa7e3e1d-94aa-4e9d-9686-9cd6ad72b4a1/file => generated 0 bytes in 1793 msecs (HTTP/1.1 204) 4 headers in 171 bytes (1 switches on core 0)
Jul 09 09:52:42 devstack devstack@g-api.service[76378]: DEBUG glance.api.middleware.version_negotiation [None req-a86024e5-dba6-4d13-8e83-fb4ef986553f admin admin] Determining version of request: GET /v2/images/fa7e3e1d-94aa-4e9d-9686-9cd6ad72b4a1 Accept: */* {{(pid=76378) process_request /opt/stack/glance/glance/api/middleware/version_negotiation.py:44}}
Jul 09 09:52:42 devstack devstack@g-api.service[76378]: DEBUG glance.api.middleware.version_negotiation [None req-a86024e5-dba6-4d13-8e83-fb4ef986553f admin admin] Using url versioning {{(pid=76378) process_request /opt/stack/glance/glance/api/middleware/version_negotiation.py:57}}
Jul 09 09:52:42 devstack devstack@g-api.service[76378]: DEBUG glance.api.middleware.version_negotiation [None req-a86024e5-dba6-4d13-8e83-fb4ef986553f admin admin] Matched version: v2 {{(pid=76378) process_request /opt/stack/glance/glance/api/middleware/version_negotiation.py:69}}
Jul 09 09:52:42 devstack devstack@g-api.service[76378]: DEBUG glance.api.middleware.version_negotiation [None req-a86024e5-dba6-4d13-8e83-fb4ef986553f admin admin] new path /v2/images/fa7e3e1d-94aa-4e9d-9686-9cd6ad72b4a1 {{(pid=76378) process_request /opt/stack/glance/glance/api/middleware/version_negotiation.py:70}}
Jul 09 09:52:42 devstack devstack@g-api.service[76378]: [pid: 76378|app: 0|req: 2/5] 127.0.0.1 () {36 vars in 799 bytes} [Thu Jul 9 09:52:42 2026] GET /v2/images/fa7e3e1d-94aa-4e9d-9686-9cd6ad72b4a1 => generated 976 bytes in 27 msecs (HTTP/1.1 200) 4 headers in 157 bytes (1 switches on core 0)
Jul 09 09:52:52 devstack devstack@g-api.service[76377]: DEBUG dbcounter [-] [76377] Writing DB stats glance:INSERT=5,glance:SELECT=16,glance:UPDATE=2 {{(pid=76377) stat_writer /opt/stack/data/venv/lib/python3.12/site-packages/dbcounter.py:115}}
Jul 09 09:52:52 devstack devstack@g-api.service[76378]: DEBUG dbcounter [-] [76378] Writing DB stats glance:INSERT=9,glance:SELECT=6 {{(pid=76378) stat_writer /opt/stack/data/venv/lib/python3.12/site-packages/dbcounter.py:115}}
Jul 09 09:53:30 devstack devstack@g-api.service[76377]: DEBUG glance.api.middleware.version_negotiation [None req-cdb5f105-f8ce-45ce-b4f9-645f31d8ee9a admin admin] Determining version of request: GET / Accept: application/json {{(pid=76377) process_request /opt/stack/glance/glance/api/middleware/version_negotiation.py:44}}
Jul 09 09:53:30 devstack devstack@g-api.service[76377]: DEBUG glance.api.middleware.version_negotiation [None req-cdb5f105-f8ce-45ce-b4f9-645f31d8ee9a admin admin] Using url versioning {{(pid=76377) process_request /opt/stack/glance/glance/api/middleware/version_negotiation.py:57}}
Jul 09 09:53:30 devstack devstack@g-api.service[76377]: DEBUG glance.api.middleware.version_negotiation [None req-cdb5f105-f8ce-45ce-b4f9-645f31d8ee9a admin admin] Unknown version. Returning version choices. {{(pid=76377) process_request /opt/stack/glance/glance/api/middleware/version_negotiation.py:64}}
Jul 09 09:53:30 devstack devstack@g-api.service[76377]: [pid: 76377|app: 0|req: 4/6] 127.0.0.1 () {34 vars in 516 bytes} [Thu Jul 9 09:53:30 2026] GET / => generated 1557 bytes in 2 msecs (HTTP/1.1 300) 3 headers in 106 bytes (1 switches on core 0)
Jul 09 09:53:30 devstack devstack@g-api.service[76378]: DEBUG glance.api.middleware.version_negotiation [None req-d84e0ce7-4a44-48af-8a37-f615ebcdf82c admin admin] Determining version of request: GET /v2/images Accept: application/json {{(pid=76378) process_request /opt/stack/glance/glance/api/middleware/version_negotiation.py:44}}
Jul 09 09:53:30 devstack devstack@g-api.service[76378]: DEBUG glance.api.middleware.version_negotiation [None req-d84e0ce7-4a44-48af-8a37-f615ebcdf82c admin admin] Using url versioning {{(pid=76378) process_request /opt/stack/glance/glance/api/middleware/version_negotiation.py:57}}
Jul 09 09:53:30 devstack devstack@g-api.service[76378]: DEBUG glance.api.middleware.version_negotiation [None req-d84e0ce7-4a44-48af-8a37-f615ebcdf82c admin admin] Matched version: v2 {{(pid=76378) process_request /opt/stack/glance/glance/api/middleware/version_negotiation.py:69}}
Jul 09 09:53:30 devstack devstack@g-api.service[76378]: DEBUG glance.api.middleware.version_negotiation [None req-d84e0ce7-4a44-48af-8a37-f615ebcdf82c admin admin] new path /v2/images {{(pid=76378) process_request /opt/stack/glance/glance/api/middleware/version_negotiation.py:70}}
Jul 09 09:53:30 devstack devstack@g-api.service[76378]: [pid: 76378|app: 0|req: 3/7] 127.0.0.1 () {36 vars in 738 bytes} [Thu Jul 9 09:53:30 2026] GET /v2/images => generated 1045 bytes in 90 msecs (HTTP/1.1 200) 4 headers in 158 bytes (1 switches on core 0)
Jul 09 09:53:40 devstack devstack@g-api.service[76378]: DEBUG dbcounter [-] [76378] Writing DB stats glance:SELECT=1 {{(pid=76378) stat_writer /opt/stack/data/venv/lib/python3.12/site-packages/dbcounter.py:115}}
Jul 09 09:53:40 devstack devstack@g-api.service[76377]: DEBUG glance.api.middleware.version_negotiation [None req-cdb5f105-f8ce-45ce-b4f9-645f31d8ee9a admin admin] Determining version of request: GET / Accept: application/json {{(pid=76377) process_request /opt/stack/glance/glance/api/middleware/version_negotiation.py:44}}
Jul 09 09:53:40 devstack devstack@g-api.service[76377]: DEBUG glance.api.middleware.version_negotiation [None req-cdb5f105-f8ce-45ce-b4f9-645f31d8ee9a admin admin] Using url versioning {{(pid=76377) process_request /opt/stack/glance/glance/api/middleware/version_negotiation.py:57}}
Jul 09 09:53:40 devstack devstack@g-api.service[76377]: DEBUG glance.api.middleware.version_negotiation [None req-cdb5f105-f8ce-45ce-b4f9-645f31d8ee9a admin admin] Unknown version. Returning version choices. {{(pid=76377) process_request /opt/stack/glance/glance/api/middleware/version_negotiation.py:64}}
Jul 09 09:53:40 devstack devstack@g-api.service[76377]: [pid: 76377|app: 0|req: 5/8] 127.0.0.1 () {34 vars in 516 bytes} [Thu Jul 9 09:53:40 2026] GET / => generated 1557 bytes in 2 msecs (HTTP/1.1 300) 3 headers in 106 bytes (1 switches on core 0)
Jul 09 09:53:40 devstack devstack@g-api.service[76378]: DEBUG glance.api.middleware.version_negotiation [None req-31117051-5e9a-4759-ad78-28f92e2632e0 admin admin] Determining version of request: GET /v2/images/fa7e3e1d-94aa-4e9d-9686-9cd6ad72b4a1 Accept: */* {{(pid=76378) process_request /opt/stack/glance/glance/api/middleware/version_negotiation.py:44}}
Jul 09 09:53:40 devstack devstack@g-api.service[76378]: DEBUG glance.api.middleware.version_negotiation [None req-31117051-5e9a-4759-ad78-28f92e2632e0 admin admin] Using url versioning {{(pid=76378) process_request /opt/stack/glance/glance/api/middleware/version_negotiation.py:57}}
Jul 09 09:53:40 devstack devstack@g-api.service[76378]: DEBUG glance.api.middleware.version_negotiation [None req-31117051-5e9a-4759-ad78-28f92e2632e0 admin admin] Matched version: v2 {{(pid=76378) process_request /opt/stack/glance/glance/api/middleware/version_negotiation.py:69}}
Jul 09 09:53:40 devstack devstack@g-api.service[76378]: DEBUG glance.api.middleware.version_negotiation [None req-31117051-5e9a-4759-ad78-28f92e2632e0 admin admin] new path /v2/images/fa7e3e1d-94aa-4e9d-9686-9cd6ad72b4a1 {{(pid=76378) process_request /opt/stack/glance/glance/api/middleware/version_negotiation.py:70}}
Jul 09 09:53:41 devstack devstack@g-api.service[76378]: [pid: 76378|app: 0|req: 4/9] 127.0.0.1 () {36 vars in 799 bytes} [Thu Jul 9 09:53:40 2026] GET /v2/images/fa7e3e1d-94aa-4e9d-9686-9cd6ad72b4a1 => generated 976 bytes in 71 msecs (HTTP/1.1 200) 4 headers in 157 bytes (1 switches on core 0)
Jul 09 09:53:48 devstack devstack@g-api.service[76377]: DEBUG glance.api.middleware.version_negotiation [None req-cdb5f105-f8ce-45ce-b4f9-645f31d8ee9a admin admin] Determining version of request: GET / Accept: application/json {{(pid=76377) process_request /opt/stack/glance/glance/api/middleware/version_negotiation.py:44}}
Jul 09 09:53:48 devstack devstack@g-api.service[76377]: DEBUG glance.api.middleware.version_negotiation [None req-cdb5f105-f8ce-45ce-b4f9-645f31d8ee9a admin admin] Using url versioning {{(pid=76377) process_request /opt/stack/glance/glance/api/middleware/version_negotiation.py:57}}
Jul 09 09:53:48 devstack devstack@g-api.service[76377]: DEBUG glance.api.middleware.version_negotiation [None req-cdb5f105-f8ce-45ce-b4f9-645f31d8ee9a admin admin] Unknown version. Returning version choices. {{(pid=76377) process_request /opt/stack/glance/glance/api/middleware/version_negotiation.py:64}}
Jul 09 09:53:48 devstack devstack@g-api.service[76377]: [pid: 76377|app: 0|req: 6/10] 127.0.0.1 () {34 vars in 516 bytes} [Thu Jul 9 09:53:48 2026] GET / => generated 1557 bytes in 2 msecs (HTTP/1.1 300) 3 headers in 106 bytes (1 switches on core 0)
Jul 09 09:53:48 devstack devstack@g-api.service[76378]: DEBUG glance.api.middleware.version_negotiation [None req-4ab805bd-51fd-407f-b503-786ffc55dbce admin admin] Determining version of request: GET /v2/images/fa7e3e1d-94aa-4e9d-9686-9cd6ad72b4a1 Accept: */* {{(pid=76378) process_request /opt/stack/glance/glance/api/middleware/version_negotiation.py:44}}
Jul 09 09:53:48 devstack devstack@g-api.service[76378]: DEBUG glance.api.middleware.version_negotiation [None req-4ab805bd-51fd-407f-b503-786ffc55dbce admin admin] Using url versioning {{(pid=76378) process_request /opt/stack/glance/glance/api/middleware/version_negotiation.py:57}}
Jul 09 09:53:48 devstack devstack@g-api.service[76378]: DEBUG glance.api.middleware.version_negotiation [None req-4ab805bd-51fd-407f-b503-786ffc55dbce admin admin] Matched version: v2 {{(pid=76378) process_request /opt/stack/glance/glance/api/middleware/version_negotiation.py:69}}
Jul 09 09:53:48 devstack devstack@g-api.service[76378]: DEBUG glance.api.middleware.version_negotiation [None req-4ab805bd-51fd-407f-b503-786ffc55dbce admin admin] new path /v2/images/fa7e3e1d-94aa-4e9d-9686-9cd6ad72b4a1 {{(pid=76378) process_request /opt/stack/glance/glance/api/middleware/version_negotiation.py:70}}
Jul 09 09:53:48 devstack devstack@g-api.service[76378]: [pid: 76378|app: 0|req: 5/11] 127.0.0.1 () {36 vars in 799 bytes} [Thu Jul 9 09:53:48 2026] GET /v2/images/fa7e3e1d-94aa-4e9d-9686-9cd6ad72b4a1 => generated 976 bytes in 83 msecs (HTTP/1.1 200) 4 headers in 157 bytes (1 switches on core 0)
Jul 09 09:53:58 devstack devstack@g-api.service[76378]: DEBUG dbcounter [-] [76378] Writing DB stats glance:SELECT=4 {{(pid=76378) stat_writer /opt/stack/data/venv/lib/python3.12/site-packages/dbcounter.py:115}}
Jul 09 09:55:03 devstack devstack@g-api.service[76377]: DEBUG glance.api.middleware.version_negotiation [None req-cdb5f105-f8ce-45ce-b4f9-645f31d8ee9a admin admin] Determining version of request: GET / Accept: application/json {{(pid=76377) process_request /opt/stack/glance/glance/api/middleware/version_negotiation.py:44}}
Jul 09 09:55:03 devstack devstack@g-api.service[76377]: DEBUG glance.api.middleware.version_negotiation [None req-cdb5f105-f8ce-45ce-b4f9-645f31d8ee9a admin admin] Using url versioning {{(pid=76377) process_request /opt/stack/glance/glance/api/middleware/version_negotiation.py:57}}
Jul 09 09:55:03 devstack devstack@g-api.service[76377]: DEBUG glance.api.middleware.version_negotiation [None req-cdb5f105-f8ce-45ce-b4f9-645f31d8ee9a admin admin] Unknown version. Returning version choices. {{(pid=76377) process_request /opt/stack/glance/glance/api/middleware/version_negotiation.py:64}}
Jul 09 09:55:03 devstack devstack@g-api.service[76377]: [pid: 76377|app: 0|req: 7/12] 127.0.0.1 () {36 vars in 485 bytes} [Thu Jul 9 09:55:03 2026] GET / => generated 1557 bytes in 3 msecs (HTTP/1.1 300) 3 headers in 106 bytes (1 switches on core 0)
Jul 09 09:57:51 devstack devstack@g-api.service[76378]: DEBUG glance.api.middleware.version_negotiation [None req-e3aefa51-c24a-4f92-89ab-14bd51e57d0f admin admin] Determining version of request: GET / Accept: application/json {{(pid=76378) process_request /opt/stack/glance/glance/api/middleware/version_negotiation.py:44}}
Jul 09 09:57:51 devstack devstack@g-api.service[76378]: DEBUG glance.api.middleware.version_negotiation [None req-e3aefa51-c24a-4f92-89ab-14bd51e57d0f admin admin] Using url versioning {{(pid=76378) process_request /opt/stack/glance/glance/api/middleware/version_negotiation.py:57}}
Jul 09 09:57:51 devstack devstack@g-api.service[76378]: DEBUG glance.api.middleware.version_negotiation [None req-e3aefa51-c24a-4f92-89ab-14bd51e57d0f admin admin] Unknown version. Returning version choices. {{(pid=76378) process_request /opt/stack/glance/glance/api/middleware/version_negotiation.py:64}}
Jul 09 09:57:51 devstack devstack@g-api.service[76378]: [pid: 76378|app: 0|req: 6/13] 127.0.0.1 () {34 vars in 502 bytes} [Thu Jul 9 09:57:51 2026] GET / => generated 1557 bytes in 9 msecs (HTTP/1.1 300) 3 headers in 106 bytes (1 switches on core 0)
Jul 09 09:57:51 devstack devstack@g-api.service[76377]: DEBUG glance.api.middleware.version_negotiation [None req-cdb5f105-f8ce-45ce-b4f9-645f31d8ee9a admin admin] Determining version of request: GET /v2/images/fa7e3e1d-94aa-4e9d-9686-9cd6ad72b4a1 Accept: */* {{(pid=76377) process_request /opt/stack/glance/glance/api/middleware/version_negotiation.py:44}}
Jul 09 09:57:51 devstack devstack@g-api.service[76377]: DEBUG glance.api.middleware.version_negotiation [None req-cdb5f105-f8ce-45ce-b4f9-645f31d8ee9a admin admin] Using url versioning {{(pid=76377) process_request /opt/stack/glance/glance/api/middleware/version_negotiation.py:57}}
Jul 09 09:57:51 devstack devstack@g-api.service[76377]: DEBUG glance.api.middleware.version_negotiation [None req-cdb5f105-f8ce-45ce-b4f9-645f31d8ee9a admin admin] Matched version: v2 {{(pid=76377) process_request /opt/stack/glance/glance/api/middleware/version_negotiation.py:69}}
Jul 09 09:57:51 devstack devstack@g-api.service[76377]: DEBUG glance.api.middleware.version_negotiation [None req-cdb5f105-f8ce-45ce-b4f9-645f31d8ee9a admin admin] new path /v2/images/fa7e3e1d-94aa-4e9d-9686-9cd6ad72b4a1 {{(pid=76377) process_request /opt/stack/glance/glance/api/middleware/version_negotiation.py:70}}
Jul 09 09:57:51 devstack devstack@g-api.service[76377]: [pid: 76377|app: 0|req: 8/14] 127.0.0.1 () {42 vars in 1058 bytes} [Thu Jul 9 09:57:51 2026] GET /v2/images/fa7e3e1d-94aa-4e9d-9686-9cd6ad72b4a1 => generated 976 bytes in 445 msecs (HTTP/1.1 200) 4 headers in 157 bytes (1 switches on core 0)
Jul 09 09:57:51 devstack devstack@g-api.service[76378]: DEBUG glance.api.middleware.version_negotiation [None req-e3aefa51-c24a-4f92-89ab-14bd51e57d0f admin admin] Determining version of request: GET /v2/schemas/image Accept: */* {{(pid=76378) process_request /opt/stack/glance/glance/api/middleware/version_negotiation.py:44}}
Jul 09 09:57:51 devstack devstack@g-api.service[76378]: DEBUG glance.api.middleware.version_negotiation [None req-e3aefa51-c24a-4f92-89ab-14bd51e57d0f admin admin] Using url versioning {{(pid=76378) process_request /opt/stack/glance/glance/api/middleware/version_negotiation.py:57}}
Jul 09 09:57:51 devstack devstack@g-api.service[76378]: DEBUG glance.api.middleware.version_negotiation [None req-e3aefa51-c24a-4f92-89ab-14bd51e57d0f admin admin] Matched version: v2 {{(pid=76378) process_request /opt/stack/glance/glance/api/middleware/version_negotiation.py:69}}
Jul 09 09:57:51 devstack devstack@g-api.service[76378]: DEBUG glance.api.middleware.version_negotiation [None req-e3aefa51-c24a-4f92-89ab-14bd51e57d0f admin admin] new path /v2/schemas/image {{(pid=76378) process_request /opt/stack/glance/glance/api/middleware/version_negotiation.py:70}}
Jul 09 09:57:51 devstack devstack@g-api.service[76378]: [pid: 76378|app: 0|req: 7/15] 127.0.0.1 () {42 vars in 998 bytes} [Thu Jul 9 09:57:51 2026] GET /v2/schemas/image => generated 6083 bytes in 8 msecs (HTTP/1.1 200) 4 headers in 158 bytes (1 switches on core 0)
Jul 09 09:57:56 devstack devstack@g-api.service[76377]: DEBUG glance.api.middleware.version_negotiation [None req-98eb71de-6d5a-4d62-be0c-f7e6b3403521 tempest-ServerRescueNegativeTestJSON-134814726 tempest-ServerRescueNegativeTestJSON-134814726-project-member] Determining version of request: GET / Accept: application/json {{(pid=76377) process_request /opt/stack/glance/glance/api/middleware/version_negotiation.py:44}}
Jul 09 09:57:56 devstack devstack@g-api.service[76377]: DEBUG glance.api.middleware.version_negotiation [None req-98eb71de-6d5a-4d62-be0c-f7e6b3403521 tempest-ServerRescueNegativeTestJSON-134814726 tempest-ServerRescueNegativeTestJSON-134814726-project-member] Using url versioning {{(pid=76377) process_request /opt/stack/glance/glance/api/middleware/version_negotiation.py:57}}
Jul 09 09:57:56 devstack devstack@g-api.service[76377]: DEBUG glance.api.middleware.version_negotiation [None req-98eb71de-6d5a-4d62-be0c-f7e6b3403521 tempest-ServerRescueNegativeTestJSON-134814726 tempest-ServerRescueNegativeTestJSON-134814726-project-member] Unknown version. Returning version choices. {{(pid=76377) process_request /opt/stack/glance/glance/api/middleware/version_negotiation.py:64}}
Jul 09 09:57:56 devstack devstack@g-api.service[76377]: [pid: 76377|app: 0|req: 9/16] 127.0.0.1 () {34 vars in 502 bytes} [Thu Jul 9 09:57:56 2026] GET / => generated 1557 bytes in 2 msecs (HTTP/1.1 300) 3 headers in 106 bytes (1 switches on core 0)
Jul 09 09:57:56 devstack devstack@g-api.service[76378]: DEBUG glance.api.middleware.version_negotiation [None req-98eb71de-6d5a-4d62-be0c-f7e6b3403521 tempest-ServerRescueNegativeTestJSON-134814726 tempest-ServerRescueNegativeTestJSON-134814726-project-member] Determining version of request: GET /v2/images/fa7e3e1d-94aa-4e9d-9686-9cd6ad72b4a1 Accept: */* {{(pid=76378) process_request /opt/stack/glance/glance/api/middleware/version_negotiation.py:44}}
Jul 09 09:57:56 devstack devstack@g-api.service[76378]: DEBUG glance.api.middleware.version_negotiation [None req-98eb71de-6d5a-4d62-be0c-f7e6b3403521 tempest-ServerRescueNegativeTestJSON-134814726 tempest-ServerRescueNegativeTestJSON-134814726-project-member] Using url versioning {{(pid=76378) process_request /opt/stack/glance/glance/api/middleware/version_negotiation.py:57}}
Jul 09 09:57:56 devstack devstack@g-api.service[76378]: DEBUG glance.api.middleware.version_negotiation [None req-98eb71de-6d5a-4d62-be0c-f7e6b3403521 tempest-ServerRescueNegativeTestJSON-134814726 tempest-ServerRescueNegativeTestJSON-134814726-project-member] Matched version: v2 {{(pid=76378) process_request /opt/stack/glance/glance/api/middleware/version_negotiation.py:69}}
Jul 09 09:57:56 devstack devstack@g-api.service[76378]: DEBUG glance.api.middleware.version_negotiation [None req-98eb71de-6d5a-4d62-be0c-f7e6b3403521 tempest-ServerRescueNegativeTestJSON-134814726 tempest-ServerRescueNegativeTestJSON-134814726-project-member] new path /v2/images/fa7e3e1d-94aa-4e9d-9686-9cd6ad72b4a1 {{(pid=76378) process_request /opt/stack/glance/glance/api/middleware/version_negotiation.py:70}}
Jul 09 09:57:56 devstack devstack@g-api.service[76378]: [pid: 76378|app: 0|req: 8/17] 127.0.0.1 () {42 vars in 1058 bytes} [Thu Jul 9 09:57:56 2026] GET /v2/images/fa7e3e1d-94aa-4e9d-9686-9cd6ad72b4a1 => generated 976 bytes in 210 msecs (HTTP/1.1 200) 4 headers in 157 bytes (1 switches on core 0)
Jul 09 09:57:56 devstack devstack@g-api.service[76377]: DEBUG glance.api.middleware.version_negotiation [None req-98eb71de-6d5a-4d62-be0c-f7e6b3403521 tempest-ServerRescueNegativeTestJSON-134814726 tempest-ServerRescueNegativeTestJSON-134814726-project-member] Determining version of request: GET /v2/schemas/image Accept: */* {{(pid=76377) process_request /opt/stack/glance/glance/api/middleware/version_negotiation.py:44}}
Jul 09 09:57:56 devstack devstack@g-api.service[76377]: DEBUG glance.api.middleware.version_negotiation [None req-98eb71de-6d5a-4d62-be0c-f7e6b3403521 tempest-ServerRescueNegativeTestJSON-134814726 tempest-ServerRescueNegativeTestJSON-134814726-project-member] Using url versioning {{(pid=76377) process_request /opt/stack/glance/glance/api/middleware/version_negotiation.py:57}}
Jul 09 09:57:56 devstack devstack@g-api.service[76377]: DEBUG glance.api.middleware.version_negotiation [None req-98eb71de-6d5a-4d62-be0c-f7e6b3403521 tempest-ServerRescueNegativeTestJSON-134814726 tempest-ServerRescueNegativeTestJSON-134814726-project-member] Matched version: v2 {{(pid=76377) process_request /opt/stack/glance/glance/api/middleware/version_negotiation.py:69}}
Jul 09 09:57:56 devstack devstack@g-api.service[76377]: DEBUG glance.api.middleware.version_negotiation [None req-98eb71de-6d5a-4d62-be0c-f7e6b3403521 tempest-ServerRescueNegativeTestJSON-134814726 tempest-ServerRescueNegativeTestJSON-134814726-project-member] new path /v2/schemas/image {{(pid=76377) process_request /opt/stack/glance/glance/api/middleware/version_negotiation.py:70}}
Jul 09 09:57:56 devstack devstack@g-api.service[76377]: [pid: 76377|app: 0|req: 10/18] 127.0.0.1 () {42 vars in 998 bytes} [Thu Jul 9 09:57:56 2026] GET /v2/schemas/image => generated 6083 bytes in 9 msecs (HTTP/1.1 200) 4 headers in 158 bytes (1 switches on core 0)
Jul 09 09:57:58 devstack devstack@g-api.service[76378]: DEBUG glance.api.middleware.version_negotiation [None req-df99166d-82c4-42f6-b68a-ca3dc87d18b7 tempest-ServersNegativeTestJSON-588307373 tempest-ServersNegativeTestJSON-588307373-project-member] Determining version of request: GET /v2/images/fa7e3e1d-94aa-4e9d-9686-9cd6ad72b4a1 Accept: */* {{(pid=76378) process_request /opt/stack/glance/glance/api/middleware/version_negotiation.py:44}}
Jul 09 09:57:58 devstack devstack@g-api.service[76378]: DEBUG glance.api.middleware.version_negotiation [None req-df99166d-82c4-42f6-b68a-ca3dc87d18b7 tempest-ServersNegativeTestJSON-588307373 tempest-ServersNegativeTestJSON-588307373-project-member] Using url versioning {{(pid=76378) process_request /opt/stack/glance/glance/api/middleware/version_negotiation.py:57}}
Jul 09 09:57:58 devstack devstack@g-api.service[76378]: DEBUG glance.api.middleware.version_negotiation [None req-df99166d-82c4-42f6-b68a-ca3dc87d18b7 tempest-ServersNegativeTestJSON-588307373 tempest-ServersNegativeTestJSON-588307373-project-member] Matched version: v2 {{(pid=76378) process_request /opt/stack/glance/glance/api/middleware/version_negotiation.py:69}}
Jul 09 09:57:58 devstack devstack@g-api.service[76378]: DEBUG glance.api.middleware.version_negotiation [None req-df99166d-82c4-42f6-b68a-ca3dc87d18b7 tempest-ServersNegativeTestJSON-588307373 tempest-ServersNegativeTestJSON-588307373-project-member] new path /v2/images/fa7e3e1d-94aa-4e9d-9686-9cd6ad72b4a1 {{(pid=76378) process_request /opt/stack/glance/glance/api/middleware/version_negotiation.py:70}}
Jul 09 09:57:58 devstack devstack@g-api.service[76378]: [pid: 76378|app: 0|req: 9/19] 127.0.0.1 () {42 vars in 1058 bytes} [Thu Jul 9 09:57:58 2026] GET /v2/images/fa7e3e1d-94aa-4e9d-9686-9cd6ad72b4a1 => generated 976 bytes in 36 msecs (HTTP/1.1 200) 4 headers in 157 bytes (1 switches on core 0)
Jul 09 09:57:58 devstack devstack@g-api.service[76377]: DEBUG glance.api.middleware.version_negotiation [None req-df99166d-82c4-42f6-b68a-ca3dc87d18b7 tempest-ServersNegativeTestJSON-588307373 tempest-ServersNegativeTestJSON-588307373-project-member] Determining version of request: GET /v2/schemas/image Accept: */* {{(pid=76377) process_request /opt/stack/glance/glance/api/middleware/version_negotiation.py:44}}
Jul 09 09:57:58 devstack devstack@g-api.service[76377]: DEBUG glance.api.middleware.version_negotiation [None req-df99166d-82c4-42f6-b68a-ca3dc87d18b7 tempest-ServersNegativeTestJSON-588307373 tempest-ServersNegativeTestJSON-588307373-project-member] Using url versioning {{(pid=76377) process_request /opt/stack/glance/glance/api/middleware/version_negotiation.py:57}}
Jul 09 09:57:58 devstack devstack@g-api.service[76377]: DEBUG glance.api.middleware.version_negotiation [None req-df99166d-82c4-42f6-b68a-ca3dc87d18b7 tempest-ServersNegativeTestJSON-588307373 tempest-ServersNegativeTestJSON-588307373-project-member] Matched version: v2 {{(pid=76377) process_request /opt/stack/glance/glance/api/middleware/version_negotiation.py:69}}
Jul 09 09:57:58 devstack devstack@g-api.service[76377]: DEBUG glance.api.middleware.version_negotiation [None req-df99166d-82c4-42f6-b68a-ca3dc87d18b7 tempest-ServersNegativeTestJSON-588307373 tempest-ServersNegativeTestJSON-588307373-project-member] new path /v2/schemas/image {{(pid=76377) process_request /opt/stack/glance/glance/api/middleware/version_negotiation.py:70}}
Jul 09 09:57:58 devstack devstack@g-api.service[76377]: [pid: 76377|app: 0|req: 11/20] 127.0.0.1 () {42 vars in 998 bytes} [Thu Jul 9 09:57:58 2026] GET /v2/schemas/image => generated 6083 bytes in 6 msecs (HTTP/1.1 200) 4 headers in 158 bytes (1 switches on core 0)
Jul 09 09:58:01 devstack devstack@g-api.service[76377]: DEBUG dbcounter [-] [76377] Writing DB stats glance:SELECT=2 {{(pid=76377) stat_writer /opt/stack/data/venv/lib/python3.12/site-packages/dbcounter.py:115}}
Jul 09 09:58:05 devstack devstack@g-api.service[76378]: DEBUG glance.api.middleware.version_negotiation [None req-dcd9353e-1197-46bd-8830-8e2d842d86a7 tempest-ServerRescueNegativeTestJSON-134814726 tempest-ServerRescueNegativeTestJSON-134814726-project-member] Determining version of request: GET /v2/images/fa7e3e1d-94aa-4e9d-9686-9cd6ad72b4a1 Accept: */* {{(pid=76378) process_request /opt/stack/glance/glance/api/middleware/version_negotiation.py:44}}
Jul 09 09:58:05 devstack devstack@g-api.service[76378]: DEBUG glance.api.middleware.version_negotiation [None req-dcd9353e-1197-46bd-8830-8e2d842d86a7 tempest-ServerRescueNegativeTestJSON-134814726 tempest-ServerRescueNegativeTestJSON-134814726-project-member] Using url versioning {{(pid=76378) process_request /opt/stack/glance/glance/api/middleware/version_negotiation.py:57}}
Jul 09 09:58:05 devstack devstack@g-api.service[76378]: DEBUG glance.api.middleware.version_negotiation [None req-dcd9353e-1197-46bd-8830-8e2d842d86a7 tempest-ServerRescueNegativeTestJSON-134814726 tempest-ServerRescueNegativeTestJSON-134814726-project-member] Matched version: v2 {{(pid=76378) process_request /opt/stack/glance/glance/api/middleware/version_negotiation.py:69}}
Jul 09 09:58:05 devstack devstack@g-api.service[76378]: DEBUG glance.api.middleware.version_negotiation [None req-dcd9353e-1197-46bd-8830-8e2d842d86a7 tempest-ServerRescueNegativeTestJSON-134814726 tempest-ServerRescueNegativeTestJSON-134814726-project-member] new path /v2/images/fa7e3e1d-94aa-4e9d-9686-9cd6ad72b4a1 {{(pid=76378) process_request /opt/stack/glance/glance/api/middleware/version_negotiation.py:70}}
Jul 09 09:58:05 devstack devstack@g-api.service[76378]: [pid: 76378|app: 0|req: 10/21] 127.0.0.1 () {42 vars in 1058 bytes} [Thu Jul 9 09:58:05 2026] GET /v2/images/fa7e3e1d-94aa-4e9d-9686-9cd6ad72b4a1 => generated 976 bytes in 39 msecs (HTTP/1.1 200) 4 headers in 157 bytes (1 switches on core 0)
Jul 09 09:58:05 devstack devstack@g-api.service[76377]: DEBUG glance.api.middleware.version_negotiation [None req-dcd9353e-1197-46bd-8830-8e2d842d86a7 tempest-ServerRescueNegativeTestJSON-134814726 tempest-ServerRescueNegativeTestJSON-134814726-project-member] Determining version of request: GET /v2/images/fa7e3e1d-94aa-4e9d-9686-9cd6ad72b4a1/file Accept: */* {{(pid=76377) process_request /opt/stack/glance/glance/api/middleware/version_negotiation.py:44}}
Jul 09 09:58:05 devstack devstack@g-api.service[76377]: DEBUG glance.api.middleware.version_negotiation [None req-dcd9353e-1197-46bd-8830-8e2d842d86a7 tempest-ServerRescueNegativeTestJSON-134814726 tempest-ServerRescueNegativeTestJSON-134814726-project-member] Using url versioning {{(pid=76377) process_request /opt/stack/glance/glance/api/middleware/version_negotiation.py:57}}
Jul 09 09:58:05 devstack devstack@g-api.service[76377]: DEBUG glance.api.middleware.version_negotiation [None req-dcd9353e-1197-46bd-8830-8e2d842d86a7 tempest-ServerRescueNegativeTestJSON-134814726 tempest-ServerRescueNegativeTestJSON-134814726-project-member] Matched version: v2 {{(pid=76377) process_request /opt/stack/glance/glance/api/middleware/version_negotiation.py:69}}
Jul 09 09:58:05 devstack devstack@g-api.service[76377]: DEBUG glance.api.middleware.version_negotiation [None req-dcd9353e-1197-46bd-8830-8e2d842d86a7 tempest-ServerRescueNegativeTestJSON-134814726 tempest-ServerRescueNegativeTestJSON-134814726-project-member] new path /v2/images/fa7e3e1d-94aa-4e9d-9686-9cd6ad72b4a1/file {{(pid=76377) process_request /opt/stack/glance/glance/api/middleware/version_negotiation.py:70}}
Jul 09 09:58:05 devstack devstack@g-api.service[76377]: DEBUG glance_store._drivers.filesystem [None req-98eb71de-6d5a-4d62-be0c-f7e6b3403521 tempest-ServerRescueNegativeTestJSON-134814726 tempest-ServerRescueNegativeTestJSON-134814726-project-member] Found image at /opt/stack/data/glance/images/fa7e3e1d-94aa-4e9d-9686-9cd6ad72b4a1. Returning in ChunkedFile. {{(pid=76377) get /opt/stack/data/venv/lib/python3.12/site-packages/glance_store/_drivers/filesystem.py:724}}
Jul 09 09:58:05 devstack devstack@g-api.service[76377]: DEBUG glance.image_cache [None req-98eb71de-6d5a-4d62-be0c-f7e6b3403521 tempest-ServerRescueNegativeTestJSON-134814726 tempest-ServerRescueNegativeTestJSON-134814726-project-member] Tee'ing image 'fa7e3e1d-94aa-4e9d-9686-9cd6ad72b4a1' into cache {{(pid=76377) get_caching_iter /opt/stack/glance/glance/image_cache/__init__.py:356}}
Jul 09 09:58:06 devstack devstack@g-api.service[76377]: DEBUG glance.image_cache.drivers.centralized_db [None req-98eb71de-6d5a-4d62-be0c-f7e6b3403521 tempest-ServerRescueNegativeTestJSON-134814726 tempest-ServerRescueNegativeTestJSON-134814726-project-member] Fetch finished, moving '/opt/stack/data/glance/cache/incomplete/fa7e3e1d-94aa-4e9d-9686-9cd6ad72b4a1' to '/opt/stack/data/glance/cache/fa7e3e1d-94aa-4e9d-9686-9cd6ad72b4a1' {{(pid=76377) commit /opt/stack/glance/glance/image_cache/drivers/centralized_db.py:243}}
Jul 09 09:58:06 devstack devstack@g-api.service[76377]: DEBUG glance.image_cache.drivers.centralized_db [None req-98eb71de-6d5a-4d62-be0c-f7e6b3403521 tempest-ServerRescueNegativeTestJSON-134814726 tempest-ServerRescueNegativeTestJSON-134814726-project-member] Image cached successfully. {{(pid=76377) commit /opt/stack/glance/glance/image_cache/drivers/centralized_db.py:258}}
Jul 09 09:58:06 devstack devstack@g-api.service[76377]: [pid: 76377|app: 0|req: 12/22] 127.0.0.1 () {42 vars in 1068 bytes} [Thu Jul 9 09:58:05 2026] GET /v2/images/fa7e3e1d-94aa-4e9d-9686-9cd6ad72b4a1/file => generated 21692416 bytes in 589 msecs (HTTP/1.1 200) 4 headers in 191 bytes (336 switches on core 0)
Jul 09 09:58:06 devstack devstack@g-api.service[76378]: DEBUG glance.api.middleware.version_negotiation [None req-98eb71de-6d5a-4d62-be0c-f7e6b3403521 tempest-ServerRescueNegativeTestJSON-134814726 tempest-ServerRescueNegativeTestJSON-134814726-project-member] Determining version of request: GET /v2/images/fa7e3e1d-94aa-4e9d-9686-9cd6ad72b4a1 Accept: */* {{(pid=76378) process_request /opt/stack/glance/glance/api/middleware/version_negotiation.py:44}}
Jul 09 09:58:06 devstack devstack@g-api.service[76378]: DEBUG glance.api.middleware.version_negotiation [None req-98eb71de-6d5a-4d62-be0c-f7e6b3403521 tempest-ServerRescueNegativeTestJSON-134814726 tempest-ServerRescueNegativeTestJSON-134814726-project-member] Using url versioning {{(pid=76378) process_request /opt/stack/glance/glance/api/middleware/version_negotiation.py:57}}
Jul 09 09:58:06 devstack devstack@g-api.service[76378]: DEBUG glance.api.middleware.version_negotiation [None req-98eb71de-6d5a-4d62-be0c-f7e6b3403521 tempest-ServerRescueNegativeTestJSON-134814726 tempest-ServerRescueNegativeTestJSON-134814726-project-member] Matched version: v2 {{(pid=76378) process_request /opt/stack/glance/glance/api/middleware/version_negotiation.py:69}}
Jul 09 09:58:06 devstack devstack@g-api.service[76378]: DEBUG glance.api.middleware.version_negotiation [None req-98eb71de-6d5a-4d62-be0c-f7e6b3403521 tempest-ServerRescueNegativeTestJSON-134814726 tempest-ServerRescueNegativeTestJSON-134814726-project-member] new path /v2/images/fa7e3e1d-94aa-4e9d-9686-9cd6ad72b4a1 {{(pid=76378) process_request /opt/stack/glance/glance/api/middleware/version_negotiation.py:70}}
Jul 09 09:58:06 devstack devstack@g-api.service[76378]: [pid: 76378|app: 0|req: 11/23] 127.0.0.1 () {42 vars in 1058 bytes} [Thu Jul 9 09:58:06 2026] GET /v2/images/fa7e3e1d-94aa-4e9d-9686-9cd6ad72b4a1 => generated 976 bytes in 27 msecs (HTTP/1.1 200) 4 headers in 157 bytes (1 switches on core 0)
Jul 09 09:58:06 devstack devstack@g-api.service[76377]: DEBUG glance.api.middleware.version_negotiation [None req-98eb71de-6d5a-4d62-be0c-f7e6b3403521 tempest-ServerRescueNegativeTestJSON-134814726 tempest-ServerRescueNegativeTestJSON-134814726-project-member] Determining version of request: GET /v2/schemas/image Accept: */* {{(pid=76377) process_request /opt/stack/glance/glance/api/middleware/version_negotiation.py:44}}
Jul 09 09:58:06 devstack devstack@g-api.service[76377]: DEBUG glance.api.middleware.version_negotiation [None req-98eb71de-6d5a-4d62-be0c-f7e6b3403521 tempest-ServerRescueNegativeTestJSON-134814726 tempest-ServerRescueNegativeTestJSON-134814726-project-member] Using url versioning {{(pid=76377) process_request /opt/stack/glance/glance/api/middleware/version_negotiation.py:57}}
Jul 09 09:58:06 devstack devstack@g-api.service[76377]: DEBUG glance.api.middleware.version_negotiation [None req-98eb71de-6d5a-4d62-be0c-f7e6b3403521 tempest-ServerRescueNegativeTestJSON-134814726 tempest-ServerRescueNegativeTestJSON-134814726-project-member] Matched version: v2 {{(pid=76377) process_request /opt/stack/glance/glance/api/middleware/version_negotiation.py:69}}
Jul 09 09:58:06 devstack devstack@g-api.service[76377]: DEBUG glance.api.middleware.version_negotiation [None req-98eb71de-6d5a-4d62-be0c-f7e6b3403521 tempest-ServerRescueNegativeTestJSON-134814726 tempest-ServerRescueNegativeTestJSON-134814726-project-member] new path /v2/schemas/image {{(pid=76377) process_request /opt/stack/glance/glance/api/middleware/version_negotiation.py:70}}
Jul 09 09:58:06 devstack devstack@g-api.service[76377]: [pid: 76377|app: 0|req: 13/24] 127.0.0.1 () {42 vars in 998 bytes} [Thu Jul 9 09:58:06 2026] GET /v2/schemas/image => generated 6083 bytes in 14 msecs (HTTP/1.1 200) 4 headers in 158 bytes (1 switches on core 0)
