Apr 29 10:31:37 devstack cinder-volume[83806]: DEBUG cinder.volume.drivers.quobyte [None req-2d6d51e9-fa54-4d2e-b82e-9e58f14f0658 tempest-VolumesAdminNegativeTest-373061644 None] Quobyte Volume URL set to: {'osci02.corp.quobyte.com/cinder-vol-ba0e290e-2170-4209-a385-acc9eabb8ff9': None} {{(pid=83806) _load_shares_config /opt/stack/cinder/cinder/volume/drivers/quobyte.py:617}}
Apr 29 10:31:37 devstack cinder-volume[83806]: DEBUG cinder.volume.drivers.quobyte [None req-2d6d51e9-fa54-4d2e-b82e-9e58f14f0658 tempest-VolumesAdminNegativeTest-373061644 None] Available shares ['osci02.corp.quobyte.com/cinder-vol-ba0e290e-2170-4209-a385-acc9eabb8ff9'] {{(pid=83806) _ensure_shares_mounted /opt/stack/cinder/cinder/volume/drivers/quobyte.py:647}}
Apr 29 10:31:37 devstack cinder-volume[83806]: DEBUG oslo_concurrency.lockutils [None req-2d6d51e9-fa54-4d2e-b82e-9e58f14f0658 tempest-VolumesAdminNegativeTest-373061644 None] Lock "quobyte_ensure" "released" by "cinder.volume.drivers.quobyte.QuobyteDriver._ensure_shares_mounted" :: held 0.025s {{(pid=83806) inner /opt/stack/data/venv/lib/python3.12/site-packages/oslo_concurrency/lockutils.py:538}}
Apr 29 10:31:37 devstack cinder-volume[83806]: DEBUG oslo_concurrency.processutils [None req-2d6d51e9-fa54-4d2e-b82e-9e58f14f0658 tempest-VolumesAdminNegativeTest-373061644 None] Running cmd (subprocess): sudo cinder-rootwrap /etc/cinder/rootwrap.conf df --portability --block-size 1 /opt/stack/data/cinder/mnt/e82990b14d73390801b977588051e1c7 {{(pid=83806) execute /opt/stack/data/venv/lib/python3.12/site-packages/oslo_concurrency/processutils.py:440}}
Apr 29 10:31:37 devstack sudo[86912]: quobyte : PWD=/ ; USER=root ; COMMAND=/opt/stack/data/venv/bin/cinder-rootwrap /etc/cinder/rootwrap.conf env LC_ALL=C qemu-img info -f qcow2 --output=json --force-share /opt/stack/data/cinder/mnt/e82990b14d73390801b977588051e1c7/volume-e389c5f8-31a8-4ccf-a46f-d63dc6bdacf3
Apr 29 10:31:37 devstack sudo[86912]: pam_unix(sudo:session): session opened for user root(uid=0) by (uid=1000)
Apr 29 10:31:37 devstack sudo[86913]: quobyte : PWD=/ ; USER=root ; COMMAND=/opt/stack/data/venv/bin/cinder-rootwrap /etc/cinder/rootwrap.conf df --portability --block-size 1 /opt/stack/data/cinder/mnt/e82990b14d73390801b977588051e1c7
Apr 29 10:31:37 devstack sudo[86913]: pam_unix(sudo:session): session opened for user root(uid=0) by (uid=1000)
Apr 29 10:31:38 devstack sudo[86910]: pam_unix(sudo:session): session closed for user root
Apr 29 10:31:38 devstack cinder-volume[83806]: DEBUG oslo_concurrency.processutils [None req-d860cb86-40e0-425a-afd4-e9cd1c04b918 tempest-GroupSnapshotsTest-1922568388 None] CMD "sudo cinder-rootwrap /etc/cinder/rootwrap.conf qemu-img create -f qcow2 -o preallocation=metadata /opt/stack/data/cinder/mnt/e82990b14d73390801b977588051e1c7/volume-4cd236a5-3de0-4cd8-9056-3d438fcf120e 1073741824" returned: 0 in 1.888s {{(pid=83806) execute /opt/stack/data/venv/lib/python3.12/site-packages/oslo_concurrency/processutils.py:468}}
Apr 29 10:31:38 devstack sudo[86913]: pam_unix(sudo:session): session closed for user root
Apr 29 10:31:38 devstack cinder-volume[83806]: DEBUG oslo_concurrency.processutils [None req-2d6d51e9-fa54-4d2e-b82e-9e58f14f0658 tempest-VolumesAdminNegativeTest-373061644 None] CMD "sudo cinder-rootwrap /etc/cinder/rootwrap.conf df --portability --block-size 1 /opt/stack/data/cinder/mnt/e82990b14d73390801b977588051e1c7" returned: 0 in 1.449s {{(pid=83806) execute /opt/stack/data/venv/lib/python3.12/site-packages/oslo_concurrency/processutils.py:468}}
Apr 29 10:31:38 devstack cinder-volume[83806]: DEBUG cinder.manager [None req-2d6d51e9-fa54-4d2e-b82e-9e58f14f0658 tempest-VolumesAdminNegativeTest-373061644 None] Notifying Schedulers of capabilities ... {{(pid=83806) _publish_service_capabilities /opt/stack/cinder/cinder/manager.py:202}}
Apr 29 10:31:38 devstack cinder-volume[83806]: INFO cinder.volume.manager [None req-2d6d51e9-fa54-4d2e-b82e-9e58f14f0658 tempest-VolumesAdminNegativeTest-373061644 None] Deleted volume successfully.
Apr 29 10:31:38 devstack cinder-volume[83806]: DEBUG oslo_concurrency.processutils [None req-d860cb86-40e0-425a-afd4-e9cd1c04b918 tempest-GroupSnapshotsTest-1922568388 None] Running cmd (subprocess): sudo cinder-rootwrap /etc/cinder/rootwrap.conf chmod ugo+rw /opt/stack/data/cinder/mnt/e82990b14d73390801b977588051e1c7/volume-4cd236a5-3de0-4cd8-9056-3d438fcf120e {{(pid=83806) execute /opt/stack/data/venv/lib/python3.12/site-packages/oslo_concurrency/processutils.py:440}}
Apr 29 10:31:38 devstack cinder-volume[83806]: DEBUG cinder.coordination [None req-2d6d51e9-fa54-4d2e-b82e-9e58f14f0658 tempest-VolumesAdminNegativeTest-373061644 None] Lock "cinder-f1fc70ca-83e6-4890-9dc4-a3ca2e712b39-delete_volume" released by "delete_volume" :: held 4.500s {{(pid=83806) __release /opt/stack/cinder/cinder/coordination.py:152}}
Apr 29 10:31:38 devstack sudo[86923]: quobyte : PWD=/ ; USER=root ; COMMAND=/opt/stack/data/venv/bin/cinder-rootwrap /etc/cinder/rootwrap.conf chmod ugo+rw /opt/stack/data/cinder/mnt/e82990b14d73390801b977588051e1c7/volume-4cd236a5-3de0-4cd8-9056-3d438fcf120e
Apr 29 10:31:38 devstack sudo[86923]: pam_unix(sudo:session): session opened for user root(uid=0) by (uid=1000)
Apr 29 10:31:39 devstack sudo[86912]: pam_unix(sudo:session): session closed for user root
Apr 29 10:31:39 devstack cinder-volume[83806]: DEBUG oslo_concurrency.processutils [req-70c828db-cf38-4b88-9d34-8b99e1f84868 req-9aa8f1fb-a757-48b3-95fc-71404d4ec10c tempest-VolumesSnapshotsTestJSON-1690444875 None] CMD "/opt/stack/data/venv/bin/python3.12 -m oslo_concurrency.prlimit --as=1073741824 --cpu=60 -- sudo cinder-rootwrap /etc/cinder/rootwrap.conf env LC_ALL=C qemu-img info -f qcow2 --output=json --force-share /opt/stack/data/cinder/mnt/e82990b14d73390801b977588051e1c7/volume-e389c5f8-31a8-4ccf-a46f-d63dc6bdacf3" returned: 0 in 1.998s {{(pid=83806) execute /opt/stack/data/venv/lib/python3.12/site-packages/oslo_concurrency/processutils.py:468}}
Apr 29 10:31:39 devstack cinder-volume[83806]: DEBUG oslo_concurrency.processutils [req-70c828db-cf38-4b88-9d34-8b99e1f84868 req-9aa8f1fb-a757-48b3-95fc-71404d4ec10c tempest-VolumesSnapshotsTestJSON-1690444875 None] Running cmd (subprocess): sudo cinder-rootwrap /etc/cinder/rootwrap.conf rm -f /opt/stack/data/cinder/mnt/e82990b14d73390801b977588051e1c7/volume-e389c5f8-31a8-4ccf-a46f-d63dc6bdacf3 {{(pid=83806) execute /opt/stack/data/venv/lib/python3.12/site-packages/oslo_concurrency/processutils.py:440}}
Apr 29 10:31:39 devstack sudo[86925]: quobyte : PWD=/ ; USER=root ; COMMAND=/opt/stack/data/venv/bin/cinder-rootwrap /etc/cinder/rootwrap.conf rm -f /opt/stack/data/cinder/mnt/e82990b14d73390801b977588051e1c7/volume-e389c5f8-31a8-4ccf-a46f-d63dc6bdacf3
Apr 29 10:31:39 devstack sudo[86925]: pam_unix(sudo:session): session opened for user root(uid=0) by (uid=1000)
Apr 29 10:31:40 devstack sudo[86923]: pam_unix(sudo:session): session closed for user root
Apr 29 10:31:40 devstack cinder-volume[83806]: DEBUG oslo_concurrency.processutils [None req-d860cb86-40e0-425a-afd4-e9cd1c04b918 tempest-GroupSnapshotsTest-1922568388 None] CMD "sudo cinder-rootwrap /etc/cinder/rootwrap.conf chmod ugo+rw /opt/stack/data/cinder/mnt/e82990b14d73390801b977588051e1c7/volume-4cd236a5-3de0-4cd8-9056-3d438fcf120e" returned: 0 in 1.411s {{(pid=83806) execute /opt/stack/data/venv/lib/python3.12/site-packages/oslo_concurrency/processutils.py:468}}
Apr 29 10:31:40 devstack cinder-volume[83806]: DEBUG cinder.volume.drivers.quobyte [None req-d860cb86-40e0-425a-afd4-e9cd1c04b918 tempest-GroupSnapshotsTest-1922568388 None] <== create_volume: return (3405ms) {'provider_location': 'osci02.corp.quobyte.com/cinder-vol-ba0e290e-2170-4209-a385-acc9eabb8ff9'} {{(pid=83806) trace_logging_wrapper /opt/stack/cinder/cinder/volume/volume_utils.py:1523}}
Apr 29 10:31:40 devstack cinder-volume[83806]: DEBUG oslo_concurrency.lockutils [None req-d860cb86-40e0-425a-afd4-e9cd1c04b918 tempest-GroupSnapshotsTest-1922568388 None] Lock "quobyte" "released" by "cinder.volume.drivers.quobyte.QuobyteDriver.create_volume" :: held 3.416s {{(pid=83806) inner /opt/stack/data/venv/lib/python3.12/site-packages/oslo_concurrency/lockutils.py:538}}
Apr 29 10:31:40 devstack cinder-volume[83806]: DEBUG cinder.volume.manager [None req-d860cb86-40e0-425a-afd4-e9cd1c04b918 tempest-GroupSnapshotsTest-1922568388 None] Task 'cinder.volume.flows.manager.create_volume.CreateVolumeFromSpecTask;volume:create' (9f4e938b-8565-41f5-b624-b31c04024ea3) transitioned into state 'SUCCESS' from state 'RUNNING' with result '{'status': 'creating', 'volume_name': 'volume-4cd236a5-3de0-4cd8-9056-3d438fcf120e', 'volume_size': 1}' {{(pid=83806) _task_receiver /opt/stack/data/venv/lib/python3.12/site-packages/taskflow/listeners/logging.py:182}}
Apr 29 10:31:40 devstack cinder-volume[83806]: DEBUG cinder.volume.manager [None req-d860cb86-40e0-425a-afd4-e9cd1c04b918 tempest-GroupSnapshotsTest-1922568388 None] Task 'cinder.volume.flows.manager.create_volume.CreateVolumeOnFinishTask;volume:create, create.end' (442190c2-507a-4093-b554-cc923e6042ca) transitioned into state 'RUNNING' from state 'PENDING' {{(pid=83806) _task_receiver /opt/stack/data/venv/lib/python3.12/site-packages/taskflow/listeners/logging.py:194}}
Apr 29 10:31:40 devstack sudo[86925]: pam_unix(sudo:session): session closed for user root
Apr 29 10:31:40 devstack cinder-volume[83806]: DEBUG oslo_concurrency.processutils [req-70c828db-cf38-4b88-9d34-8b99e1f84868 req-9aa8f1fb-a757-48b3-95fc-71404d4ec10c tempest-VolumesSnapshotsTestJSON-1690444875 None] CMD "sudo cinder-rootwrap /etc/cinder/rootwrap.conf rm -f /opt/stack/data/cinder/mnt/e82990b14d73390801b977588051e1c7/volume-e389c5f8-31a8-4ccf-a46f-d63dc6bdacf3" returned: 0 in 1.232s {{(pid=83806) execute /opt/stack/data/venv/lib/python3.12/site-packages/oslo_concurrency/processutils.py:468}}
Apr 29 10:31:40 devstack cinder-volume[83806]: INFO cinder.volume.flows.manager.create_volume [None req-d860cb86-40e0-425a-afd4-e9cd1c04b918 tempest-GroupSnapshotsTest-1922568388 None] Volume volume-4cd236a5-3de0-4cd8-9056-3d438fcf120e (4cd236a5-3de0-4cd8-9056-3d438fcf120e): created successfully
Apr 29 10:31:40 devstack cinder-volume[83806]: DEBUG cinder.volume.manager [None req-d860cb86-40e0-425a-afd4-e9cd1c04b918 tempest-GroupSnapshotsTest-1922568388 None] Task 'cinder.volume.flows.manager.create_volume.CreateVolumeOnFinishTask;volume:create, create.end' (442190c2-507a-4093-b554-cc923e6042ca) transitioned into state 'SUCCESS' from state 'RUNNING' with result 'None' {{(pid=83806) _task_receiver /opt/stack/data/venv/lib/python3.12/site-packages/taskflow/listeners/logging.py:182}}
Apr 29 10:31:40 devstack cinder-volume[83806]: DEBUG cinder.volume.manager [None req-d860cb86-40e0-425a-afd4-e9cd1c04b918 tempest-GroupSnapshotsTest-1922568388 None] Flow 'volume_create_manager' (974619c3-15a3-4bad-a896-c49ec63be672) transitioned into state 'SUCCESS' from state 'RUNNING' {{(pid=83806) _flow_receiver /opt/stack/data/venv/lib/python3.12/site-packages/taskflow/listeners/logging.py:145}}
Apr 29 10:31:40 devstack cinder-volume[83806]: DEBUG cinder.coordination [req-70c828db-cf38-4b88-9d34-8b99e1f84868 req-9aa8f1fb-a757-48b3-95fc-71404d4ec10c tempest-VolumesSnapshotsTestJSON-1690444875 None] Lock "cinder-quobyte-e389c5f8-31a8-4ccf-a46f-d63dc6bdacf3" released by "delete_volume" :: held 3.390s {{(pid=83806) __release /opt/stack/cinder/cinder/coordination.py:152}}
Apr 29 10:31:40 devstack cinder-volume[83806]: INFO cinder.volume.manager [None req-d860cb86-40e0-425a-afd4-e9cd1c04b918 tempest-GroupSnapshotsTest-1922568388 None] Created volume successfully.
Apr 29 10:31:40 devstack cinder-volume[83806]: DEBUG cinder.quota [req-70c828db-cf38-4b88-9d34-8b99e1f84868 req-9aa8f1fb-a757-48b3-95fc-71404d4ec10c tempest-VolumesSnapshotsTestJSON-1690444875 None] Created reservations ['52007139-4fae-4be9-a5e1-d090a398e513', 'a621d153-b787-4f3d-853c-3090a19531c7', '1d417ac0-e89b-463f-9224-0a2a671b7f54', 'e9f5483a-247a-403c-bbd8-fc950847d308'] {{(pid=83806) reserve /opt/stack/cinder/cinder/quota.py:752}}
Apr 29 10:31:40 devstack cinder-volume[83806]: DEBUG oslo_concurrency.lockutils [req-70c828db-cf38-4b88-9d34-8b99e1f84868 req-9aa8f1fb-a757-48b3-95fc-71404d4ec10c tempest-VolumesSnapshotsTestJSON-1690444875 None] Acquiring lock "quobyte_ensure" by "cinder.volume.drivers.quobyte.QuobyteDriver._ensure_shares_mounted" {{(pid=83806) inner /opt/stack/data/venv/lib/python3.12/site-packages/oslo_concurrency/lockutils.py:506}}
Apr 29 10:31:40 devstack cinder-volume[83806]: DEBUG oslo_concurrency.lockutils [req-70c828db-cf38-4b88-9d34-8b99e1f84868 req-9aa8f1fb-a757-48b3-95fc-71404d4ec10c tempest-VolumesSnapshotsTestJSON-1690444875 None] Lock "quobyte_ensure" acquired by "cinder.volume.drivers.quobyte.QuobyteDriver._ensure_shares_mounted" :: waited 0.001s {{(pid=83806) inner /opt/stack/data/venv/lib/python3.12/site-packages/oslo_concurrency/lockutils.py:519}}
Apr 29 10:31:40 devstack cinder-volume[83806]: DEBUG cinder.volume.drivers.quobyte [req-70c828db-cf38-4b88-9d34-8b99e1f84868 req-9aa8f1fb-a757-48b3-95fc-71404d4ec10c tempest-VolumesSnapshotsTestJSON-1690444875 None] Quobyte Volume URL set to: {'osci02.corp.quobyte.com/cinder-vol-ba0e290e-2170-4209-a385-acc9eabb8ff9': None} {{(pid=83806) _load_shares_config /opt/stack/cinder/cinder/volume/drivers/quobyte.py:617}}
Apr 29 10:31:40 devstack cinder-volume[83806]: DEBUG cinder.volume.drivers.quobyte [req-70c828db-cf38-4b88-9d34-8b99e1f84868 req-9aa8f1fb-a757-48b3-95fc-71404d4ec10c tempest-VolumesSnapshotsTestJSON-1690444875 None] Available shares ['osci02.corp.quobyte.com/cinder-vol-ba0e290e-2170-4209-a385-acc9eabb8ff9'] {{(pid=83806) _ensure_shares_mounted /opt/stack/cinder/cinder/volume/drivers/quobyte.py:647}}
Apr 29 10:31:40 devstack cinder-volume[83806]: DEBUG oslo_concurrency.lockutils [req-70c828db-cf38-4b88-9d34-8b99e1f84868 req-9aa8f1fb-a757-48b3-95fc-71404d4ec10c tempest-VolumesSnapshotsTestJSON-1690444875 None] Lock "quobyte_ensure" "released" by "cinder.volume.drivers.quobyte.QuobyteDriver._ensure_shares_mounted" :: held 0.010s {{(pid=83806) inner /opt/stack/data/venv/lib/python3.12/site-packages/oslo_concurrency/lockutils.py:538}}
Apr 29 10:31:40 devstack cinder-volume[83806]: DEBUG oslo_concurrency.processutils [req-70c828db-cf38-4b88-9d34-8b99e1f84868 req-9aa8f1fb-a757-48b3-95fc-71404d4ec10c tempest-VolumesSnapshotsTestJSON-1690444875 None] Running cmd (subprocess): sudo cinder-rootwrap /etc/cinder/rootwrap.conf df --portability --block-size 1 /opt/stack/data/cinder/mnt/e82990b14d73390801b977588051e1c7 {{(pid=83806) execute /opt/stack/data/venv/lib/python3.12/site-packages/oslo_concurrency/processutils.py:440}}
Apr 29 10:31:40 devstack sudo[86966]: quobyte : PWD=/ ; USER=root ; COMMAND=/opt/stack/data/venv/bin/cinder-rootwrap /etc/cinder/rootwrap.conf df --portability --block-size 1 /opt/stack/data/cinder/mnt/e82990b14d73390801b977588051e1c7
Apr 29 10:31:40 devstack sudo[86966]: pam_unix(sudo:session): session opened for user root(uid=0) by (uid=1000)
Apr 29 10:31:41 devstack sudo[86966]: pam_unix(sudo:session): session closed for user root
Apr 29 10:31:41 devstack cinder-volume[83806]: DEBUG oslo_concurrency.processutils [req-70c828db-cf38-4b88-9d34-8b99e1f84868 req-9aa8f1fb-a757-48b3-95fc-71404d4ec10c tempest-VolumesSnapshotsTestJSON-1690444875 None] CMD "sudo cinder-rootwrap /etc/cinder/rootwrap.conf df --portability --block-size 1 /opt/stack/data/cinder/mnt/e82990b14d73390801b977588051e1c7" returned: 0 in 0.820s {{(pid=83806) execute /opt/stack/data/venv/lib/python3.12/site-packages/oslo_concurrency/processutils.py:468}}
Apr 29 10:31:41 devstack cinder-volume[83806]: DEBUG cinder.manager [req-70c828db-cf38-4b88-9d34-8b99e1f84868 req-9aa8f1fb-a757-48b3-95fc-71404d4ec10c tempest-VolumesSnapshotsTestJSON-1690444875 None] Notifying Schedulers of capabilities ... {{(pid=83806) _publish_service_capabilities /opt/stack/cinder/cinder/manager.py:202}}
Apr 29 10:31:41 devstack cinder-volume[83806]: INFO cinder.volume.manager [req-70c828db-cf38-4b88-9d34-8b99e1f84868 req-9aa8f1fb-a757-48b3-95fc-71404d4ec10c tempest-VolumesSnapshotsTestJSON-1690444875 None] Deleted volume successfully.
Apr 29 10:31:41 devstack cinder-volume[83806]: DEBUG cinder.coordination [req-70c828db-cf38-4b88-9d34-8b99e1f84868 req-9aa8f1fb-a757-48b3-95fc-71404d4ec10c tempest-VolumesSnapshotsTestJSON-1690444875 None] Lock "cinder-e389c5f8-31a8-4ccf-a46f-d63dc6bdacf3-delete_volume" released by "delete_volume" :: held 4.625s {{(pid=83806) __release /opt/stack/cinder/cinder/coordination.py:152}}
Apr 29 10:31:41 devstack cinder-volume[83806]: INFO cinder.volume.manager [None req-9cf1cbd1-0761-4449-8b40-ac2b68b0fe59 tempest-GroupSnapshotsTest-1922568388 None] Update group completed successfully.
Apr 29 10:31:43 devstack cinder-volume[83806]: INFO cinder.volume.manager [None req-2f3a1bbb-97ec-4d2f-9781-34704218fabe tempest-GroupSnapshotsTest-1922568388 None] Update group completed successfully.
Apr 29 10:31:44 devstack cinder-volume[83806]: INFO cinder.volume.manager [None req-bf353ac1-26b0-4058-a1d1-64d89b8c08db tempest-GroupSnapshotsTest-1922568388 None] Update group completed successfully.
Apr 29 10:31:45 devstack cinder-volume[83806]: INFO cinder.volume.manager [None req-faea78b0-45ac-4470-9e65-4ee92a309788 tempest-GroupSnapshotsTest-1922568388 None] Update group completed successfully.
Apr 29 10:31:47 devstack cinder-volume[83806]: INFO cinder.volume.manager [None req-2865178b-3fd3-4f3d-9320-47d7fde1211e tempest-GroupSnapshotsTest-1922568388 None] GroupSnapshot 48b72930-5427-42b1-9102-7bbeae0f1ddf: creating.
Apr 29 10:31:47 devstack cinder-volume[83806]: DEBUG cinder.volume.manager [None req-2865178b-3fd3-4f3d-9320-47d7fde1211e tempest-GroupSnapshotsTest-1922568388 None] Group snapshot 48b72930-5427-42b1-9102-7bbeae0f1ddf: creating. {{(pid=83806) create_group_snapshot /opt/stack/cinder/cinder/volume/manager.py:4175}}
Apr 29 10:31:47 devstack cinder-volume[83806]: DEBUG oslo_concurrency.lockutils [None req-2865178b-3fd3-4f3d-9320-47d7fde1211e tempest-GroupSnapshotsTest-1922568388 None] Acquiring lock "quobyte" by "cinder.volume.drivers.quobyte.QuobyteDriver.create_snapshot" {{(pid=83806) inner /opt/stack/data/venv/lib/python3.12/site-packages/oslo_concurrency/lockutils.py:506}}
Apr 29 10:31:47 devstack cinder-volume[83806]: DEBUG oslo_concurrency.lockutils [None req-2865178b-3fd3-4f3d-9320-47d7fde1211e tempest-GroupSnapshotsTest-1922568388 None] Lock "quobyte" acquired by "cinder.volume.drivers.quobyte.QuobyteDriver.create_snapshot" :: waited 0.001s {{(pid=83806) inner /opt/stack/data/venv/lib/python3.12/site-packages/oslo_concurrency/lockutils.py:519}}
Apr 29 10:31:47 devstack cinder-volume[83806]: DEBUG cinder.volume.drivers.remotefs [None req-2865178b-3fd3-4f3d-9320-47d7fde1211e tempest-GroupSnapshotsTest-1922568388 None] Creating offline snapshot b1a1cd10-5fb6-4439-9de5-1b055a166843 of volume 3e80fd96-53cc-4741-bd0b-a55184af17c3 {{(pid=83806) _create_snapshot /opt/stack/cinder/cinder/volume/drivers/remotefs.py:1815}}
Apr 29 10:31:47 devstack cinder-volume[83806]: DEBUG oslo.privsep.daemon [-] privsep: reply[daae590d-825e-44ca-bbf0-0e9b165ebb7b]: (4, 'qcow2') {{(pid=84960) _call_back /opt/stack/data/venv/lib/python3.12/site-packages/oslo_privsep/daemon.py:573}}
Apr 29 10:31:47 devstack cinder-volume[83806]: DEBUG oslo_concurrency.processutils [None req-2865178b-3fd3-4f3d-9320-47d7fde1211e tempest-GroupSnapshotsTest-1922568388 None] Running cmd (subprocess): /opt/stack/data/venv/bin/python3.12 -m oslo_concurrency.prlimit --as=1073741824 --cpu=60 -- sudo cinder-rootwrap /etc/cinder/rootwrap.conf env LC_ALL=C qemu-img info -f qcow2 --output=json --force-share /opt/stack/data/cinder/mnt/e82990b14d73390801b977588051e1c7/volume-3e80fd96-53cc-4741-bd0b-a55184af17c3 {{(pid=83806) execute /opt/stack/data/venv/lib/python3.12/site-packages/oslo_concurrency/processutils.py:440}}
Apr 29 10:31:47 devstack sudo[86995]: quobyte : PWD=/ ; USER=root ; COMMAND=/opt/stack/data/venv/bin/cinder-rootwrap /etc/cinder/rootwrap.conf env LC_ALL=C qemu-img info -f qcow2 --output=json --force-share /opt/stack/data/cinder/mnt/e82990b14d73390801b977588051e1c7/volume-3e80fd96-53cc-4741-bd0b-a55184af17c3
Apr 29 10:31:47 devstack sudo[86995]: pam_unix(sudo:session): session opened for user root(uid=0) by (uid=1000)
Apr 29 10:31:48 devstack sudo[86995]: pam_unix(sudo:session): session closed for user root
Apr 29 10:31:48 devstack cinder-volume[83806]: DEBUG oslo_concurrency.processutils [None req-2865178b-3fd3-4f3d-9320-47d7fde1211e tempest-GroupSnapshotsTest-1922568388 None] CMD "/opt/stack/data/venv/bin/python3.12 -m oslo_concurrency.prlimit --as=1073741824 --cpu=60 -- sudo cinder-rootwrap /etc/cinder/rootwrap.conf env LC_ALL=C qemu-img info -f qcow2 --output=json --force-share /opt/stack/data/cinder/mnt/e82990b14d73390801b977588051e1c7/volume-3e80fd96-53cc-4741-bd0b-a55184af17c3" returned: 0 in 1.129s {{(pid=83806) execute /opt/stack/data/venv/lib/python3.12/site-packages/oslo_concurrency/processutils.py:468}}
Apr 29 10:31:48 devstack cinder-volume[83806]: DEBUG oslo_concurrency.processutils [None req-2865178b-3fd3-4f3d-9320-47d7fde1211e tempest-GroupSnapshotsTest-1922568388 None] Running cmd (subprocess): sudo cinder-rootwrap /etc/cinder/rootwrap.conf qemu-img create -f qcow2 -o backing_file=/opt/stack/data/cinder/mnt/e82990b14d73390801b977588051e1c7/volume-3e80fd96-53cc-4741-bd0b-a55184af17c3,backing_fmt=qcow2 /opt/stack/data/cinder/mnt/e82990b14d73390801b977588051e1c7/volume-3e80fd96-53cc-4741-bd0b-a55184af17c3.b1a1cd10-5fb6-4439-9de5-1b055a166843 1G {{(pid=83806) execute /opt/stack/data/venv/lib/python3.12/site-packages/oslo_concurrency/processutils.py:440}}
Apr 29 10:31:48 devstack sudo[87036]: quobyte : PWD=/ ; USER=root ; COMMAND=/opt/stack/data/venv/bin/cinder-rootwrap /etc/cinder/rootwrap.conf qemu-img create -f qcow2 -o backing_file=/opt/stack/data/cinder/mnt/e82990b14d73390801b977588051e1c7/volume-3e80fd96-53cc-4741-bd0b-a55184af17c3,backing_fmt=qcow2 /opt/stack/data/cinder/mnt/e82990b14d73390801b977588051e1c7/volume-3e80fd96-53cc-4741-bd0b-a55184af17c3.b1a1cd10-5fb6-4439-9de5-1b055a166843 1G
Apr 29 10:31:48 devstack sudo[87036]: pam_unix(sudo:session): session opened for user root(uid=0) by (uid=1000)
Apr 29 10:31:49 devstack sudo[87036]: pam_unix(sudo:session): session closed for user root
Apr 29 10:31:49 devstack cinder-volume[83806]: DEBUG oslo_concurrency.processutils [None req-2865178b-3fd3-4f3d-9320-47d7fde1211e tempest-GroupSnapshotsTest-1922568388 None] CMD "sudo cinder-rootwrap /etc/cinder/rootwrap.conf qemu-img create -f qcow2 -o backing_file=/opt/stack/data/cinder/mnt/e82990b14d73390801b977588051e1c7/volume-3e80fd96-53cc-4741-bd0b-a55184af17c3,backing_fmt=qcow2 /opt/stack/data/cinder/mnt/e82990b14d73390801b977588051e1c7/volume-3e80fd96-53cc-4741-bd0b-a55184af17c3.b1a1cd10-5fb6-4439-9de5-1b055a166843 1G" returned: 0 in 1.041s {{(pid=83806) execute /opt/stack/data/venv/lib/python3.12/site-packages/oslo_concurrency/processutils.py:468}}
Apr 29 10:31:49 devstack cinder-volume[83806]: DEBUG oslo_concurrency.processutils [None req-2865178b-3fd3-4f3d-9320-47d7fde1211e tempest-GroupSnapshotsTest-1922568388 None] Running cmd (subprocess): sudo cinder-rootwrap /etc/cinder/rootwrap.conf qemu-img rebase -u -b volume-3e80fd96-53cc-4741-bd0b-a55184af17c3 -F qcow2 /opt/stack/data/cinder/mnt/e82990b14d73390801b977588051e1c7/volume-3e80fd96-53cc-4741-bd0b-a55184af17c3.b1a1cd10-5fb6-4439-9de5-1b055a166843 {{(pid=83806) execute /opt/stack/data/venv/lib/python3.12/site-packages/oslo_concurrency/processutils.py:440}}
Apr 29 10:31:49 devstack sudo[87044]: quobyte : PWD=/ ; USER=root ; COMMAND=/opt/stack/data/venv/bin/cinder-rootwrap /etc/cinder/rootwrap.conf qemu-img rebase -u -b volume-3e80fd96-53cc-4741-bd0b-a55184af17c3 -F qcow2 /opt/stack/data/cinder/mnt/e82990b14d73390801b977588051e1c7/volume-3e80fd96-53cc-4741-bd0b-a55184af17c3.b1a1cd10-5fb6-4439-9de5-1b055a166843
Apr 29 10:31:49 devstack sudo[87044]: pam_unix(sudo:session): session opened for user root(uid=0) by (uid=1000)
Apr 29 10:31:50 devstack sudo[87044]: pam_unix(sudo:session): session closed for user root
Apr 29 10:31:50 devstack cinder-volume[83806]: DEBUG oslo_concurrency.processutils [None req-2865178b-3fd3-4f3d-9320-47d7fde1211e tempest-GroupSnapshotsTest-1922568388 None] CMD "sudo cinder-rootwrap /etc/cinder/rootwrap.conf qemu-img rebase -u -b volume-3e80fd96-53cc-4741-bd0b-a55184af17c3 -F qcow2 /opt/stack/data/cinder/mnt/e82990b14d73390801b977588051e1c7/volume-3e80fd96-53cc-4741-bd0b-a55184af17c3.b1a1cd10-5fb6-4439-9de5-1b055a166843" returned: 0 in 1.192s {{(pid=83806) execute /opt/stack/data/venv/lib/python3.12/site-packages/oslo_concurrency/processutils.py:468}}
Apr 29 10:31:50 devstack cinder-volume[83806]: WARNING cinder.volume.drivers.remotefs [None req-2865178b-3fd3-4f3d-9320-47d7fde1211e tempest-GroupSnapshotsTest-1922568388 None] /opt/stack/data/cinder/mnt/e82990b14d73390801b977588051e1c7/volume-3e80fd96-53cc-4741-bd0b-a55184af17c3.b1a1cd10-5fb6-4439-9de5-1b055a166843 is being set with open permissions: ugo+rw: NotImplementedError
Apr 29 10:31:50 devstack cinder-volume[83806]: DEBUG oslo_concurrency.processutils [None req-2865178b-3fd3-4f3d-9320-47d7fde1211e tempest-GroupSnapshotsTest-1922568388 None] Running cmd (subprocess): sudo cinder-rootwrap /etc/cinder/rootwrap.conf chmod ugo+rw /opt/stack/data/cinder/mnt/e82990b14d73390801b977588051e1c7/volume-3e80fd96-53cc-4741-bd0b-a55184af17c3.b1a1cd10-5fb6-4439-9de5-1b055a166843 {{(pid=83806) execute /opt/stack/data/venv/lib/python3.12/site-packages/oslo_concurrency/processutils.py:440}}
Apr 29 10:31:51 devstack sudo[87078]: quobyte : PWD=/ ; USER=root ; COMMAND=/opt/stack/data/venv/bin/cinder-rootwrap /etc/cinder/rootwrap.conf chmod ugo+rw /opt/stack/data/cinder/mnt/e82990b14d73390801b977588051e1c7/volume-3e80fd96-53cc-4741-bd0b-a55184af17c3.b1a1cd10-5fb6-4439-9de5-1b055a166843
Apr 29 10:31:51 devstack sudo[87078]: pam_unix(sudo:session): session opened for user root(uid=0) by (uid=1000)
Apr 29 10:31:51 devstack sudo[87078]: pam_unix(sudo:session): session closed for user root
Apr 29 10:31:51 devstack cinder-volume[83806]: DEBUG oslo_concurrency.processutils [None req-2865178b-3fd3-4f3d-9320-47d7fde1211e tempest-GroupSnapshotsTest-1922568388 None] CMD "sudo cinder-rootwrap /etc/cinder/rootwrap.conf chmod ugo+rw /opt/stack/data/cinder/mnt/e82990b14d73390801b977588051e1c7/volume-3e80fd96-53cc-4741-bd0b-a55184af17c3.b1a1cd10-5fb6-4439-9de5-1b055a166843" returned: 0 in 0.843s {{(pid=83806) execute /opt/stack/data/venv/lib/python3.12/site-packages/oslo_concurrency/processutils.py:468}}
Apr 29 10:31:51 devstack cinder-volume[83806]: DEBUG oslo_concurrency.processutils [None req-2865178b-3fd3-4f3d-9320-47d7fde1211e tempest-GroupSnapshotsTest-1922568388 None] Running cmd (subprocess): sudo cinder-rootwrap /etc/cinder/rootwrap.conf truncate -s0 /opt/stack/data/cinder/mnt/e82990b14d73390801b977588051e1c7/volume-3e80fd96-53cc-4741-bd0b-a55184af17c3.info {{(pid=83806) execute /opt/stack/data/venv/lib/python3.12/site-packages/oslo_concurrency/processutils.py:440}}
Apr 29 10:31:51 devstack sudo[87081]: quobyte : PWD=/ ; USER=root ; COMMAND=/opt/stack/data/venv/bin/cinder-rootwrap /etc/cinder/rootwrap.conf truncate -s0 /opt/stack/data/cinder/mnt/e82990b14d73390801b977588051e1c7/volume-3e80fd96-53cc-4741-bd0b-a55184af17c3.info
Apr 29 10:31:51 devstack sudo[87081]: pam_unix(sudo:session): session opened for user root(uid=0) by (uid=1000)
Apr 29 10:31:52 devstack sudo[87081]: pam_unix(sudo:session): session closed for user root
Apr 29 10:31:52 devstack cinder-volume[83806]: DEBUG oslo_concurrency.processutils [None req-2865178b-3fd3-4f3d-9320-47d7fde1211e tempest-GroupSnapshotsTest-1922568388 None] CMD "sudo cinder-rootwrap /etc/cinder/rootwrap.conf truncate -s0 /opt/stack/data/cinder/mnt/e82990b14d73390801b977588051e1c7/volume-3e80fd96-53cc-4741-bd0b-a55184af17c3.info" returned: 0 in 0.875s {{(pid=83806) execute /opt/stack/data/venv/lib/python3.12/site-packages/oslo_concurrency/processutils.py:468}}
Apr 29 10:31:52 devstack cinder-volume[83806]: WARNING cinder.volume.drivers.remotefs [None req-2865178b-3fd3-4f3d-9320-47d7fde1211e tempest-GroupSnapshotsTest-1922568388 None] /opt/stack/data/cinder/mnt/e82990b14d73390801b977588051e1c7/volume-3e80fd96-53cc-4741-bd0b-a55184af17c3.info is being set with open permissions: ugo+rw: NotImplementedError
Apr 29 10:31:52 devstack cinder-volume[83806]: DEBUG oslo_concurrency.processutils [None req-2865178b-3fd3-4f3d-9320-47d7fde1211e tempest-GroupSnapshotsTest-1922568388 None] Running cmd (subprocess): sudo cinder-rootwrap /etc/cinder/rootwrap.conf chmod ugo+rw /opt/stack/data/cinder/mnt/e82990b14d73390801b977588051e1c7/volume-3e80fd96-53cc-4741-bd0b-a55184af17c3.info {{(pid=83806) execute /opt/stack/data/venv/lib/python3.12/site-packages/oslo_concurrency/processutils.py:440}}
Apr 29 10:31:52 devstack sudo[87085]: quobyte : PWD=/ ; USER=root ; COMMAND=/opt/stack/data/venv/bin/cinder-rootwrap /etc/cinder/rootwrap.conf chmod ugo+rw /opt/stack/data/cinder/mnt/e82990b14d73390801b977588051e1c7/volume-3e80fd96-53cc-4741-bd0b-a55184af17c3.info
Apr 29 10:31:52 devstack sudo[87085]: pam_unix(sudo:session): session opened for user root(uid=0) by (uid=1000)
Apr 29 10:31:53 devstack sudo[87085]: pam_unix(sudo:session): session closed for user root
Apr 29 10:31:53 devstack cinder-volume[83806]: DEBUG oslo_concurrency.processutils [None req-2865178b-3fd3-4f3d-9320-47d7fde1211e tempest-GroupSnapshotsTest-1922568388 None] CMD "sudo cinder-rootwrap /etc/cinder/rootwrap.conf chmod ugo+rw /opt/stack/data/cinder/mnt/e82990b14d73390801b977588051e1c7/volume-3e80fd96-53cc-4741-bd0b-a55184af17c3.info" returned: 0 in 0.901s {{(pid=83806) execute /opt/stack/data/venv/lib/python3.12/site-packages/oslo_concurrency/processutils.py:468}}
Apr 29 10:31:53 devstack cinder-volume[83806]: DEBUG oslo_concurrency.lockutils [None req-2865178b-3fd3-4f3d-9320-47d7fde1211e tempest-GroupSnapshotsTest-1922568388 None] Lock "quobyte" "released" by "cinder.volume.drivers.quobyte.QuobyteDriver.create_snapshot" :: held 6.115s {{(pid=83806) inner /opt/stack/data/venv/lib/python3.12/site-packages/oslo_concurrency/lockutils.py:538}}
Apr 29 10:31:53 devstack cinder-volume[83806]: DEBUG oslo_concurrency.lockutils [None req-2865178b-3fd3-4f3d-9320-47d7fde1211e tempest-GroupSnapshotsTest-1922568388 None] Acquiring lock "quobyte" by "cinder.volume.drivers.quobyte.QuobyteDriver.create_snapshot" {{(pid=83806) inner /opt/stack/data/venv/lib/python3.12/site-packages/oslo_concurrency/lockutils.py:506}}
Apr 29 10:31:53 devstack cinder-volume[83806]: DEBUG oslo_concurrency.lockutils [None req-2865178b-3fd3-4f3d-9320-47d7fde1211e tempest-GroupSnapshotsTest-1922568388 None] Lock "quobyte" acquired by "cinder.volume.drivers.quobyte.QuobyteDriver.create_snapshot" :: waited 0.000s {{(pid=83806) inner /opt/stack/data/venv/lib/python3.12/site-packages/oslo_concurrency/lockutils.py:519}}
Apr 29 10:31:53 devstack cinder-volume[83806]: DEBUG cinder.volume.drivers.remotefs [None req-2865178b-3fd3-4f3d-9320-47d7fde1211e tempest-GroupSnapshotsTest-1922568388 None] Creating offline snapshot e09e08ab-816c-4001-9027-cb4be1b33abf of volume 4cd236a5-3de0-4cd8-9056-3d438fcf120e {{(pid=83806) _create_snapshot /opt/stack/cinder/cinder/volume/drivers/remotefs.py:1815}}
Apr 29 10:31:53 devstack cinder-volume[83806]: DEBUG oslo.privsep.daemon [-] privsep: reply[35cab835-4579-4172-9f94-f04242a792b9]: (4, 'qcow2') {{(pid=84960) _call_back /opt/stack/data/venv/lib/python3.12/site-packages/oslo_privsep/daemon.py:573}}
Apr 29 10:31:53 devstack cinder-volume[83806]: DEBUG oslo_concurrency.processutils [None req-2865178b-3fd3-4f3d-9320-47d7fde1211e tempest-GroupSnapshotsTest-1922568388 None] Running cmd (subprocess): /opt/stack/data/venv/bin/python3.12 -m oslo_concurrency.prlimit --as=1073741824 --cpu=60 -- sudo cinder-rootwrap /etc/cinder/rootwrap.conf env LC_ALL=C qemu-img info -f qcow2 --output=json --force-share /opt/stack/data/cinder/mnt/e82990b14d73390801b977588051e1c7/volume-4cd236a5-3de0-4cd8-9056-3d438fcf120e {{(pid=83806) execute /opt/stack/data/venv/lib/python3.12/site-packages/oslo_concurrency/processutils.py:440}}
Apr 29 10:31:53 devstack sudo[87091]: quobyte : PWD=/ ; USER=root ; COMMAND=/opt/stack/data/venv/bin/cinder-rootwrap /etc/cinder/rootwrap.conf env LC_ALL=C qemu-img info -f qcow2 --output=json --force-share /opt/stack/data/cinder/mnt/e82990b14d73390801b977588051e1c7/volume-4cd236a5-3de0-4cd8-9056-3d438fcf120e
Apr 29 10:31:53 devstack sudo[87091]: pam_unix(sudo:session): session opened for user root(uid=0) by (uid=1000)
Apr 29 10:31:54 devstack sudo[87091]: pam_unix(sudo:session): session closed for user root
Apr 29 10:31:54 devstack cinder-volume[83806]: DEBUG oslo_concurrency.processutils [None req-2865178b-3fd3-4f3d-9320-47d7fde1211e tempest-GroupSnapshotsTest-1922568388 None] CMD "/opt/stack/data/venv/bin/python3.12 -m oslo_concurrency.prlimit --as=1073741824 --cpu=60 -- sudo cinder-rootwrap /etc/cinder/rootwrap.conf env LC_ALL=C qemu-img info -f qcow2 --output=json --force-share /opt/stack/data/cinder/mnt/e82990b14d73390801b977588051e1c7/volume-4cd236a5-3de0-4cd8-9056-3d438fcf120e" returned: 0 in 0.940s {{(pid=83806) execute /opt/stack/data/venv/lib/python3.12/site-packages/oslo_concurrency/processutils.py:468}}
Apr 29 10:31:54 devstack cinder-volume[83806]: DEBUG oslo_concurrency.processutils [None req-2865178b-3fd3-4f3d-9320-47d7fde1211e tempest-GroupSnapshotsTest-1922568388 None] Running cmd (subprocess): sudo cinder-rootwrap /etc/cinder/rootwrap.conf qemu-img create -f qcow2 -o backing_file=/opt/stack/data/cinder/mnt/e82990b14d73390801b977588051e1c7/volume-4cd236a5-3de0-4cd8-9056-3d438fcf120e,backing_fmt=qcow2 /opt/stack/data/cinder/mnt/e82990b14d73390801b977588051e1c7/volume-4cd236a5-3de0-4cd8-9056-3d438fcf120e.e09e08ab-816c-4001-9027-cb4be1b33abf 1G {{(pid=83806) execute /opt/stack/data/venv/lib/python3.12/site-packages/oslo_concurrency/processutils.py:440}}
Apr 29 10:31:54 devstack sudo[87097]: quobyte : PWD=/ ; USER=root ; COMMAND=/opt/stack/data/venv/bin/cinder-rootwrap /etc/cinder/rootwrap.conf qemu-img create -f qcow2 -o backing_file=/opt/stack/data/cinder/mnt/e82990b14d73390801b977588051e1c7/volume-4cd236a5-3de0-4cd8-9056-3d438fcf120e,backing_fmt=qcow2 /opt/stack/data/cinder/mnt/e82990b14d73390801b977588051e1c7/volume-4cd236a5-3de0-4cd8-9056-3d438fcf120e.e09e08ab-816c-4001-9027-cb4be1b33abf 1G
Apr 29 10:31:54 devstack sudo[87097]: pam_unix(sudo:session): session opened for user root(uid=0) by (uid=1000)
Apr 29 10:31:55 devstack sudo[87097]: pam_unix(sudo:session): session closed for user root
Apr 29 10:31:55 devstack cinder-volume[83806]: DEBUG oslo_concurrency.processutils [None req-2865178b-3fd3-4f3d-9320-47d7fde1211e tempest-GroupSnapshotsTest-1922568388 None] CMD "sudo cinder-rootwrap /etc/cinder/rootwrap.conf qemu-img create -f qcow2 -o backing_file=/opt/stack/data/cinder/mnt/e82990b14d73390801b977588051e1c7/volume-4cd236a5-3de0-4cd8-9056-3d438fcf120e,backing_fmt=qcow2 /opt/stack/data/cinder/mnt/e82990b14d73390801b977588051e1c7/volume-4cd236a5-3de0-4cd8-9056-3d438fcf120e.e09e08ab-816c-4001-9027-cb4be1b33abf 1G" returned: 0 in 1.024s {{(pid=83806) execute /opt/stack/data/venv/lib/python3.12/site-packages/oslo_concurrency/processutils.py:468}}
Apr 29 10:31:55 devstack cinder-volume[83806]: DEBUG oslo_concurrency.processutils [None req-2865178b-3fd3-4f3d-9320-47d7fde1211e tempest-GroupSnapshotsTest-1922568388 None] Running cmd (subprocess): sudo cinder-rootwrap /etc/cinder/rootwrap.conf qemu-img rebase -u -b volume-4cd236a5-3de0-4cd8-9056-3d438fcf120e -F qcow2 /opt/stack/data/cinder/mnt/e82990b14d73390801b977588051e1c7/volume-4cd236a5-3de0-4cd8-9056-3d438fcf120e.e09e08ab-816c-4001-9027-cb4be1b33abf {{(pid=83806) execute /opt/stack/data/venv/lib/python3.12/site-packages/oslo_concurrency/processutils.py:440}}
Apr 29 10:31:55 devstack sudo[87105]: quobyte : PWD=/ ; USER=root ; COMMAND=/opt/stack/data/venv/bin/cinder-rootwrap /etc/cinder/rootwrap.conf qemu-img rebase -u -b volume-4cd236a5-3de0-4cd8-9056-3d438fcf120e -F qcow2 /opt/stack/data/cinder/mnt/e82990b14d73390801b977588051e1c7/volume-4cd236a5-3de0-4cd8-9056-3d438fcf120e.e09e08ab-816c-4001-9027-cb4be1b33abf
Apr 29 10:31:55 devstack sudo[87105]: pam_unix(sudo:session): session opened for user root(uid=0) by (uid=1000)
Apr 29 10:31:56 devstack sudo[87105]: pam_unix(sudo:session): session closed for user root
Apr 29 10:31:56 devstack cinder-volume[83806]: DEBUG oslo_concurrency.processutils [None req-2865178b-3fd3-4f3d-9320-47d7fde1211e tempest-GroupSnapshotsTest-1922568388 None] CMD "sudo cinder-rootwrap /etc/cinder/rootwrap.conf qemu-img rebase -u -b volume-4cd236a5-3de0-4cd8-9056-3d438fcf120e -F qcow2 /opt/stack/data/cinder/mnt/e82990b14d73390801b977588051e1c7/volume-4cd236a5-3de0-4cd8-9056-3d438fcf120e.e09e08ab-816c-4001-9027-cb4be1b33abf" returned: 0 in 1.093s {{(pid=83806) execute /opt/stack/data/venv/lib/python3.12/site-packages/oslo_concurrency/processutils.py:468}}
Apr 29 10:31:56 devstack cinder-volume[83806]: WARNING cinder.volume.drivers.remotefs [None req-2865178b-3fd3-4f3d-9320-47d7fde1211e tempest-GroupSnapshotsTest-1922568388 None] /opt/stack/data/cinder/mnt/e82990b14d73390801b977588051e1c7/volume-4cd236a5-3de0-4cd8-9056-3d438fcf120e.e09e08ab-816c-4001-9027-cb4be1b33abf is being set with open permissions: ugo+rw: NotImplementedError
Apr 29 10:31:56 devstack cinder-volume[83806]: DEBUG oslo_concurrency.processutils [None req-2865178b-3fd3-4f3d-9320-47d7fde1211e tempest-GroupSnapshotsTest-1922568388 None] Running cmd (subprocess): sudo cinder-rootwrap /etc/cinder/rootwrap.conf chmod ugo+rw /opt/stack/data/cinder/mnt/e82990b14d73390801b977588051e1c7/volume-4cd236a5-3de0-4cd8-9056-3d438fcf120e.e09e08ab-816c-4001-9027-cb4be1b33abf {{(pid=83806) execute /opt/stack/data/venv/lib/python3.12/site-packages/oslo_concurrency/processutils.py:440}}
Apr 29 10:31:56 devstack sudo[87124]: quobyte : PWD=/ ; USER=root ; COMMAND=/opt/stack/data/venv/bin/cinder-rootwrap /etc/cinder/rootwrap.conf chmod ugo+rw /opt/stack/data/cinder/mnt/e82990b14d73390801b977588051e1c7/volume-4cd236a5-3de0-4cd8-9056-3d438fcf120e.e09e08ab-816c-4001-9027-cb4be1b33abf
Apr 29 10:31:56 devstack sudo[87124]: pam_unix(sudo:session): session opened for user root(uid=0) by (uid=1000)
Apr 29 10:31:57 devstack sudo[87124]: pam_unix(sudo:session): session closed for user root
Apr 29 10:31:57 devstack cinder-volume[83806]: DEBUG oslo_concurrency.processutils [None req-2865178b-3fd3-4f3d-9320-47d7fde1211e tempest-GroupSnapshotsTest-1922568388 None] CMD "sudo cinder-rootwrap /etc/cinder/rootwrap.conf chmod ugo+rw /opt/stack/data/cinder/mnt/e82990b14d73390801b977588051e1c7/volume-4cd236a5-3de0-4cd8-9056-3d438fcf120e.e09e08ab-816c-4001-9027-cb4be1b33abf" returned: 0 in 1.093s {{(pid=83806) execute /opt/stack/data/venv/lib/python3.12/site-packages/oslo_concurrency/processutils.py:468}}
Apr 29 10:31:57 devstack cinder-volume[83806]: DEBUG oslo_concurrency.processutils [None req-2865178b-3fd3-4f3d-9320-47d7fde1211e tempest-GroupSnapshotsTest-1922568388 None] Running cmd (subprocess): sudo cinder-rootwrap /etc/cinder/rootwrap.conf truncate -s0 /opt/stack/data/cinder/mnt/e82990b14d73390801b977588051e1c7/volume-4cd236a5-3de0-4cd8-9056-3d438fcf120e.info {{(pid=83806) execute /opt/stack/data/venv/lib/python3.12/site-packages/oslo_concurrency/processutils.py:440}}
Apr 29 10:31:58 devstack sudo[87129]: quobyte : PWD=/ ; USER=root ; COMMAND=/opt/stack/data/venv/bin/cinder-rootwrap /etc/cinder/rootwrap.conf truncate -s0 /opt/stack/data/cinder/mnt/e82990b14d73390801b977588051e1c7/volume-4cd236a5-3de0-4cd8-9056-3d438fcf120e.info
Apr 29 10:31:58 devstack sudo[87129]: pam_unix(sudo:session): session opened for user root(uid=0) by (uid=1000)
Apr 29 10:31:59 devstack sudo[87129]: pam_unix(sudo:session): session closed for user root
Apr 29 10:31:59 devstack cinder-volume[83806]: DEBUG oslo_concurrency.processutils [None req-2865178b-3fd3-4f3d-9320-47d7fde1211e tempest-GroupSnapshotsTest-1922568388 None] CMD "sudo cinder-rootwrap /etc/cinder/rootwrap.conf truncate -s0 /opt/stack/data/cinder/mnt/e82990b14d73390801b977588051e1c7/volume-4cd236a5-3de0-4cd8-9056-3d438fcf120e.info" returned: 0 in 1.209s {{(pid=83806) execute /opt/stack/data/venv/lib/python3.12/site-packages/oslo_concurrency/processutils.py:468}}
Apr 29 10:31:59 devstack cinder-volume[83806]: WARNING cinder.volume.drivers.remotefs [None req-2865178b-3fd3-4f3d-9320-47d7fde1211e tempest-GroupSnapshotsTest-1922568388 None] /opt/stack/data/cinder/mnt/e82990b14d73390801b977588051e1c7/volume-4cd236a5-3de0-4cd8-9056-3d438fcf120e.info is being set with open permissions: ugo+rw: NotImplementedError
Apr 29 10:31:59 devstack cinder-volume[83806]: DEBUG oslo_concurrency.processutils [None req-2865178b-3fd3-4f3d-9320-47d7fde1211e tempest-GroupSnapshotsTest-1922568388 None] Running cmd (subprocess): sudo cinder-rootwrap /etc/cinder/rootwrap.conf chmod ugo+rw /opt/stack/data/cinder/mnt/e82990b14d73390801b977588051e1c7/volume-4cd236a5-3de0-4cd8-9056-3d438fcf120e.info {{(pid=83806) execute /opt/stack/data/venv/lib/python3.12/site-packages/oslo_concurrency/processutils.py:440}}
Apr 29 10:31:59 devstack sudo[87132]: quobyte : PWD=/ ; USER=root ; COMMAND=/opt/stack/data/venv/bin/cinder-rootwrap /etc/cinder/rootwrap.conf chmod ugo+rw /opt/stack/data/cinder/mnt/e82990b14d73390801b977588051e1c7/volume-4cd236a5-3de0-4cd8-9056-3d438fcf120e.info
Apr 29 10:31:59 devstack sudo[87132]: pam_unix(sudo:session): session opened for user root(uid=0) by (uid=1000)
Apr 29 10:32:00 devstack sudo[87132]: pam_unix(sudo:session): session closed for user root
Apr 29 10:32:00 devstack cinder-volume[83806]: DEBUG oslo_concurrency.processutils [None req-2865178b-3fd3-4f3d-9320-47d7fde1211e tempest-GroupSnapshotsTest-1922568388 None] CMD "sudo cinder-rootwrap /etc/cinder/rootwrap.conf chmod ugo+rw /opt/stack/data/cinder/mnt/e82990b14d73390801b977588051e1c7/volume-4cd236a5-3de0-4cd8-9056-3d438fcf120e.info" returned: 0 in 0.840s {{(pid=83806) execute /opt/stack/data/venv/lib/python3.12/site-packages/oslo_concurrency/processutils.py:468}}
Apr 29 10:32:00 devstack cinder-volume[83806]: DEBUG oslo_concurrency.lockutils [None req-2865178b-3fd3-4f3d-9320-47d7fde1211e tempest-GroupSnapshotsTest-1922568388 None] Lock "quobyte" "released" by "cinder.volume.drivers.quobyte.QuobyteDriver.create_snapshot" :: held 6.362s {{(pid=83806) inner /opt/stack/data/venv/lib/python3.12/site-packages/oslo_concurrency/lockutils.py:538}}
Apr 29 10:32:00 devstack cinder-volume[83806]: INFO cinder.volume.manager [None req-2865178b-3fd3-4f3d-9320-47d7fde1211e tempest-GroupSnapshotsTest-1922568388 None] group_snapshot 48b72930-5427-42b1-9102-7bbeae0f1ddf: created successfully
Apr 29 10:32:01 devstack cinder-volume[83806]: DEBUG cinder.volume.flows.manager.create_volume [req-08ba03be-59ed-4b79-994e-32ec38c7c957 req-939de3da-7f2f-45ef-bc49-3dfc6c0cf026 tempest-ServerBootFromVolumeStableRescueTest-1846480130 None] Volume reschedule parameters: True retry: {'num_attempts': 1, 'backends': ['devstack@QuobyteHD#QuobyteHD'], 'hosts': ['devstack@QuobyteHD#QuobyteHD']} {{(pid=83806) get_flow /opt/stack/cinder/cinder/volume/flows/manager/create_volume.py:1388}}
Apr 29 10:32:01 devstack cinder-volume[83806]: DEBUG cinder.volume.manager [req-08ba03be-59ed-4b79-994e-32ec38c7c957 req-939de3da-7f2f-45ef-bc49-3dfc6c0cf026 tempest-ServerBootFromVolumeStableRescueTest-1846480130 None] Flow 'volume_create_manager' (e525aff4-0e9d-45a1-b051-b14e12c0a014) transitioned into state 'RUNNING' from state 'PENDING' {{(pid=83806) _flow_receiver /opt/stack/data/venv/lib/python3.12/site-packages/taskflow/listeners/logging.py:145}}
Apr 29 10:32:01 devstack cinder-volume[83806]: DEBUG cinder.volume.manager [req-08ba03be-59ed-4b79-994e-32ec38c7c957 req-939de3da-7f2f-45ef-bc49-3dfc6c0cf026 tempest-ServerBootFromVolumeStableRescueTest-1846480130 None] Task 'cinder.volume.flows.manager.create_volume.ExtractVolumeRefTask;volume:create' (dc6b9d8d-89ac-404f-94b8-72b5643dae4d) transitioned into state 'RUNNING' from state 'PENDING' {{(pid=83806) _task_receiver /opt/stack/data/venv/lib/python3.12/site-packages/taskflow/listeners/logging.py:194}}
Apr 29 10:32:01 devstack cinder-volume[83806]: DEBUG cinder.volume.manager [req-08ba03be-59ed-4b79-994e-32ec38c7c957 req-939de3da-7f2f-45ef-bc49-3dfc6c0cf026 tempest-ServerBootFromVolumeStableRescueTest-1846480130 None] Task 'cinder.volume.flows.manager.create_volume.ExtractVolumeRefTask;volume:create' (dc6b9d8d-89ac-404f-94b8-72b5643dae4d) transitioned into state 'SUCCESS' from state 'RUNNING' with result 'Volume(_name_id=None,admin_metadata=,attach_status='detached',availability_zone='nova',bootable=False,cluster=,cluster_name=None,consistencygroup=,consistencygroup_id=None,created_at=2026-04-29T08:32:01Z,deleted=False,deleted_at=None,display_description='',display_name='',ec2_id=None,encryption_key_id=None,glance_metadata=,group=,group_id=None,host='devstack@QuobyteHD#QuobyteHD',id=2eb49209-ea0a-4dc0-b1e7-0ff345607b68,launched_at=None,metadata={},migration_status=None,multiattach=False,previous_status=None,project_id='273577868c6941fb8f9ddcf6f83a75aa',provider_auth=None,provider_geometry=None,provider_id=None,provider_location=None,replication_driver_data=None,replication_extended_status=None,replication_status=None,scheduled_at=2026-04-29T08:32:01Z,service_uuid=None,shared_targets=True,size=1,snapshot_id=None,snapshots=,source_volid=None,status='creating',terminated_at=None,updated_at=2026-04-29T08:32:01Z,use_quota=True,user_id='51cd9fd92ad24bd68ba442d22392cd8b',volume_attachment=VolumeAttachmentList,volume_type=VolumeType(2d297a33-c7a5-45c1-9381-1c70af9a9639),volume_type_id=2d297a33-c7a5-45c1-9381-1c70af9a9639)' {{(pid=83806) _task_receiver /opt/stack/data/venv/lib/python3.12/site-packages/taskflow/listeners/logging.py:182}}
Apr 29 10:32:01 devstack cinder-volume[83806]: DEBUG cinder.volume.manager [req-08ba03be-59ed-4b79-994e-32ec38c7c957 req-939de3da-7f2f-45ef-bc49-3dfc6c0cf026 tempest-ServerBootFromVolumeStableRescueTest-1846480130 None] Task 'cinder.volume.flows.manager.create_volume.OnFailureRescheduleTask;volume:create' (1c2ad4e0-fd46-418c-9350-b48d6cc8aca3) transitioned into state 'RUNNING' from state 'PENDING' {{(pid=83806) _task_receiver /opt/stack/data/venv/lib/python3.12/site-packages/taskflow/listeners/logging.py:194}}
Apr 29 10:32:01 devstack cinder-volume[83806]: DEBUG cinder.volume.manager [req-08ba03be-59ed-4b79-994e-32ec38c7c957 req-939de3da-7f2f-45ef-bc49-3dfc6c0cf026 tempest-ServerBootFromVolumeStableRescueTest-1846480130 None] Task 'cinder.volume.flows.manager.create_volume.OnFailureRescheduleTask;volume:create' (1c2ad4e0-fd46-418c-9350-b48d6cc8aca3) transitioned into state 'SUCCESS' from state 'RUNNING' with result 'None' {{(pid=83806) _task_receiver /opt/stack/data/venv/lib/python3.12/site-packages/taskflow/listeners/logging.py:182}}
Apr 29 10:32:01 devstack cinder-volume[83806]: DEBUG cinder.volume.manager [req-08ba03be-59ed-4b79-994e-32ec38c7c957 req-939de3da-7f2f-45ef-bc49-3dfc6c0cf026 tempest-ServerBootFromVolumeStableRescueTest-1846480130 None] Task 'cinder.volume.flows.manager.create_volume.ExtractVolumeSpecTask;volume:create' (785faff8-ca26-4f0b-a88e-6b7a706b57c1) transitioned into state 'RUNNING' from state 'PENDING' {{(pid=83806) _task_receiver /opt/stack/data/venv/lib/python3.12/site-packages/taskflow/listeners/logging.py:194}}
Apr 29 10:32:01 devstack cinder-volume[83806]: DEBUG cinder.image.glance [req-08ba03be-59ed-4b79-994e-32ec38c7c957 req-939de3da-7f2f-45ef-bc49-3dfc6c0cf026 tempest-ServerBootFromVolumeStableRescueTest-1846480130 None] Creating Keystone auth plugin from conf {{(pid=83806) _create_glance_client /opt/stack/cinder/cinder/image/glance.py:135}}
Apr 29 10:32:01 devstack cinder-volume[83806]: INFO cinder.volume.manager [None req-6fc796ac-6889-4bec-b211-871464e07a9c tempest-GroupSnapshotsTest-1922568388 None] group_snapshot 48b72930-5427-42b1-9102-7bbeae0f1ddf: deleting
Apr 29 10:32:01 devstack cinder-volume[83806]: DEBUG cinder.volume.manager [None req-6fc796ac-6889-4bec-b211-871464e07a9c tempest-GroupSnapshotsTest-1922568388 None] group_snapshot 48b72930-5427-42b1-9102-7bbeae0f1ddf: deleting {{(pid=83806) delete_group_snapshot /opt/stack/cinder/cinder/volume/manager.py:4350}}
Apr 29 10:32:01 devstack cinder-volume[83806]: DEBUG cinder.coordination [None req-6fc796ac-6889-4bec-b211-871464e07a9c tempest-GroupSnapshotsTest-1922568388 None] Acquiring lock "cinder-quobyte-3e80fd96-53cc-4741-bd0b-a55184af17c3" by "delete_snapshot" {{(pid=83806) __acquire /opt/stack/cinder/cinder/coordination.py:138}}
Apr 29 10:32:01 devstack cinder-volume[83806]: DEBUG cinder.coordination [None req-6fc796ac-6889-4bec-b211-871464e07a9c tempest-GroupSnapshotsTest-1922568388 None] Lock "cinder-quobyte-3e80fd96-53cc-4741-bd0b-a55184af17c3" acquired by "delete_snapshot" :: waited 0.028s {{(pid=83806) __acquire /opt/stack/cinder/cinder/coordination.py:141}}
Apr 29 10:32:01 devstack cinder-volume[83806]: DEBUG cinder.coordination [None req-6fc796ac-6889-4bec-b211-871464e07a9c tempest-GroupSnapshotsTest-1922568388 None] Acquiring lock "cinder-quobyte-b1a1cd10-5fb6-4439-9de5-1b055a166843" by "_delete_snapshot" {{(pid=83806) __acquire /opt/stack/cinder/cinder/coordination.py:138}}
Apr 29 10:32:01 devstack cinder-volume[83806]: DEBUG cinder.coordination [None req-6fc796ac-6889-4bec-b211-871464e07a9c tempest-GroupSnapshotsTest-1922568388 None] Lock "cinder-quobyte-b1a1cd10-5fb6-4439-9de5-1b055a166843" acquired by "_delete_snapshot" :: waited 0.016s {{(pid=83806) __acquire /opt/stack/cinder/cinder/coordination.py:141}}
