Aug 18 12:13:44 devstack cinder-volume[94116]: DEBUG cinder.volume.manager [None req-697871b2-587a-41f0-8689-531b44630430 tempest-SnapshotMetadataTestJSON-421489150 None] Task 'cinder.volume.flows.manager.create_volume.CreateVolumeFromSpecTask;volume:create' (13afc5a6-ee54-4953-84e6-392b12684deb) transitioned into state 'SUCCESS' from state 'RUNNING' with result '{'status': 'creating', 'volume_name': 'volume-8485a991-eb5b-4762-9821-b72dda2a49d0', 'volume_size': 1}' {{(pid=94116) _task_receiver /opt/stack/data/venv/lib/python3.12/site-packages/taskflow/listeners/logging.py:218}}
Aug 18 12:13:44 devstack cinder-volume[94116]: DEBUG cinder.volume.manager [None req-697871b2-587a-41f0-8689-531b44630430 tempest-SnapshotMetadataTestJSON-421489150 None] Task 'cinder.volume.flows.manager.create_volume.CreateVolumeOnFinishTask;volume:create, create.end' (e40ae137-307b-4be3-936a-ee3d4a0cb954) transitioned into state 'RUNNING' from state 'PENDING' {{(pid=94116) _task_receiver /opt/stack/data/venv/lib/python3.12/site-packages/taskflow/listeners/logging.py:242}}
Aug 18 12:13:44 devstack sudo[99286]: quobyte : PWD=/ ; USER=root ; COMMAND=/opt/stack/data/venv/bin/cinder-rootwrap /etc/cinder/rootwrap.conf qemu-img create -f qcow2 -o preallocation=metadata /opt/stack/data/cinder/mnt/e8c2a4aabe20a3b3248758c447acf928/volume-677c17ed-533d-4017-b92a-70881bc29f22 1073741824
Aug 18 12:13:44 devstack sudo[99286]: pam_unix(sudo:session): session opened for user root(uid=0) by (uid=1000)
Aug 18 12:13:44 devstack cinder-volume[94116]: INFO cinder.volume.flows.manager.create_volume [None req-697871b2-587a-41f0-8689-531b44630430 tempest-SnapshotMetadataTestJSON-421489150 None] Volume volume-8485a991-eb5b-4762-9821-b72dda2a49d0 (8485a991-eb5b-4762-9821-b72dda2a49d0): created successfully
Aug 18 12:13:44 devstack cinder-volume[94116]: DEBUG cinder.volume.manager [None req-697871b2-587a-41f0-8689-531b44630430 tempest-SnapshotMetadataTestJSON-421489150 None] Task 'cinder.volume.flows.manager.create_volume.CreateVolumeOnFinishTask;volume:create, create.end' (e40ae137-307b-4be3-936a-ee3d4a0cb954) transitioned into state 'SUCCESS' from state 'RUNNING' with result 'None' {{(pid=94116) _task_receiver /opt/stack/data/venv/lib/python3.12/site-packages/taskflow/listeners/logging.py:218}}
Aug 18 12:13:44 devstack cinder-volume[94116]: DEBUG cinder.volume.manager [None req-697871b2-587a-41f0-8689-531b44630430 tempest-SnapshotMetadataTestJSON-421489150 None] Flow 'volume_create_manager' (b98cc6b3-34f9-4b3f-8237-6fca5ed62041) transitioned into state 'SUCCESS' from state 'RUNNING' {{(pid=94116) _flow_receiver /opt/stack/data/venv/lib/python3.12/site-packages/taskflow/listeners/logging.py:160}}
Aug 18 12:13:44 devstack cinder-volume[94116]: INFO cinder.volume.manager [None req-697871b2-587a-41f0-8689-531b44630430 tempest-SnapshotMetadataTestJSON-421489150 None] Created volume successfully.
Aug 18 12:13:44 devstack sudo[99286]: pam_unix(sudo:session): session closed for user root
Aug 18 12:13:44 devstack cinder-volume[94116]: DEBUG oslo_concurrency.processutils [None req-a5b29b50-9164-4f26-aacb-9ccb50b2aeb9 tempest-VolumesSnapshotTestJSON-1106346759 None] CMD "sudo cinder-rootwrap /etc/cinder/rootwrap.conf qemu-img create -f qcow2 -o preallocation=metadata /opt/stack/data/cinder/mnt/e8c2a4aabe20a3b3248758c447acf928/volume-677c17ed-533d-4017-b92a-70881bc29f22 1073741824" returned: 0 in 0.539s {{(pid=94116) execute /opt/stack/data/venv/lib/python3.12/site-packages/oslo_concurrency/processutils.py:468}}
Aug 18 12:13:44 devstack cinder-volume[94116]: DEBUG oslo_concurrency.processutils [None req-a5b29b50-9164-4f26-aacb-9ccb50b2aeb9 tempest-VolumesSnapshotTestJSON-1106346759 None] Running cmd (subprocess): sudo cinder-rootwrap /etc/cinder/rootwrap.conf chmod ugo+rw /opt/stack/data/cinder/mnt/e8c2a4aabe20a3b3248758c447acf928/volume-677c17ed-533d-4017-b92a-70881bc29f22 {{(pid=94116) execute /opt/stack/data/venv/lib/python3.12/site-packages/oslo_concurrency/processutils.py:440}}
Aug 18 12:13:44 devstack sudo[99294]: quobyte : PWD=/ ; USER=root ; COMMAND=/opt/stack/data/venv/bin/cinder-rootwrap /etc/cinder/rootwrap.conf chmod ugo+rw /opt/stack/data/cinder/mnt/e8c2a4aabe20a3b3248758c447acf928/volume-677c17ed-533d-4017-b92a-70881bc29f22
Aug 18 12:13:44 devstack sudo[99294]: pam_unix(sudo:session): session opened for user root(uid=0) by (uid=1000)
Aug 18 12:13:45 devstack sudo[99294]: pam_unix(sudo:session): session closed for user root
Aug 18 12:13:45 devstack cinder-volume[94116]: DEBUG oslo_concurrency.processutils [None req-a5b29b50-9164-4f26-aacb-9ccb50b2aeb9 tempest-VolumesSnapshotTestJSON-1106346759 None] CMD "sudo cinder-rootwrap /etc/cinder/rootwrap.conf chmod ugo+rw /opt/stack/data/cinder/mnt/e8c2a4aabe20a3b3248758c447acf928/volume-677c17ed-533d-4017-b92a-70881bc29f22" returned: 0 in 0.447s {{(pid=94116) execute /opt/stack/data/venv/lib/python3.12/site-packages/oslo_concurrency/processutils.py:468}}
Aug 18 12:13:45 devstack cinder-volume[94116]: DEBUG cinder.volume.drivers.quobyte [None req-a5b29b50-9164-4f26-aacb-9ccb50b2aeb9 tempest-VolumesSnapshotTestJSON-1106346759 None] <== create_volume: return (1051ms) {'provider_location': 'osci02.corp.quobyte.com/cinder-vol-6da9cdff-ef78-4c84-b715-f35a9c8ec291'} {{(pid=94116) trace_logging_wrapper /opt/stack/cinder/cinder/volume/volume_utils.py:1522}}
Aug 18 12:13:45 devstack cinder-volume[94116]: DEBUG oslo_concurrency.lockutils [None req-a5b29b50-9164-4f26-aacb-9ccb50b2aeb9 tempest-VolumesSnapshotTestJSON-1106346759 None] Lock "quobyte" "released" by "cinder.volume.drivers.quobyte.QuobyteDriver.create_volume" :: held 1.053s {{(pid=94116) inner /opt/stack/data/venv/lib/python3.12/site-packages/oslo_concurrency/lockutils.py:544}}
Aug 18 12:13:45 devstack cinder-volume[94116]: DEBUG oslo_concurrency.lockutils [None req-000f7aff-f967-4962-8b08-872569a8e31b tempest-SnapshotMetadataTestJSON-421489150 None] Acquiring lock "quobyte" by "cinder.volume.drivers.quobyte.QuobyteDriver.create_snapshot" {{(pid=94116) inner /opt/stack/data/venv/lib/python3.12/site-packages/oslo_concurrency/lockutils.py:512}}
Aug 18 12:13:45 devstack cinder-volume[94116]: DEBUG oslo_concurrency.lockutils [None req-000f7aff-f967-4962-8b08-872569a8e31b tempest-SnapshotMetadataTestJSON-421489150 None] Lock "quobyte" acquired by "cinder.volume.drivers.quobyte.QuobyteDriver.create_snapshot" :: waited 0.001s {{(pid=94116) inner /opt/stack/data/venv/lib/python3.12/site-packages/oslo_concurrency/lockutils.py:525}}
Aug 18 12:13:45 devstack cinder-volume[94116]: DEBUG cinder.volume.manager [None req-a5b29b50-9164-4f26-aacb-9ccb50b2aeb9 tempest-VolumesSnapshotTestJSON-1106346759 None] Task 'cinder.volume.flows.manager.create_volume.CreateVolumeFromSpecTask;volume:create' (28b2f2a3-c5d7-4fa9-8f5a-85f0ac87c273) transitioned into state 'SUCCESS' from state 'RUNNING' with result '{'status': 'creating', 'volume_name': 'volume-677c17ed-533d-4017-b92a-70881bc29f22', 'volume_size': 1}' {{(pid=94116) _task_receiver /opt/stack/data/venv/lib/python3.12/site-packages/taskflow/listeners/logging.py:218}}
Aug 18 12:13:45 devstack cinder-volume[94116]: DEBUG cinder.volume.manager [None req-a5b29b50-9164-4f26-aacb-9ccb50b2aeb9 tempest-VolumesSnapshotTestJSON-1106346759 None] Task 'cinder.volume.flows.manager.create_volume.CreateVolumeOnFinishTask;volume:create, create.end' (90133145-6f77-4abf-9b17-fbb047441d0b) transitioned into state 'RUNNING' from state 'PENDING' {{(pid=94116) _task_receiver /opt/stack/data/venv/lib/python3.12/site-packages/taskflow/listeners/logging.py:242}}
Aug 18 12:13:45 devstack cinder-volume[94116]: DEBUG cinder.volume.drivers.remotefs [None req-000f7aff-f967-4962-8b08-872569a8e31b tempest-SnapshotMetadataTestJSON-421489150 None] Creating offline snapshot de3d0ba5-01fb-4140-ad9f-86c31153932d of volume 8485a991-eb5b-4762-9821-b72dda2a49d0 {{(pid=94116) _create_snapshot /opt/stack/cinder/cinder/volume/drivers/remotefs.py:1816}}
Aug 18 12:13:45 devstack cinder-volume[94116]: INFO cinder.volume.flows.manager.create_volume [None req-a5b29b50-9164-4f26-aacb-9ccb50b2aeb9 tempest-VolumesSnapshotTestJSON-1106346759 None] Volume volume-677c17ed-533d-4017-b92a-70881bc29f22 (677c17ed-533d-4017-b92a-70881bc29f22): created successfully
Aug 18 12:13:45 devstack cinder-volume[94116]: DEBUG cinder.volume.manager [None req-a5b29b50-9164-4f26-aacb-9ccb50b2aeb9 tempest-VolumesSnapshotTestJSON-1106346759 None] Task 'cinder.volume.flows.manager.create_volume.CreateVolumeOnFinishTask;volume:create, create.end' (90133145-6f77-4abf-9b17-fbb047441d0b) transitioned into state 'SUCCESS' from state 'RUNNING' with result 'None' {{(pid=94116) _task_receiver /opt/stack/data/venv/lib/python3.12/site-packages/taskflow/listeners/logging.py:218}}
Aug 18 12:13:45 devstack cinder-volume[94116]: DEBUG cinder.volume.manager [None req-a5b29b50-9164-4f26-aacb-9ccb50b2aeb9 tempest-VolumesSnapshotTestJSON-1106346759 None] Flow 'volume_create_manager' (30a9052e-1582-4b52-a874-f55eda60e285) transitioned into state 'SUCCESS' from state 'RUNNING' {{(pid=94116) _flow_receiver /opt/stack/data/venv/lib/python3.12/site-packages/taskflow/listeners/logging.py:160}}
Aug 18 12:13:45 devstack cinder-volume[94116]: DEBUG oslo.privsep.daemon [-] privsep: reply[68bc51d8-8f15-44d6-bef3-b998d059f3fa]: (4, 'qcow2') {{(pid=95006) _call_back /opt/stack/data/venv/lib/python3.12/site-packages/oslo_privsep/daemon.py:580}}
Aug 18 12:13:45 devstack cinder-volume[94116]: DEBUG oslo_concurrency.processutils [None req-000f7aff-f967-4962-8b08-872569a8e31b tempest-SnapshotMetadataTestJSON-421489150 None] Running cmd (subprocess): /opt/stack/data/venv/bin/python3.12 -m oslo_concurrency.prlimit --as=1073741824 --cpu=60 -- sudo cinder-rootwrap /etc/cinder/rootwrap.conf env LC_ALL=C qemu-img info -f qcow2 --output=json --force-share /opt/stack/data/cinder/mnt/e8c2a4aabe20a3b3248758c447acf928/volume-8485a991-eb5b-4762-9821-b72dda2a49d0 {{(pid=94116) execute /opt/stack/data/venv/lib/python3.12/site-packages/oslo_concurrency/processutils.py:440}}
Aug 18 12:13:45 devstack cinder-volume[94116]: INFO cinder.volume.manager [None req-a5b29b50-9164-4f26-aacb-9ccb50b2aeb9 tempest-VolumesSnapshotTestJSON-1106346759 None] Created volume successfully.
Aug 18 12:13:45 devstack sudo[99298]: quobyte : PWD=/ ; USER=root ; COMMAND=/opt/stack/data/venv/bin/cinder-rootwrap /etc/cinder/rootwrap.conf env LC_ALL=C qemu-img info -f qcow2 --output=json --force-share /opt/stack/data/cinder/mnt/e8c2a4aabe20a3b3248758c447acf928/volume-8485a991-eb5b-4762-9821-b72dda2a49d0
Aug 18 12:13:45 devstack sudo[99298]: pam_unix(sudo:session): session opened for user root(uid=0) by (uid=1000)
Aug 18 12:13:45 devstack sudo[99298]: pam_unix(sudo:session): session closed for user root
Aug 18 12:13:45 devstack cinder-volume[94116]: DEBUG oslo_concurrency.processutils [None req-000f7aff-f967-4962-8b08-872569a8e31b tempest-SnapshotMetadataTestJSON-421489150 None] CMD "/opt/stack/data/venv/bin/python3.12 -m oslo_concurrency.prlimit --as=1073741824 --cpu=60 -- sudo cinder-rootwrap /etc/cinder/rootwrap.conf env LC_ALL=C qemu-img info -f qcow2 --output=json --force-share /opt/stack/data/cinder/mnt/e8c2a4aabe20a3b3248758c447acf928/volume-8485a991-eb5b-4762-9821-b72dda2a49d0" returned: 0 in 0.446s {{(pid=94116) execute /opt/stack/data/venv/lib/python3.12/site-packages/oslo_concurrency/processutils.py:468}}
Aug 18 12:13:45 devstack cinder-volume[94116]: DEBUG oslo_concurrency.processutils [None req-000f7aff-f967-4962-8b08-872569a8e31b tempest-SnapshotMetadataTestJSON-421489150 None] Running cmd (subprocess): sudo cinder-rootwrap /etc/cinder/rootwrap.conf qemu-img create -f qcow2 -o backing_file=/opt/stack/data/cinder/mnt/e8c2a4aabe20a3b3248758c447acf928/volume-8485a991-eb5b-4762-9821-b72dda2a49d0,backing_fmt=qcow2 /opt/stack/data/cinder/mnt/e8c2a4aabe20a3b3248758c447acf928/volume-8485a991-eb5b-4762-9821-b72dda2a49d0.de3d0ba5-01fb-4140-ad9f-86c31153932d 1G {{(pid=94116) execute /opt/stack/data/venv/lib/python3.12/site-packages/oslo_concurrency/processutils.py:440}}
Aug 18 12:13:45 devstack sudo[99303]: quobyte : PWD=/ ; USER=root ; COMMAND=/opt/stack/data/venv/bin/cinder-rootwrap /etc/cinder/rootwrap.conf qemu-img create -f qcow2 -o backing_file=/opt/stack/data/cinder/mnt/e8c2a4aabe20a3b3248758c447acf928/volume-8485a991-eb5b-4762-9821-b72dda2a49d0,backing_fmt=qcow2 /opt/stack/data/cinder/mnt/e8c2a4aabe20a3b3248758c447acf928/volume-8485a991-eb5b-4762-9821-b72dda2a49d0.de3d0ba5-01fb-4140-ad9f-86c31153932d 1G
Aug 18 12:13:45 devstack sudo[99303]: pam_unix(sudo:session): session opened for user root(uid=0) by (uid=1000)
Aug 18 12:13:46 devstack sudo[99303]: pam_unix(sudo:session): session closed for user root
Aug 18 12:13:46 devstack cinder-volume[94116]: DEBUG oslo_concurrency.processutils [None req-000f7aff-f967-4962-8b08-872569a8e31b tempest-SnapshotMetadataTestJSON-421489150 None] CMD "sudo cinder-rootwrap /etc/cinder/rootwrap.conf qemu-img create -f qcow2 -o backing_file=/opt/stack/data/cinder/mnt/e8c2a4aabe20a3b3248758c447acf928/volume-8485a991-eb5b-4762-9821-b72dda2a49d0,backing_fmt=qcow2 /opt/stack/data/cinder/mnt/e8c2a4aabe20a3b3248758c447acf928/volume-8485a991-eb5b-4762-9821-b72dda2a49d0.de3d0ba5-01fb-4140-ad9f-86c31153932d 1G" returned: 0 in 0.527s {{(pid=94116) execute /opt/stack/data/venv/lib/python3.12/site-packages/oslo_concurrency/processutils.py:468}}
Aug 18 12:13:46 devstack cinder-volume[94116]: DEBUG oslo_concurrency.processutils [None req-000f7aff-f967-4962-8b08-872569a8e31b tempest-SnapshotMetadataTestJSON-421489150 None] Running cmd (subprocess): sudo cinder-rootwrap /etc/cinder/rootwrap.conf qemu-img rebase -u -b volume-8485a991-eb5b-4762-9821-b72dda2a49d0 -F qcow2 /opt/stack/data/cinder/mnt/e8c2a4aabe20a3b3248758c447acf928/volume-8485a991-eb5b-4762-9821-b72dda2a49d0.de3d0ba5-01fb-4140-ad9f-86c31153932d {{(pid=94116) execute /opt/stack/data/venv/lib/python3.12/site-packages/oslo_concurrency/processutils.py:440}}
Aug 18 12:13:46 devstack sudo[99309]: quobyte : PWD=/ ; USER=root ; COMMAND=/opt/stack/data/venv/bin/cinder-rootwrap /etc/cinder/rootwrap.conf qemu-img rebase -u -b volume-8485a991-eb5b-4762-9821-b72dda2a49d0 -F qcow2 /opt/stack/data/cinder/mnt/e8c2a4aabe20a3b3248758c447acf928/volume-8485a991-eb5b-4762-9821-b72dda2a49d0.de3d0ba5-01fb-4140-ad9f-86c31153932d
Aug 18 12:13:46 devstack sudo[99309]: pam_unix(sudo:session): session opened for user root(uid=0) by (uid=1000)
Aug 18 12:13:46 devstack cinder-volume[94116]: DEBUG oslo_concurrency.lockutils [None req-5ac42ba1-94e8-4280-bde9-8a320445d0fc tempest-VolumesSnapshotTestJSON-1106346759 None] Acquiring lock "quobyte" by "cinder.volume.drivers.quobyte.QuobyteDriver.create_snapshot" {{(pid=94116) inner /opt/stack/data/venv/lib/python3.12/site-packages/oslo_concurrency/lockutils.py:512}}
Aug 18 12:13:46 devstack sudo[99309]: pam_unix(sudo:session): session closed for user root
Aug 18 12:13:46 devstack cinder-volume[94116]: DEBUG oslo_concurrency.processutils [None req-000f7aff-f967-4962-8b08-872569a8e31b tempest-SnapshotMetadataTestJSON-421489150 None] CMD "sudo cinder-rootwrap /etc/cinder/rootwrap.conf qemu-img rebase -u -b volume-8485a991-eb5b-4762-9821-b72dda2a49d0 -F qcow2 /opt/stack/data/cinder/mnt/e8c2a4aabe20a3b3248758c447acf928/volume-8485a991-eb5b-4762-9821-b72dda2a49d0.de3d0ba5-01fb-4140-ad9f-86c31153932d" returned: 0 in 0.401s {{(pid=94116) execute /opt/stack/data/venv/lib/python3.12/site-packages/oslo_concurrency/processutils.py:468}}
Aug 18 12:13:46 devstack cinder-volume[94116]: WARNING cinder.volume.drivers.remotefs [None req-000f7aff-f967-4962-8b08-872569a8e31b tempest-SnapshotMetadataTestJSON-421489150 None] /opt/stack/data/cinder/mnt/e8c2a4aabe20a3b3248758c447acf928/volume-8485a991-eb5b-4762-9821-b72dda2a49d0.de3d0ba5-01fb-4140-ad9f-86c31153932d is being set with open permissions: ugo+rw
Aug 18 12:13:46 devstack cinder-volume[94116]: DEBUG oslo_concurrency.processutils [None req-000f7aff-f967-4962-8b08-872569a8e31b tempest-SnapshotMetadataTestJSON-421489150 None] Running cmd (subprocess): sudo cinder-rootwrap /etc/cinder/rootwrap.conf chmod ugo+rw /opt/stack/data/cinder/mnt/e8c2a4aabe20a3b3248758c447acf928/volume-8485a991-eb5b-4762-9821-b72dda2a49d0.de3d0ba5-01fb-4140-ad9f-86c31153932d {{(pid=94116) execute /opt/stack/data/venv/lib/python3.12/site-packages/oslo_concurrency/processutils.py:440}}
Aug 18 12:13:46 devstack sudo[99314]: quobyte : PWD=/ ; USER=root ; COMMAND=/opt/stack/data/venv/bin/cinder-rootwrap /etc/cinder/rootwrap.conf chmod ugo+rw /opt/stack/data/cinder/mnt/e8c2a4aabe20a3b3248758c447acf928/volume-8485a991-eb5b-4762-9821-b72dda2a49d0.de3d0ba5-01fb-4140-ad9f-86c31153932d
Aug 18 12:13:46 devstack sudo[99314]: pam_unix(sudo:session): session opened for user root(uid=0) by (uid=1000)
Aug 18 12:13:46 devstack sudo[99314]: pam_unix(sudo:session): session closed for user root
Aug 18 12:13:46 devstack cinder-volume[94116]: DEBUG oslo_concurrency.processutils [None req-000f7aff-f967-4962-8b08-872569a8e31b tempest-SnapshotMetadataTestJSON-421489150 None] CMD "sudo cinder-rootwrap /etc/cinder/rootwrap.conf chmod ugo+rw /opt/stack/data/cinder/mnt/e8c2a4aabe20a3b3248758c447acf928/volume-8485a991-eb5b-4762-9821-b72dda2a49d0.de3d0ba5-01fb-4140-ad9f-86c31153932d" returned: 0 in 0.252s {{(pid=94116) execute /opt/stack/data/venv/lib/python3.12/site-packages/oslo_concurrency/processutils.py:468}}
Aug 18 12:13:46 devstack cinder-volume[94116]: DEBUG oslo_concurrency.processutils [None req-000f7aff-f967-4962-8b08-872569a8e31b tempest-SnapshotMetadataTestJSON-421489150 None] Running cmd (subprocess): sudo cinder-rootwrap /etc/cinder/rootwrap.conf truncate -s0 /opt/stack/data/cinder/mnt/e8c2a4aabe20a3b3248758c447acf928/volume-8485a991-eb5b-4762-9821-b72dda2a49d0.info {{(pid=94116) execute /opt/stack/data/venv/lib/python3.12/site-packages/oslo_concurrency/processutils.py:440}}
Aug 18 12:13:46 devstack sudo[99318]: quobyte : PWD=/ ; USER=root ; COMMAND=/opt/stack/data/venv/bin/cinder-rootwrap /etc/cinder/rootwrap.conf truncate -s0 /opt/stack/data/cinder/mnt/e8c2a4aabe20a3b3248758c447acf928/volume-8485a991-eb5b-4762-9821-b72dda2a49d0.info
Aug 18 12:13:46 devstack sudo[99318]: pam_unix(sudo:session): session opened for user root(uid=0) by (uid=1000)
Aug 18 12:13:47 devstack sudo[99318]: pam_unix(sudo:session): session closed for user root
Aug 18 12:13:47 devstack cinder-volume[94116]: DEBUG oslo_concurrency.processutils [None req-000f7aff-f967-4962-8b08-872569a8e31b tempest-SnapshotMetadataTestJSON-421489150 None] CMD "sudo cinder-rootwrap /etc/cinder/rootwrap.conf truncate -s0 /opt/stack/data/cinder/mnt/e8c2a4aabe20a3b3248758c447acf928/volume-8485a991-eb5b-4762-9821-b72dda2a49d0.info" returned: 0 in 0.333s {{(pid=94116) execute /opt/stack/data/venv/lib/python3.12/site-packages/oslo_concurrency/processutils.py:468}}
Aug 18 12:13:47 devstack cinder-volume[94116]: WARNING cinder.volume.drivers.remotefs [None req-000f7aff-f967-4962-8b08-872569a8e31b tempest-SnapshotMetadataTestJSON-421489150 None] /opt/stack/data/cinder/mnt/e8c2a4aabe20a3b3248758c447acf928/volume-8485a991-eb5b-4762-9821-b72dda2a49d0.info is being set with open permissions: ugo+rw
Aug 18 12:13:47 devstack cinder-volume[94116]: DEBUG oslo_concurrency.processutils [None req-000f7aff-f967-4962-8b08-872569a8e31b tempest-SnapshotMetadataTestJSON-421489150 None] Running cmd (subprocess): sudo cinder-rootwrap /etc/cinder/rootwrap.conf chmod ugo+rw /opt/stack/data/cinder/mnt/e8c2a4aabe20a3b3248758c447acf928/volume-8485a991-eb5b-4762-9821-b72dda2a49d0.info {{(pid=94116) execute /opt/stack/data/venv/lib/python3.12/site-packages/oslo_concurrency/processutils.py:440}}
Aug 18 12:13:47 devstack sudo[99321]: quobyte : PWD=/ ; USER=root ; COMMAND=/opt/stack/data/venv/bin/cinder-rootwrap /etc/cinder/rootwrap.conf chmod ugo+rw /opt/stack/data/cinder/mnt/e8c2a4aabe20a3b3248758c447acf928/volume-8485a991-eb5b-4762-9821-b72dda2a49d0.info
Aug 18 12:13:47 devstack sudo[99321]: pam_unix(sudo:session): session opened for user root(uid=0) by (uid=1000)
Aug 18 12:13:47 devstack sudo[99321]: pam_unix(sudo:session): session closed for user root
Aug 18 12:13:47 devstack cinder-volume[94116]: DEBUG oslo_concurrency.processutils [None req-000f7aff-f967-4962-8b08-872569a8e31b tempest-SnapshotMetadataTestJSON-421489150 None] CMD "sudo cinder-rootwrap /etc/cinder/rootwrap.conf chmod ugo+rw /opt/stack/data/cinder/mnt/e8c2a4aabe20a3b3248758c447acf928/volume-8485a991-eb5b-4762-9821-b72dda2a49d0.info" returned: 0 in 0.273s {{(pid=94116) execute /opt/stack/data/venv/lib/python3.12/site-packages/oslo_concurrency/processutils.py:468}}
Aug 18 12:13:47 devstack cinder-volume[94116]: DEBUG oslo_concurrency.lockutils [None req-000f7aff-f967-4962-8b08-872569a8e31b tempest-SnapshotMetadataTestJSON-421489150 None] Lock "quobyte" "released" by "cinder.volume.drivers.quobyte.QuobyteDriver.create_snapshot" :: held 2.366s {{(pid=94116) inner /opt/stack/data/venv/lib/python3.12/site-packages/oslo_concurrency/lockutils.py:544}}
Aug 18 12:13:47 devstack cinder-volume[94116]: DEBUG oslo_concurrency.lockutils [None req-5ac42ba1-94e8-4280-bde9-8a320445d0fc tempest-VolumesSnapshotTestJSON-1106346759 None] Lock "quobyte" acquired by "cinder.volume.drivers.quobyte.QuobyteDriver.create_snapshot" :: waited 1.090s {{(pid=94116) inner /opt/stack/data/venv/lib/python3.12/site-packages/oslo_concurrency/lockutils.py:525}}
Aug 18 12:13:47 devstack cinder-volume[94116]: DEBUG cinder.volume.drivers.remotefs [None req-5ac42ba1-94e8-4280-bde9-8a320445d0fc tempest-VolumesSnapshotTestJSON-1106346759 None] Creating offline snapshot 150bb5dd-cc4b-4beb-8480-ba2e5276964e of volume 677c17ed-533d-4017-b92a-70881bc29f22 {{(pid=94116) _create_snapshot /opt/stack/cinder/cinder/volume/drivers/remotefs.py:1816}}
Aug 18 12:13:47 devstack cinder-volume[94116]: INFO cinder.volume.manager [None req-000f7aff-f967-4962-8b08-872569a8e31b tempest-SnapshotMetadataTestJSON-421489150 None] Create snapshot completed successfully
Aug 18 12:13:47 devstack cinder-volume[94116]: DEBUG oslo.privsep.daemon [-] privsep: reply[6f9f2c02-0f4f-474e-b7bb-0bdfc12c298e]: (4, 'qcow2') {{(pid=95006) _call_back /opt/stack/data/venv/lib/python3.12/site-packages/oslo_privsep/daemon.py:580}}
Aug 18 12:13:47 devstack cinder-volume[94116]: DEBUG oslo_concurrency.processutils [None req-5ac42ba1-94e8-4280-bde9-8a320445d0fc tempest-VolumesSnapshotTestJSON-1106346759 None] Running cmd (subprocess): /opt/stack/data/venv/bin/python3.12 -m oslo_concurrency.prlimit --as=1073741824 --cpu=60 -- sudo cinder-rootwrap /etc/cinder/rootwrap.conf env LC_ALL=C qemu-img info -f qcow2 --output=json --force-share /opt/stack/data/cinder/mnt/e8c2a4aabe20a3b3248758c447acf928/volume-677c17ed-533d-4017-b92a-70881bc29f22 {{(pid=94116) execute /opt/stack/data/venv/lib/python3.12/site-packages/oslo_concurrency/processutils.py:440}}
Aug 18 12:13:47 devstack sudo[99324]: quobyte : PWD=/ ; USER=root ; COMMAND=/opt/stack/data/venv/bin/cinder-rootwrap /etc/cinder/rootwrap.conf env LC_ALL=C qemu-img info -f qcow2 --output=json --force-share /opt/stack/data/cinder/mnt/e8c2a4aabe20a3b3248758c447acf928/volume-677c17ed-533d-4017-b92a-70881bc29f22
Aug 18 12:13:47 devstack sudo[99324]: pam_unix(sudo:session): session opened for user root(uid=0) by (uid=1000)
Aug 18 12:13:47 devstack sudo[99324]: pam_unix(sudo:session): session closed for user root
Aug 18 12:13:47 devstack cinder-volume[94116]: DEBUG oslo_concurrency.processutils [None req-5ac42ba1-94e8-4280-bde9-8a320445d0fc tempest-VolumesSnapshotTestJSON-1106346759 None] CMD "/opt/stack/data/venv/bin/python3.12 -m oslo_concurrency.prlimit --as=1073741824 --cpu=60 -- sudo cinder-rootwrap /etc/cinder/rootwrap.conf env LC_ALL=C qemu-img info -f qcow2 --output=json --force-share /opt/stack/data/cinder/mnt/e8c2a4aabe20a3b3248758c447acf928/volume-677c17ed-533d-4017-b92a-70881bc29f22" returned: 0 in 0.361s {{(pid=94116) execute /opt/stack/data/venv/lib/python3.12/site-packages/oslo_concurrency/processutils.py:468}}
Aug 18 12:13:47 devstack cinder-volume[94116]: DEBUG oslo_concurrency.processutils [None req-5ac42ba1-94e8-4280-bde9-8a320445d0fc tempest-VolumesSnapshotTestJSON-1106346759 None] Running cmd (subprocess): sudo cinder-rootwrap /etc/cinder/rootwrap.conf qemu-img create -f qcow2 -o backing_file=/opt/stack/data/cinder/mnt/e8c2a4aabe20a3b3248758c447acf928/volume-677c17ed-533d-4017-b92a-70881bc29f22,backing_fmt=qcow2 /opt/stack/data/cinder/mnt/e8c2a4aabe20a3b3248758c447acf928/volume-677c17ed-533d-4017-b92a-70881bc29f22.150bb5dd-cc4b-4beb-8480-ba2e5276964e 1G {{(pid=94116) execute /opt/stack/data/venv/lib/python3.12/site-packages/oslo_concurrency/processutils.py:440}}
Aug 18 12:13:47 devstack sudo[99329]: quobyte : PWD=/ ; USER=root ; COMMAND=/opt/stack/data/venv/bin/cinder-rootwrap /etc/cinder/rootwrap.conf qemu-img create -f qcow2 -o backing_file=/opt/stack/data/cinder/mnt/e8c2a4aabe20a3b3248758c447acf928/volume-677c17ed-533d-4017-b92a-70881bc29f22,backing_fmt=qcow2 /opt/stack/data/cinder/mnt/e8c2a4aabe20a3b3248758c447acf928/volume-677c17ed-533d-4017-b92a-70881bc29f22.150bb5dd-cc4b-4beb-8480-ba2e5276964e 1G
Aug 18 12:13:47 devstack sudo[99329]: pam_unix(sudo:session): session opened for user root(uid=0) by (uid=1000)
Aug 18 12:13:48 devstack sudo[99329]: pam_unix(sudo:session): session closed for user root
Aug 18 12:13:48 devstack cinder-volume[94116]: DEBUG oslo_concurrency.processutils [None req-5ac42ba1-94e8-4280-bde9-8a320445d0fc tempest-VolumesSnapshotTestJSON-1106346759 None] CMD "sudo cinder-rootwrap /etc/cinder/rootwrap.conf qemu-img create -f qcow2 -o backing_file=/opt/stack/data/cinder/mnt/e8c2a4aabe20a3b3248758c447acf928/volume-677c17ed-533d-4017-b92a-70881bc29f22,backing_fmt=qcow2 /opt/stack/data/cinder/mnt/e8c2a4aabe20a3b3248758c447acf928/volume-677c17ed-533d-4017-b92a-70881bc29f22.150bb5dd-cc4b-4beb-8480-ba2e5276964e 1G" returned: 0 in 0.461s {{(pid=94116) execute /opt/stack/data/venv/lib/python3.12/site-packages/oslo_concurrency/processutils.py:468}}
Aug 18 12:13:48 devstack cinder-volume[94116]: DEBUG oslo_concurrency.processutils [None req-5ac42ba1-94e8-4280-bde9-8a320445d0fc tempest-VolumesSnapshotTestJSON-1106346759 None] Running cmd (subprocess): sudo cinder-rootwrap /etc/cinder/rootwrap.conf qemu-img rebase -u -b volume-677c17ed-533d-4017-b92a-70881bc29f22 -F qcow2 /opt/stack/data/cinder/mnt/e8c2a4aabe20a3b3248758c447acf928/volume-677c17ed-533d-4017-b92a-70881bc29f22.150bb5dd-cc4b-4beb-8480-ba2e5276964e {{(pid=94116) execute /opt/stack/data/venv/lib/python3.12/site-packages/oslo_concurrency/processutils.py:440}}
Aug 18 12:13:48 devstack sudo[99338]: quobyte : PWD=/ ; USER=root ; COMMAND=/opt/stack/data/venv/bin/cinder-rootwrap /etc/cinder/rootwrap.conf qemu-img rebase -u -b volume-677c17ed-533d-4017-b92a-70881bc29f22 -F qcow2 /opt/stack/data/cinder/mnt/e8c2a4aabe20a3b3248758c447acf928/volume-677c17ed-533d-4017-b92a-70881bc29f22.150bb5dd-cc4b-4beb-8480-ba2e5276964e
Aug 18 12:13:48 devstack sudo[99338]: pam_unix(sudo:session): session opened for user root(uid=0) by (uid=1000)
Aug 18 12:13:48 devstack sudo[99338]: pam_unix(sudo:session): session closed for user root
Aug 18 12:13:48 devstack cinder-volume[94116]: DEBUG oslo_concurrency.processutils [None req-5ac42ba1-94e8-4280-bde9-8a320445d0fc tempest-VolumesSnapshotTestJSON-1106346759 None] CMD "sudo cinder-rootwrap /etc/cinder/rootwrap.conf qemu-img rebase -u -b volume-677c17ed-533d-4017-b92a-70881bc29f22 -F qcow2 /opt/stack/data/cinder/mnt/e8c2a4aabe20a3b3248758c447acf928/volume-677c17ed-533d-4017-b92a-70881bc29f22.150bb5dd-cc4b-4beb-8480-ba2e5276964e" returned: 0 in 0.400s {{(pid=94116) execute /opt/stack/data/venv/lib/python3.12/site-packages/oslo_concurrency/processutils.py:468}}
Aug 18 12:13:48 devstack cinder-volume[94116]: WARNING cinder.volume.drivers.remotefs [None req-5ac42ba1-94e8-4280-bde9-8a320445d0fc tempest-VolumesSnapshotTestJSON-1106346759 None] /opt/stack/data/cinder/mnt/e8c2a4aabe20a3b3248758c447acf928/volume-677c17ed-533d-4017-b92a-70881bc29f22.150bb5dd-cc4b-4beb-8480-ba2e5276964e is being set with open permissions: ugo+rw
Aug 18 12:13:48 devstack cinder-volume[94116]: DEBUG oslo_concurrency.processutils [None req-5ac42ba1-94e8-4280-bde9-8a320445d0fc tempest-VolumesSnapshotTestJSON-1106346759 None] Running cmd (subprocess): sudo cinder-rootwrap /etc/cinder/rootwrap.conf chmod ugo+rw /opt/stack/data/cinder/mnt/e8c2a4aabe20a3b3248758c447acf928/volume-677c17ed-533d-4017-b92a-70881bc29f22.150bb5dd-cc4b-4beb-8480-ba2e5276964e {{(pid=94116) execute /opt/stack/data/venv/lib/python3.12/site-packages/oslo_concurrency/processutils.py:440}}
Aug 18 12:13:48 devstack sudo[99344]: quobyte : PWD=/ ; USER=root ; COMMAND=/opt/stack/data/venv/bin/cinder-rootwrap /etc/cinder/rootwrap.conf chmod ugo+rw /opt/stack/data/cinder/mnt/e8c2a4aabe20a3b3248758c447acf928/volume-677c17ed-533d-4017-b92a-70881bc29f22.150bb5dd-cc4b-4beb-8480-ba2e5276964e
Aug 18 12:13:48 devstack sudo[99344]: pam_unix(sudo:session): session opened for user root(uid=0) by (uid=1000)
Aug 18 12:13:49 devstack sudo[99344]: pam_unix(sudo:session): session closed for user root
Aug 18 12:13:49 devstack cinder-volume[94116]: DEBUG oslo_concurrency.processutils [None req-5ac42ba1-94e8-4280-bde9-8a320445d0fc tempest-VolumesSnapshotTestJSON-1106346759 None] CMD "sudo cinder-rootwrap /etc/cinder/rootwrap.conf chmod ugo+rw /opt/stack/data/cinder/mnt/e8c2a4aabe20a3b3248758c447acf928/volume-677c17ed-533d-4017-b92a-70881bc29f22.150bb5dd-cc4b-4beb-8480-ba2e5276964e" returned: 0 in 0.298s {{(pid=94116) execute /opt/stack/data/venv/lib/python3.12/site-packages/oslo_concurrency/processutils.py:468}}
Aug 18 12:13:49 devstack cinder-volume[94116]: DEBUG oslo_concurrency.processutils [None req-5ac42ba1-94e8-4280-bde9-8a320445d0fc tempest-VolumesSnapshotTestJSON-1106346759 None] Running cmd (subprocess): sudo cinder-rootwrap /etc/cinder/rootwrap.conf truncate -s0 /opt/stack/data/cinder/mnt/e8c2a4aabe20a3b3248758c447acf928/volume-677c17ed-533d-4017-b92a-70881bc29f22.info {{(pid=94116) execute /opt/stack/data/venv/lib/python3.12/site-packages/oslo_concurrency/processutils.py:440}}
Aug 18 12:13:49 devstack sudo[99347]: quobyte : PWD=/ ; USER=root ; COMMAND=/opt/stack/data/venv/bin/cinder-rootwrap /etc/cinder/rootwrap.conf truncate -s0 /opt/stack/data/cinder/mnt/e8c2a4aabe20a3b3248758c447acf928/volume-677c17ed-533d-4017-b92a-70881bc29f22.info
Aug 18 12:13:49 devstack sudo[99347]: pam_unix(sudo:session): session opened for user root(uid=0) by (uid=1000)
Aug 18 12:13:49 devstack cinder-volume[94116]: DEBUG cinder.coordination [None req-32895979-4460-4ebb-ac8f-115da4806f59 tempest-SnapshotMetadataTestJSON-421489150 None] Acquiring lock "cinder-de3d0ba5-01fb-4140-ad9f-86c31153932d-delete_snapshot" by "delete_snapshot" {{(pid=94116) __acquire /opt/stack/cinder/cinder/coordination.py:138}}
Aug 18 12:13:49 devstack cinder-volume[94116]: DEBUG cinder.coordination [None req-32895979-4460-4ebb-ac8f-115da4806f59 tempest-SnapshotMetadataTestJSON-421489150 None] Lock "cinder-de3d0ba5-01fb-4140-ad9f-86c31153932d-delete_snapshot" acquired by "delete_snapshot" :: waited 0.028s {{(pid=94116) __acquire /opt/stack/cinder/cinder/coordination.py:141}}
Aug 18 12:13:49 devstack cinder-volume[94116]: DEBUG cinder.coordination [None req-32895979-4460-4ebb-ac8f-115da4806f59 tempest-SnapshotMetadataTestJSON-421489150 None] Acquiring lock "cinder-quobyte-8485a991-eb5b-4762-9821-b72dda2a49d0" by "delete_snapshot" {{(pid=94116) __acquire /opt/stack/cinder/cinder/coordination.py:138}}
Aug 18 12:13:49 devstack cinder-volume[94116]: DEBUG cinder.coordination [None req-32895979-4460-4ebb-ac8f-115da4806f59 tempest-SnapshotMetadataTestJSON-421489150 None] Lock "cinder-quobyte-8485a991-eb5b-4762-9821-b72dda2a49d0" acquired by "delete_snapshot" :: waited 0.024s {{(pid=94116) __acquire /opt/stack/cinder/cinder/coordination.py:141}}
Aug 18 12:13:49 devstack cinder-volume[94116]: DEBUG cinder.coordination [None req-32895979-4460-4ebb-ac8f-115da4806f59 tempest-SnapshotMetadataTestJSON-421489150 None] Acquiring lock "cinder-quobyte-de3d0ba5-01fb-4140-ad9f-86c31153932d" by "_delete_snapshot" {{(pid=94116) __acquire /opt/stack/cinder/cinder/coordination.py:138}}
Aug 18 12:13:49 devstack cinder-volume[94116]: DEBUG cinder.coordination [None req-32895979-4460-4ebb-ac8f-115da4806f59 tempest-SnapshotMetadataTestJSON-421489150 None] Lock "cinder-quobyte-de3d0ba5-01fb-4140-ad9f-86c31153932d" acquired by "_delete_snapshot" :: waited 0.016s {{(pid=94116) __acquire /opt/stack/cinder/cinder/coordination.py:141}}
Aug 18 12:13:49 devstack cinder-volume[94116]: DEBUG cinder.volume.drivers.remotefs [None req-32895979-4460-4ebb-ac8f-115da4806f59 tempest-SnapshotMetadataTestJSON-421489150 None] Deleting offline snapshot de3d0ba5-01fb-4140-ad9f-86c31153932d of volume 8485a991-eb5b-4762-9821-b72dda2a49d0 {{(pid=94116) _delete_snapshot /opt/stack/cinder/cinder/volume/drivers/remotefs.py:1288}}
Aug 18 12:13:49 devstack cinder-volume[94116]: DEBUG cinder.volume.drivers.remotefs [None req-32895979-4460-4ebb-ac8f-115da4806f59 tempest-SnapshotMetadataTestJSON-421489150 None] snapshot_file for this snap is: volume-8485a991-eb5b-4762-9821-b72dda2a49d0.de3d0ba5-01fb-4140-ad9f-86c31153932d {{(pid=94116) _delete_snapshot /opt/stack/cinder/cinder/volume/drivers/remotefs.py:1317}}
Aug 18 12:13:49 devstack cinder-volume[94116]: DEBUG oslo.privsep.daemon [-] privsep: reply[938a4600-fa15-4e4d-b030-5b97a42d0043]: (4, 'qcow2') {{(pid=95006) _call_back /opt/stack/data/venv/lib/python3.12/site-packages/oslo_privsep/daemon.py:580}}
Aug 18 12:13:49 devstack cinder-volume[94116]: DEBUG oslo_concurrency.processutils [None req-32895979-4460-4ebb-ac8f-115da4806f59 tempest-SnapshotMetadataTestJSON-421489150 None] Running cmd (subprocess): /opt/stack/data/venv/bin/python3.12 -m oslo_concurrency.prlimit --as=1073741824 --cpu=60 -- sudo cinder-rootwrap /etc/cinder/rootwrap.conf env LC_ALL=C qemu-img info -f qcow2 --output=json --force-share /opt/stack/data/cinder/mnt/e8c2a4aabe20a3b3248758c447acf928/volume-8485a991-eb5b-4762-9821-b72dda2a49d0.de3d0ba5-01fb-4140-ad9f-86c31153932d {{(pid=94116) execute /opt/stack/data/venv/lib/python3.12/site-packages/oslo_concurrency/processutils.py:440}}
Aug 18 12:13:49 devstack cinder-volume[94116]: DEBUG oslo_service.periodic_task [None req-e493c3a5-6634-4d83-a309-70c97eef921e None None] Running periodic task VolumeManager.publish_service_capabilities {{(pid=94116) run_periodic_tasks /opt/stack/data/venv/lib/python3.12/site-packages/oslo_service/periodic_task.py:254}}
Aug 18 12:13:49 devstack cinder-volume[94116]: DEBUG oslo_concurrency.lockutils [None req-e493c3a5-6634-4d83-a309-70c97eef921e None None] Acquiring lock "quobyte_ensure" by "cinder.volume.drivers.quobyte.QuobyteDriver._ensure_shares_mounted" {{(pid=94116) inner /opt/stack/data/venv/lib/python3.12/site-packages/oslo_concurrency/lockutils.py:512}}
Aug 18 12:13:49 devstack cinder-volume[94116]: DEBUG oslo_concurrency.lockutils [None req-e493c3a5-6634-4d83-a309-70c97eef921e None None] Lock "quobyte_ensure" acquired by "cinder.volume.drivers.quobyte.QuobyteDriver._ensure_shares_mounted" :: waited 0.000s {{(pid=94116) inner /opt/stack/data/venv/lib/python3.12/site-packages/oslo_concurrency/lockutils.py:525}}
Aug 18 12:13:49 devstack cinder-volume[94116]: DEBUG cinder.volume.drivers.quobyte [None req-e493c3a5-6634-4d83-a309-70c97eef921e None None] Quobyte Volume URL set to: {'osci02.corp.quobyte.com/cinder-vol-6da9cdff-ef78-4c84-b715-f35a9c8ec291': None} {{(pid=94116) _load_shares_config /opt/stack/cinder/cinder/volume/drivers/quobyte.py:665}}
Aug 18 12:13:49 devstack sudo[99349]: quobyte : PWD=/ ; USER=root ; COMMAND=/opt/stack/data/venv/bin/cinder-rootwrap /etc/cinder/rootwrap.conf env LC_ALL=C qemu-img info -f qcow2 --output=json --force-share /opt/stack/data/cinder/mnt/e8c2a4aabe20a3b3248758c447acf928/volume-8485a991-eb5b-4762-9821-b72dda2a49d0.de3d0ba5-01fb-4140-ad9f-86c31153932d
Aug 18 12:13:49 devstack sudo[99349]: pam_unix(sudo:session): session opened for user root(uid=0) by (uid=1000)
Aug 18 12:13:49 devstack cinder-volume[94116]: DEBUG cinder.volume.drivers.quobyte [None req-e493c3a5-6634-4d83-a309-70c97eef921e None None] Available shares ['osci02.corp.quobyte.com/cinder-vol-6da9cdff-ef78-4c84-b715-f35a9c8ec291'] {{(pid=94116) _ensure_shares_mounted /opt/stack/cinder/cinder/volume/drivers/quobyte.py:695}}
Aug 18 12:13:49 devstack cinder-volume[94116]: DEBUG oslo_concurrency.lockutils [None req-e493c3a5-6634-4d83-a309-70c97eef921e None None] Lock "quobyte_ensure" "released" by "cinder.volume.drivers.quobyte.QuobyteDriver._ensure_shares_mounted" :: held 0.020s {{(pid=94116) inner /opt/stack/data/venv/lib/python3.12/site-packages/oslo_concurrency/lockutils.py:544}}
Aug 18 12:13:49 devstack cinder-volume[94116]: DEBUG oslo_concurrency.processutils [None req-e493c3a5-6634-4d83-a309-70c97eef921e None None] Running cmd (subprocess): sudo cinder-rootwrap /etc/cinder/rootwrap.conf df --portability --block-size 1 /opt/stack/data/cinder/mnt/e8c2a4aabe20a3b3248758c447acf928 {{(pid=94116) execute /opt/stack/data/venv/lib/python3.12/site-packages/oslo_concurrency/processutils.py:440}}
Aug 18 12:13:49 devstack sudo[99352]: quobyte : PWD=/ ; USER=root ; COMMAND=/opt/stack/data/venv/bin/cinder-rootwrap /etc/cinder/rootwrap.conf df --portability --block-size 1 /opt/stack/data/cinder/mnt/e8c2a4aabe20a3b3248758c447acf928
Aug 18 12:13:49 devstack sudo[99352]: pam_unix(sudo:session): session opened for user root(uid=0) by (uid=1000)
Aug 18 12:13:49 devstack sudo[99347]: pam_unix(sudo:session): session closed for user root
Aug 18 12:13:49 devstack cinder-volume[94116]: DEBUG oslo_concurrency.processutils [None req-5ac42ba1-94e8-4280-bde9-8a320445d0fc tempest-VolumesSnapshotTestJSON-1106346759 None] CMD "sudo cinder-rootwrap /etc/cinder/rootwrap.conf truncate -s0 /opt/stack/data/cinder/mnt/e8c2a4aabe20a3b3248758c447acf928/volume-677c17ed-533d-4017-b92a-70881bc29f22.info" returned: 0 in 0.366s {{(pid=94116) execute /opt/stack/data/venv/lib/python3.12/site-packages/oslo_concurrency/processutils.py:468}}
Aug 18 12:13:49 devstack cinder-volume[94116]: WARNING cinder.volume.drivers.remotefs [None req-5ac42ba1-94e8-4280-bde9-8a320445d0fc tempest-VolumesSnapshotTestJSON-1106346759 None] /opt/stack/data/cinder/mnt/e8c2a4aabe20a3b3248758c447acf928/volume-677c17ed-533d-4017-b92a-70881bc29f22.info is being set with open permissions: ugo+rw
Aug 18 12:13:49 devstack cinder-volume[94116]: DEBUG oslo_concurrency.processutils [None req-5ac42ba1-94e8-4280-bde9-8a320445d0fc tempest-VolumesSnapshotTestJSON-1106346759 None] Running cmd (subprocess): sudo cinder-rootwrap /etc/cinder/rootwrap.conf chmod ugo+rw /opt/stack/data/cinder/mnt/e8c2a4aabe20a3b3248758c447acf928/volume-677c17ed-533d-4017-b92a-70881bc29f22.info {{(pid=94116) execute /opt/stack/data/venv/lib/python3.12/site-packages/oslo_concurrency/processutils.py:440}}
Aug 18 12:13:49 devstack sudo[99354]: quobyte : PWD=/ ; USER=root ; COMMAND=/opt/stack/data/venv/bin/cinder-rootwrap /etc/cinder/rootwrap.conf chmod ugo+rw /opt/stack/data/cinder/mnt/e8c2a4aabe20a3b3248758c447acf928/volume-677c17ed-533d-4017-b92a-70881bc29f22.info
Aug 18 12:13:49 devstack sudo[99354]: pam_unix(sudo:session): session opened for user root(uid=0) by (uid=1000)
Aug 18 12:13:49 devstack sudo[99349]: pam_unix(sudo:session): session closed for user root
Aug 18 12:13:49 devstack cinder-volume[94116]: DEBUG oslo_concurrency.processutils [None req-32895979-4460-4ebb-ac8f-115da4806f59 tempest-SnapshotMetadataTestJSON-421489150 None] CMD "/opt/stack/data/venv/bin/python3.12 -m oslo_concurrency.prlimit --as=1073741824 --cpu=60 -- sudo cinder-rootwrap /etc/cinder/rootwrap.conf env LC_ALL=C qemu-img info -f qcow2 --output=json --force-share /opt/stack/data/cinder/mnt/e8c2a4aabe20a3b3248758c447acf928/volume-8485a991-eb5b-4762-9821-b72dda2a49d0.de3d0ba5-01fb-4140-ad9f-86c31153932d" returned: 0 in 0.466s {{(pid=94116) execute /opt/stack/data/venv/lib/python3.12/site-packages/oslo_concurrency/processutils.py:468}}
Aug 18 12:13:49 devstack cinder-volume[94116]: DEBUG cinder.volume.drivers.remotefs [None req-32895979-4460-4ebb-ac8f-115da4806f59 tempest-SnapshotMetadataTestJSON-421489150 None] Fetching qemu-img info with special backing_file_template: (/opt/stack/data/cinder/mnt/[0-9a-f]+/)?(volume-8485a991-eb5b-4762-9821-b72dda2a49d0(.(tmp-snap-)?[0-9a-f-]+)?|volume_from_snapshot_cache/(tmp-snap-)?[0-9a-f-]+(.(child-|parent-)[0-9a-f-]+)?)$ {{(pid=94116) _qemu_img_info_base /opt/stack/cinder/cinder/volume/drivers/remotefs.py:896}}
Aug 18 12:13:49 devstack sudo[99352]: pam_unix(sudo:session): session closed for user root
Aug 18 12:13:49 devstack cinder-volume[94116]: DEBUG oslo_concurrency.processutils [None req-e493c3a5-6634-4d83-a309-70c97eef921e None None] CMD "sudo cinder-rootwrap /etc/cinder/rootwrap.conf df --portability --block-size 1 /opt/stack/data/cinder/mnt/e8c2a4aabe20a3b3248758c447acf928" returned: 0 in 0.364s {{(pid=94116) execute /opt/stack/data/venv/lib/python3.12/site-packages/oslo_concurrency/processutils.py:468}}
Aug 18 12:13:49 devstack cinder-volume[94116]: DEBUG cinder.manager [None req-e493c3a5-6634-4d83-a309-70c97eef921e None None] Notifying Schedulers of capabilities ... {{(pid=94116) _publish_service_capabilities /opt/stack/cinder/cinder/manager.py:219}}
Aug 18 12:13:49 devstack cinder-volume[94116]: DEBUG oslo.privsep.daemon [-] privsep: reply[783e82bb-a036-4725-8d22-9309f9c6079e]: (4, 'qcow2') {{(pid=95006) _call_back /opt/stack/data/venv/lib/python3.12/site-packages/oslo_privsep/daemon.py:580}}
Aug 18 12:13:49 devstack cinder-volume[94116]: DEBUG oslo_concurrency.processutils [None req-32895979-4460-4ebb-ac8f-115da4806f59 tempest-SnapshotMetadataTestJSON-421489150 None] Running cmd (subprocess): /opt/stack/data/venv/bin/python3.12 -m oslo_concurrency.prlimit --as=1073741824 --cpu=60 -- sudo cinder-rootwrap /etc/cinder/rootwrap.conf env LC_ALL=C qemu-img info -f qcow2 --output=json --force-share /opt/stack/data/cinder/mnt/e8c2a4aabe20a3b3248758c447acf928/volume-8485a991-eb5b-4762-9821-b72dda2a49d0 {{(pid=94116) execute /opt/stack/data/venv/lib/python3.12/site-packages/oslo_concurrency/processutils.py:440}}
Aug 18 12:13:49 devstack sudo[99354]: pam_unix(sudo:session): session closed for user root
Aug 18 12:13:49 devstack cinder-volume[94116]: DEBUG oslo_concurrency.processutils [None req-5ac42ba1-94e8-4280-bde9-8a320445d0fc tempest-VolumesSnapshotTestJSON-1106346759 None] CMD "sudo cinder-rootwrap /etc/cinder/rootwrap.conf chmod ugo+rw /opt/stack/data/cinder/mnt/e8c2a4aabe20a3b3248758c447acf928/volume-677c17ed-533d-4017-b92a-70881bc29f22.info" returned: 0 in 0.393s {{(pid=94116) execute /opt/stack/data/venv/lib/python3.12/site-packages/oslo_concurrency/processutils.py:468}}
Aug 18 12:13:49 devstack cinder-volume[94116]: DEBUG oslo_concurrency.lockutils [None req-5ac42ba1-94e8-4280-bde9-8a320445d0fc tempest-VolumesSnapshotTestJSON-1106346759 None] Lock "quobyte" "released" by "cinder.volume.drivers.quobyte.QuobyteDriver.create_snapshot" :: held 2.406s {{(pid=94116) inner /opt/stack/data/venv/lib/python3.12/site-packages/oslo_concurrency/lockutils.py:544}}
Aug 18 12:13:49 devstack sudo[99365]: quobyte : PWD=/ ; USER=root ; COMMAND=/opt/stack/data/venv/bin/cinder-rootwrap /etc/cinder/rootwrap.conf env LC_ALL=C qemu-img info -f qcow2 --output=json --force-share /opt/stack/data/cinder/mnt/e8c2a4aabe20a3b3248758c447acf928/volume-8485a991-eb5b-4762-9821-b72dda2a49d0
Aug 18 12:13:49 devstack sudo[99365]: pam_unix(sudo:session): session opened for user root(uid=0) by (uid=1000)
Aug 18 12:13:50 devstack cinder-volume[94116]: INFO cinder.volume.manager [None req-5ac42ba1-94e8-4280-bde9-8a320445d0fc tempest-VolumesSnapshotTestJSON-1106346759 None] Create snapshot completed successfully
Aug 18 12:13:50 devstack sudo[99365]: pam_unix(sudo:session): session closed for user root
Aug 18 12:13:50 devstack cinder-volume[94116]: DEBUG oslo_concurrency.processutils [None req-32895979-4460-4ebb-ac8f-115da4806f59 tempest-SnapshotMetadataTestJSON-421489150 None] CMD "/opt/stack/data/venv/bin/python3.12 -m oslo_concurrency.prlimit --as=1073741824 --cpu=60 -- sudo cinder-rootwrap /etc/cinder/rootwrap.conf env LC_ALL=C qemu-img info -f qcow2 --output=json --force-share /opt/stack/data/cinder/mnt/e8c2a4aabe20a3b3248758c447acf928/volume-8485a991-eb5b-4762-9821-b72dda2a49d0" returned: 0 in 0.485s {{(pid=94116) execute /opt/stack/data/venv/lib/python3.12/site-packages/oslo_concurrency/processutils.py:468}}
Aug 18 12:13:50 devstack cinder-volume[94116]: DEBUG oslo_concurrency.processutils [None req-32895979-4460-4ebb-ac8f-115da4806f59 tempest-SnapshotMetadataTestJSON-421489150 None] Running cmd (subprocess): sudo cinder-rootwrap /etc/cinder/rootwrap.conf qemu-img commit -d /opt/stack/data/cinder/mnt/e8c2a4aabe20a3b3248758c447acf928/volume-8485a991-eb5b-4762-9821-b72dda2a49d0.de3d0ba5-01fb-4140-ad9f-86c31153932d {{(pid=94116) execute /opt/stack/data/venv/lib/python3.12/site-packages/oslo_concurrency/processutils.py:440}}
Aug 18 12:13:50 devstack sudo[99383]: quobyte : PWD=/ ; USER=root ; COMMAND=/opt/stack/data/venv/bin/cinder-rootwrap /etc/cinder/rootwrap.conf qemu-img commit -d /opt/stack/data/cinder/mnt/e8c2a4aabe20a3b3248758c447acf928/volume-8485a991-eb5b-4762-9821-b72dda2a49d0.de3d0ba5-01fb-4140-ad9f-86c31153932d
Aug 18 12:13:50 devstack sudo[99383]: pam_unix(sudo:session): session opened for user root(uid=0) by (uid=1000)
Aug 18 12:13:50 devstack cinder-volume[94116]: DEBUG oslo_concurrency.lockutils [req-fcee5e74-4563-477b-898c-15cc3099e449 req-178a991c-e4ce-4311-bef8-a894f6c27638 tempest-ServerActionsTestOtherA-1979814495 None] Acquiring lock "quobyte" by "cinder.volume.drivers.quobyte.QuobyteDriver.initialize_connection" {{(pid=94116) inner /opt/stack/data/venv/lib/python3.12/site-packages/oslo_concurrency/lockutils.py:512}}
Aug 18 12:13:50 devstack cinder-volume[94116]: DEBUG oslo_concurrency.lockutils [req-fcee5e74-4563-477b-898c-15cc3099e449 req-178a991c-e4ce-4311-bef8-a894f6c27638 tempest-ServerActionsTestOtherA-1979814495 None] Lock "quobyte" acquired by "cinder.volume.drivers.quobyte.QuobyteDriver.initialize_connection" :: waited 0.001s {{(pid=94116) inner /opt/stack/data/venv/lib/python3.12/site-packages/oslo_concurrency/lockutils.py:525}}
Aug 18 12:13:50 devstack cinder-volume[94116]: DEBUG oslo_concurrency.lockutils [req-fcee5e74-4563-477b-898c-15cc3099e449 req-178a991c-e4ce-4311-bef8-a894f6c27638 tempest-ServerActionsTestOtherA-1979814495 None] Lock "quobyte" "released" by "cinder.volume.drivers.quobyte.QuobyteDriver.initialize_connection" :: held 0.013s {{(pid=94116) inner /opt/stack/data/venv/lib/python3.12/site-packages/oslo_concurrency/lockutils.py:544}}
Aug 18 12:13:50 devstack cinder-volume[94116]: DEBUG cinder.volume.manager [req-fcee5e74-4563-477b-898c-15cc3099e449 req-178a991c-e4ce-4311-bef8-a894f6c27638 tempest-ServerActionsTestOtherA-1979814495 None] Connection info returned from driver {'export': 'osci02.corp.quobyte.com/cinder-vol-6da9cdff-ef78-4c84-b715-f35a9c8ec291', 'name': 'volume-520437ef-6f14-49ea-8931-424873da138e', 'options': None, 'format': 'qcow2', 'qos_specs': None, 'access_mode': 'rw', 'encrypted': False, 'cacheable': False, 'driver_volume_type': 'quobyte', 'mount_point_base': '/opt/stack/data/cinder/mnt', 'attachment_id': '338b884a-5dd8-4bbe-ae8d-fe9ae265388c', 'enforce_multipath': True} {{(pid=94116) _connection_create /opt/stack/cinder/cinder/volume/manager.py:4924}}
Aug 18 12:13:50 devstack cinder-volume[94116]: INFO cinder.volume.manager [req-fcee5e74-4563-477b-898c-15cc3099e449 req-178a991c-e4ce-4311-bef8-a894f6c27638 tempest-ServerActionsTestOtherA-1979814495 None] attachment_update completed successfully.
Aug 18 12:13:50 devstack sudo[99383]: pam_unix(sudo:session): session closed for user root
Aug 18 12:13:50 devstack cinder-volume[94116]: DEBUG oslo_concurrency.processutils [None req-32895979-4460-4ebb-ac8f-115da4806f59 tempest-SnapshotMetadataTestJSON-421489150 None] CMD "sudo cinder-rootwrap /etc/cinder/rootwrap.conf qemu-img commit -d /opt/stack/data/cinder/mnt/e8c2a4aabe20a3b3248758c447acf928/volume-8485a991-eb5b-4762-9821-b72dda2a49d0.de3d0ba5-01fb-4140-ad9f-86c31153932d" returned: 0 in 0.455s {{(pid=94116) execute /opt/stack/data/venv/lib/python3.12/site-packages/oslo_concurrency/processutils.py:468}}
Aug 18 12:13:50 devstack cinder-volume[94116]: DEBUG oslo_concurrency.processutils [None req-32895979-4460-4ebb-ac8f-115da4806f59 tempest-SnapshotMetadataTestJSON-421489150 None] Running cmd (subprocess): sudo cinder-rootwrap /etc/cinder/rootwrap.conf rm -f /opt/stack/data/cinder/mnt/e8c2a4aabe20a3b3248758c447acf928/volume-8485a991-eb5b-4762-9821-b72dda2a49d0.de3d0ba5-01fb-4140-ad9f-86c31153932d {{(pid=94116) execute /opt/stack/data/venv/lib/python3.12/site-packages/oslo_concurrency/processutils.py:440}}
Aug 18 12:13:50 devstack sudo[99456]: quobyte : PWD=/ ; USER=root ; COMMAND=/opt/stack/data/venv/bin/cinder-rootwrap /etc/cinder/rootwrap.conf rm -f /opt/stack/data/cinder/mnt/e8c2a4aabe20a3b3248758c447acf928/volume-8485a991-eb5b-4762-9821-b72dda2a49d0.de3d0ba5-01fb-4140-ad9f-86c31153932d
Aug 18 12:13:50 devstack sudo[99456]: pam_unix(sudo:session): session opened for user root(uid=0) by (uid=1000)
Aug 18 12:13:50 devstack cinder-volume[94116]: DEBUG cinder.coordination [None req-cea05269-efb6-4ec4-b3eb-28b27ddc27e9 tempest-VolumesSnapshotTestJSON-1106346759 None] Acquiring lock "cinder-150bb5dd-cc4b-4beb-8480-ba2e5276964e-delete_snapshot" by "delete_snapshot" {{(pid=94116) __acquire /opt/stack/cinder/cinder/coordination.py:138}}
Aug 18 12:13:50 devstack cinder-volume[94116]: DEBUG cinder.coordination [None req-cea05269-efb6-4ec4-b3eb-28b27ddc27e9 tempest-VolumesSnapshotTestJSON-1106346759 None] Lock "cinder-150bb5dd-cc4b-4beb-8480-ba2e5276964e-delete_snapshot" acquired by "delete_snapshot" :: waited 0.026s {{(pid=94116) __acquire /opt/stack/cinder/cinder/coordination.py:141}}
