Feb 12 16:59:09 devstack cinder-volume[78946]: DEBUG cinder.volume.manager [None req-f700e329-3ef8-4de3-bf4f-517db18f6034 tempest-VolumesActionsTest-1793408397 None] Task 'cinder.volume.flows.manager.create_volume.ExtractVolumeSpecTask;volume:create' (670ffb4c-29aa-40b3-bd80-1cdafcd1ece0) transitioned into state 'RUNNING' from state 'PENDING' {{(pid=78946) _task_receiver /opt/stack/data/venv/lib/python3.10/site-packages/taskflow/listeners/logging.py:194}}
Feb 12 16:59:09 devstack cinder-volume[78946]: DEBUG cinder.volume.manager [None req-f700e329-3ef8-4de3-bf4f-517db18f6034 tempest-VolumesActionsTest-1793408397 None] Task 'cinder.volume.flows.manager.create_volume.ExtractVolumeSpecTask;volume:create' (670ffb4c-29aa-40b3-bd80-1cdafcd1ece0) transitioned into state 'SUCCESS' from state 'RUNNING' with result '{'status': 'creating', 'type': 'raw', 'volume_id': '2de3a322-8e79-4cfa-87bf-8381ba494b95', 'volume_name': 'volume-2de3a322-8e79-4cfa-87bf-8381ba494b95', 'volume_size': 1}' {{(pid=78946) _task_receiver /opt/stack/data/venv/lib/python3.10/site-packages/taskflow/listeners/logging.py:182}}
Feb 12 16:59:09 devstack cinder-volume[78946]: DEBUG cinder.volume.manager [None req-f700e329-3ef8-4de3-bf4f-517db18f6034 tempest-VolumesActionsTest-1793408397 None] Task 'cinder.volume.flows.manager.create_volume.NotifyVolumeActionTask;volume:create, create.start' (0deae921-f3d4-4ef2-85c5-1263b743001c) transitioned into state 'RUNNING' from state 'PENDING' {{(pid=78946) _task_receiver /opt/stack/data/venv/lib/python3.10/site-packages/taskflow/listeners/logging.py:194}}
Feb 12 16:59:09 devstack cinder-volume[78946]: DEBUG cinder.volume.manager [None req-f700e329-3ef8-4de3-bf4f-517db18f6034 tempest-VolumesActionsTest-1793408397 None] Task 'cinder.volume.flows.manager.create_volume.NotifyVolumeActionTask;volume:create, create.start' (0deae921-f3d4-4ef2-85c5-1263b743001c) transitioned into state 'SUCCESS' from state 'RUNNING' with result 'None' {{(pid=78946) _task_receiver /opt/stack/data/venv/lib/python3.10/site-packages/taskflow/listeners/logging.py:182}}
Feb 12 16:59:09 devstack cinder-volume[78946]: DEBUG cinder.volume.manager [None req-f700e329-3ef8-4de3-bf4f-517db18f6034 tempest-VolumesActionsTest-1793408397 None] Task 'cinder.volume.flows.manager.create_volume.CreateVolumeFromSpecTask;volume:create' (54ed57a1-ff49-4e6c-8097-046226c764f1) transitioned into state 'RUNNING' from state 'PENDING' {{(pid=78946) _task_receiver /opt/stack/data/venv/lib/python3.10/site-packages/taskflow/listeners/logging.py:194}}
Feb 12 16:59:09 devstack cinder-volume[78946]: INFO cinder.volume.flows.manager.create_volume [None req-f700e329-3ef8-4de3-bf4f-517db18f6034 tempest-VolumesActionsTest-1793408397 None] Volume 2de3a322-8e79-4cfa-87bf-8381ba494b95: being created as raw with specification: {'status': 'creating', 'volume_name': 'volume-2de3a322-8e79-4cfa-87bf-8381ba494b95', 'volume_size': 1}
Feb 12 16:59:09 devstack cinder-volume[78946]: DEBUG oslo_concurrency.lockutils [None req-f700e329-3ef8-4de3-bf4f-517db18f6034 tempest-VolumesActionsTest-1793408397 None] Acquiring lock "quobyte" by "cinder.volume.drivers.quobyte.QuobyteDriver.create_volume" {{(pid=78946) inner /opt/stack/data/venv/lib/python3.10/site-packages/oslo_concurrency/lockutils.py:506}}
Feb 12 16:59:09 devstack sudo[82051]: pam_unix(sudo:session): session closed for user root
Feb 12 16:59:09 devstack cinder-volume[78946]: DEBUG oslo_concurrency.processutils [None req-289938df-2524-4fa8-addf-c190ba341dd7 tempest-GroupSnapshotsTest-1673095019 None] CMD "/opt/stack/data/venv/bin/python3.10 -m oslo_concurrency.prlimit --as=1073741824 --cpu=60 -- sudo cinder-rootwrap /etc/cinder/rootwrap.conf env LC_ALL=C qemu-img info -f qcow2 --output=json --force-share /opt/stack/data/cinder/mnt/188b94447be166edb7748e76e13614f7/volume-20df5ee1-c662-4cf1-b51b-75a28dea90bc" returned: 0 in 0.787s {{(pid=78946) execute /opt/stack/data/venv/lib/python3.10/site-packages/oslo_concurrency/processutils.py:396}}
Feb 12 16:59:09 devstack cinder-volume[78946]: DEBUG oslo_concurrency.processutils [None req-289938df-2524-4fa8-addf-c190ba341dd7 tempest-GroupSnapshotsTest-1673095019 None] Running cmd (subprocess): sudo cinder-rootwrap /etc/cinder/rootwrap.conf qemu-img create -f qcow2 -o backing_file=/opt/stack/data/cinder/mnt/188b94447be166edb7748e76e13614f7/volume-20df5ee1-c662-4cf1-b51b-75a28dea90bc,backing_fmt=qcow2 /opt/stack/data/cinder/mnt/188b94447be166edb7748e76e13614f7/volume-20df5ee1-c662-4cf1-b51b-75a28dea90bc.01eeb042-0443-4794-b6a2-478fc388bc31 1G {{(pid=78946) execute /opt/stack/data/venv/lib/python3.10/site-packages/oslo_concurrency/processutils.py:368}}
Feb 12 16:59:09 devstack sudo[82056]: quobyte : PWD=/ ; USER=root ; COMMAND=/opt/stack/data/venv/bin/cinder-rootwrap /etc/cinder/rootwrap.conf qemu-img create -f qcow2 -o backing_file=/opt/stack/data/cinder/mnt/188b94447be166edb7748e76e13614f7/volume-20df5ee1-c662-4cf1-b51b-75a28dea90bc,backing_fmt=qcow2 /opt/stack/data/cinder/mnt/188b94447be166edb7748e76e13614f7/volume-20df5ee1-c662-4cf1-b51b-75a28dea90bc.01eeb042-0443-4794-b6a2-478fc388bc31 1G
Feb 12 16:59:09 devstack sudo[82056]: pam_unix(sudo:session): session opened for user root(uid=0) by (uid=1000)
Feb 12 16:59:09 devstack cinder-volume[78946]: WARNING cinder.volume.volume_utils [None req-e75ca203-4f3b-4074-9480-a0a34b09a13c tempest-VolumesDeleteCascade-1722754474 None] Volume driver (QuobyteDriver 1.1.14) is currently unsupported and may be removed in the next release of OpenStack. Use at your own risk.
Feb 12 16:59:09 devstack cinder-volume[78946]: DEBUG oslo_concurrency.lockutils [None req-e75ca203-4f3b-4074-9480-a0a34b09a13c tempest-VolumesDeleteCascade-1722754474 None] Acquiring lock "quobyte" by "cinder.volume.drivers.quobyte.QuobyteDriver.create_snapshot" {{(pid=78946) inner /opt/stack/data/venv/lib/python3.10/site-packages/oslo_concurrency/lockutils.py:506}}
Feb 12 16:59:10 devstack sudo[82056]: pam_unix(sudo:session): session closed for user root
Feb 12 16:59:10 devstack cinder-volume[78946]: DEBUG oslo_concurrency.processutils [None req-289938df-2524-4fa8-addf-c190ba341dd7 tempest-GroupSnapshotsTest-1673095019 None] CMD "sudo cinder-rootwrap /etc/cinder/rootwrap.conf qemu-img create -f qcow2 -o backing_file=/opt/stack/data/cinder/mnt/188b94447be166edb7748e76e13614f7/volume-20df5ee1-c662-4cf1-b51b-75a28dea90bc,backing_fmt=qcow2 /opt/stack/data/cinder/mnt/188b94447be166edb7748e76e13614f7/volume-20df5ee1-c662-4cf1-b51b-75a28dea90bc.01eeb042-0443-4794-b6a2-478fc388bc31 1G" returned: 0 in 0.537s {{(pid=78946) execute /opt/stack/data/venv/lib/python3.10/site-packages/oslo_concurrency/processutils.py:396}}
Feb 12 16:59:10 devstack cinder-volume[78946]: DEBUG oslo_concurrency.processutils [None req-289938df-2524-4fa8-addf-c190ba341dd7 tempest-GroupSnapshotsTest-1673095019 None] Running cmd (subprocess): sudo cinder-rootwrap /etc/cinder/rootwrap.conf qemu-img rebase -u -b volume-20df5ee1-c662-4cf1-b51b-75a28dea90bc -F qcow2 /opt/stack/data/cinder/mnt/188b94447be166edb7748e76e13614f7/volume-20df5ee1-c662-4cf1-b51b-75a28dea90bc.01eeb042-0443-4794-b6a2-478fc388bc31 {{(pid=78946) execute /opt/stack/data/venv/lib/python3.10/site-packages/oslo_concurrency/processutils.py:368}}
Feb 12 16:59:10 devstack sudo[82061]: quobyte : PWD=/ ; USER=root ; COMMAND=/opt/stack/data/venv/bin/cinder-rootwrap /etc/cinder/rootwrap.conf qemu-img rebase -u -b volume-20df5ee1-c662-4cf1-b51b-75a28dea90bc -F qcow2 /opt/stack/data/cinder/mnt/188b94447be166edb7748e76e13614f7/volume-20df5ee1-c662-4cf1-b51b-75a28dea90bc.01eeb042-0443-4794-b6a2-478fc388bc31
Feb 12 16:59:10 devstack sudo[82061]: pam_unix(sudo:session): session opened for user root(uid=0) by (uid=1000)
Feb 12 16:59:10 devstack sudo[82061]: pam_unix(sudo:session): session closed for user root
Feb 12 16:59:10 devstack cinder-volume[78946]: DEBUG oslo_concurrency.processutils [None req-289938df-2524-4fa8-addf-c190ba341dd7 tempest-GroupSnapshotsTest-1673095019 None] CMD "sudo cinder-rootwrap /etc/cinder/rootwrap.conf qemu-img rebase -u -b volume-20df5ee1-c662-4cf1-b51b-75a28dea90bc -F qcow2 /opt/stack/data/cinder/mnt/188b94447be166edb7748e76e13614f7/volume-20df5ee1-c662-4cf1-b51b-75a28dea90bc.01eeb042-0443-4794-b6a2-478fc388bc31" returned: 0 in 0.459s {{(pid=78946) execute /opt/stack/data/venv/lib/python3.10/site-packages/oslo_concurrency/processutils.py:396}}
Feb 12 16:59:10 devstack cinder-volume[78946]: WARNING cinder.volume.drivers.remotefs [None req-289938df-2524-4fa8-addf-c190ba341dd7 tempest-GroupSnapshotsTest-1673095019 None] /opt/stack/data/cinder/mnt/188b94447be166edb7748e76e13614f7/volume-20df5ee1-c662-4cf1-b51b-75a28dea90bc.01eeb042-0443-4794-b6a2-478fc388bc31 is being set with open permissions: ugo+rw: NotImplementedError
Feb 12 16:59:10 devstack cinder-volume[78946]: DEBUG oslo_concurrency.processutils [None req-289938df-2524-4fa8-addf-c190ba341dd7 tempest-GroupSnapshotsTest-1673095019 None] Running cmd (subprocess): sudo cinder-rootwrap /etc/cinder/rootwrap.conf chmod ugo+rw /opt/stack/data/cinder/mnt/188b94447be166edb7748e76e13614f7/volume-20df5ee1-c662-4cf1-b51b-75a28dea90bc.01eeb042-0443-4794-b6a2-478fc388bc31 {{(pid=78946) execute /opt/stack/data/venv/lib/python3.10/site-packages/oslo_concurrency/processutils.py:368}}
Feb 12 16:59:10 devstack sudo[82066]: quobyte : PWD=/ ; USER=root ; COMMAND=/opt/stack/data/venv/bin/cinder-rootwrap /etc/cinder/rootwrap.conf chmod ugo+rw /opt/stack/data/cinder/mnt/188b94447be166edb7748e76e13614f7/volume-20df5ee1-c662-4cf1-b51b-75a28dea90bc.01eeb042-0443-4794-b6a2-478fc388bc31
Feb 12 16:59:10 devstack sudo[82066]: pam_unix(sudo:session): session opened for user root(uid=0) by (uid=1000)
Feb 12 16:59:11 devstack sudo[82066]: pam_unix(sudo:session): session closed for user root
Feb 12 16:59:11 devstack cinder-volume[78946]: DEBUG oslo_concurrency.processutils [None req-289938df-2524-4fa8-addf-c190ba341dd7 tempest-GroupSnapshotsTest-1673095019 None] CMD "sudo cinder-rootwrap /etc/cinder/rootwrap.conf chmod ugo+rw /opt/stack/data/cinder/mnt/188b94447be166edb7748e76e13614f7/volume-20df5ee1-c662-4cf1-b51b-75a28dea90bc.01eeb042-0443-4794-b6a2-478fc388bc31" returned: 0 in 0.477s {{(pid=78946) execute /opt/stack/data/venv/lib/python3.10/site-packages/oslo_concurrency/processutils.py:396}}
Feb 12 16:59:11 devstack cinder-volume[78946]: DEBUG oslo_concurrency.processutils [None req-289938df-2524-4fa8-addf-c190ba341dd7 tempest-GroupSnapshotsTest-1673095019 None] Running cmd (subprocess): sudo cinder-rootwrap /etc/cinder/rootwrap.conf truncate -s0 /opt/stack/data/cinder/mnt/188b94447be166edb7748e76e13614f7/volume-20df5ee1-c662-4cf1-b51b-75a28dea90bc.info {{(pid=78946) execute /opt/stack/data/venv/lib/python3.10/site-packages/oslo_concurrency/processutils.py:368}}
Feb 12 16:59:11 devstack sudo[82069]: quobyte : PWD=/ ; USER=root ; COMMAND=/opt/stack/data/venv/bin/cinder-rootwrap /etc/cinder/rootwrap.conf truncate -s0 /opt/stack/data/cinder/mnt/188b94447be166edb7748e76e13614f7/volume-20df5ee1-c662-4cf1-b51b-75a28dea90bc.info
Feb 12 16:59:11 devstack sudo[82069]: pam_unix(sudo:session): session opened for user root(uid=0) by (uid=1000)
Feb 12 16:59:11 devstack sudo[82069]: pam_unix(sudo:session): session closed for user root
Feb 12 16:59:11 devstack cinder-volume[78946]: DEBUG oslo_concurrency.processutils [None req-289938df-2524-4fa8-addf-c190ba341dd7 tempest-GroupSnapshotsTest-1673095019 None] CMD "sudo cinder-rootwrap /etc/cinder/rootwrap.conf truncate -s0 /opt/stack/data/cinder/mnt/188b94447be166edb7748e76e13614f7/volume-20df5ee1-c662-4cf1-b51b-75a28dea90bc.info" returned: 0 in 0.433s {{(pid=78946) execute /opt/stack/data/venv/lib/python3.10/site-packages/oslo_concurrency/processutils.py:396}}
Feb 12 16:59:11 devstack cinder-volume[78946]: WARNING cinder.volume.drivers.remotefs [None req-289938df-2524-4fa8-addf-c190ba341dd7 tempest-GroupSnapshotsTest-1673095019 None] /opt/stack/data/cinder/mnt/188b94447be166edb7748e76e13614f7/volume-20df5ee1-c662-4cf1-b51b-75a28dea90bc.info is being set with open permissions: ugo+rw: NotImplementedError
Feb 12 16:59:11 devstack cinder-volume[78946]: DEBUG oslo_concurrency.processutils [None req-289938df-2524-4fa8-addf-c190ba341dd7 tempest-GroupSnapshotsTest-1673095019 None] Running cmd (subprocess): sudo cinder-rootwrap /etc/cinder/rootwrap.conf chmod ugo+rw /opt/stack/data/cinder/mnt/188b94447be166edb7748e76e13614f7/volume-20df5ee1-c662-4cf1-b51b-75a28dea90bc.info {{(pid=78946) execute /opt/stack/data/venv/lib/python3.10/site-packages/oslo_concurrency/processutils.py:368}}
Feb 12 16:59:11 devstack sudo[82072]: quobyte : PWD=/ ; USER=root ; COMMAND=/opt/stack/data/venv/bin/cinder-rootwrap /etc/cinder/rootwrap.conf chmod ugo+rw /opt/stack/data/cinder/mnt/188b94447be166edb7748e76e13614f7/volume-20df5ee1-c662-4cf1-b51b-75a28dea90bc.info
Feb 12 16:59:11 devstack sudo[82072]: pam_unix(sudo:session): session opened for user root(uid=0) by (uid=1000)
Feb 12 16:59:12 devstack sudo[82072]: pam_unix(sudo:session): session closed for user root
Feb 12 16:59:12 devstack cinder-volume[78946]: DEBUG oslo_concurrency.processutils [None req-289938df-2524-4fa8-addf-c190ba341dd7 tempest-GroupSnapshotsTest-1673095019 None] CMD "sudo cinder-rootwrap /etc/cinder/rootwrap.conf chmod ugo+rw /opt/stack/data/cinder/mnt/188b94447be166edb7748e76e13614f7/volume-20df5ee1-c662-4cf1-b51b-75a28dea90bc.info" returned: 0 in 0.456s {{(pid=78946) execute /opt/stack/data/venv/lib/python3.10/site-packages/oslo_concurrency/processutils.py:396}}
Feb 12 16:59:12 devstack cinder-volume[78946]: DEBUG oslo_concurrency.lockutils [None req-289938df-2524-4fa8-addf-c190ba341dd7 tempest-GroupSnapshotsTest-1673095019 None] Lock "quobyte" "released" by "cinder.volume.drivers.quobyte.QuobyteDriver.create_snapshot" :: held 3.253s {{(pid=78946) inner /opt/stack/data/venv/lib/python3.10/site-packages/oslo_concurrency/lockutils.py:538}}
Feb 12 16:59:12 devstack cinder-volume[78946]: DEBUG oslo_concurrency.lockutils [None req-289938df-2524-4fa8-addf-c190ba341dd7 tempest-GroupSnapshotsTest-1673095019 None] Acquiring lock "quobyte" by "cinder.volume.drivers.quobyte.QuobyteDriver.create_snapshot" {{(pid=78946) inner /opt/stack/data/venv/lib/python3.10/site-packages/oslo_concurrency/lockutils.py:506}}
Feb 12 16:59:12 devstack cinder-volume[78946]: DEBUG oslo_concurrency.lockutils [None req-289938df-2524-4fa8-addf-c190ba341dd7 tempest-GroupSnapshotsTest-1673095019 None] Lock "quobyte" acquired by "cinder.volume.drivers.quobyte.QuobyteDriver.create_snapshot" :: waited 0.000s {{(pid=78946) inner /opt/stack/data/venv/lib/python3.10/site-packages/oslo_concurrency/lockutils.py:519}}
Feb 12 16:59:12 devstack cinder-volume[78946]: DEBUG cinder.volume.drivers.remotefs [None req-289938df-2524-4fa8-addf-c190ba341dd7 tempest-GroupSnapshotsTest-1673095019 None] Creating offline snapshot 1f4a542c-e40f-49f0-aa87-ce6ebde687e4 of volume 1215bea3-4f6d-42ee-aa44-64c4e39244d2 {{(pid=78946) _create_snapshot /opt/stack/cinder/cinder/volume/drivers/remotefs.py:1817}}
Feb 12 16:59:12 devstack cinder-volume[78946]: DEBUG oslo.privsep.daemon [-] privsep: reply[b9838deb-b60d-41fa-a9ed-2baf2f2c00ef]: (4, 'qcow2') {{(pid=79972) _call_back /opt/stack/data/venv/lib/python3.10/site-packages/oslo_privsep/daemon.py:515}}
Feb 12 16:59:12 devstack cinder-volume[78946]: DEBUG oslo_concurrency.processutils [None req-289938df-2524-4fa8-addf-c190ba341dd7 tempest-GroupSnapshotsTest-1673095019 None] Running cmd (subprocess): /opt/stack/data/venv/bin/python3.10 -m oslo_concurrency.prlimit --as=1073741824 --cpu=60 -- sudo cinder-rootwrap /etc/cinder/rootwrap.conf env LC_ALL=C qemu-img info -f qcow2 --output=json --force-share /opt/stack/data/cinder/mnt/188b94447be166edb7748e76e13614f7/volume-1215bea3-4f6d-42ee-aa44-64c4e39244d2 {{(pid=78946) execute /opt/stack/data/venv/lib/python3.10/site-packages/oslo_concurrency/processutils.py:368}}
Feb 12 16:59:12 devstack sudo[82075]: quobyte : PWD=/ ; USER=root ; COMMAND=/opt/stack/data/venv/bin/cinder-rootwrap /etc/cinder/rootwrap.conf env LC_ALL=C qemu-img info -f qcow2 --output=json --force-share /opt/stack/data/cinder/mnt/188b94447be166edb7748e76e13614f7/volume-1215bea3-4f6d-42ee-aa44-64c4e39244d2
Feb 12 16:59:12 devstack sudo[82075]: pam_unix(sudo:session): session opened for user root(uid=0) by (uid=1000)
Feb 12 16:59:12 devstack sudo[82075]: pam_unix(sudo:session): session closed for user root
Feb 12 16:59:12 devstack cinder-volume[78946]: DEBUG oslo_concurrency.processutils [None req-289938df-2524-4fa8-addf-c190ba341dd7 tempest-GroupSnapshotsTest-1673095019 None] CMD "/opt/stack/data/venv/bin/python3.10 -m oslo_concurrency.prlimit --as=1073741824 --cpu=60 -- sudo cinder-rootwrap /etc/cinder/rootwrap.conf env LC_ALL=C qemu-img info -f qcow2 --output=json --force-share /opt/stack/data/cinder/mnt/188b94447be166edb7748e76e13614f7/volume-1215bea3-4f6d-42ee-aa44-64c4e39244d2" returned: 0 in 0.544s {{(pid=78946) execute /opt/stack/data/venv/lib/python3.10/site-packages/oslo_concurrency/processutils.py:396}}
Feb 12 16:59:12 devstack cinder-volume[78946]: DEBUG oslo_concurrency.processutils [None req-289938df-2524-4fa8-addf-c190ba341dd7 tempest-GroupSnapshotsTest-1673095019 None] Running cmd (subprocess): sudo cinder-rootwrap /etc/cinder/rootwrap.conf qemu-img create -f qcow2 -o backing_file=/opt/stack/data/cinder/mnt/188b94447be166edb7748e76e13614f7/volume-1215bea3-4f6d-42ee-aa44-64c4e39244d2,backing_fmt=qcow2 /opt/stack/data/cinder/mnt/188b94447be166edb7748e76e13614f7/volume-1215bea3-4f6d-42ee-aa44-64c4e39244d2.1f4a542c-e40f-49f0-aa87-ce6ebde687e4 1G {{(pid=78946) execute /opt/stack/data/venv/lib/python3.10/site-packages/oslo_concurrency/processutils.py:368}}
Feb 12 16:59:12 devstack sudo[82080]: quobyte : PWD=/ ; USER=root ; COMMAND=/opt/stack/data/venv/bin/cinder-rootwrap /etc/cinder/rootwrap.conf qemu-img create -f qcow2 -o backing_file=/opt/stack/data/cinder/mnt/188b94447be166edb7748e76e13614f7/volume-1215bea3-4f6d-42ee-aa44-64c4e39244d2,backing_fmt=qcow2 /opt/stack/data/cinder/mnt/188b94447be166edb7748e76e13614f7/volume-1215bea3-4f6d-42ee-aa44-64c4e39244d2.1f4a542c-e40f-49f0-aa87-ce6ebde687e4 1G
Feb 12 16:59:12 devstack sudo[82080]: pam_unix(sudo:session): session opened for user root(uid=0) by (uid=1000)
Feb 12 16:59:13 devstack sudo[82080]: pam_unix(sudo:session): session closed for user root
Feb 12 16:59:13 devstack cinder-volume[78946]: DEBUG oslo_concurrency.processutils [None req-289938df-2524-4fa8-addf-c190ba341dd7 tempest-GroupSnapshotsTest-1673095019 None] CMD "sudo cinder-rootwrap /etc/cinder/rootwrap.conf qemu-img create -f qcow2 -o backing_file=/opt/stack/data/cinder/mnt/188b94447be166edb7748e76e13614f7/volume-1215bea3-4f6d-42ee-aa44-64c4e39244d2,backing_fmt=qcow2 /opt/stack/data/cinder/mnt/188b94447be166edb7748e76e13614f7/volume-1215bea3-4f6d-42ee-aa44-64c4e39244d2.1f4a542c-e40f-49f0-aa87-ce6ebde687e4 1G" returned: 0 in 0.574s {{(pid=78946) execute /opt/stack/data/venv/lib/python3.10/site-packages/oslo_concurrency/processutils.py:396}}
Feb 12 16:59:13 devstack cinder-volume[78946]: DEBUG oslo_concurrency.processutils [None req-289938df-2524-4fa8-addf-c190ba341dd7 tempest-GroupSnapshotsTest-1673095019 None] Running cmd (subprocess): sudo cinder-rootwrap /etc/cinder/rootwrap.conf qemu-img rebase -u -b volume-1215bea3-4f6d-42ee-aa44-64c4e39244d2 -F qcow2 /opt/stack/data/cinder/mnt/188b94447be166edb7748e76e13614f7/volume-1215bea3-4f6d-42ee-aa44-64c4e39244d2.1f4a542c-e40f-49f0-aa87-ce6ebde687e4 {{(pid=78946) execute /opt/stack/data/venv/lib/python3.10/site-packages/oslo_concurrency/processutils.py:368}}
Feb 12 16:59:13 devstack sudo[82085]: quobyte : PWD=/ ; USER=root ; COMMAND=/opt/stack/data/venv/bin/cinder-rootwrap /etc/cinder/rootwrap.conf qemu-img rebase -u -b volume-1215bea3-4f6d-42ee-aa44-64c4e39244d2 -F qcow2 /opt/stack/data/cinder/mnt/188b94447be166edb7748e76e13614f7/volume-1215bea3-4f6d-42ee-aa44-64c4e39244d2.1f4a542c-e40f-49f0-aa87-ce6ebde687e4
Feb 12 16:59:13 devstack sudo[82085]: pam_unix(sudo:session): session opened for user root(uid=0) by (uid=1000)
Feb 12 16:59:13 devstack sudo[82085]: pam_unix(sudo:session): session closed for user root
Feb 12 16:59:13 devstack cinder-volume[78946]: DEBUG oslo_concurrency.processutils [None req-289938df-2524-4fa8-addf-c190ba341dd7 tempest-GroupSnapshotsTest-1673095019 None] CMD "sudo cinder-rootwrap /etc/cinder/rootwrap.conf qemu-img rebase -u -b volume-1215bea3-4f6d-42ee-aa44-64c4e39244d2 -F qcow2 /opt/stack/data/cinder/mnt/188b94447be166edb7748e76e13614f7/volume-1215bea3-4f6d-42ee-aa44-64c4e39244d2.1f4a542c-e40f-49f0-aa87-ce6ebde687e4" returned: 0 in 0.425s {{(pid=78946) execute /opt/stack/data/venv/lib/python3.10/site-packages/oslo_concurrency/processutils.py:396}}
Feb 12 16:59:13 devstack cinder-volume[78946]: WARNING cinder.volume.drivers.remotefs [None req-289938df-2524-4fa8-addf-c190ba341dd7 tempest-GroupSnapshotsTest-1673095019 None] /opt/stack/data/cinder/mnt/188b94447be166edb7748e76e13614f7/volume-1215bea3-4f6d-42ee-aa44-64c4e39244d2.1f4a542c-e40f-49f0-aa87-ce6ebde687e4 is being set with open permissions: ugo+rw: NotImplementedError
Feb 12 16:59:13 devstack cinder-volume[78946]: DEBUG oslo_concurrency.processutils [None req-289938df-2524-4fa8-addf-c190ba341dd7 tempest-GroupSnapshotsTest-1673095019 None] Running cmd (subprocess): sudo cinder-rootwrap /etc/cinder/rootwrap.conf chmod ugo+rw /opt/stack/data/cinder/mnt/188b94447be166edb7748e76e13614f7/volume-1215bea3-4f6d-42ee-aa44-64c4e39244d2.1f4a542c-e40f-49f0-aa87-ce6ebde687e4 {{(pid=78946) execute /opt/stack/data/venv/lib/python3.10/site-packages/oslo_concurrency/processutils.py:368}}
Feb 12 16:59:13 devstack sudo[82090]: quobyte : PWD=/ ; USER=root ; COMMAND=/opt/stack/data/venv/bin/cinder-rootwrap /etc/cinder/rootwrap.conf chmod ugo+rw /opt/stack/data/cinder/mnt/188b94447be166edb7748e76e13614f7/volume-1215bea3-4f6d-42ee-aa44-64c4e39244d2.1f4a542c-e40f-49f0-aa87-ce6ebde687e4
Feb 12 16:59:13 devstack sudo[82090]: pam_unix(sudo:session): session opened for user root(uid=0) by (uid=1000)
Feb 12 16:59:14 devstack sudo[82090]: pam_unix(sudo:session): session closed for user root
Feb 12 16:59:14 devstack cinder-volume[78946]: DEBUG oslo_concurrency.processutils [None req-289938df-2524-4fa8-addf-c190ba341dd7 tempest-GroupSnapshotsTest-1673095019 None] CMD "sudo cinder-rootwrap /etc/cinder/rootwrap.conf chmod ugo+rw /opt/stack/data/cinder/mnt/188b94447be166edb7748e76e13614f7/volume-1215bea3-4f6d-42ee-aa44-64c4e39244d2.1f4a542c-e40f-49f0-aa87-ce6ebde687e4" returned: 0 in 0.440s {{(pid=78946) execute /opt/stack/data/venv/lib/python3.10/site-packages/oslo_concurrency/processutils.py:396}}
Feb 12 16:59:14 devstack cinder-volume[78946]: DEBUG oslo_concurrency.processutils [None req-289938df-2524-4fa8-addf-c190ba341dd7 tempest-GroupSnapshotsTest-1673095019 None] Running cmd (subprocess): sudo cinder-rootwrap /etc/cinder/rootwrap.conf truncate -s0 /opt/stack/data/cinder/mnt/188b94447be166edb7748e76e13614f7/volume-1215bea3-4f6d-42ee-aa44-64c4e39244d2.info {{(pid=78946) execute /opt/stack/data/venv/lib/python3.10/site-packages/oslo_concurrency/processutils.py:368}}
Feb 12 16:59:14 devstack sudo[82093]: quobyte : PWD=/ ; USER=root ; COMMAND=/opt/stack/data/venv/bin/cinder-rootwrap /etc/cinder/rootwrap.conf truncate -s0 /opt/stack/data/cinder/mnt/188b94447be166edb7748e76e13614f7/volume-1215bea3-4f6d-42ee-aa44-64c4e39244d2.info
Feb 12 16:59:14 devstack sudo[82093]: pam_unix(sudo:session): session opened for user root(uid=0) by (uid=1000)
Feb 12 16:59:14 devstack sudo[82093]: pam_unix(sudo:session): session closed for user root
Feb 12 16:59:14 devstack cinder-volume[78946]: DEBUG oslo_concurrency.processutils [None req-289938df-2524-4fa8-addf-c190ba341dd7 tempest-GroupSnapshotsTest-1673095019 None] CMD "sudo cinder-rootwrap /etc/cinder/rootwrap.conf truncate -s0 /opt/stack/data/cinder/mnt/188b94447be166edb7748e76e13614f7/volume-1215bea3-4f6d-42ee-aa44-64c4e39244d2.info" returned: 0 in 0.456s {{(pid=78946) execute /opt/stack/data/venv/lib/python3.10/site-packages/oslo_concurrency/processutils.py:396}}
Feb 12 16:59:14 devstack cinder-volume[78946]: WARNING cinder.volume.drivers.remotefs [None req-289938df-2524-4fa8-addf-c190ba341dd7 tempest-GroupSnapshotsTest-1673095019 None] /opt/stack/data/cinder/mnt/188b94447be166edb7748e76e13614f7/volume-1215bea3-4f6d-42ee-aa44-64c4e39244d2.info is being set with open permissions: ugo+rw: NotImplementedError
Feb 12 16:59:14 devstack cinder-volume[78946]: DEBUG oslo_concurrency.processutils [None req-289938df-2524-4fa8-addf-c190ba341dd7 tempest-GroupSnapshotsTest-1673095019 None] Running cmd (subprocess): sudo cinder-rootwrap /etc/cinder/rootwrap.conf chmod ugo+rw /opt/stack/data/cinder/mnt/188b94447be166edb7748e76e13614f7/volume-1215bea3-4f6d-42ee-aa44-64c4e39244d2.info {{(pid=78946) execute /opt/stack/data/venv/lib/python3.10/site-packages/oslo_concurrency/processutils.py:368}}
Feb 12 16:59:14 devstack sudo[82096]: quobyte : PWD=/ ; USER=root ; COMMAND=/opt/stack/data/venv/bin/cinder-rootwrap /etc/cinder/rootwrap.conf chmod ugo+rw /opt/stack/data/cinder/mnt/188b94447be166edb7748e76e13614f7/volume-1215bea3-4f6d-42ee-aa44-64c4e39244d2.info
Feb 12 16:59:14 devstack sudo[82096]: pam_unix(sudo:session): session opened for user root(uid=0) by (uid=1000)
Feb 12 16:59:15 devstack sudo[82096]: pam_unix(sudo:session): session closed for user root
Feb 12 16:59:15 devstack cinder-volume[78946]: DEBUG oslo_concurrency.processutils [None req-289938df-2524-4fa8-addf-c190ba341dd7 tempest-GroupSnapshotsTest-1673095019 None] CMD "sudo cinder-rootwrap /etc/cinder/rootwrap.conf chmod ugo+rw /opt/stack/data/cinder/mnt/188b94447be166edb7748e76e13614f7/volume-1215bea3-4f6d-42ee-aa44-64c4e39244d2.info" returned: 0 in 0.519s {{(pid=78946) execute /opt/stack/data/venv/lib/python3.10/site-packages/oslo_concurrency/processutils.py:396}}
Feb 12 16:59:15 devstack cinder-volume[78946]: DEBUG oslo_concurrency.lockutils [None req-289938df-2524-4fa8-addf-c190ba341dd7 tempest-GroupSnapshotsTest-1673095019 None] Lock "quobyte" "released" by "cinder.volume.drivers.quobyte.QuobyteDriver.create_snapshot" :: held 3.031s {{(pid=78946) inner /opt/stack/data/venv/lib/python3.10/site-packages/oslo_concurrency/lockutils.py:538}}
Feb 12 16:59:15 devstack cinder-volume[78946]: DEBUG oslo_concurrency.lockutils [None req-e75ca203-4f3b-4074-9480-a0a34b09a13c tempest-VolumesDeleteCascade-1722754474 None] Lock "quobyte" acquired by "cinder.volume.drivers.quobyte.QuobyteDriver.create_snapshot" :: waited 5.391s {{(pid=78946) inner /opt/stack/data/venv/lib/python3.10/site-packages/oslo_concurrency/lockutils.py:519}}
Feb 12 16:59:15 devstack cinder-volume[78946]: DEBUG cinder.volume.drivers.remotefs [None req-e75ca203-4f3b-4074-9480-a0a34b09a13c tempest-VolumesDeleteCascade-1722754474 None] Creating offline snapshot 2b824d57-5eaa-4ee2-bc57-8ff264f06130 of volume 6002214c-960d-4389-b122-16fcf3826e9b {{(pid=78946) _create_snapshot /opt/stack/cinder/cinder/volume/drivers/remotefs.py:1817}}
Feb 12 16:59:15 devstack cinder-volume[78946]: DEBUG oslo.privsep.daemon [-] privsep: reply[c833ea39-cabf-43f0-a0f8-912162c1ec9e]: (4, 'qcow2') {{(pid=79972) _call_back /opt/stack/data/venv/lib/python3.10/site-packages/oslo_privsep/daemon.py:515}}
Feb 12 16:59:15 devstack cinder-volume[78946]: DEBUG oslo_concurrency.processutils [None req-e75ca203-4f3b-4074-9480-a0a34b09a13c tempest-VolumesDeleteCascade-1722754474 None] Running cmd (subprocess): /opt/stack/data/venv/bin/python3.10 -m oslo_concurrency.prlimit --as=1073741824 --cpu=60 -- sudo cinder-rootwrap /etc/cinder/rootwrap.conf env LC_ALL=C qemu-img info -f qcow2 --output=json --force-share /opt/stack/data/cinder/mnt/188b94447be166edb7748e76e13614f7/volume-6002214c-960d-4389-b122-16fcf3826e9b {{(pid=78946) execute /opt/stack/data/venv/lib/python3.10/site-packages/oslo_concurrency/processutils.py:368}}
Feb 12 16:59:15 devstack sudo[82100]: quobyte : PWD=/ ; USER=root ; COMMAND=/opt/stack/data/venv/bin/cinder-rootwrap /etc/cinder/rootwrap.conf env LC_ALL=C qemu-img info -f qcow2 --output=json --force-share /opt/stack/data/cinder/mnt/188b94447be166edb7748e76e13614f7/volume-6002214c-960d-4389-b122-16fcf3826e9b
Feb 12 16:59:15 devstack sudo[82100]: pam_unix(sudo:session): session opened for user root(uid=0) by (uid=1000)
Feb 12 16:59:15 devstack cinder-volume[78946]: INFO cinder.volume.manager [None req-289938df-2524-4fa8-addf-c190ba341dd7 tempest-GroupSnapshotsTest-1673095019 None] group_snapshot 9e70defb-896d-42e7-96ff-562037e03e53: created successfully
Feb 12 16:59:15 devstack sudo[82100]: pam_unix(sudo:session): session closed for user root
Feb 12 16:59:15 devstack cinder-volume[78946]: DEBUG oslo_concurrency.processutils [None req-e75ca203-4f3b-4074-9480-a0a34b09a13c tempest-VolumesDeleteCascade-1722754474 None] CMD "/opt/stack/data/venv/bin/python3.10 -m oslo_concurrency.prlimit --as=1073741824 --cpu=60 -- sudo cinder-rootwrap /etc/cinder/rootwrap.conf env LC_ALL=C qemu-img info -f qcow2 --output=json --force-share /opt/stack/data/cinder/mnt/188b94447be166edb7748e76e13614f7/volume-6002214c-960d-4389-b122-16fcf3826e9b" returned: 0 in 0.622s {{(pid=78946) execute /opt/stack/data/venv/lib/python3.10/site-packages/oslo_concurrency/processutils.py:396}}
Feb 12 16:59:15 devstack cinder-volume[78946]: DEBUG oslo_concurrency.processutils [None req-e75ca203-4f3b-4074-9480-a0a34b09a13c tempest-VolumesDeleteCascade-1722754474 None] Running cmd (subprocess): sudo cinder-rootwrap /etc/cinder/rootwrap.conf qemu-img create -f qcow2 -o backing_file=/opt/stack/data/cinder/mnt/188b94447be166edb7748e76e13614f7/volume-6002214c-960d-4389-b122-16fcf3826e9b,backing_fmt=qcow2 /opt/stack/data/cinder/mnt/188b94447be166edb7748e76e13614f7/volume-6002214c-960d-4389-b122-16fcf3826e9b.2b824d57-5eaa-4ee2-bc57-8ff264f06130 1G {{(pid=78946) execute /opt/stack/data/venv/lib/python3.10/site-packages/oslo_concurrency/processutils.py:368}}
Feb 12 16:59:15 devstack sudo[82105]: quobyte : PWD=/ ; USER=root ; COMMAND=/opt/stack/data/venv/bin/cinder-rootwrap /etc/cinder/rootwrap.conf qemu-img create -f qcow2 -o backing_file=/opt/stack/data/cinder/mnt/188b94447be166edb7748e76e13614f7/volume-6002214c-960d-4389-b122-16fcf3826e9b,backing_fmt=qcow2 /opt/stack/data/cinder/mnt/188b94447be166edb7748e76e13614f7/volume-6002214c-960d-4389-b122-16fcf3826e9b.2b824d57-5eaa-4ee2-bc57-8ff264f06130 1G
Feb 12 16:59:15 devstack sudo[82105]: pam_unix(sudo:session): session opened for user root(uid=0) by (uid=1000)
Feb 12 16:59:16 devstack cinder-volume[78946]: INFO cinder.volume.manager [None req-e58db4e8-370e-44e3-96d9-8e992af411de tempest-GroupSnapshotsTest-1673095019 None] group_snapshot 9e70defb-896d-42e7-96ff-562037e03e53: deleting
Feb 12 16:59:16 devstack cinder-volume[78946]: WARNING cinder.volume.volume_utils [None req-e58db4e8-370e-44e3-96d9-8e992af411de tempest-GroupSnapshotsTest-1673095019 None] Volume driver (QuobyteDriver 1.1.14) is currently unsupported and may be removed in the next release of OpenStack. Use at your own risk.
Feb 12 16:59:16 devstack cinder-volume[78946]: DEBUG cinder.volume.manager [None req-e58db4e8-370e-44e3-96d9-8e992af411de tempest-GroupSnapshotsTest-1673095019 None] group_snapshot 9e70defb-896d-42e7-96ff-562037e03e53: deleting {{(pid=78946) delete_group_snapshot /opt/stack/cinder/cinder/volume/manager.py:4350}}
Feb 12 16:59:16 devstack cinder-volume[78946]: DEBUG cinder.coordination [None req-e58db4e8-370e-44e3-96d9-8e992af411de tempest-GroupSnapshotsTest-1673095019 None] Acquiring lock "cinder-quobyte-20df5ee1-c662-4cf1-b51b-75a28dea90bc" by "delete_snapshot" {{(pid=78946) __acquire /opt/stack/cinder/cinder/coordination.py:143}}
Feb 12 16:59:16 devstack cinder-volume[78946]: DEBUG cinder.coordination [None req-e58db4e8-370e-44e3-96d9-8e992af411de tempest-GroupSnapshotsTest-1673095019 None] Lock "cinder-quobyte-20df5ee1-c662-4cf1-b51b-75a28dea90bc" acquired by "delete_snapshot" :: waited 0.055s {{(pid=78946) __acquire /opt/stack/cinder/cinder/coordination.py:146}}
Feb 12 16:59:16 devstack cinder-volume[78946]: DEBUG cinder.coordination [None req-e58db4e8-370e-44e3-96d9-8e992af411de tempest-GroupSnapshotsTest-1673095019 None] Acquiring lock "cinder-quobyte-01eeb042-0443-4794-b6a2-478fc388bc31" by "_delete_snapshot" {{(pid=78946) __acquire /opt/stack/cinder/cinder/coordination.py:143}}
Feb 12 16:59:16 devstack cinder-volume[78946]: DEBUG cinder.coordination [None req-e58db4e8-370e-44e3-96d9-8e992af411de tempest-GroupSnapshotsTest-1673095019 None] Lock "cinder-quobyte-01eeb042-0443-4794-b6a2-478fc388bc31" acquired by "_delete_snapshot" :: waited 0.014s {{(pid=78946) __acquire /opt/stack/cinder/cinder/coordination.py:146}}
Feb 12 16:59:16 devstack cinder-volume[78946]: DEBUG cinder.volume.drivers.remotefs [None req-e58db4e8-370e-44e3-96d9-8e992af411de tempest-GroupSnapshotsTest-1673095019 None] Deleting offline snapshot 01eeb042-0443-4794-b6a2-478fc388bc31 of volume 20df5ee1-c662-4cf1-b51b-75a28dea90bc {{(pid=78946) _delete_snapshot /opt/stack/cinder/cinder/volume/drivers/remotefs.py:1290}}
Feb 12 16:59:16 devstack cinder-volume[78946]: DEBUG cinder.volume.drivers.remotefs [None req-e58db4e8-370e-44e3-96d9-8e992af411de tempest-GroupSnapshotsTest-1673095019 None] snapshot_file for this snap is: volume-20df5ee1-c662-4cf1-b51b-75a28dea90bc.01eeb042-0443-4794-b6a2-478fc388bc31 {{(pid=78946) _delete_snapshot /opt/stack/cinder/cinder/volume/drivers/remotefs.py:1319}}
Feb 12 16:59:16 devstack cinder-volume[78946]: DEBUG oslo.privsep.daemon [-] privsep: reply[50f2a7ac-7ce4-4607-be05-1e9dbf344f22]: (4, 'qcow2') {{(pid=79972) _call_back /opt/stack/data/venv/lib/python3.10/site-packages/oslo_privsep/daemon.py:515}}
Feb 12 16:59:16 devstack cinder-volume[78946]: DEBUG oslo_concurrency.processutils [None req-e58db4e8-370e-44e3-96d9-8e992af411de tempest-GroupSnapshotsTest-1673095019 None] Running cmd (subprocess): /opt/stack/data/venv/bin/python3.10 -m oslo_concurrency.prlimit --as=1073741824 --cpu=60 -- sudo cinder-rootwrap /etc/cinder/rootwrap.conf env LC_ALL=C qemu-img info -f qcow2 --output=json --force-share /opt/stack/data/cinder/mnt/188b94447be166edb7748e76e13614f7/volume-20df5ee1-c662-4cf1-b51b-75a28dea90bc.01eeb042-0443-4794-b6a2-478fc388bc31 {{(pid=78946) execute /opt/stack/data/venv/lib/python3.10/site-packages/oslo_concurrency/processutils.py:368}}
Feb 12 16:59:16 devstack sudo[82110]: quobyte : PWD=/ ; USER=root ; COMMAND=/opt/stack/data/venv/bin/cinder-rootwrap /etc/cinder/rootwrap.conf env LC_ALL=C qemu-img info -f qcow2 --output=json --force-share /opt/stack/data/cinder/mnt/188b94447be166edb7748e76e13614f7/volume-20df5ee1-c662-4cf1-b51b-75a28dea90bc.01eeb042-0443-4794-b6a2-478fc388bc31
Feb 12 16:59:16 devstack sudo[82110]: pam_unix(sudo:session): session opened for user root(uid=0) by (uid=1000)
Feb 12 16:59:16 devstack sudo[82105]: pam_unix(sudo:session): session closed for user root
Feb 12 16:59:16 devstack cinder-volume[78946]: DEBUG oslo_concurrency.processutils [None req-e75ca203-4f3b-4074-9480-a0a34b09a13c tempest-VolumesDeleteCascade-1722754474 None] CMD "sudo cinder-rootwrap /etc/cinder/rootwrap.conf qemu-img create -f qcow2 -o backing_file=/opt/stack/data/cinder/mnt/188b94447be166edb7748e76e13614f7/volume-6002214c-960d-4389-b122-16fcf3826e9b,backing_fmt=qcow2 /opt/stack/data/cinder/mnt/188b94447be166edb7748e76e13614f7/volume-6002214c-960d-4389-b122-16fcf3826e9b.2b824d57-5eaa-4ee2-bc57-8ff264f06130 1G" returned: 0 in 0.829s {{(pid=78946) execute /opt/stack/data/venv/lib/python3.10/site-packages/oslo_concurrency/processutils.py:396}}
Feb 12 16:59:16 devstack cinder-volume[78946]: DEBUG oslo_concurrency.processutils [None req-e75ca203-4f3b-4074-9480-a0a34b09a13c tempest-VolumesDeleteCascade-1722754474 None] Running cmd (subprocess): sudo cinder-rootwrap /etc/cinder/rootwrap.conf qemu-img rebase -u -b volume-6002214c-960d-4389-b122-16fcf3826e9b -F qcow2 /opt/stack/data/cinder/mnt/188b94447be166edb7748e76e13614f7/volume-6002214c-960d-4389-b122-16fcf3826e9b.2b824d57-5eaa-4ee2-bc57-8ff264f06130 {{(pid=78946) execute /opt/stack/data/venv/lib/python3.10/site-packages/oslo_concurrency/processutils.py:368}}
Feb 12 16:59:16 devstack sudo[82112]: quobyte : PWD=/ ; USER=root ; COMMAND=/opt/stack/data/venv/bin/cinder-rootwrap /etc/cinder/rootwrap.conf qemu-img rebase -u -b volume-6002214c-960d-4389-b122-16fcf3826e9b -F qcow2 /opt/stack/data/cinder/mnt/188b94447be166edb7748e76e13614f7/volume-6002214c-960d-4389-b122-16fcf3826e9b.2b824d57-5eaa-4ee2-bc57-8ff264f06130
Feb 12 16:59:16 devstack sudo[82112]: pam_unix(sudo:session): session opened for user root(uid=0) by (uid=1000)
Feb 12 16:59:17 devstack cinder-volume[78946]: WARNING cinder.volume.volume_utils [None req-f7b3414b-294a-456f-9f50-67d6b8217e78 tempest-VolumesActionsTest-736737669 None] Volume driver (QuobyteDriver 1.1.14) is currently unsupported and may be removed in the next release of OpenStack. Use at your own risk.
Feb 12 16:59:17 devstack cinder-volume[78946]: DEBUG cinder.volume.flows.manager.create_volume [None req-f7b3414b-294a-456f-9f50-67d6b8217e78 tempest-VolumesActionsTest-736737669 None] Volume reschedule parameters: True retry: {'num_attempts': 1, 'backends': ['devstack@QuobyteHD#QuobyteHD'], 'hosts': ['devstack@QuobyteHD#QuobyteHD']} {{(pid=78946) get_flow /opt/stack/cinder/cinder/volume/flows/manager/create_volume.py:1388}}
Feb 12 16:59:17 devstack cinder-volume[78946]: DEBUG cinder.volume.manager [None req-f7b3414b-294a-456f-9f50-67d6b8217e78 tempest-VolumesActionsTest-736737669 None] Flow 'volume_create_manager' (23f858a5-f3f0-4eaa-b5ef-f305b2561ee3) transitioned into state 'RUNNING' from state 'PENDING' {{(pid=78946) _flow_receiver /opt/stack/data/venv/lib/python3.10/site-packages/taskflow/listeners/logging.py:145}}
Feb 12 16:59:17 devstack cinder-volume[78946]: DEBUG cinder.volume.manager [None req-f7b3414b-294a-456f-9f50-67d6b8217e78 tempest-VolumesActionsTest-736737669 None] Task 'cinder.volume.flows.manager.create_volume.ExtractVolumeRefTask;volume:create' (8f51fbfc-f176-411f-ae63-88c4c96ca8d7) transitioned into state 'RUNNING' from state 'PENDING' {{(pid=78946) _task_receiver /opt/stack/data/venv/lib/python3.10/site-packages/taskflow/listeners/logging.py:194}}
Feb 12 16:59:17 devstack cinder-volume[78946]: DEBUG cinder.volume.manager [None req-f7b3414b-294a-456f-9f50-67d6b8217e78 tempest-VolumesActionsTest-736737669 None] Task 'cinder.volume.flows.manager.create_volume.ExtractVolumeRefTask;volume:create' (8f51fbfc-f176-411f-ae63-88c4c96ca8d7) transitioned into state 'SUCCESS' from state 'RUNNING' with result 'Volume(_name_id=None,admin_metadata=,attach_status='detached',availability_zone='nova',bootable=False,cluster=,cluster_name=None,consistencygroup=,consistencygroup_id=None,created_at=2026-02-12T15:59:17Z,deleted=False,deleted_at=None,display_description=None,display_name='tempest-VolumesActionsTest-Volume-809991091',ec2_id=None,encryption_key_id=None,glance_metadata=,group=,group_id=None,host='devstack@QuobyteHD#QuobyteHD',id=4fd1a641-2b97-4e5d-9c4d-d0f704a66f01,launched_at=None,metadata={},migration_status=None,multiattach=False,previous_status=None,project_id='4117712a00374f6faf2efd023959c510',provider_auth=None,provider_geometry=None,provider_id=None,provider_location=None,replication_driver_data=None,replication_extended_status=None,replication_status=None,scheduled_at=2026-02-12T15:59:17Z,service_uuid=None,shared_targets=True,size=1,snapshot_id=None,snapshots=,source_volid=None,status='creating',terminated_at=None,updated_at=2026-02-12T15:59:17Z,use_quota=True,user_id='982b63619da14b9090df10463b0bcb46',volume_attachment=VolumeAttachmentList,volume_type=VolumeType(37379a0a-aab4-4542-9760-9e846ae391a8),volume_type_id=37379a0a-aab4-4542-9760-9e846ae391a8)' {{(pid=78946) _task_receiver /opt/stack/data/venv/lib/python3.10/site-packages/taskflow/listeners/logging.py:182}}
Feb 12 16:59:17 devstack cinder-volume[78946]: DEBUG cinder.volume.manager [None req-f7b3414b-294a-456f-9f50-67d6b8217e78 tempest-VolumesActionsTest-736737669 None] Task 'cinder.volume.flows.manager.create_volume.OnFailureRescheduleTask;volume:create' (b22ae428-5ad9-40bb-980f-ae3822ef7d6f) transitioned into state 'RUNNING' from state 'PENDING' {{(pid=78946) _task_receiver /opt/stack/data/venv/lib/python3.10/site-packages/taskflow/listeners/logging.py:194}}
Feb 12 16:59:17 devstack cinder-volume[78946]: DEBUG cinder.volume.manager [None req-f7b3414b-294a-456f-9f50-67d6b8217e78 tempest-VolumesActionsTest-736737669 None] Task 'cinder.volume.flows.manager.create_volume.OnFailureRescheduleTask;volume:create' (b22ae428-5ad9-40bb-980f-ae3822ef7d6f) transitioned into state 'SUCCESS' from state 'RUNNING' with result 'None' {{(pid=78946) _task_receiver /opt/stack/data/venv/lib/python3.10/site-packages/taskflow/listeners/logging.py:182}}
Feb 12 16:59:17 devstack cinder-volume[78946]: DEBUG cinder.volume.manager [None req-f7b3414b-294a-456f-9f50-67d6b8217e78 tempest-VolumesActionsTest-736737669 None] Task 'cinder.volume.flows.manager.create_volume.ExtractVolumeSpecTask;volume:create' (a8c13595-b91b-461e-b724-001c95f51ec3) transitioned into state 'RUNNING' from state 'PENDING' {{(pid=78946) _task_receiver /opt/stack/data/venv/lib/python3.10/site-packages/taskflow/listeners/logging.py:194}}
Feb 12 16:59:17 devstack sudo[82112]: pam_unix(sudo:session): session closed for user root
Feb 12 16:59:17 devstack cinder-volume[78946]: DEBUG cinder.volume.manager [None req-f7b3414b-294a-456f-9f50-67d6b8217e78 tempest-VolumesActionsTest-736737669 None] Task 'cinder.volume.flows.manager.create_volume.ExtractVolumeSpecTask;volume:create' (a8c13595-b91b-461e-b724-001c95f51ec3) transitioned into state 'SUCCESS' from state 'RUNNING' with result '{'status': 'creating', 'type': 'raw', 'volume_id': '4fd1a641-2b97-4e5d-9c4d-d0f704a66f01', 'volume_name': 'volume-4fd1a641-2b97-4e5d-9c4d-d0f704a66f01', 'volume_size': 1}' {{(pid=78946) _task_receiver /opt/stack/data/venv/lib/python3.10/site-packages/taskflow/listeners/logging.py:182}}
Feb 12 16:59:17 devstack cinder-volume[78946]: DEBUG cinder.volume.manager [None req-f7b3414b-294a-456f-9f50-67d6b8217e78 tempest-VolumesActionsTest-736737669 None] Task 'cinder.volume.flows.manager.create_volume.NotifyVolumeActionTask;volume:create, create.start' (5f7801e1-1482-4ac0-a19b-6b5f758d9f46) transitioned into state 'RUNNING' from state 'PENDING' {{(pid=78946) _task_receiver /opt/stack/data/venv/lib/python3.10/site-packages/taskflow/listeners/logging.py:194}}
Feb 12 16:59:17 devstack cinder-volume[78946]: DEBUG cinder.volume.manager [None req-f7b3414b-294a-456f-9f50-67d6b8217e78 tempest-VolumesActionsTest-736737669 None] Task 'cinder.volume.flows.manager.create_volume.NotifyVolumeActionTask;volume:create, create.start' (5f7801e1-1482-4ac0-a19b-6b5f758d9f46) transitioned into state 'SUCCESS' from state 'RUNNING' with result 'None' {{(pid=78946) _task_receiver /opt/stack/data/venv/lib/python3.10/site-packages/taskflow/listeners/logging.py:182}}
Feb 12 16:59:17 devstack cinder-volume[78946]: DEBUG cinder.volume.manager [None req-f7b3414b-294a-456f-9f50-67d6b8217e78 tempest-VolumesActionsTest-736737669 None] Task 'cinder.volume.flows.manager.create_volume.CreateVolumeFromSpecTask;volume:create' (2c650684-d29b-47b5-a2fb-e50fc7df9b52) transitioned into state 'RUNNING' from state 'PENDING' {{(pid=78946) _task_receiver /opt/stack/data/venv/lib/python3.10/site-packages/taskflow/listeners/logging.py:194}}
Feb 12 16:59:17 devstack cinder-volume[78946]: INFO cinder.volume.flows.manager.create_volume [None req-f7b3414b-294a-456f-9f50-67d6b8217e78 tempest-VolumesActionsTest-736737669 None] Volume 4fd1a641-2b97-4e5d-9c4d-d0f704a66f01: being created as raw with specification: {'status': 'creating', 'volume_name': 'volume-4fd1a641-2b97-4e5d-9c4d-d0f704a66f01', 'volume_size': 1}
Feb 12 16:59:17 devstack cinder-volume[78946]: DEBUG oslo_concurrency.lockutils [None req-f7b3414b-294a-456f-9f50-67d6b8217e78 tempest-VolumesActionsTest-736737669 None] Acquiring lock "quobyte" by "cinder.volume.drivers.quobyte.QuobyteDriver.create_volume" {{(pid=78946) inner /opt/stack/data/venv/lib/python3.10/site-packages/oslo_concurrency/lockutils.py:506}}
Feb 12 16:59:17 devstack cinder-volume[78946]: DEBUG oslo_concurrency.processutils [None req-e75ca203-4f3b-4074-9480-a0a34b09a13c tempest-VolumesDeleteCascade-1722754474 None] CMD "sudo cinder-rootwrap /etc/cinder/rootwrap.conf qemu-img rebase -u -b volume-6002214c-960d-4389-b122-16fcf3826e9b -F qcow2 /opt/stack/data/cinder/mnt/188b94447be166edb7748e76e13614f7/volume-6002214c-960d-4389-b122-16fcf3826e9b.2b824d57-5eaa-4ee2-bc57-8ff264f06130" returned: 0 in 0.498s {{(pid=78946) execute /opt/stack/data/venv/lib/python3.10/site-packages/oslo_concurrency/processutils.py:396}}
Feb 12 16:59:17 devstack cinder-volume[78946]: WARNING cinder.volume.drivers.remotefs [None req-e75ca203-4f3b-4074-9480-a0a34b09a13c tempest-VolumesDeleteCascade-1722754474 None] /opt/stack/data/cinder/mnt/188b94447be166edb7748e76e13614f7/volume-6002214c-960d-4389-b122-16fcf3826e9b.2b824d57-5eaa-4ee2-bc57-8ff264f06130 is being set with open permissions: ugo+rw
Feb 12 16:59:17 devstack cinder-volume[78946]: DEBUG oslo_concurrency.processutils [None req-e75ca203-4f3b-4074-9480-a0a34b09a13c tempest-VolumesDeleteCascade-1722754474 None] Running cmd (subprocess): sudo cinder-rootwrap /etc/cinder/rootwrap.conf chmod ugo+rw /opt/stack/data/cinder/mnt/188b94447be166edb7748e76e13614f7/volume-6002214c-960d-4389-b122-16fcf3826e9b.2b824d57-5eaa-4ee2-bc57-8ff264f06130 {{(pid=78946) execute /opt/stack/data/venv/lib/python3.10/site-packages/oslo_concurrency/processutils.py:368}}
Feb 12 16:59:17 devstack sudo[82120]: quobyte : PWD=/ ; USER=root ; COMMAND=/opt/stack/data/venv/bin/cinder-rootwrap /etc/cinder/rootwrap.conf chmod ugo+rw /opt/stack/data/cinder/mnt/188b94447be166edb7748e76e13614f7/volume-6002214c-960d-4389-b122-16fcf3826e9b.2b824d57-5eaa-4ee2-bc57-8ff264f06130
Feb 12 16:59:17 devstack sudo[82120]: pam_unix(sudo:session): session opened for user root(uid=0) by (uid=1000)
Feb 12 16:59:17 devstack sudo[82110]: pam_unix(sudo:session): session closed for user root
Feb 12 16:59:17 devstack cinder-volume[78946]: DEBUG oslo_concurrency.processutils [None req-e58db4e8-370e-44e3-96d9-8e992af411de tempest-GroupSnapshotsTest-1673095019 None] CMD "/opt/stack/data/venv/bin/python3.10 -m oslo_concurrency.prlimit --as=1073741824 --cpu=60 -- sudo cinder-rootwrap /etc/cinder/rootwrap.conf env LC_ALL=C qemu-img info -f qcow2 --output=json --force-share /opt/stack/data/cinder/mnt/188b94447be166edb7748e76e13614f7/volume-20df5ee1-c662-4cf1-b51b-75a28dea90bc.01eeb042-0443-4794-b6a2-478fc388bc31" returned: 0 in 0.713s {{(pid=78946) execute /opt/stack/data/venv/lib/python3.10/site-packages/oslo_concurrency/processutils.py:396}}
Feb 12 16:59:17 devstack cinder-volume[78946]: DEBUG cinder.volume.drivers.remotefs [None req-e58db4e8-370e-44e3-96d9-8e992af411de tempest-GroupSnapshotsTest-1673095019 None] Fetching qemu-img info with special backing_file_template: (/opt/stack/data/cinder/mnt/[0-9a-f]+/)?(volume-20df5ee1-c662-4cf1-b51b-75a28dea90bc(.(tmp-snap-)?[0-9a-f-]+)?|volume_from_snapshot_cache/(tmp-snap-)?[0-9a-f-]+(.(child-|parent-)[0-9a-f-]+)?)$ {{(pid=78946) _qemu_img_info_base /opt/stack/cinder/cinder/volume/drivers/remotefs.py:898}}
Feb 12 16:59:17 devstack cinder-volume[78946]: DEBUG oslo.privsep.daemon [-] privsep: reply[8e803aa7-c44f-48ec-9d71-ba6e405cb113]: (4, 'qcow2') {{(pid=79972) _call_back /opt/stack/data/venv/lib/python3.10/site-packages/oslo_privsep/daemon.py:515}}
Feb 12 16:59:17 devstack cinder-volume[78946]: DEBUG oslo_concurrency.processutils [None req-e58db4e8-370e-44e3-96d9-8e992af411de tempest-GroupSnapshotsTest-1673095019 None] Running cmd (subprocess): /opt/stack/data/venv/bin/python3.10 -m oslo_concurrency.prlimit --as=1073741824 --cpu=60 -- sudo cinder-rootwrap /etc/cinder/rootwrap.conf env LC_ALL=C qemu-img info -f qcow2 --output=json --force-share /opt/stack/data/cinder/mnt/188b94447be166edb7748e76e13614f7/volume-20df5ee1-c662-4cf1-b51b-75a28dea90bc {{(pid=78946) execute /opt/stack/data/venv/lib/python3.10/site-packages/oslo_concurrency/processutils.py:368}}
Feb 12 16:59:17 devstack sudo[82122]: quobyte : PWD=/ ; USER=root ; COMMAND=/opt/stack/data/venv/bin/cinder-rootwrap /etc/cinder/rootwrap.conf env LC_ALL=C qemu-img info -f qcow2 --output=json --force-share /opt/stack/data/cinder/mnt/188b94447be166edb7748e76e13614f7/volume-20df5ee1-c662-4cf1-b51b-75a28dea90bc
Feb 12 16:59:17 devstack sudo[82122]: pam_unix(sudo:session): session opened for user root(uid=0) by (uid=1000)
Feb 12 16:59:17 devstack sudo[82120]: pam_unix(sudo:session): session closed for user root
Feb 12 16:59:17 devstack cinder-volume[78946]: DEBUG oslo_concurrency.processutils [None req-e75ca203-4f3b-4074-9480-a0a34b09a13c tempest-VolumesDeleteCascade-1722754474 None] CMD "sudo cinder-rootwrap /etc/cinder/rootwrap.conf chmod ugo+rw /opt/stack/data/cinder/mnt/188b94447be166edb7748e76e13614f7/volume-6002214c-960d-4389-b122-16fcf3826e9b.2b824d57-5eaa-4ee2-bc57-8ff264f06130" returned: 0 in 0.410s {{(pid=78946) execute /opt/stack/data/venv/lib/python3.10/site-packages/oslo_concurrency/processutils.py:396}}
Feb 12 16:59:17 devstack cinder-volume[78946]: DEBUG oslo_concurrency.processutils [None req-e75ca203-4f3b-4074-9480-a0a34b09a13c tempest-VolumesDeleteCascade-1722754474 None] Running cmd (subprocess): sudo cinder-rootwrap /etc/cinder/rootwrap.conf truncate -s0 /opt/stack/data/cinder/mnt/188b94447be166edb7748e76e13614f7/volume-6002214c-960d-4389-b122-16fcf3826e9b.info {{(pid=78946) execute /opt/stack/data/venv/lib/python3.10/site-packages/oslo_concurrency/processutils.py:368}}
Feb 12 16:59:17 devstack sudo[82125]: quobyte : PWD=/ ; USER=root ; COMMAND=/opt/stack/data/venv/bin/cinder-rootwrap /etc/cinder/rootwrap.conf truncate -s0 /opt/stack/data/cinder/mnt/188b94447be166edb7748e76e13614f7/volume-6002214c-960d-4389-b122-16fcf3826e9b.info
Feb 12 16:59:17 devstack sudo[82125]: pam_unix(sudo:session): session opened for user root(uid=0) by (uid=1000)
