Jun 11 05:13:25 devstack cinder-volume[92308]: WARNING cinder.volume.drivers.remotefs [None req-5f6f8c6a-7904-4f19-b25c-35a453aaebba tempest-GroupSnapshotsTest-62029582 None] /opt/stack/data/cinder/mnt/718afe4cf22995d0275cf6fa52b1191b/volume-c68b1e75-d601-452f-8855-d1230e220aae.e8370e60-7fb4-4f0b-843a-f0cbfb26f05e is being set with open permissions: ugo+rw: NotImplementedError
Jun 11 05:13:25 devstack cinder-volume[92308]: DEBUG oslo_concurrency.processutils [None req-5f6f8c6a-7904-4f19-b25c-35a453aaebba tempest-GroupSnapshotsTest-62029582 None] Running cmd (subprocess): sudo cinder-rootwrap /etc/cinder/rootwrap.conf chmod ugo+rw /opt/stack/data/cinder/mnt/718afe4cf22995d0275cf6fa52b1191b/volume-c68b1e75-d601-452f-8855-d1230e220aae.e8370e60-7fb4-4f0b-843a-f0cbfb26f05e {{(pid=92308) execute /opt/stack/data/venv/lib/python3.12/site-packages/oslo_concurrency/processutils.py:440}}
Jun 11 05:13:25 devstack sudo[97354]: quobyte : PWD=/ ; USER=root ; COMMAND=/opt/stack/data/venv/bin/cinder-rootwrap /etc/cinder/rootwrap.conf chmod ugo+rw /opt/stack/data/cinder/mnt/718afe4cf22995d0275cf6fa52b1191b/volume-c68b1e75-d601-452f-8855-d1230e220aae.e8370e60-7fb4-4f0b-843a-f0cbfb26f05e
Jun 11 05:13:25 devstack sudo[97354]: pam_unix(sudo:session): session opened for user root(uid=0) by (uid=1000)
Jun 11 05:13:26 devstack sudo[97349]: pam_unix(sudo:session): session closed for user root
Jun 11 05:13:26 devstack cinder-volume[92308]: DEBUG oslo_concurrency.processutils [None req-79ac7255-9a6e-49c9-aa6a-32a4a42d79f7 tempest-VolumeSnapshotQuotasNegativeTestJSON-1814668494 None] CMD "sudo cinder-rootwrap /etc/cinder/rootwrap.conf rm -f /opt/stack/data/cinder/mnt/718afe4cf22995d0275cf6fa52b1191b/volume-756925ff-f4a7-4601-a42f-b0a40977f307" returned: 0 in 0.853s {{(pid=92308) execute /opt/stack/data/venv/lib/python3.12/site-packages/oslo_concurrency/processutils.py:468}}
Jun 11 05:13:26 devstack cinder-volume[92308]: DEBUG cinder.coordination [None req-79ac7255-9a6e-49c9-aa6a-32a4a42d79f7 tempest-VolumeSnapshotQuotasNegativeTestJSON-1814668494 None] Lock "cinder-quobyte-756925ff-f4a7-4601-a42f-b0a40977f307" released by "delete_volume" :: held 2.009s {{(pid=92308) __release /opt/stack/cinder/cinder/coordination.py:152}}
Jun 11 05:13:26 devstack cinder-volume[92308]: DEBUG cinder.quota [None req-79ac7255-9a6e-49c9-aa6a-32a4a42d79f7 tempest-VolumeSnapshotQuotasNegativeTestJSON-1814668494 None] Created reservations ['9f7ccb59-4fb8-4f03-a17f-3dae4a9b70dd', 'd3a0827f-5b02-4d48-9db4-f7b9da24592d', 'ea63a2a9-3649-49a3-92f4-bf4d5ae9d82a', 'cf7e97bf-7c60-4df7-b66d-3d92fe736dcc'] {{(pid=92308) reserve /opt/stack/cinder/cinder/quota.py:752}}
Jun 11 05:13:26 devstack cinder-volume[92308]: DEBUG oslo_concurrency.lockutils [None req-79ac7255-9a6e-49c9-aa6a-32a4a42d79f7 tempest-VolumeSnapshotQuotasNegativeTestJSON-1814668494 None] Acquiring lock "quobyte_ensure" by "cinder.volume.drivers.quobyte.QuobyteDriver._ensure_shares_mounted" {{(pid=92308) inner /opt/stack/data/venv/lib/python3.12/site-packages/oslo_concurrency/lockutils.py:506}}
Jun 11 05:13:26 devstack cinder-volume[92308]: DEBUG oslo_concurrency.lockutils [None req-79ac7255-9a6e-49c9-aa6a-32a4a42d79f7 tempest-VolumeSnapshotQuotasNegativeTestJSON-1814668494 None] Lock "quobyte_ensure" acquired by "cinder.volume.drivers.quobyte.QuobyteDriver._ensure_shares_mounted" :: waited 0.001s {{(pid=92308) inner /opt/stack/data/venv/lib/python3.12/site-packages/oslo_concurrency/lockutils.py:519}}
Jun 11 05:13:26 devstack cinder-volume[92308]: DEBUG cinder.volume.drivers.quobyte [None req-79ac7255-9a6e-49c9-aa6a-32a4a42d79f7 tempest-VolumeSnapshotQuotasNegativeTestJSON-1814668494 None] Quobyte Volume URL set to: {'osci02.corp.quobyte.com/cinder-vol-c45f4bb6-c9ab-41cc-8fed-96d70c8c99c2': None} {{(pid=92308) _load_shares_config /opt/stack/cinder/cinder/volume/drivers/quobyte.py:617}}
Jun 11 05:13:26 devstack cinder-volume[92308]: DEBUG cinder.volume.drivers.quobyte [None req-79ac7255-9a6e-49c9-aa6a-32a4a42d79f7 tempest-VolumeSnapshotQuotasNegativeTestJSON-1814668494 None] Available shares ['osci02.corp.quobyte.com/cinder-vol-c45f4bb6-c9ab-41cc-8fed-96d70c8c99c2'] {{(pid=92308) _ensure_shares_mounted /opt/stack/cinder/cinder/volume/drivers/quobyte.py:647}}
Jun 11 05:13:26 devstack cinder-volume[92308]: DEBUG oslo_concurrency.lockutils [None req-79ac7255-9a6e-49c9-aa6a-32a4a42d79f7 tempest-VolumeSnapshotQuotasNegativeTestJSON-1814668494 None] Lock "quobyte_ensure" "released" by "cinder.volume.drivers.quobyte.QuobyteDriver._ensure_shares_mounted" :: held 0.013s {{(pid=92308) inner /opt/stack/data/venv/lib/python3.12/site-packages/oslo_concurrency/lockutils.py:538}}
Jun 11 05:13:26 devstack cinder-volume[92308]: DEBUG oslo_concurrency.processutils [None req-79ac7255-9a6e-49c9-aa6a-32a4a42d79f7 tempest-VolumeSnapshotQuotasNegativeTestJSON-1814668494 None] Running cmd (subprocess): sudo cinder-rootwrap /etc/cinder/rootwrap.conf df --portability --block-size 1 /opt/stack/data/cinder/mnt/718afe4cf22995d0275cf6fa52b1191b {{(pid=92308) execute /opt/stack/data/venv/lib/python3.12/site-packages/oslo_concurrency/processutils.py:440}}
Jun 11 05:13:26 devstack sudo[97358]: quobyte : PWD=/ ; USER=root ; COMMAND=/opt/stack/data/venv/bin/cinder-rootwrap /etc/cinder/rootwrap.conf df --portability --block-size 1 /opt/stack/data/cinder/mnt/718afe4cf22995d0275cf6fa52b1191b
Jun 11 05:13:26 devstack sudo[97358]: pam_unix(sudo:session): session opened for user root(uid=0) by (uid=1000)
Jun 11 05:13:26 devstack sudo[97354]: pam_unix(sudo:session): session closed for user root
Jun 11 05:13:26 devstack cinder-volume[92308]: DEBUG oslo_concurrency.processutils [None req-5f6f8c6a-7904-4f19-b25c-35a453aaebba tempest-GroupSnapshotsTest-62029582 None] CMD "sudo cinder-rootwrap /etc/cinder/rootwrap.conf chmod ugo+rw /opt/stack/data/cinder/mnt/718afe4cf22995d0275cf6fa52b1191b/volume-c68b1e75-d601-452f-8855-d1230e220aae.e8370e60-7fb4-4f0b-843a-f0cbfb26f05e" returned: 0 in 0.791s {{(pid=92308) execute /opt/stack/data/venv/lib/python3.12/site-packages/oslo_concurrency/processutils.py:468}}
Jun 11 05:13:26 devstack cinder-volume[92308]: DEBUG oslo_concurrency.processutils [None req-5f6f8c6a-7904-4f19-b25c-35a453aaebba tempest-GroupSnapshotsTest-62029582 None] Running cmd (subprocess): sudo cinder-rootwrap /etc/cinder/rootwrap.conf truncate -s0 /opt/stack/data/cinder/mnt/718afe4cf22995d0275cf6fa52b1191b/volume-c68b1e75-d601-452f-8855-d1230e220aae.info {{(pid=92308) execute /opt/stack/data/venv/lib/python3.12/site-packages/oslo_concurrency/processutils.py:440}}
Jun 11 05:13:26 devstack sudo[97360]: quobyte : PWD=/ ; USER=root ; COMMAND=/opt/stack/data/venv/bin/cinder-rootwrap /etc/cinder/rootwrap.conf truncate -s0 /opt/stack/data/cinder/mnt/718afe4cf22995d0275cf6fa52b1191b/volume-c68b1e75-d601-452f-8855-d1230e220aae.info
Jun 11 05:13:26 devstack sudo[97360]: pam_unix(sudo:session): session opened for user root(uid=0) by (uid=1000)
Jun 11 05:13:27 devstack sudo[97360]: pam_unix(sudo:session): session closed for user root
Jun 11 05:13:27 devstack cinder-volume[92308]: DEBUG oslo_concurrency.processutils [None req-5f6f8c6a-7904-4f19-b25c-35a453aaebba tempest-GroupSnapshotsTest-62029582 None] CMD "sudo cinder-rootwrap /etc/cinder/rootwrap.conf truncate -s0 /opt/stack/data/cinder/mnt/718afe4cf22995d0275cf6fa52b1191b/volume-c68b1e75-d601-452f-8855-d1230e220aae.info" returned: 0 in 0.754s {{(pid=92308) execute /opt/stack/data/venv/lib/python3.12/site-packages/oslo_concurrency/processutils.py:468}}
Jun 11 05:13:27 devstack cinder-volume[92308]: WARNING cinder.volume.drivers.remotefs [None req-5f6f8c6a-7904-4f19-b25c-35a453aaebba tempest-GroupSnapshotsTest-62029582 None] /opt/stack/data/cinder/mnt/718afe4cf22995d0275cf6fa52b1191b/volume-c68b1e75-d601-452f-8855-d1230e220aae.info is being set with open permissions: ugo+rw: NotImplementedError
Jun 11 05:13:27 devstack cinder-volume[92308]: DEBUG oslo_concurrency.processutils [None req-5f6f8c6a-7904-4f19-b25c-35a453aaebba tempest-GroupSnapshotsTest-62029582 None] Running cmd (subprocess): sudo cinder-rootwrap /etc/cinder/rootwrap.conf chmod ugo+rw /opt/stack/data/cinder/mnt/718afe4cf22995d0275cf6fa52b1191b/volume-c68b1e75-d601-452f-8855-d1230e220aae.info {{(pid=92308) execute /opt/stack/data/venv/lib/python3.12/site-packages/oslo_concurrency/processutils.py:440}}
Jun 11 05:13:27 devstack sudo[97358]: pam_unix(sudo:session): session closed for user root
Jun 11 05:13:27 devstack cinder-volume[92308]: DEBUG oslo_concurrency.processutils [None req-79ac7255-9a6e-49c9-aa6a-32a4a42d79f7 tempest-VolumeSnapshotQuotasNegativeTestJSON-1814668494 None] CMD "sudo cinder-rootwrap /etc/cinder/rootwrap.conf df --portability --block-size 1 /opt/stack/data/cinder/mnt/718afe4cf22995d0275cf6fa52b1191b" returned: 0 in 0.875s {{(pid=92308) execute /opt/stack/data/venv/lib/python3.12/site-packages/oslo_concurrency/processutils.py:468}}
Jun 11 05:13:27 devstack cinder-volume[92308]: DEBUG cinder.manager [None req-79ac7255-9a6e-49c9-aa6a-32a4a42d79f7 tempest-VolumeSnapshotQuotasNegativeTestJSON-1814668494 None] Notifying Schedulers of capabilities ... {{(pid=92308) _publish_service_capabilities /opt/stack/cinder/cinder/manager.py:219}}
Jun 11 05:13:27 devstack sudo[97367]: quobyte : PWD=/ ; USER=root ; COMMAND=/opt/stack/data/venv/bin/cinder-rootwrap /etc/cinder/rootwrap.conf chmod ugo+rw /opt/stack/data/cinder/mnt/718afe4cf22995d0275cf6fa52b1191b/volume-c68b1e75-d601-452f-8855-d1230e220aae.info
Jun 11 05:13:27 devstack sudo[97367]: pam_unix(sudo:session): session opened for user root(uid=0) by (uid=1000)
Jun 11 05:13:27 devstack cinder-volume[92308]: INFO cinder.volume.manager [None req-79ac7255-9a6e-49c9-aa6a-32a4a42d79f7 tempest-VolumeSnapshotQuotasNegativeTestJSON-1814668494 None] Deleted volume successfully.
Jun 11 05:13:27 devstack cinder-volume[92308]: DEBUG cinder.coordination [None req-79ac7255-9a6e-49c9-aa6a-32a4a42d79f7 tempest-VolumeSnapshotQuotasNegativeTestJSON-1814668494 None] Lock "cinder-756925ff-f4a7-4601-a42f-b0a40977f307-delete_volume" released by "delete_volume" :: held 3.275s {{(pid=92308) __release /opt/stack/cinder/cinder/coordination.py:152}}
Jun 11 05:13:27 devstack sudo[97367]: pam_unix(sudo:session): session closed for user root
Jun 11 05:13:27 devstack cinder-volume[92308]: DEBUG oslo_concurrency.processutils [None req-5f6f8c6a-7904-4f19-b25c-35a453aaebba tempest-GroupSnapshotsTest-62029582 None] CMD "sudo cinder-rootwrap /etc/cinder/rootwrap.conf chmod ugo+rw /opt/stack/data/cinder/mnt/718afe4cf22995d0275cf6fa52b1191b/volume-c68b1e75-d601-452f-8855-d1230e220aae.info" returned: 0 in 0.700s {{(pid=92308) execute /opt/stack/data/venv/lib/python3.12/site-packages/oslo_concurrency/processutils.py:468}}
Jun 11 05:13:27 devstack cinder-volume[92308]: DEBUG oslo_concurrency.lockutils [None req-5f6f8c6a-7904-4f19-b25c-35a453aaebba tempest-GroupSnapshotsTest-62029582 None] Lock "quobyte" "released" by "cinder.volume.drivers.quobyte.QuobyteDriver.create_snapshot" :: held 5.026s {{(pid=92308) inner /opt/stack/data/venv/lib/python3.12/site-packages/oslo_concurrency/lockutils.py:538}}
Jun 11 05:13:28 devstack cinder-volume[92308]: INFO cinder.volume.manager [None req-5f6f8c6a-7904-4f19-b25c-35a453aaebba tempest-GroupSnapshotsTest-62029582 None] group_snapshot ce55ca1e-5575-41e8-beef-ac03c56e27d0: created successfully
Jun 11 05:13:29 devstack cinder-volume[92308]: INFO cinder.volume.manager [None req-699fa6a2-fe75-41a9-9ca9-203339a27ff0 tempest-GroupSnapshotsTest-62029582 None] group_snapshot ce55ca1e-5575-41e8-beef-ac03c56e27d0: deleting
Jun 11 05:13:29 devstack cinder-volume[92308]: DEBUG cinder.volume.manager [None req-699fa6a2-fe75-41a9-9ca9-203339a27ff0 tempest-GroupSnapshotsTest-62029582 None] group_snapshot ce55ca1e-5575-41e8-beef-ac03c56e27d0: deleting {{(pid=92308) delete_group_snapshot /opt/stack/cinder/cinder/volume/manager.py:4350}}
Jun 11 05:13:29 devstack cinder-volume[92308]: DEBUG cinder.coordination [None req-699fa6a2-fe75-41a9-9ca9-203339a27ff0 tempest-GroupSnapshotsTest-62029582 None] Acquiring lock "cinder-quobyte-70223ba1-4694-438a-9320-b12190b67738" by "delete_snapshot" {{(pid=92308) __acquire /opt/stack/cinder/cinder/coordination.py:138}}
Jun 11 05:13:29 devstack cinder-volume[92308]: DEBUG cinder.coordination [None req-699fa6a2-fe75-41a9-9ca9-203339a27ff0 tempest-GroupSnapshotsTest-62029582 None] Lock "cinder-quobyte-70223ba1-4694-438a-9320-b12190b67738" acquired by "delete_snapshot" :: waited 0.025s {{(pid=92308) __acquire /opt/stack/cinder/cinder/coordination.py:141}}
Jun 11 05:13:29 devstack cinder-volume[92308]: DEBUG cinder.coordination [None req-699fa6a2-fe75-41a9-9ca9-203339a27ff0 tempest-GroupSnapshotsTest-62029582 None] Acquiring lock "cinder-quobyte-c05d164e-972e-430d-a112-04261ec1c3e6" by "_delete_snapshot" {{(pid=92308) __acquire /opt/stack/cinder/cinder/coordination.py:138}}
Jun 11 05:13:29 devstack cinder-volume[92308]: DEBUG cinder.coordination [None req-699fa6a2-fe75-41a9-9ca9-203339a27ff0 tempest-GroupSnapshotsTest-62029582 None] Lock "cinder-quobyte-c05d164e-972e-430d-a112-04261ec1c3e6" acquired by "_delete_snapshot" :: waited 0.023s {{(pid=92308) __acquire /opt/stack/cinder/cinder/coordination.py:141}}
Jun 11 05:13:29 devstack cinder-volume[92308]: DEBUG cinder.volume.drivers.remotefs [None req-699fa6a2-fe75-41a9-9ca9-203339a27ff0 tempest-GroupSnapshotsTest-62029582 None] Deleting offline snapshot c05d164e-972e-430d-a112-04261ec1c3e6 of volume 70223ba1-4694-438a-9320-b12190b67738 {{(pid=92308) _delete_snapshot /opt/stack/cinder/cinder/volume/drivers/remotefs.py:1288}}
Jun 11 05:13:29 devstack cinder-volume[92308]: DEBUG cinder.volume.drivers.remotefs [None req-699fa6a2-fe75-41a9-9ca9-203339a27ff0 tempest-GroupSnapshotsTest-62029582 None] snapshot_file for this snap is: volume-70223ba1-4694-438a-9320-b12190b67738.c05d164e-972e-430d-a112-04261ec1c3e6 {{(pid=92308) _delete_snapshot /opt/stack/cinder/cinder/volume/drivers/remotefs.py:1317}}
Jun 11 05:13:29 devstack cinder-volume[92308]: DEBUG oslo.privsep.daemon [-] privsep: reply[5283558c-0632-4b21-9692-1ad498aa6179]: (4, 'qcow2') {{(pid=93142) _call_back /opt/stack/data/venv/lib/python3.12/site-packages/oslo_privsep/daemon.py:573}}
Jun 11 05:13:29 devstack cinder-volume[92308]: DEBUG oslo_concurrency.processutils [None req-699fa6a2-fe75-41a9-9ca9-203339a27ff0 tempest-GroupSnapshotsTest-62029582 None] Running cmd (subprocess): /opt/stack/data/venv/bin/python3.12 -m oslo_concurrency.prlimit --as=1073741824 --cpu=60 -- sudo cinder-rootwrap /etc/cinder/rootwrap.conf env LC_ALL=C qemu-img info -f qcow2 --output=json --force-share /opt/stack/data/cinder/mnt/718afe4cf22995d0275cf6fa52b1191b/volume-70223ba1-4694-438a-9320-b12190b67738.c05d164e-972e-430d-a112-04261ec1c3e6 {{(pid=92308) execute /opt/stack/data/venv/lib/python3.12/site-packages/oslo_concurrency/processutils.py:440}}
Jun 11 05:13:29 devstack sudo[97370]: quobyte : PWD=/ ; USER=root ; COMMAND=/opt/stack/data/venv/bin/cinder-rootwrap /etc/cinder/rootwrap.conf env LC_ALL=C qemu-img info -f qcow2 --output=json --force-share /opt/stack/data/cinder/mnt/718afe4cf22995d0275cf6fa52b1191b/volume-70223ba1-4694-438a-9320-b12190b67738.c05d164e-972e-430d-a112-04261ec1c3e6
Jun 11 05:13:29 devstack sudo[97370]: pam_unix(sudo:session): session opened for user root(uid=0) by (uid=1000)
Jun 11 05:13:30 devstack sudo[97370]: pam_unix(sudo:session): session closed for user root
Jun 11 05:13:30 devstack cinder-volume[92308]: DEBUG oslo_concurrency.processutils [None req-699fa6a2-fe75-41a9-9ca9-203339a27ff0 tempest-GroupSnapshotsTest-62029582 None] CMD "/opt/stack/data/venv/bin/python3.12 -m oslo_concurrency.prlimit --as=1073741824 --cpu=60 -- sudo cinder-rootwrap /etc/cinder/rootwrap.conf env LC_ALL=C qemu-img info -f qcow2 --output=json --force-share /opt/stack/data/cinder/mnt/718afe4cf22995d0275cf6fa52b1191b/volume-70223ba1-4694-438a-9320-b12190b67738.c05d164e-972e-430d-a112-04261ec1c3e6" returned: 0 in 0.818s {{(pid=92308) execute /opt/stack/data/venv/lib/python3.12/site-packages/oslo_concurrency/processutils.py:468}}
Jun 11 05:13:30 devstack cinder-volume[92308]: DEBUG cinder.volume.drivers.remotefs [None req-699fa6a2-fe75-41a9-9ca9-203339a27ff0 tempest-GroupSnapshotsTest-62029582 None] Fetching qemu-img info with special backing_file_template: (/opt/stack/data/cinder/mnt/[0-9a-f]+/)?(volume-70223ba1-4694-438a-9320-b12190b67738(.(tmp-snap-)?[0-9a-f-]+)?|volume_from_snapshot_cache/(tmp-snap-)?[0-9a-f-]+(.(child-|parent-)[0-9a-f-]+)?)$ {{(pid=92308) _qemu_img_info_base /opt/stack/cinder/cinder/volume/drivers/remotefs.py:896}}
Jun 11 05:13:30 devstack cinder-volume[92308]: DEBUG oslo_service.periodic_task [None req-f855880e-8323-414d-885a-870b1b56bffa None None] Running periodic task VolumeManager.publish_service_capabilities {{(pid=92308) run_periodic_tasks /opt/stack/data/venv/lib/python3.12/site-packages/oslo_service/periodic_task.py:210}}
Jun 11 05:13:30 devstack cinder-volume[92308]: DEBUG oslo_concurrency.lockutils [None req-f855880e-8323-414d-885a-870b1b56bffa None None] Acquiring lock "quobyte_ensure" by "cinder.volume.drivers.quobyte.QuobyteDriver._ensure_shares_mounted" {{(pid=92308) inner /opt/stack/data/venv/lib/python3.12/site-packages/oslo_concurrency/lockutils.py:506}}
Jun 11 05:13:30 devstack cinder-volume[92308]: DEBUG oslo_concurrency.lockutils [None req-f855880e-8323-414d-885a-870b1b56bffa None None] Lock "quobyte_ensure" acquired by "cinder.volume.drivers.quobyte.QuobyteDriver._ensure_shares_mounted" :: waited 0.000s {{(pid=92308) inner /opt/stack/data/venv/lib/python3.12/site-packages/oslo_concurrency/lockutils.py:519}}
Jun 11 05:13:30 devstack cinder-volume[92308]: DEBUG cinder.volume.drivers.quobyte [None req-f855880e-8323-414d-885a-870b1b56bffa None None] Quobyte Volume URL set to: {'osci02.corp.quobyte.com/cinder-vol-c45f4bb6-c9ab-41cc-8fed-96d70c8c99c2': None} {{(pid=92308) _load_shares_config /opt/stack/cinder/cinder/volume/drivers/quobyte.py:617}}
Jun 11 05:13:30 devstack cinder-volume[92308]: DEBUG cinder.volume.drivers.quobyte [None req-f855880e-8323-414d-885a-870b1b56bffa None None] Available shares ['osci02.corp.quobyte.com/cinder-vol-c45f4bb6-c9ab-41cc-8fed-96d70c8c99c2'] {{(pid=92308) _ensure_shares_mounted /opt/stack/cinder/cinder/volume/drivers/quobyte.py:647}}
Jun 11 05:13:30 devstack cinder-volume[92308]: DEBUG oslo_concurrency.lockutils [None req-f855880e-8323-414d-885a-870b1b56bffa None None] Lock "quobyte_ensure" "released" by "cinder.volume.drivers.quobyte.QuobyteDriver._ensure_shares_mounted" :: held 0.012s {{(pid=92308) inner /opt/stack/data/venv/lib/python3.12/site-packages/oslo_concurrency/lockutils.py:538}}
Jun 11 05:13:30 devstack cinder-volume[92308]: DEBUG oslo_concurrency.processutils [None req-f855880e-8323-414d-885a-870b1b56bffa None None] Running cmd (subprocess): sudo cinder-rootwrap /etc/cinder/rootwrap.conf df --portability --block-size 1 /opt/stack/data/cinder/mnt/718afe4cf22995d0275cf6fa52b1191b {{(pid=92308) execute /opt/stack/data/venv/lib/python3.12/site-packages/oslo_concurrency/processutils.py:440}}
Jun 11 05:13:30 devstack cinder-volume[92308]: DEBUG oslo.privsep.daemon [-] privsep: reply[b4bb8d3b-9f9a-4ade-b64e-e4d96623ec28]: (4, 'qcow2') {{(pid=93142) _call_back /opt/stack/data/venv/lib/python3.12/site-packages/oslo_privsep/daemon.py:573}}
Jun 11 05:13:30 devstack cinder-volume[92308]: DEBUG oslo_concurrency.processutils [None req-699fa6a2-fe75-41a9-9ca9-203339a27ff0 tempest-GroupSnapshotsTest-62029582 None] Running cmd (subprocess): /opt/stack/data/venv/bin/python3.12 -m oslo_concurrency.prlimit --as=1073741824 --cpu=60 -- sudo cinder-rootwrap /etc/cinder/rootwrap.conf env LC_ALL=C qemu-img info -f qcow2 --output=json --force-share /opt/stack/data/cinder/mnt/718afe4cf22995d0275cf6fa52b1191b/volume-70223ba1-4694-438a-9320-b12190b67738 {{(pid=92308) execute /opt/stack/data/venv/lib/python3.12/site-packages/oslo_concurrency/processutils.py:440}}
Jun 11 05:13:30 devstack sudo[97375]: quobyte : PWD=/ ; USER=root ; COMMAND=/opt/stack/data/venv/bin/cinder-rootwrap /etc/cinder/rootwrap.conf df --portability --block-size 1 /opt/stack/data/cinder/mnt/718afe4cf22995d0275cf6fa52b1191b
Jun 11 05:13:30 devstack sudo[97375]: pam_unix(sudo:session): session opened for user root(uid=0) by (uid=1000)
Jun 11 05:13:30 devstack sudo[97376]: quobyte : PWD=/ ; USER=root ; COMMAND=/opt/stack/data/venv/bin/cinder-rootwrap /etc/cinder/rootwrap.conf env LC_ALL=C qemu-img info -f qcow2 --output=json --force-share /opt/stack/data/cinder/mnt/718afe4cf22995d0275cf6fa52b1191b/volume-70223ba1-4694-438a-9320-b12190b67738
Jun 11 05:13:30 devstack sudo[97376]: pam_unix(sudo:session): session opened for user root(uid=0) by (uid=1000)
Jun 11 05:13:31 devstack sudo[97376]: pam_unix(sudo:session): session closed for user root
Jun 11 05:13:31 devstack cinder-volume[92308]: DEBUG oslo_concurrency.processutils [None req-699fa6a2-fe75-41a9-9ca9-203339a27ff0 tempest-GroupSnapshotsTest-62029582 None] CMD "/opt/stack/data/venv/bin/python3.12 -m oslo_concurrency.prlimit --as=1073741824 --cpu=60 -- sudo cinder-rootwrap /etc/cinder/rootwrap.conf env LC_ALL=C qemu-img info -f qcow2 --output=json --force-share /opt/stack/data/cinder/mnt/718afe4cf22995d0275cf6fa52b1191b/volume-70223ba1-4694-438a-9320-b12190b67738" returned: 0 in 0.839s {{(pid=92308) execute /opt/stack/data/venv/lib/python3.12/site-packages/oslo_concurrency/processutils.py:468}}
Jun 11 05:13:31 devstack cinder-volume[92308]: DEBUG oslo_concurrency.processutils [None req-699fa6a2-fe75-41a9-9ca9-203339a27ff0 tempest-GroupSnapshotsTest-62029582 None] Running cmd (subprocess): sudo cinder-rootwrap /etc/cinder/rootwrap.conf qemu-img commit -d /opt/stack/data/cinder/mnt/718afe4cf22995d0275cf6fa52b1191b/volume-70223ba1-4694-438a-9320-b12190b67738.c05d164e-972e-430d-a112-04261ec1c3e6 {{(pid=92308) execute /opt/stack/data/venv/lib/python3.12/site-packages/oslo_concurrency/processutils.py:440}}
Jun 11 05:13:31 devstack sudo[97375]: pam_unix(sudo:session): session closed for user root
Jun 11 05:13:31 devstack cinder-volume[92308]: DEBUG oslo_concurrency.processutils [None req-f855880e-8323-414d-885a-870b1b56bffa None None] CMD "sudo cinder-rootwrap /etc/cinder/rootwrap.conf df --portability --block-size 1 /opt/stack/data/cinder/mnt/718afe4cf22995d0275cf6fa52b1191b" returned: 0 in 0.871s {{(pid=92308) execute /opt/stack/data/venv/lib/python3.12/site-packages/oslo_concurrency/processutils.py:468}}
Jun 11 05:13:31 devstack cinder-volume[92308]: DEBUG cinder.manager [None req-f855880e-8323-414d-885a-870b1b56bffa None None] Notifying Schedulers of capabilities ... {{(pid=92308) _publish_service_capabilities /opt/stack/cinder/cinder/manager.py:219}}
Jun 11 05:13:31 devstack cinder-volume[92308]: DEBUG oslo_service.periodic_task [None req-f855880e-8323-414d-885a-870b1b56bffa None None] Running periodic task VolumeManager._thread_info {{(pid=92308) run_periodic_tasks /opt/stack/data/venv/lib/python3.12/site-packages/oslo_service/periodic_task.py:210}}
Jun 11 05:13:31 devstack cinder-volume[92308]: DEBUG cinder.volume.manager [None req-f855880e-8323-414d-885a-870b1b56bffa None None] thread count: 8 {{(pid=92308) _thread_info /opt/stack/cinder/cinder/volume/manager.py:5472}}
Jun 11 05:13:31 devstack cinder-volume[92308]: DEBUG cinder.volume.manager [None req-f855880e-8323-414d-885a-870b1b56bffa None None] thread info: [<_MainThread(MainThread, started 131891722371200)>, , , , , , , ] {{(pid=92308) _thread_info /opt/stack/cinder/cinder/volume/manager.py:5473}}
Jun 11 05:13:31 devstack sudo[97383]: quobyte : PWD=/ ; USER=root ; COMMAND=/opt/stack/data/venv/bin/cinder-rootwrap /etc/cinder/rootwrap.conf qemu-img commit -d /opt/stack/data/cinder/mnt/718afe4cf22995d0275cf6fa52b1191b/volume-70223ba1-4694-438a-9320-b12190b67738.c05d164e-972e-430d-a112-04261ec1c3e6
Jun 11 05:13:31 devstack sudo[97383]: pam_unix(sudo:session): session opened for user root(uid=0) by (uid=1000)
Jun 11 05:13:31 devstack sudo[97383]: pam_unix(sudo:session): session closed for user root
Jun 11 05:13:31 devstack cinder-volume[92308]: DEBUG oslo_concurrency.processutils [None req-699fa6a2-fe75-41a9-9ca9-203339a27ff0 tempest-GroupSnapshotsTest-62029582 None] CMD "sudo cinder-rootwrap /etc/cinder/rootwrap.conf qemu-img commit -d /opt/stack/data/cinder/mnt/718afe4cf22995d0275cf6fa52b1191b/volume-70223ba1-4694-438a-9320-b12190b67738.c05d164e-972e-430d-a112-04261ec1c3e6" returned: 0 in 0.791s {{(pid=92308) execute /opt/stack/data/venv/lib/python3.12/site-packages/oslo_concurrency/processutils.py:468}}
Jun 11 05:13:31 devstack cinder-volume[92308]: DEBUG oslo_concurrency.processutils [None req-699fa6a2-fe75-41a9-9ca9-203339a27ff0 tempest-GroupSnapshotsTest-62029582 None] Running cmd (subprocess): sudo cinder-rootwrap /etc/cinder/rootwrap.conf rm -f /opt/stack/data/cinder/mnt/718afe4cf22995d0275cf6fa52b1191b/volume-70223ba1-4694-438a-9320-b12190b67738.c05d164e-972e-430d-a112-04261ec1c3e6 {{(pid=92308) execute /opt/stack/data/venv/lib/python3.12/site-packages/oslo_concurrency/processutils.py:440}}
Jun 11 05:13:31 devstack sudo[97389]: quobyte : PWD=/ ; USER=root ; COMMAND=/opt/stack/data/venv/bin/cinder-rootwrap /etc/cinder/rootwrap.conf rm -f /opt/stack/data/cinder/mnt/718afe4cf22995d0275cf6fa52b1191b/volume-70223ba1-4694-438a-9320-b12190b67738.c05d164e-972e-430d-a112-04261ec1c3e6
Jun 11 05:13:31 devstack sudo[97389]: pam_unix(sudo:session): session opened for user root(uid=0) by (uid=1000)
Jun 11 05:13:32 devstack sudo[97389]: pam_unix(sudo:session): session closed for user root
Jun 11 05:13:32 devstack cinder-volume[92308]: DEBUG oslo_concurrency.processutils [None req-699fa6a2-fe75-41a9-9ca9-203339a27ff0 tempest-GroupSnapshotsTest-62029582 None] CMD "sudo cinder-rootwrap /etc/cinder/rootwrap.conf rm -f /opt/stack/data/cinder/mnt/718afe4cf22995d0275cf6fa52b1191b/volume-70223ba1-4694-438a-9320-b12190b67738.c05d164e-972e-430d-a112-04261ec1c3e6" returned: 0 in 0.603s {{(pid=92308) execute /opt/stack/data/venv/lib/python3.12/site-packages/oslo_concurrency/processutils.py:468}}
Jun 11 05:13:32 devstack cinder-volume[92308]: DEBUG cinder.coordination [None req-699fa6a2-fe75-41a9-9ca9-203339a27ff0 tempest-GroupSnapshotsTest-62029582 None] Lock "cinder-quobyte-c05d164e-972e-430d-a112-04261ec1c3e6" released by "_delete_snapshot" :: held 3.208s {{(pid=92308) __release /opt/stack/cinder/cinder/coordination.py:152}}
Jun 11 05:13:32 devstack cinder-volume[92308]: DEBUG cinder.coordination [None req-699fa6a2-fe75-41a9-9ca9-203339a27ff0 tempest-GroupSnapshotsTest-62029582 None] Lock "cinder-quobyte-70223ba1-4694-438a-9320-b12190b67738" released by "delete_snapshot" :: held 3.240s {{(pid=92308) __release /opt/stack/cinder/cinder/coordination.py:152}}
Jun 11 05:13:32 devstack cinder-volume[92308]: DEBUG cinder.coordination [None req-699fa6a2-fe75-41a9-9ca9-203339a27ff0 tempest-GroupSnapshotsTest-62029582 None] Acquiring lock "cinder-quobyte-c68b1e75-d601-452f-8855-d1230e220aae" by "delete_snapshot" {{(pid=92308) __acquire /opt/stack/cinder/cinder/coordination.py:138}}
Jun 11 05:13:32 devstack cinder-volume[92308]: DEBUG cinder.coordination [None req-699fa6a2-fe75-41a9-9ca9-203339a27ff0 tempest-GroupSnapshotsTest-62029582 None] Lock "cinder-quobyte-c68b1e75-d601-452f-8855-d1230e220aae" acquired by "delete_snapshot" :: waited 0.026s {{(pid=92308) __acquire /opt/stack/cinder/cinder/coordination.py:141}}
Jun 11 05:13:32 devstack cinder-volume[92308]: DEBUG cinder.coordination [None req-699fa6a2-fe75-41a9-9ca9-203339a27ff0 tempest-GroupSnapshotsTest-62029582 None] Acquiring lock "cinder-quobyte-e8370e60-7fb4-4f0b-843a-f0cbfb26f05e" by "_delete_snapshot" {{(pid=92308) __acquire /opt/stack/cinder/cinder/coordination.py:138}}
Jun 11 05:13:32 devstack cinder-volume[92308]: DEBUG cinder.coordination [None req-699fa6a2-fe75-41a9-9ca9-203339a27ff0 tempest-GroupSnapshotsTest-62029582 None] Lock "cinder-quobyte-e8370e60-7fb4-4f0b-843a-f0cbfb26f05e" acquired by "_delete_snapshot" :: waited 0.020s {{(pid=92308) __acquire /opt/stack/cinder/cinder/coordination.py:141}}
Jun 11 05:13:32 devstack cinder-volume[92308]: DEBUG cinder.volume.drivers.remotefs [None req-699fa6a2-fe75-41a9-9ca9-203339a27ff0 tempest-GroupSnapshotsTest-62029582 None] Deleting offline snapshot e8370e60-7fb4-4f0b-843a-f0cbfb26f05e of volume c68b1e75-d601-452f-8855-d1230e220aae {{(pid=92308) _delete_snapshot /opt/stack/cinder/cinder/volume/drivers/remotefs.py:1288}}
Jun 11 05:13:32 devstack cinder-volume[92308]: DEBUG cinder.volume.drivers.remotefs [None req-699fa6a2-fe75-41a9-9ca9-203339a27ff0 tempest-GroupSnapshotsTest-62029582 None] snapshot_file for this snap is: volume-c68b1e75-d601-452f-8855-d1230e220aae.e8370e60-7fb4-4f0b-843a-f0cbfb26f05e {{(pid=92308) _delete_snapshot /opt/stack/cinder/cinder/volume/drivers/remotefs.py:1317}}
Jun 11 05:13:32 devstack cinder-volume[92308]: DEBUG oslo.privsep.daemon [-] privsep: reply[0793bffd-f952-4f91-9765-64c39cf0974f]: (4, 'qcow2') {{(pid=93142) _call_back /opt/stack/data/venv/lib/python3.12/site-packages/oslo_privsep/daemon.py:573}}
Jun 11 05:13:32 devstack cinder-volume[92308]: DEBUG oslo_concurrency.processutils [None req-699fa6a2-fe75-41a9-9ca9-203339a27ff0 tempest-GroupSnapshotsTest-62029582 None] Running cmd (subprocess): /opt/stack/data/venv/bin/python3.12 -m oslo_concurrency.prlimit --as=1073741824 --cpu=60 -- sudo cinder-rootwrap /etc/cinder/rootwrap.conf env LC_ALL=C qemu-img info -f qcow2 --output=json --force-share /opt/stack/data/cinder/mnt/718afe4cf22995d0275cf6fa52b1191b/volume-c68b1e75-d601-452f-8855-d1230e220aae.e8370e60-7fb4-4f0b-843a-f0cbfb26f05e {{(pid=92308) execute /opt/stack/data/venv/lib/python3.12/site-packages/oslo_concurrency/processutils.py:440}}
Jun 11 05:13:32 devstack sudo[97392]: quobyte : PWD=/ ; USER=root ; COMMAND=/opt/stack/data/venv/bin/cinder-rootwrap /etc/cinder/rootwrap.conf env LC_ALL=C qemu-img info -f qcow2 --output=json --force-share /opt/stack/data/cinder/mnt/718afe4cf22995d0275cf6fa52b1191b/volume-c68b1e75-d601-452f-8855-d1230e220aae.e8370e60-7fb4-4f0b-843a-f0cbfb26f05e
Jun 11 05:13:32 devstack sudo[97392]: pam_unix(sudo:session): session opened for user root(uid=0) by (uid=1000)
Jun 11 05:13:33 devstack sudo[97392]: pam_unix(sudo:session): session closed for user root
Jun 11 05:13:33 devstack cinder-volume[92308]: DEBUG oslo_concurrency.processutils [None req-699fa6a2-fe75-41a9-9ca9-203339a27ff0 tempest-GroupSnapshotsTest-62029582 None] CMD "/opt/stack/data/venv/bin/python3.12 -m oslo_concurrency.prlimit --as=1073741824 --cpu=60 -- sudo cinder-rootwrap /etc/cinder/rootwrap.conf env LC_ALL=C qemu-img info -f qcow2 --output=json --force-share /opt/stack/data/cinder/mnt/718afe4cf22995d0275cf6fa52b1191b/volume-c68b1e75-d601-452f-8855-d1230e220aae.e8370e60-7fb4-4f0b-843a-f0cbfb26f05e" returned: 0 in 0.882s {{(pid=92308) execute /opt/stack/data/venv/lib/python3.12/site-packages/oslo_concurrency/processutils.py:468}}
Jun 11 05:13:33 devstack cinder-volume[92308]: DEBUG cinder.volume.drivers.remotefs [None req-699fa6a2-fe75-41a9-9ca9-203339a27ff0 tempest-GroupSnapshotsTest-62029582 None] Fetching qemu-img info with special backing_file_template: (/opt/stack/data/cinder/mnt/[0-9a-f]+/)?(volume-c68b1e75-d601-452f-8855-d1230e220aae(.(tmp-snap-)?[0-9a-f-]+)?|volume_from_snapshot_cache/(tmp-snap-)?[0-9a-f-]+(.(child-|parent-)[0-9a-f-]+)?)$ {{(pid=92308) _qemu_img_info_base /opt/stack/cinder/cinder/volume/drivers/remotefs.py:896}}
Jun 11 05:13:33 devstack cinder-volume[92308]: DEBUG oslo.privsep.daemon [-] privsep: reply[9f9113af-cf20-4613-9042-21da0451b5af]: (4, 'qcow2') {{(pid=93142) _call_back /opt/stack/data/venv/lib/python3.12/site-packages/oslo_privsep/daemon.py:573}}
Jun 11 05:13:33 devstack cinder-volume[92308]: DEBUG oslo_concurrency.processutils [None req-699fa6a2-fe75-41a9-9ca9-203339a27ff0 tempest-GroupSnapshotsTest-62029582 None] Running cmd (subprocess): /opt/stack/data/venv/bin/python3.12 -m oslo_concurrency.prlimit --as=1073741824 --cpu=60 -- sudo cinder-rootwrap /etc/cinder/rootwrap.conf env LC_ALL=C qemu-img info -f qcow2 --output=json --force-share /opt/stack/data/cinder/mnt/718afe4cf22995d0275cf6fa52b1191b/volume-c68b1e75-d601-452f-8855-d1230e220aae {{(pid=92308) execute /opt/stack/data/venv/lib/python3.12/site-packages/oslo_concurrency/processutils.py:440}}
Jun 11 05:13:33 devstack sudo[97398]: quobyte : PWD=/ ; USER=root ; COMMAND=/opt/stack/data/venv/bin/cinder-rootwrap /etc/cinder/rootwrap.conf env LC_ALL=C qemu-img info -f qcow2 --output=json --force-share /opt/stack/data/cinder/mnt/718afe4cf22995d0275cf6fa52b1191b/volume-c68b1e75-d601-452f-8855-d1230e220aae
Jun 11 05:13:33 devstack sudo[97398]: pam_unix(sudo:session): session opened for user root(uid=0) by (uid=1000)
Jun 11 05:13:34 devstack sudo[97398]: pam_unix(sudo:session): session closed for user root
Jun 11 05:13:34 devstack cinder-volume[92308]: DEBUG oslo_concurrency.processutils [None req-699fa6a2-fe75-41a9-9ca9-203339a27ff0 tempest-GroupSnapshotsTest-62029582 None] CMD "/opt/stack/data/venv/bin/python3.12 -m oslo_concurrency.prlimit --as=1073741824 --cpu=60 -- sudo cinder-rootwrap /etc/cinder/rootwrap.conf env LC_ALL=C qemu-img info -f qcow2 --output=json --force-share /opt/stack/data/cinder/mnt/718afe4cf22995d0275cf6fa52b1191b/volume-c68b1e75-d601-452f-8855-d1230e220aae" returned: 0 in 1.088s {{(pid=92308) execute /opt/stack/data/venv/lib/python3.12/site-packages/oslo_concurrency/processutils.py:468}}
Jun 11 05:13:34 devstack cinder-volume[92308]: DEBUG oslo_concurrency.processutils [None req-699fa6a2-fe75-41a9-9ca9-203339a27ff0 tempest-GroupSnapshotsTest-62029582 None] Running cmd (subprocess): sudo cinder-rootwrap /etc/cinder/rootwrap.conf qemu-img commit -d /opt/stack/data/cinder/mnt/718afe4cf22995d0275cf6fa52b1191b/volume-c68b1e75-d601-452f-8855-d1230e220aae.e8370e60-7fb4-4f0b-843a-f0cbfb26f05e {{(pid=92308) execute /opt/stack/data/venv/lib/python3.12/site-packages/oslo_concurrency/processutils.py:440}}
Jun 11 05:13:34 devstack sudo[97403]: quobyte : PWD=/ ; USER=root ; COMMAND=/opt/stack/data/venv/bin/cinder-rootwrap /etc/cinder/rootwrap.conf qemu-img commit -d /opt/stack/data/cinder/mnt/718afe4cf22995d0275cf6fa52b1191b/volume-c68b1e75-d601-452f-8855-d1230e220aae.e8370e60-7fb4-4f0b-843a-f0cbfb26f05e
Jun 11 05:13:34 devstack sudo[97403]: pam_unix(sudo:session): session opened for user root(uid=0) by (uid=1000)
Jun 11 05:13:35 devstack sudo[97403]: pam_unix(sudo:session): session closed for user root
Jun 11 05:13:35 devstack cinder-volume[92308]: DEBUG oslo_concurrency.processutils [None req-699fa6a2-fe75-41a9-9ca9-203339a27ff0 tempest-GroupSnapshotsTest-62029582 None] CMD "sudo cinder-rootwrap /etc/cinder/rootwrap.conf qemu-img commit -d /opt/stack/data/cinder/mnt/718afe4cf22995d0275cf6fa52b1191b/volume-c68b1e75-d601-452f-8855-d1230e220aae.e8370e60-7fb4-4f0b-843a-f0cbfb26f05e" returned: 0 in 0.781s {{(pid=92308) execute /opt/stack/data/venv/lib/python3.12/site-packages/oslo_concurrency/processutils.py:468}}
Jun 11 05:13:35 devstack cinder-volume[92308]: DEBUG oslo_concurrency.processutils [None req-699fa6a2-fe75-41a9-9ca9-203339a27ff0 tempest-GroupSnapshotsTest-62029582 None] Running cmd (subprocess): sudo cinder-rootwrap /etc/cinder/rootwrap.conf rm -f /opt/stack/data/cinder/mnt/718afe4cf22995d0275cf6fa52b1191b/volume-c68b1e75-d601-452f-8855-d1230e220aae.e8370e60-7fb4-4f0b-843a-f0cbfb26f05e {{(pid=92308) execute /opt/stack/data/venv/lib/python3.12/site-packages/oslo_concurrency/processutils.py:440}}
Jun 11 05:13:35 devstack sudo[97409]: quobyte : PWD=/ ; USER=root ; COMMAND=/opt/stack/data/venv/bin/cinder-rootwrap /etc/cinder/rootwrap.conf rm -f /opt/stack/data/cinder/mnt/718afe4cf22995d0275cf6fa52b1191b/volume-c68b1e75-d601-452f-8855-d1230e220aae.e8370e60-7fb4-4f0b-843a-f0cbfb26f05e
Jun 11 05:13:35 devstack sudo[97409]: pam_unix(sudo:session): session opened for user root(uid=0) by (uid=1000)
Jun 11 05:13:36 devstack sudo[97409]: pam_unix(sudo:session): session closed for user root
Jun 11 05:13:36 devstack cinder-volume[92308]: DEBUG oslo_concurrency.processutils [None req-699fa6a2-fe75-41a9-9ca9-203339a27ff0 tempest-GroupSnapshotsTest-62029582 None] CMD "sudo cinder-rootwrap /etc/cinder/rootwrap.conf rm -f /opt/stack/data/cinder/mnt/718afe4cf22995d0275cf6fa52b1191b/volume-c68b1e75-d601-452f-8855-d1230e220aae.e8370e60-7fb4-4f0b-843a-f0cbfb26f05e" returned: 0 in 0.650s {{(pid=92308) execute /opt/stack/data/venv/lib/python3.12/site-packages/oslo_concurrency/processutils.py:468}}
Jun 11 05:13:36 devstack cinder-volume[92308]: DEBUG cinder.coordination [None req-699fa6a2-fe75-41a9-9ca9-203339a27ff0 tempest-GroupSnapshotsTest-62029582 None] Lock "cinder-quobyte-e8370e60-7fb4-4f0b-843a-f0cbfb26f05e" released by "_delete_snapshot" :: held 3.565s {{(pid=92308) __release /opt/stack/cinder/cinder/coordination.py:152}}
Jun 11 05:13:36 devstack cinder-volume[92308]: DEBUG cinder.coordination [None req-699fa6a2-fe75-41a9-9ca9-203339a27ff0 tempest-GroupSnapshotsTest-62029582 None] Lock "cinder-quobyte-c68b1e75-d601-452f-8855-d1230e220aae" released by "delete_snapshot" :: held 3.602s {{(pid=92308) __release /opt/stack/cinder/cinder/coordination.py:152}}
Jun 11 05:13:36 devstack cinder-volume[92308]: WARNING cinder.quota [None req-699fa6a2-fe75-41a9-9ca9-203339a27ff0 tempest-GroupSnapshotsTest-62029582 None] Deprecated: Default quota for resource: gigabytes_tempest-GroupSnapshotsTest-volume-type-3026946 is set by the default quota flag: quota_gigabytes_tempest-GroupSnapshotsTest-volume-type-3026946, it is now deprecated. Please use the default quota class for default quota.
Jun 11 05:13:36 devstack cinder-volume[92308]: WARNING cinder.quota [None req-699fa6a2-fe75-41a9-9ca9-203339a27ff0 tempest-GroupSnapshotsTest-62029582 None] Deprecated: Default quota for resource: snapshots_tempest-GroupSnapshotsTest-volume-type-3026946 is set by the default quota flag: quota_snapshots_tempest-GroupSnapshotsTest-volume-type-3026946, it is now deprecated. Please use the default quota class for default quota.
Jun 11 05:13:36 devstack cinder-volume[92308]: DEBUG cinder.quota [None req-699fa6a2-fe75-41a9-9ca9-203339a27ff0 tempest-GroupSnapshotsTest-62029582 None] Created reservations ['7a382531-f976-4886-9ec9-52126b439478', '2a804b91-1882-4c2a-b4aa-e3182208c8e4', '41547a94-3fc5-4214-8bf7-874ff3f5867a', 'cb8c2ff6-ff6a-4435-8ba0-b651df186e59'] {{(pid=92308) reserve /opt/stack/cinder/cinder/quota.py:752}}
Jun 11 05:13:36 devstack cinder-volume[92308]: DEBUG cinder.quota [None req-699fa6a2-fe75-41a9-9ca9-203339a27ff0 tempest-GroupSnapshotsTest-62029582 None] Created reservations ['cdc9c231-e3bf-4735-8256-ebebe163280c', '52bbabfa-645b-4a48-ab0e-2f5e2688cce7', '80ce6375-ff28-4b87-898a-ac83c859ea2f', '781904d8-acc6-4527-ad19-314ebed5bad3'] {{(pid=92308) reserve /opt/stack/cinder/cinder/quota.py:752}}
Jun 11 05:13:36 devstack cinder-volume[92308]: INFO cinder.volume.manager [None req-699fa6a2-fe75-41a9-9ca9-203339a27ff0 tempest-GroupSnapshotsTest-62029582 None] group_snapshot ce55ca1e-5575-41e8-beef-ac03c56e27d0: deleted successfully
Jun 11 05:13:37 devstack cinder-volume[92308]: DEBUG cinder.coordination [None req-a289ed9f-671a-4b2d-8c54-7efbf45a2980 tempest-GroupSnapshotsTest-62029582 None] Acquiring lock "cinder-quobyte-70223ba1-4694-438a-9320-b12190b67738" by "delete_volume" {{(pid=92308) __acquire /opt/stack/cinder/cinder/coordination.py:138}}
Jun 11 05:13:37 devstack cinder-volume[92308]: DEBUG cinder.coordination [None req-a289ed9f-671a-4b2d-8c54-7efbf45a2980 tempest-GroupSnapshotsTest-62029582 None] Lock "cinder-quobyte-70223ba1-4694-438a-9320-b12190b67738" acquired by "delete_volume" :: waited 0.021s {{(pid=92308) __acquire /opt/stack/cinder/cinder/coordination.py:141}}
Jun 11 05:13:37 devstack cinder-volume[92308]: DEBUG oslo.privsep.daemon [-] privsep: reply[97c9d2be-7416-4a44-a7a0-cad9a62d0cef]: (4, 'qcow2') {{(pid=93142) _call_back /opt/stack/data/venv/lib/python3.12/site-packages/oslo_privsep/daemon.py:573}}
Jun 11 05:13:37 devstack cinder-volume[92308]: DEBUG oslo_concurrency.processutils [None req-a289ed9f-671a-4b2d-8c54-7efbf45a2980 tempest-GroupSnapshotsTest-62029582 None] Running cmd (subprocess): /opt/stack/data/venv/bin/python3.12 -m oslo_concurrency.prlimit --as=1073741824 --cpu=60 -- sudo cinder-rootwrap /etc/cinder/rootwrap.conf env LC_ALL=C qemu-img info -f qcow2 --output=json --force-share /opt/stack/data/cinder/mnt/718afe4cf22995d0275cf6fa52b1191b/volume-70223ba1-4694-438a-9320-b12190b67738 {{(pid=92308) execute /opt/stack/data/venv/lib/python3.12/site-packages/oslo_concurrency/processutils.py:440}}
Jun 11 05:13:37 devstack sudo[97415]: quobyte : PWD=/ ; USER=root ; COMMAND=/opt/stack/data/venv/bin/cinder-rootwrap /etc/cinder/rootwrap.conf env LC_ALL=C qemu-img info -f qcow2 --output=json --force-share /opt/stack/data/cinder/mnt/718afe4cf22995d0275cf6fa52b1191b/volume-70223ba1-4694-438a-9320-b12190b67738
Jun 11 05:13:37 devstack sudo[97415]: pam_unix(sudo:session): session opened for user root(uid=0) by (uid=1000)
Jun 11 05:13:38 devstack sudo[97415]: pam_unix(sudo:session): session closed for user root
Jun 11 05:13:38 devstack cinder-volume[92308]: DEBUG oslo_concurrency.processutils [None req-a289ed9f-671a-4b2d-8c54-7efbf45a2980 tempest-GroupSnapshotsTest-62029582 None] CMD "/opt/stack/data/venv/bin/python3.12 -m oslo_concurrency.prlimit --as=1073741824 --cpu=60 -- sudo cinder-rootwrap /etc/cinder/rootwrap.conf env LC_ALL=C qemu-img info -f qcow2 --output=json --force-share /opt/stack/data/cinder/mnt/718afe4cf22995d0275cf6fa52b1191b/volume-70223ba1-4694-438a-9320-b12190b67738" returned: 0 in 1.414s {{(pid=92308) execute /opt/stack/data/venv/lib/python3.12/site-packages/oslo_concurrency/processutils.py:468}}
Jun 11 05:13:38 devstack cinder-volume[92308]: DEBUG oslo_concurrency.processutils [None req-a289ed9f-671a-4b2d-8c54-7efbf45a2980 tempest-GroupSnapshotsTest-62029582 None] Running cmd (subprocess): sudo cinder-rootwrap /etc/cinder/rootwrap.conf rm -f /opt/stack/data/cinder/mnt/718afe4cf22995d0275cf6fa52b1191b/volume-70223ba1-4694-438a-9320-b12190b67738 {{(pid=92308) execute /opt/stack/data/venv/lib/python3.12/site-packages/oslo_concurrency/processutils.py:440}}
Jun 11 05:13:38 devstack sudo[97493]: quobyte : PWD=/ ; USER=root ; COMMAND=/opt/stack/data/venv/bin/cinder-rootwrap /etc/cinder/rootwrap.conf rm -f /opt/stack/data/cinder/mnt/718afe4cf22995d0275cf6fa52b1191b/volume-70223ba1-4694-438a-9320-b12190b67738
Jun 11 05:13:38 devstack sudo[97493]: pam_unix(sudo:session): session opened for user root(uid=0) by (uid=1000)
Jun 11 05:13:39 devstack sudo[97493]: pam_unix(sudo:session): session closed for user root
Jun 11 05:13:39 devstack cinder-volume[92308]: DEBUG oslo_concurrency.processutils [None req-a289ed9f-671a-4b2d-8c54-7efbf45a2980 tempest-GroupSnapshotsTest-62029582 None] CMD "sudo cinder-rootwrap /etc/cinder/rootwrap.conf rm -f /opt/stack/data/cinder/mnt/718afe4cf22995d0275cf6fa52b1191b/volume-70223ba1-4694-438a-9320-b12190b67738" returned: 0 in 1.245s {{(pid=92308) execute /opt/stack/data/venv/lib/python3.12/site-packages/oslo_concurrency/processutils.py:468}}
Jun 11 05:13:40 devstack cinder-volume[92308]: DEBUG cinder.coordination [None req-a289ed9f-671a-4b2d-8c54-7efbf45a2980 tempest-GroupSnapshotsTest-62029582 None] Lock "cinder-quobyte-70223ba1-4694-438a-9320-b12190b67738" released by "delete_volume" :: held 2.790s {{(pid=92308) __release /opt/stack/cinder/cinder/coordination.py:152}}
Jun 11 05:13:40 devstack cinder-volume[92308]: DEBUG cinder.coordination [None req-a289ed9f-671a-4b2d-8c54-7efbf45a2980 tempest-GroupSnapshotsTest-62029582 None] Acquiring lock "cinder-quobyte-c68b1e75-d601-452f-8855-d1230e220aae" by "delete_volume" {{(pid=92308) __acquire /opt/stack/cinder/cinder/coordination.py:138}}
Jun 11 05:13:40 devstack cinder-volume[92308]: DEBUG cinder.coordination [None req-a289ed9f-671a-4b2d-8c54-7efbf45a2980 tempest-GroupSnapshotsTest-62029582 None] Lock "cinder-quobyte-c68b1e75-d601-452f-8855-d1230e220aae" acquired by "delete_volume" :: waited 0.023s {{(pid=92308) __acquire /opt/stack/cinder/cinder/coordination.py:141}}
Jun 11 05:13:40 devstack cinder-volume[92308]: DEBUG oslo.privsep.daemon [-] privsep: reply[00b39103-7434-4e3a-a1d4-8a900558a926]: (4, 'qcow2') {{(pid=93142) _call_back /opt/stack/data/venv/lib/python3.12/site-packages/oslo_privsep/daemon.py:573}}
Jun 11 05:13:40 devstack cinder-volume[92308]: DEBUG oslo_concurrency.processutils [None req-a289ed9f-671a-4b2d-8c54-7efbf45a2980 tempest-GroupSnapshotsTest-62029582 None] Running cmd (subprocess): /opt/stack/data/venv/bin/python3.12 -m oslo_concurrency.prlimit --as=1073741824 --cpu=60 -- sudo cinder-rootwrap /etc/cinder/rootwrap.conf env LC_ALL=C qemu-img info -f qcow2 --output=json --force-share /opt/stack/data/cinder/mnt/718afe4cf22995d0275cf6fa52b1191b/volume-c68b1e75-d601-452f-8855-d1230e220aae {{(pid=92308) execute /opt/stack/data/venv/lib/python3.12/site-packages/oslo_concurrency/processutils.py:440}}
Jun 11 05:13:40 devstack sudo[97533]: quobyte : PWD=/ ; USER=root ; COMMAND=/opt/stack/data/venv/bin/cinder-rootwrap /etc/cinder/rootwrap.conf env LC_ALL=C qemu-img info -f qcow2 --output=json --force-share /opt/stack/data/cinder/mnt/718afe4cf22995d0275cf6fa52b1191b/volume-c68b1e75-d601-452f-8855-d1230e220aae
Jun 11 05:13:40 devstack sudo[97533]: pam_unix(sudo:session): session opened for user root(uid=0) by (uid=1000)
Jun 11 05:13:41 devstack sudo[97533]: pam_unix(sudo:session): session closed for user root
Jun 11 05:13:41 devstack cinder-volume[92308]: DEBUG oslo_concurrency.processutils [None req-a289ed9f-671a-4b2d-8c54-7efbf45a2980 tempest-GroupSnapshotsTest-62029582 None] CMD "/opt/stack/data/venv/bin/python3.12 -m oslo_concurrency.prlimit --as=1073741824 --cpu=60 -- sudo cinder-rootwrap /etc/cinder/rootwrap.conf env LC_ALL=C qemu-img info -f qcow2 --output=json --force-share /opt/stack/data/cinder/mnt/718afe4cf22995d0275cf6fa52b1191b/volume-c68b1e75-d601-452f-8855-d1230e220aae" returned: 0 in 0.986s {{(pid=92308) execute /opt/stack/data/venv/lib/python3.12/site-packages/oslo_concurrency/processutils.py:468}}
Jun 11 05:13:41 devstack cinder-volume[92308]: DEBUG oslo_concurrency.processutils [None req-a289ed9f-671a-4b2d-8c54-7efbf45a2980 tempest-GroupSnapshotsTest-62029582 None] Running cmd (subprocess): sudo cinder-rootwrap /etc/cinder/rootwrap.conf rm -f /opt/stack/data/cinder/mnt/718afe4cf22995d0275cf6fa52b1191b/volume-c68b1e75-d601-452f-8855-d1230e220aae {{(pid=92308) execute /opt/stack/data/venv/lib/python3.12/site-packages/oslo_concurrency/processutils.py:440}}
Jun 11 05:13:41 devstack sudo[97541]: quobyte : PWD=/ ; USER=root ; COMMAND=/opt/stack/data/venv/bin/cinder-rootwrap /etc/cinder/rootwrap.conf rm -f /opt/stack/data/cinder/mnt/718afe4cf22995d0275cf6fa52b1191b/volume-c68b1e75-d601-452f-8855-d1230e220aae
Jun 11 05:13:41 devstack sudo[97541]: pam_unix(sudo:session): session opened for user root(uid=0) by (uid=1000)
Jun 11 05:13:41 devstack sudo[97541]: pam_unix(sudo:session): session closed for user root
Jun 11 05:13:41 devstack cinder-volume[92308]: DEBUG oslo_concurrency.processutils [None req-a289ed9f-671a-4b2d-8c54-7efbf45a2980 tempest-GroupSnapshotsTest-62029582 None] CMD "sudo cinder-rootwrap /etc/cinder/rootwrap.conf rm -f /opt/stack/data/cinder/mnt/718afe4cf22995d0275cf6fa52b1191b/volume-c68b1e75-d601-452f-8855-d1230e220aae" returned: 0 in 0.653s {{(pid=92308) execute /opt/stack/data/venv/lib/python3.12/site-packages/oslo_concurrency/processutils.py:468}}
Jun 11 05:13:41 devstack cinder-volume[92308]: DEBUG cinder.coordination [None req-a289ed9f-671a-4b2d-8c54-7efbf45a2980 tempest-GroupSnapshotsTest-62029582 None] Lock "cinder-quobyte-c68b1e75-d601-452f-8855-d1230e220aae" released by "delete_volume" :: held 1.725s {{(pid=92308) __release /opt/stack/cinder/cinder/coordination.py:152}}
Jun 11 05:13:41 devstack cinder-volume[92308]: DEBUG cinder.quota [None req-a289ed9f-671a-4b2d-8c54-7efbf45a2980 tempest-GroupSnapshotsTest-62029582 None] Created reservations ['98a7b7a4-02bb-48b6-92c6-fdec850ba9b6'] {{(pid=92308) reserve /opt/stack/cinder/cinder/quota.py:752}}
Jun 11 05:13:41 devstack cinder-volume[92308]: WARNING cinder.quota [None req-a289ed9f-671a-4b2d-8c54-7efbf45a2980 tempest-GroupSnapshotsTest-62029582 None] Deprecated: Default quota for resource: volumes_tempest-GroupSnapshotsTest-volume-type-3026946 is set by the default quota flag: quota_volumes_tempest-GroupSnapshotsTest-volume-type-3026946, it is now deprecated. Please use the default quota class for default quota.
Jun 11 05:13:41 devstack cinder-volume[92308]: DEBUG cinder.quota [None req-a289ed9f-671a-4b2d-8c54-7efbf45a2980 tempest-GroupSnapshotsTest-62029582 None] Created reservations ['cfcc16e0-1c43-4664-82e7-6b4a05833e5c', 'f6ec4214-894e-49ba-8e05-fb57c98d3960', 'ae7f7c59-5d3e-442e-9f28-abcf4ff36b1c', '00c8ec5e-1574-443a-9e55-782ad6c95c2f'] {{(pid=92308) reserve /opt/stack/cinder/cinder/quota.py:752}}
Jun 11 05:13:42 devstack cinder-volume[92308]: DEBUG cinder.quota [None req-a289ed9f-671a-4b2d-8c54-7efbf45a2980 tempest-GroupSnapshotsTest-62029582 None] Created reservations ['858506bd-799d-4557-b464-84c817e8b945', '7aec1694-e61e-4a30-a3a5-5dde9b7fe1e2', '70f0e810-6d60-46d1-9504-8e3d7a260513', '2da9b878-2099-4f66-8448-c34d8f97fbe1'] {{(pid=92308) reserve /opt/stack/cinder/cinder/quota.py:752}}
Jun 11 05:13:42 devstack cinder-volume[92308]: DEBUG oslo_concurrency.lockutils [None req-a289ed9f-671a-4b2d-8c54-7efbf45a2980 tempest-GroupSnapshotsTest-62029582 None] Acquiring lock "quobyte_ensure" by "cinder.volume.drivers.quobyte.QuobyteDriver._ensure_shares_mounted" {{(pid=92308) inner /opt/stack/data/venv/lib/python3.12/site-packages/oslo_concurrency/lockutils.py:506}}
