Jul 07 09:18:01 devstack cinder-volume[86769]: DEBUG oslo_concurrency.processutils [None req-17bad940-a3f2-46d7-bab6-2ae24166abd7 tempest-GroupsV314Test-1614592346 None] Running cmd (subprocess): /opt/stack/data/venv/bin/python3.12 -m oslo_concurrency.prlimit --as=1073741824 --cpu=60 -- sudo cinder-rootwrap /etc/cinder/rootwrap.conf env LC_ALL=C qemu-img info -f qcow2 --output=json --force-share /opt/stack/data/cinder/mnt/1401cf60c6e51301eb08619c52a9203b/volume-13edc1f4-e0f1-4c82-bd9e-2d3d6d15380b {{(pid=86769) execute /opt/stack/data/venv/lib/python3.12/site-packages/oslo_concurrency/processutils.py:440}}
Jul 07 09:18:01 devstack sudo[95879]: quobyte : PWD=/ ; USER=root ; COMMAND=/opt/stack/data/venv/bin/cinder-rootwrap /etc/cinder/rootwrap.conf env LC_ALL=C qemu-img info -f qcow2 --output=json --force-share /opt/stack/data/cinder/mnt/1401cf60c6e51301eb08619c52a9203b/volume-13edc1f4-e0f1-4c82-bd9e-2d3d6d15380b
Jul 07 09:18:01 devstack sudo[95879]: pam_unix(sudo:session): session opened for user root(uid=0) by (uid=1000)
Jul 07 09:18:01 devstack sudo[95879]: pam_unix(sudo:session): session closed for user root
Jul 07 09:18:02 devstack cinder-volume[86769]: DEBUG oslo_concurrency.processutils [None req-17bad940-a3f2-46d7-bab6-2ae24166abd7 tempest-GroupsV314Test-1614592346 None] CMD "/opt/stack/data/venv/bin/python3.12 -m oslo_concurrency.prlimit --as=1073741824 --cpu=60 -- sudo cinder-rootwrap /etc/cinder/rootwrap.conf env LC_ALL=C qemu-img info -f qcow2 --output=json --force-share /opt/stack/data/cinder/mnt/1401cf60c6e51301eb08619c52a9203b/volume-13edc1f4-e0f1-4c82-bd9e-2d3d6d15380b" returned: 0 in 0.951s {{(pid=86769) execute /opt/stack/data/venv/lib/python3.12/site-packages/oslo_concurrency/processutils.py:468}}
Jul 07 09:18:02 devstack cinder-volume[86769]: DEBUG oslo_concurrency.processutils [None req-17bad940-a3f2-46d7-bab6-2ae24166abd7 tempest-GroupsV314Test-1614592346 None] Running cmd (subprocess): sudo cinder-rootwrap /etc/cinder/rootwrap.conf qemu-img create -f qcow2 -o backing_file=/opt/stack/data/cinder/mnt/1401cf60c6e51301eb08619c52a9203b/volume-13edc1f4-e0f1-4c82-bd9e-2d3d6d15380b,backing_fmt=qcow2 /opt/stack/data/cinder/mnt/1401cf60c6e51301eb08619c52a9203b/volume-13edc1f4-e0f1-4c82-bd9e-2d3d6d15380b.856a14d3-b316-4b71-baa4-30043dfc311d 1G {{(pid=86769) execute /opt/stack/data/venv/lib/python3.12/site-packages/oslo_concurrency/processutils.py:440}}
Jul 07 09:18:02 devstack sudo[95884]: quobyte : PWD=/ ; USER=root ; COMMAND=/opt/stack/data/venv/bin/cinder-rootwrap /etc/cinder/rootwrap.conf qemu-img create -f qcow2 -o backing_file=/opt/stack/data/cinder/mnt/1401cf60c6e51301eb08619c52a9203b/volume-13edc1f4-e0f1-4c82-bd9e-2d3d6d15380b,backing_fmt=qcow2 /opt/stack/data/cinder/mnt/1401cf60c6e51301eb08619c52a9203b/volume-13edc1f4-e0f1-4c82-bd9e-2d3d6d15380b.856a14d3-b316-4b71-baa4-30043dfc311d 1G
Jul 07 09:18:02 devstack sudo[95884]: pam_unix(sudo:session): session opened for user root(uid=0) by (uid=1000)
Jul 07 09:18:03 devstack sudo[95884]: pam_unix(sudo:session): session closed for user root
Jul 07 09:18:03 devstack cinder-volume[86769]: DEBUG oslo_concurrency.processutils [None req-17bad940-a3f2-46d7-bab6-2ae24166abd7 tempest-GroupsV314Test-1614592346 None] CMD "sudo cinder-rootwrap /etc/cinder/rootwrap.conf qemu-img create -f qcow2 -o backing_file=/opt/stack/data/cinder/mnt/1401cf60c6e51301eb08619c52a9203b/volume-13edc1f4-e0f1-4c82-bd9e-2d3d6d15380b,backing_fmt=qcow2 /opt/stack/data/cinder/mnt/1401cf60c6e51301eb08619c52a9203b/volume-13edc1f4-e0f1-4c82-bd9e-2d3d6d15380b.856a14d3-b316-4b71-baa4-30043dfc311d 1G" returned: 0 in 1.052s {{(pid=86769) execute /opt/stack/data/venv/lib/python3.12/site-packages/oslo_concurrency/processutils.py:468}}
Jul 07 09:18:03 devstack cinder-volume[86769]: DEBUG oslo_concurrency.processutils [None req-17bad940-a3f2-46d7-bab6-2ae24166abd7 tempest-GroupsV314Test-1614592346 None] Running cmd (subprocess): sudo cinder-rootwrap /etc/cinder/rootwrap.conf qemu-img rebase -u -b volume-13edc1f4-e0f1-4c82-bd9e-2d3d6d15380b -F qcow2 /opt/stack/data/cinder/mnt/1401cf60c6e51301eb08619c52a9203b/volume-13edc1f4-e0f1-4c82-bd9e-2d3d6d15380b.856a14d3-b316-4b71-baa4-30043dfc311d {{(pid=86769) execute /opt/stack/data/venv/lib/python3.12/site-packages/oslo_concurrency/processutils.py:440}}
Jul 07 09:18:03 devstack sudo[95895]: quobyte : PWD=/ ; USER=root ; COMMAND=/opt/stack/data/venv/bin/cinder-rootwrap /etc/cinder/rootwrap.conf qemu-img rebase -u -b volume-13edc1f4-e0f1-4c82-bd9e-2d3d6d15380b -F qcow2 /opt/stack/data/cinder/mnt/1401cf60c6e51301eb08619c52a9203b/volume-13edc1f4-e0f1-4c82-bd9e-2d3d6d15380b.856a14d3-b316-4b71-baa4-30043dfc311d
Jul 07 09:18:03 devstack sudo[95895]: pam_unix(sudo:session): session opened for user root(uid=0) by (uid=1000)
Jul 07 09:18:04 devstack sudo[95895]: pam_unix(sudo:session): session closed for user root
Jul 07 09:18:04 devstack cinder-volume[86769]: DEBUG oslo_concurrency.processutils [None req-17bad940-a3f2-46d7-bab6-2ae24166abd7 tempest-GroupsV314Test-1614592346 None] CMD "sudo cinder-rootwrap /etc/cinder/rootwrap.conf qemu-img rebase -u -b volume-13edc1f4-e0f1-4c82-bd9e-2d3d6d15380b -F qcow2 /opt/stack/data/cinder/mnt/1401cf60c6e51301eb08619c52a9203b/volume-13edc1f4-e0f1-4c82-bd9e-2d3d6d15380b.856a14d3-b316-4b71-baa4-30043dfc311d" returned: 0 in 0.964s {{(pid=86769) execute /opt/stack/data/venv/lib/python3.12/site-packages/oslo_concurrency/processutils.py:468}}
Jul 07 09:18:04 devstack cinder-volume[86769]: WARNING cinder.volume.drivers.remotefs [None req-17bad940-a3f2-46d7-bab6-2ae24166abd7 tempest-GroupsV314Test-1614592346 None] /opt/stack/data/cinder/mnt/1401cf60c6e51301eb08619c52a9203b/volume-13edc1f4-e0f1-4c82-bd9e-2d3d6d15380b.856a14d3-b316-4b71-baa4-30043dfc311d is being set with open permissions: ugo+rw: NotImplementedError
Jul 07 09:18:04 devstack cinder-volume[86769]: DEBUG oslo_concurrency.processutils [None req-17bad940-a3f2-46d7-bab6-2ae24166abd7 tempest-GroupsV314Test-1614592346 None] Running cmd (subprocess): sudo cinder-rootwrap /etc/cinder/rootwrap.conf chmod ugo+rw /opt/stack/data/cinder/mnt/1401cf60c6e51301eb08619c52a9203b/volume-13edc1f4-e0f1-4c82-bd9e-2d3d6d15380b.856a14d3-b316-4b71-baa4-30043dfc311d {{(pid=86769) execute /opt/stack/data/venv/lib/python3.12/site-packages/oslo_concurrency/processutils.py:440}}
Jul 07 09:18:04 devstack sudo[95921]: quobyte : PWD=/ ; USER=root ; COMMAND=/opt/stack/data/venv/bin/cinder-rootwrap /etc/cinder/rootwrap.conf chmod ugo+rw /opt/stack/data/cinder/mnt/1401cf60c6e51301eb08619c52a9203b/volume-13edc1f4-e0f1-4c82-bd9e-2d3d6d15380b.856a14d3-b316-4b71-baa4-30043dfc311d
Jul 07 09:18:04 devstack sudo[95921]: pam_unix(sudo:session): session opened for user root(uid=0) by (uid=1000)
Jul 07 09:18:04 devstack cinder-volume[86769]: DEBUG cinder.volume.flows.manager.create_volume [None req-b2fb636c-6614-473c-b1f5-a6b96d230178 tempest-VolumeTypesAccessTest-1648787131 None] Volume reschedule parameters: True retry: {'num_attempts': 1, 'backends': ['devstack@QuobyteHD#QuobyteHD'], 'hosts': ['devstack@QuobyteHD#QuobyteHD']} {{(pid=86769) get_flow /opt/stack/cinder/cinder/volume/flows/manager/create_volume.py:1397}}
Jul 07 09:18:04 devstack cinder-volume[86769]: DEBUG cinder.volume.manager [None req-b2fb636c-6614-473c-b1f5-a6b96d230178 tempest-VolumeTypesAccessTest-1648787131 None] Flow 'volume_create_manager' (50e102f4-c04f-4b6f-8345-7af94a8133fa) transitioned into state 'RUNNING' from state 'PENDING' {{(pid=86769) _flow_receiver /opt/stack/data/venv/lib/python3.12/site-packages/taskflow/listeners/logging.py:160}}
Jul 07 09:18:04 devstack cinder-volume[86769]: DEBUG cinder.volume.manager [None req-b2fb636c-6614-473c-b1f5-a6b96d230178 tempest-VolumeTypesAccessTest-1648787131 None] Task 'cinder.volume.flows.manager.create_volume.ExtractVolumeRefTask;volume:create' (2b768fd9-9743-4299-8c93-c54cdc110b6c) transitioned into state 'RUNNING' from state 'PENDING' {{(pid=86769) _task_receiver /opt/stack/data/venv/lib/python3.12/site-packages/taskflow/listeners/logging.py:242}}
Jul 07 09:18:04 devstack cinder-volume[86769]: DEBUG cinder.volume.manager [None req-b2fb636c-6614-473c-b1f5-a6b96d230178 tempest-VolumeTypesAccessTest-1648787131 None] Task 'cinder.volume.flows.manager.create_volume.ExtractVolumeRefTask;volume:create' (2b768fd9-9743-4299-8c93-c54cdc110b6c) transitioned into state 'SUCCESS' from state 'RUNNING' with result 'Volume(_name_id=None,admin_metadata=,attach_status='detached',availability_zone='nova',bootable=False,cluster=,cluster_name=None,consistencygroup=,consistencygroup_id=None,created_at=2026-07-07T07:18:04Z,deleted=False,deleted_at=None,display_description=None,display_name='tempest-VolumeTypesAccessTest-Volume-376991965',ec2_id=None,encryption_key_id=None,glance_metadata=,group=,group_id=None,host='devstack@QuobyteHD#QuobyteHD',id=b2b9df92-850c-48ea-959e-a2e2c1afd367,launched_at=None,metadata={},migration_status=None,multiattach=False,previous_status=None,project_id='7171240bfa234086a68b4d2f454147c3',provider_auth=None,provider_geometry=None,provider_id=None,provider_location=None,replication_driver_data=None,replication_extended_status=None,replication_status=None,scheduled_at=2026-07-07T07:18:05Z,service_uuid=None,shared_targets=True,size=1,snapshot_id=None,snapshots=,source_volid=None,status='creating',terminated_at=None,updated_at=2026-07-07T07:18:05Z,use_quota=True,user_id='08808ea3e59045a0a49f8d7b91880383',volume_attachment=VolumeAttachmentList,volume_type=VolumeType(444a207a-6dd7-4ea6-8ebf-87b764cc02db),volume_type_id=444a207a-6dd7-4ea6-8ebf-87b764cc02db)' {{(pid=86769) _task_receiver /opt/stack/data/venv/lib/python3.12/site-packages/taskflow/listeners/logging.py:218}}
Jul 07 09:18:04 devstack cinder-volume[86769]: DEBUG cinder.volume.manager [None req-b2fb636c-6614-473c-b1f5-a6b96d230178 tempest-VolumeTypesAccessTest-1648787131 None] Task 'cinder.volume.flows.manager.create_volume.OnFailureRescheduleTask;volume:create' (46b9451e-9f6f-4f16-8678-b558141042f5) transitioned into state 'RUNNING' from state 'PENDING' {{(pid=86769) _task_receiver /opt/stack/data/venv/lib/python3.12/site-packages/taskflow/listeners/logging.py:242}}
Jul 07 09:18:04 devstack cinder-volume[86769]: DEBUG cinder.volume.manager [None req-b2fb636c-6614-473c-b1f5-a6b96d230178 tempest-VolumeTypesAccessTest-1648787131 None] Task 'cinder.volume.flows.manager.create_volume.OnFailureRescheduleTask;volume:create' (46b9451e-9f6f-4f16-8678-b558141042f5) transitioned into state 'SUCCESS' from state 'RUNNING' with result 'None' {{(pid=86769) _task_receiver /opt/stack/data/venv/lib/python3.12/site-packages/taskflow/listeners/logging.py:218}}
Jul 07 09:18:04 devstack sudo[95921]: pam_unix(sudo:session): session closed for user root
Jul 07 09:18:04 devstack cinder-volume[86769]: DEBUG cinder.volume.manager [None req-b2fb636c-6614-473c-b1f5-a6b96d230178 tempest-VolumeTypesAccessTest-1648787131 None] Task 'cinder.volume.flows.manager.create_volume.ExtractVolumeSpecTask;volume:create' (e6c6248b-8f20-4c18-a7d9-484905493e82) transitioned into state 'RUNNING' from state 'PENDING' {{(pid=86769) _task_receiver /opt/stack/data/venv/lib/python3.12/site-packages/taskflow/listeners/logging.py:242}}
Jul 07 09:18:04 devstack cinder-volume[86769]: DEBUG cinder.volume.manager [None req-b2fb636c-6614-473c-b1f5-a6b96d230178 tempest-VolumeTypesAccessTest-1648787131 None] Task 'cinder.volume.flows.manager.create_volume.ExtractVolumeSpecTask;volume:create' (e6c6248b-8f20-4c18-a7d9-484905493e82) transitioned into state 'SUCCESS' from state 'RUNNING' with result '{'status': 'creating', 'type': 'raw', 'volume_id': 'b2b9df92-850c-48ea-959e-a2e2c1afd367', 'volume_name': 'volume-b2b9df92-850c-48ea-959e-a2e2c1afd367', 'volume_size': 1}' {{(pid=86769) _task_receiver /opt/stack/data/venv/lib/python3.12/site-packages/taskflow/listeners/logging.py:218}}
Jul 07 09:18:04 devstack cinder-volume[86769]: DEBUG cinder.volume.manager [None req-b2fb636c-6614-473c-b1f5-a6b96d230178 tempest-VolumeTypesAccessTest-1648787131 None] Task 'cinder.volume.flows.manager.create_volume.NotifyVolumeActionTask;volume:create, create.start' (47e480d5-fb96-49b9-8181-0998dfd35bb9) transitioned into state 'RUNNING' from state 'PENDING' {{(pid=86769) _task_receiver /opt/stack/data/venv/lib/python3.12/site-packages/taskflow/listeners/logging.py:242}}
Jul 07 09:18:04 devstack cinder-volume[86769]: DEBUG cinder.volume.manager [None req-b2fb636c-6614-473c-b1f5-a6b96d230178 tempest-VolumeTypesAccessTest-1648787131 None] Task 'cinder.volume.flows.manager.create_volume.NotifyVolumeActionTask;volume:create, create.start' (47e480d5-fb96-49b9-8181-0998dfd35bb9) transitioned into state 'SUCCESS' from state 'RUNNING' with result 'None' {{(pid=86769) _task_receiver /opt/stack/data/venv/lib/python3.12/site-packages/taskflow/listeners/logging.py:218}}
Jul 07 09:18:04 devstack cinder-volume[86769]: DEBUG cinder.volume.manager [None req-b2fb636c-6614-473c-b1f5-a6b96d230178 tempest-VolumeTypesAccessTest-1648787131 None] Task 'cinder.volume.flows.manager.create_volume.CreateVolumeFromSpecTask;volume:create' (2fcbc1b0-c0b1-42d2-afa7-1a8d153fff77) transitioned into state 'RUNNING' from state 'PENDING' {{(pid=86769) _task_receiver /opt/stack/data/venv/lib/python3.12/site-packages/taskflow/listeners/logging.py:242}}
Jul 07 09:18:04 devstack cinder-volume[86769]: INFO cinder.volume.flows.manager.create_volume [None req-b2fb636c-6614-473c-b1f5-a6b96d230178 tempest-VolumeTypesAccessTest-1648787131 None] Volume b2b9df92-850c-48ea-959e-a2e2c1afd367: being created as raw with specification: {'status': 'creating', 'volume_name': 'volume-b2b9df92-850c-48ea-959e-a2e2c1afd367', 'volume_size': 1}
Jul 07 09:18:04 devstack cinder-volume[86769]: DEBUG oslo_concurrency.lockutils [None req-b2fb636c-6614-473c-b1f5-a6b96d230178 tempest-VolumeTypesAccessTest-1648787131 None] Acquiring lock "quobyte" by "cinder.volume.drivers.quobyte.QuobyteDriver.create_volume" {{(pid=86769) inner /opt/stack/data/venv/lib/python3.12/site-packages/oslo_concurrency/lockutils.py:511}}
Jul 07 09:18:04 devstack cinder-volume[86769]: DEBUG oslo_concurrency.processutils [None req-17bad940-a3f2-46d7-bab6-2ae24166abd7 tempest-GroupsV314Test-1614592346 None] CMD "sudo cinder-rootwrap /etc/cinder/rootwrap.conf chmod ugo+rw /opt/stack/data/cinder/mnt/1401cf60c6e51301eb08619c52a9203b/volume-13edc1f4-e0f1-4c82-bd9e-2d3d6d15380b.856a14d3-b316-4b71-baa4-30043dfc311d" returned: 0 in 0.821s {{(pid=86769) execute /opt/stack/data/venv/lib/python3.12/site-packages/oslo_concurrency/processutils.py:468}}
Jul 07 09:18:04 devstack cinder-volume[86769]: DEBUG oslo_concurrency.processutils [None req-17bad940-a3f2-46d7-bab6-2ae24166abd7 tempest-GroupsV314Test-1614592346 None] Running cmd (subprocess): sudo cinder-rootwrap /etc/cinder/rootwrap.conf truncate -s0 /opt/stack/data/cinder/mnt/1401cf60c6e51301eb08619c52a9203b/volume-13edc1f4-e0f1-4c82-bd9e-2d3d6d15380b.info {{(pid=86769) execute /opt/stack/data/venv/lib/python3.12/site-packages/oslo_concurrency/processutils.py:440}}
Jul 07 09:18:04 devstack sudo[95927]: quobyte : PWD=/ ; USER=root ; COMMAND=/opt/stack/data/venv/bin/cinder-rootwrap /etc/cinder/rootwrap.conf truncate -s0 /opt/stack/data/cinder/mnt/1401cf60c6e51301eb08619c52a9203b/volume-13edc1f4-e0f1-4c82-bd9e-2d3d6d15380b.info
Jul 07 09:18:04 devstack sudo[95927]: pam_unix(sudo:session): session opened for user root(uid=0) by (uid=1000)
Jul 07 09:18:05 devstack sudo[95927]: pam_unix(sudo:session): session closed for user root
Jul 07 09:18:05 devstack cinder-volume[86769]: DEBUG oslo_concurrency.processutils [None req-17bad940-a3f2-46d7-bab6-2ae24166abd7 tempest-GroupsV314Test-1614592346 None] CMD "sudo cinder-rootwrap /etc/cinder/rootwrap.conf truncate -s0 /opt/stack/data/cinder/mnt/1401cf60c6e51301eb08619c52a9203b/volume-13edc1f4-e0f1-4c82-bd9e-2d3d6d15380b.info" returned: 0 in 0.698s {{(pid=86769) execute /opt/stack/data/venv/lib/python3.12/site-packages/oslo_concurrency/processutils.py:468}}
Jul 07 09:18:05 devstack cinder-volume[86769]: WARNING cinder.volume.drivers.remotefs [None req-17bad940-a3f2-46d7-bab6-2ae24166abd7 tempest-GroupsV314Test-1614592346 None] /opt/stack/data/cinder/mnt/1401cf60c6e51301eb08619c52a9203b/volume-13edc1f4-e0f1-4c82-bd9e-2d3d6d15380b.info is being set with open permissions: ugo+rw: NotImplementedError
Jul 07 09:18:05 devstack cinder-volume[86769]: DEBUG oslo_concurrency.processutils [None req-17bad940-a3f2-46d7-bab6-2ae24166abd7 tempest-GroupsV314Test-1614592346 None] Running cmd (subprocess): sudo cinder-rootwrap /etc/cinder/rootwrap.conf chmod ugo+rw /opt/stack/data/cinder/mnt/1401cf60c6e51301eb08619c52a9203b/volume-13edc1f4-e0f1-4c82-bd9e-2d3d6d15380b.info {{(pid=86769) execute /opt/stack/data/venv/lib/python3.12/site-packages/oslo_concurrency/processutils.py:440}}
Jul 07 09:18:05 devstack sudo[95933]: quobyte : PWD=/ ; USER=root ; COMMAND=/opt/stack/data/venv/bin/cinder-rootwrap /etc/cinder/rootwrap.conf chmod ugo+rw /opt/stack/data/cinder/mnt/1401cf60c6e51301eb08619c52a9203b/volume-13edc1f4-e0f1-4c82-bd9e-2d3d6d15380b.info
Jul 07 09:18:05 devstack sudo[95933]: pam_unix(sudo:session): session opened for user root(uid=0) by (uid=1000)
Jul 07 09:18:06 devstack sudo[95933]: pam_unix(sudo:session): session closed for user root
Jul 07 09:18:06 devstack cinder-volume[86769]: DEBUG oslo_concurrency.processutils [None req-17bad940-a3f2-46d7-bab6-2ae24166abd7 tempest-GroupsV314Test-1614592346 None] CMD "sudo cinder-rootwrap /etc/cinder/rootwrap.conf chmod ugo+rw /opt/stack/data/cinder/mnt/1401cf60c6e51301eb08619c52a9203b/volume-13edc1f4-e0f1-4c82-bd9e-2d3d6d15380b.info" returned: 0 in 0.653s {{(pid=86769) execute /opt/stack/data/venv/lib/python3.12/site-packages/oslo_concurrency/processutils.py:468}}
Jul 07 09:18:06 devstack cinder-volume[86769]: DEBUG cinder.coordination [None req-17bad940-a3f2-46d7-bab6-2ae24166abd7 tempest-GroupsV314Test-1614592346 None] Acquiring lock "cinder-quobyte-8f137e19-91f2-447c-8692-3946e31351d0" by "_copy_volume_from_snapshot" {{(pid=86769) __acquire /opt/stack/cinder/cinder/coordination.py:138}}
Jul 07 09:18:06 devstack cinder-volume[86769]: DEBUG cinder.coordination [None req-17bad940-a3f2-46d7-bab6-2ae24166abd7 tempest-GroupsV314Test-1614592346 None] Lock "cinder-quobyte-8f137e19-91f2-447c-8692-3946e31351d0" acquired by "_copy_volume_from_snapshot" :: waited 0.019s {{(pid=86769) __acquire /opt/stack/cinder/cinder/coordination.py:141}}
Jul 07 09:18:06 devstack cinder-volume[86769]: DEBUG cinder.volume.drivers.quobyte [None req-17bad940-a3f2-46d7-bab6-2ae24166abd7 tempest-GroupsV314Test-1614592346 None] snapshot: 856a14d3-b316-4b71-baa4-30043dfc311d, volume: 8f137e19-91f2-447c-8692-3946e31351d0, {{(pid=86769) _copy_volume_from_snapshot /opt/stack/cinder/cinder/volume/drivers/quobyte.py:401}}
Jul 07 09:18:06 devstack cinder-volume[86769]: DEBUG oslo_concurrency.lockutils [None req-17bad940-a3f2-46d7-bab6-2ae24166abd7 tempest-GroupsV314Test-1614592346 None] Acquiring lock "quobyte_ensure" by "cinder.volume.drivers.quobyte.QuobyteDriver._ensure_shares_mounted" {{(pid=86769) inner /opt/stack/data/venv/lib/python3.12/site-packages/oslo_concurrency/lockutils.py:511}}
Jul 07 09:18:06 devstack cinder-volume[86769]: DEBUG oslo_concurrency.lockutils [None req-17bad940-a3f2-46d7-bab6-2ae24166abd7 tempest-GroupsV314Test-1614592346 None] Lock "quobyte_ensure" acquired by "cinder.volume.drivers.quobyte.QuobyteDriver._ensure_shares_mounted" :: waited 0.000s {{(pid=86769) inner /opt/stack/data/venv/lib/python3.12/site-packages/oslo_concurrency/lockutils.py:524}}
Jul 07 09:18:06 devstack cinder-volume[86769]: DEBUG cinder.volume.drivers.quobyte [None req-17bad940-a3f2-46d7-bab6-2ae24166abd7 tempest-GroupsV314Test-1614592346 None] Quobyte Volume URL set to: {'osci02.corp.quobyte.com/cinder-vol-6ba38ba6-82ab-4ab0-8f7d-2423f8c48a68': None} {{(pid=86769) _load_shares_config /opt/stack/cinder/cinder/volume/drivers/quobyte.py:617}}
Jul 07 09:18:06 devstack cinder-volume[86769]: DEBUG cinder.volume.drivers.quobyte [None req-17bad940-a3f2-46d7-bab6-2ae24166abd7 tempest-GroupsV314Test-1614592346 None] Available shares ['osci02.corp.quobyte.com/cinder-vol-6ba38ba6-82ab-4ab0-8f7d-2423f8c48a68'] {{(pid=86769) _ensure_shares_mounted /opt/stack/cinder/cinder/volume/drivers/quobyte.py:647}}
Jul 07 09:18:06 devstack cinder-volume[86769]: DEBUG oslo_concurrency.lockutils [None req-17bad940-a3f2-46d7-bab6-2ae24166abd7 tempest-GroupsV314Test-1614592346 None] Lock "quobyte_ensure" "released" by "cinder.volume.drivers.quobyte.QuobyteDriver._ensure_shares_mounted" :: held 0.007s {{(pid=86769) inner /opt/stack/data/venv/lib/python3.12/site-packages/oslo_concurrency/lockutils.py:543}}
Jul 07 09:18:06 devstack cinder-volume[86769]: DEBUG oslo.privsep.daemon [-] privsep: reply[a15c4c63-f154-4e8f-9d8e-ea494f852c1e]: (4, 'qcow2') {{(pid=87929) _call_back /opt/stack/data/venv/lib/python3.12/site-packages/oslo_privsep/daemon.py:580}}
Jul 07 09:18:06 devstack cinder-volume[86769]: DEBUG oslo_concurrency.processutils [None req-17bad940-a3f2-46d7-bab6-2ae24166abd7 tempest-GroupsV314Test-1614592346 None] Running cmd (subprocess): /opt/stack/data/venv/bin/python3.12 -m oslo_concurrency.prlimit --as=1073741824 --cpu=60 -- sudo cinder-rootwrap /etc/cinder/rootwrap.conf env LC_ALL=C qemu-img info -f qcow2 --output=json --force-share /opt/stack/data/cinder/mnt/1401cf60c6e51301eb08619c52a9203b/volume-13edc1f4-e0f1-4c82-bd9e-2d3d6d15380b.856a14d3-b316-4b71-baa4-30043dfc311d {{(pid=86769) execute /opt/stack/data/venv/lib/python3.12/site-packages/oslo_concurrency/processutils.py:440}}
Jul 07 09:18:06 devstack sudo[95937]: quobyte : PWD=/ ; USER=root ; COMMAND=/opt/stack/data/venv/bin/cinder-rootwrap /etc/cinder/rootwrap.conf env LC_ALL=C qemu-img info -f qcow2 --output=json --force-share /opt/stack/data/cinder/mnt/1401cf60c6e51301eb08619c52a9203b/volume-13edc1f4-e0f1-4c82-bd9e-2d3d6d15380b.856a14d3-b316-4b71-baa4-30043dfc311d
Jul 07 09:18:06 devstack sudo[95937]: pam_unix(sudo:session): session opened for user root(uid=0) by (uid=1000)
Jul 07 09:18:07 devstack sudo[95937]: pam_unix(sudo:session): session closed for user root
Jul 07 09:18:07 devstack cinder-volume[86769]: DEBUG oslo_concurrency.processutils [None req-17bad940-a3f2-46d7-bab6-2ae24166abd7 tempest-GroupsV314Test-1614592346 None] CMD "/opt/stack/data/venv/bin/python3.12 -m oslo_concurrency.prlimit --as=1073741824 --cpu=60 -- sudo cinder-rootwrap /etc/cinder/rootwrap.conf env LC_ALL=C qemu-img info -f qcow2 --output=json --force-share /opt/stack/data/cinder/mnt/1401cf60c6e51301eb08619c52a9203b/volume-13edc1f4-e0f1-4c82-bd9e-2d3d6d15380b.856a14d3-b316-4b71-baa4-30043dfc311d" returned: 0 in 0.781s {{(pid=86769) execute /opt/stack/data/venv/lib/python3.12/site-packages/oslo_concurrency/processutils.py:468}}
Jul 07 09:18:07 devstack cinder-volume[86769]: DEBUG cinder.volume.drivers.remotefs [None req-17bad940-a3f2-46d7-bab6-2ae24166abd7 tempest-GroupsV314Test-1614592346 None] Fetching qemu-img info with special backing_file_template: (/opt/stack/data/cinder/mnt/[0-9a-f]+/)?(volume-13edc1f4-e0f1-4c82-bd9e-2d3d6d15380b(.(tmp-snap-)?[0-9a-f-]+)?|volume_from_snapshot_cache/(tmp-snap-)?[0-9a-f-]+(.(child-|parent-)[0-9a-f-]+)?)$ {{(pid=86769) _qemu_img_info_base /opt/stack/cinder/cinder/volume/drivers/remotefs.py:896}}
Jul 07 09:18:07 devstack cinder-volume[86769]: DEBUG cinder.volume.drivers.quobyte [None req-17bad940-a3f2-46d7-bab6-2ae24166abd7 tempest-GroupsV314Test-1614592346 None] will copy from snapshot at /opt/stack/data/cinder/mnt/1401cf60c6e51301eb08619c52a9203b/volume-13edc1f4-e0f1-4c82-bd9e-2d3d6d15380b {{(pid=86769) _copy_volume_from_snapshot /opt/stack/cinder/cinder/volume/drivers/quobyte.py:420}}
Jul 07 09:18:07 devstack cinder-volume[86769]: DEBUG cinder.volume.drivers.quobyte [None req-17bad940-a3f2-46d7-bab6-2ae24166abd7 tempest-GroupsV314Test-1614592346 None] Creating direct copy from snapshot {{(pid=86769) _copy_volume_from_snapshot /opt/stack/cinder/cinder/volume/drivers/quobyte.py:428}}
Jul 07 09:18:07 devstack cinder-volume[86769]: DEBUG oslo.privsep.daemon [-] privsep: reply[7204c584-6bac-41e2-a96e-af34ce8c8568]: (4, 'qcow2') {{(pid=87929) _call_back /opt/stack/data/venv/lib/python3.12/site-packages/oslo_privsep/daemon.py:580}}
Jul 07 09:18:07 devstack cinder-volume[86769]: DEBUG oslo_concurrency.processutils [None req-17bad940-a3f2-46d7-bab6-2ae24166abd7 tempest-GroupsV314Test-1614592346 None] Running cmd (subprocess): /opt/stack/data/venv/bin/python3.12 -m oslo_concurrency.prlimit --as=1073741824 --cpu=60 -- sudo cinder-rootwrap /etc/cinder/rootwrap.conf env LC_ALL=C qemu-img info -f qcow2 --output=json /opt/stack/data/cinder/mnt/1401cf60c6e51301eb08619c52a9203b/volume-13edc1f4-e0f1-4c82-bd9e-2d3d6d15380b {{(pid=86769) execute /opt/stack/data/venv/lib/python3.12/site-packages/oslo_concurrency/processutils.py:440}}
Jul 07 09:18:07 devstack sudo[95942]: quobyte : PWD=/ ; USER=root ; COMMAND=/opt/stack/data/venv/bin/cinder-rootwrap /etc/cinder/rootwrap.conf env LC_ALL=C qemu-img info -f qcow2 --output=json /opt/stack/data/cinder/mnt/1401cf60c6e51301eb08619c52a9203b/volume-13edc1f4-e0f1-4c82-bd9e-2d3d6d15380b
Jul 07 09:18:07 devstack sudo[95942]: pam_unix(sudo:session): session opened for user root(uid=0) by (uid=1000)
Jul 07 09:18:07 devstack sudo[95942]: pam_unix(sudo:session): session closed for user root
Jul 07 09:18:07 devstack cinder-volume[86769]: DEBUG oslo_concurrency.processutils [None req-17bad940-a3f2-46d7-bab6-2ae24166abd7 tempest-GroupsV314Test-1614592346 None] CMD "/opt/stack/data/venv/bin/python3.12 -m oslo_concurrency.prlimit --as=1073741824 --cpu=60 -- sudo cinder-rootwrap /etc/cinder/rootwrap.conf env LC_ALL=C qemu-img info -f qcow2 --output=json /opt/stack/data/cinder/mnt/1401cf60c6e51301eb08619c52a9203b/volume-13edc1f4-e0f1-4c82-bd9e-2d3d6d15380b" returned: 0 in 0.772s {{(pid=86769) execute /opt/stack/data/venv/lib/python3.12/site-packages/oslo_concurrency/processutils.py:468}}
Jul 07 09:18:07 devstack cinder-volume[86769]: DEBUG cinder.utils [None req-17bad940-a3f2-46d7-bab6-2ae24166abd7 tempest-GroupsV314Test-1614592346 None] Path /opt/stack/data/cinder/mnt/1401cf60c6e51301eb08619c52a9203b/volume-8f137e19-91f2-447c-8692-3946e31351d0 not found in is_blk_device check {{(pid=86769) is_blk_device /opt/stack/cinder/cinder/utils.py:615}}
Jul 07 09:18:07 devstack cinder-volume[86769]: DEBUG oslo_concurrency.processutils [None req-17bad940-a3f2-46d7-bab6-2ae24166abd7 tempest-GroupsV314Test-1614592346 None] Running cmd (subprocess): sudo cinder-rootwrap /etc/cinder/rootwrap.conf qemu-img convert -O qcow2 /opt/stack/data/cinder/mnt/1401cf60c6e51301eb08619c52a9203b/volume-13edc1f4-e0f1-4c82-bd9e-2d3d6d15380b /opt/stack/data/cinder/mnt/1401cf60c6e51301eb08619c52a9203b/volume-8f137e19-91f2-447c-8692-3946e31351d0 {{(pid=86769) execute /opt/stack/data/venv/lib/python3.12/site-packages/oslo_concurrency/processutils.py:440}}
Jul 07 09:18:07 devstack sudo[95949]: quobyte : PWD=/ ; USER=root ; COMMAND=/opt/stack/data/venv/bin/cinder-rootwrap /etc/cinder/rootwrap.conf qemu-img convert -O qcow2 /opt/stack/data/cinder/mnt/1401cf60c6e51301eb08619c52a9203b/volume-13edc1f4-e0f1-4c82-bd9e-2d3d6d15380b /opt/stack/data/cinder/mnt/1401cf60c6e51301eb08619c52a9203b/volume-8f137e19-91f2-447c-8692-3946e31351d0
Jul 07 09:18:07 devstack sudo[95949]: pam_unix(sudo:session): session opened for user root(uid=0) by (uid=1000)
Jul 07 09:18:14 devstack sudo[95949]: pam_unix(sudo:session): session closed for user root
Jul 07 09:18:14 devstack cinder-volume[86769]: DEBUG oslo_concurrency.processutils [None req-17bad940-a3f2-46d7-bab6-2ae24166abd7 tempest-GroupsV314Test-1614592346 None] CMD "sudo cinder-rootwrap /etc/cinder/rootwrap.conf qemu-img convert -O qcow2 /opt/stack/data/cinder/mnt/1401cf60c6e51301eb08619c52a9203b/volume-13edc1f4-e0f1-4c82-bd9e-2d3d6d15380b /opt/stack/data/cinder/mnt/1401cf60c6e51301eb08619c52a9203b/volume-8f137e19-91f2-447c-8692-3946e31351d0" returned: 0 in 6.494s {{(pid=86769) execute /opt/stack/data/venv/lib/python3.12/site-packages/oslo_concurrency/processutils.py:468}}
Jul 07 09:18:14 devstack cinder-volume[86769]: DEBUG oslo.privsep.daemon [-] privsep: reply[95ef17b0-0ee8-4de6-a4f0-1027c4bccd0e]: (4, 'qcow2') {{(pid=87929) _call_back /opt/stack/data/venv/lib/python3.12/site-packages/oslo_privsep/daemon.py:580}}
Jul 07 09:18:14 devstack cinder-volume[86769]: DEBUG oslo_concurrency.processutils [None req-17bad940-a3f2-46d7-bab6-2ae24166abd7 tempest-GroupsV314Test-1614592346 None] Running cmd (subprocess): /opt/stack/data/venv/bin/python3.12 -m oslo_concurrency.prlimit --as=1073741824 --cpu=60 -- sudo cinder-rootwrap /etc/cinder/rootwrap.conf env LC_ALL=C qemu-img info -f qcow2 --output=json /opt/stack/data/cinder/mnt/1401cf60c6e51301eb08619c52a9203b/volume-13edc1f4-e0f1-4c82-bd9e-2d3d6d15380b {{(pid=86769) execute /opt/stack/data/venv/lib/python3.12/site-packages/oslo_concurrency/processutils.py:440}}
Jul 07 09:18:14 devstack sudo[95965]: quobyte : PWD=/ ; USER=root ; COMMAND=/opt/stack/data/venv/bin/cinder-rootwrap /etc/cinder/rootwrap.conf env LC_ALL=C qemu-img info -f qcow2 --output=json /opt/stack/data/cinder/mnt/1401cf60c6e51301eb08619c52a9203b/volume-13edc1f4-e0f1-4c82-bd9e-2d3d6d15380b
Jul 07 09:18:14 devstack sudo[95965]: pam_unix(sudo:session): session opened for user root(uid=0) by (uid=1000)
Jul 07 09:18:14 devstack cinder-volume[86769]: DEBUG dbcounter [-] [86769] Writing DB stats cinder:SELECT=17,cinder:INSERT=6,cinder:UPDATE=22,cinder:DELETE=2 {{(pid=86769) stat_writer /opt/stack/data/venv/lib/python3.12/site-packages/dbcounter.py:115}}
Jul 07 09:18:14 devstack cinder-volume[86769]: DEBUG dbcounter [-] [86769] Writing DB stats cinder:SELECT=22,cinder:INSERT=5,cinder:UPDATE=15 {{(pid=86769) stat_writer /opt/stack/data/venv/lib/python3.12/site-packages/dbcounter.py:115}}
Jul 07 09:18:15 devstack sudo[95965]: pam_unix(sudo:session): session closed for user root
Jul 07 09:18:15 devstack cinder-volume[86769]: DEBUG oslo_concurrency.processutils [None req-17bad940-a3f2-46d7-bab6-2ae24166abd7 tempest-GroupsV314Test-1614592346 None] CMD "/opt/stack/data/venv/bin/python3.12 -m oslo_concurrency.prlimit --as=1073741824 --cpu=60 -- sudo cinder-rootwrap /etc/cinder/rootwrap.conf env LC_ALL=C qemu-img info -f qcow2 --output=json /opt/stack/data/cinder/mnt/1401cf60c6e51301eb08619c52a9203b/volume-13edc1f4-e0f1-4c82-bd9e-2d3d6d15380b" returned: 0 in 0.951s {{(pid=86769) execute /opt/stack/data/venv/lib/python3.12/site-packages/oslo_concurrency/processutils.py:468}}
Jul 07 09:18:15 devstack cinder-volume[86769]: DEBUG cinder.image.image_utils [None req-17bad940-a3f2-46d7-bab6-2ae24166abd7 tempest-GroupsV314Test-1614592346 None] Image conversion details: src /opt/stack/data/cinder/mnt/1401cf60c6e51301eb08619c52a9203b/volume-13edc1f4-e0f1-4c82-bd9e-2d3d6d15380b, size 1024.00 MB, duration 6.50 sec, destination /opt/stack/data/cinder/mnt/1401cf60c6e51301eb08619c52a9203b/volume-8f137e19-91f2-447c-8692-3946e31351d0 {{(pid=86769) _convert_image /opt/stack/cinder/cinder/image/image_utils.py:536}}
Jul 07 09:18:15 devstack cinder-volume[86769]: INFO cinder.image.image_utils [None req-17bad940-a3f2-46d7-bab6-2ae24166abd7 tempest-GroupsV314Test-1614592346 None] Converted 1024.00 MB image at 157.65 MB/s
Jul 07 09:18:15 devstack cinder-volume[86769]: WARNING cinder.volume.drivers.remotefs [None req-17bad940-a3f2-46d7-bab6-2ae24166abd7 tempest-GroupsV314Test-1614592346 None] /opt/stack/data/cinder/mnt/1401cf60c6e51301eb08619c52a9203b/volume-8f137e19-91f2-447c-8692-3946e31351d0 is being set with open permissions: ugo+rw: NotImplementedError
Jul 07 09:18:15 devstack cinder-volume[86769]: DEBUG oslo_concurrency.processutils [None req-17bad940-a3f2-46d7-bab6-2ae24166abd7 tempest-GroupsV314Test-1614592346 None] Running cmd (subprocess): sudo cinder-rootwrap /etc/cinder/rootwrap.conf chmod ugo+rw /opt/stack/data/cinder/mnt/1401cf60c6e51301eb08619c52a9203b/volume-8f137e19-91f2-447c-8692-3946e31351d0 {{(pid=86769) execute /opt/stack/data/venv/lib/python3.12/site-packages/oslo_concurrency/processutils.py:440}}
Jul 07 09:18:15 devstack sudo[95973]: quobyte : PWD=/ ; USER=root ; COMMAND=/opt/stack/data/venv/bin/cinder-rootwrap /etc/cinder/rootwrap.conf chmod ugo+rw /opt/stack/data/cinder/mnt/1401cf60c6e51301eb08619c52a9203b/volume-8f137e19-91f2-447c-8692-3946e31351d0
Jul 07 09:18:15 devstack sudo[95973]: pam_unix(sudo:session): session opened for user root(uid=0) by (uid=1000)
Jul 07 09:18:16 devstack sudo[95973]: pam_unix(sudo:session): session closed for user root
Jul 07 09:18:16 devstack cinder-volume[86769]: DEBUG oslo_concurrency.processutils [None req-17bad940-a3f2-46d7-bab6-2ae24166abd7 tempest-GroupsV314Test-1614592346 None] CMD "sudo cinder-rootwrap /etc/cinder/rootwrap.conf chmod ugo+rw /opt/stack/data/cinder/mnt/1401cf60c6e51301eb08619c52a9203b/volume-8f137e19-91f2-447c-8692-3946e31351d0" returned: 0 in 0.754s {{(pid=86769) execute /opt/stack/data/venv/lib/python3.12/site-packages/oslo_concurrency/processutils.py:468}}
Jul 07 09:18:16 devstack cinder-volume[86769]: DEBUG cinder.coordination [None req-17bad940-a3f2-46d7-bab6-2ae24166abd7 tempest-GroupsV314Test-1614592346 None] Lock "cinder-quobyte-8f137e19-91f2-447c-8692-3946e31351d0" released by "_copy_volume_from_snapshot" :: held 9.859s {{(pid=86769) __release /opt/stack/cinder/cinder/coordination.py:152}}
Jul 07 09:18:16 devstack cinder-volume[86769]: DEBUG cinder.coordination [None req-17bad940-a3f2-46d7-bab6-2ae24166abd7 tempest-GroupsV314Test-1614592346 None] Acquiring lock "cinder-quobyte-856a14d3-b316-4b71-baa4-30043dfc311d" by "_delete_snapshot" {{(pid=86769) __acquire /opt/stack/cinder/cinder/coordination.py:138}}
Jul 07 09:18:16 devstack cinder-volume[86769]: DEBUG cinder.coordination [None req-17bad940-a3f2-46d7-bab6-2ae24166abd7 tempest-GroupsV314Test-1614592346 None] Lock "cinder-quobyte-856a14d3-b316-4b71-baa4-30043dfc311d" acquired by "_delete_snapshot" :: waited 0.017s {{(pid=86769) __acquire /opt/stack/cinder/cinder/coordination.py:141}}
Jul 07 09:18:16 devstack cinder-volume[86769]: DEBUG cinder.volume.drivers.remotefs [None req-17bad940-a3f2-46d7-bab6-2ae24166abd7 tempest-GroupsV314Test-1614592346 None] Deleting offline snapshot 856a14d3-b316-4b71-baa4-30043dfc311d of volume 13edc1f4-e0f1-4c82-bd9e-2d3d6d15380b {{(pid=86769) _delete_snapshot /opt/stack/cinder/cinder/volume/drivers/remotefs.py:1288}}
Jul 07 09:18:16 devstack cinder-volume[86769]: DEBUG cinder.volume.drivers.remotefs [None req-17bad940-a3f2-46d7-bab6-2ae24166abd7 tempest-GroupsV314Test-1614592346 None] snapshot_file for this snap is: volume-13edc1f4-e0f1-4c82-bd9e-2d3d6d15380b.856a14d3-b316-4b71-baa4-30043dfc311d {{(pid=86769) _delete_snapshot /opt/stack/cinder/cinder/volume/drivers/remotefs.py:1317}}
Jul 07 09:18:16 devstack cinder-volume[86769]: DEBUG oslo.privsep.daemon [-] privsep: reply[77ef288f-e9b3-4523-bdfb-5fc8b932ac6e]: (4, 'qcow2') {{(pid=87929) _call_back /opt/stack/data/venv/lib/python3.12/site-packages/oslo_privsep/daemon.py:580}}
Jul 07 09:18:16 devstack cinder-volume[86769]: DEBUG oslo_concurrency.processutils [None req-17bad940-a3f2-46d7-bab6-2ae24166abd7 tempest-GroupsV314Test-1614592346 None] Running cmd (subprocess): /opt/stack/data/venv/bin/python3.12 -m oslo_concurrency.prlimit --as=1073741824 --cpu=60 -- sudo cinder-rootwrap /etc/cinder/rootwrap.conf env LC_ALL=C qemu-img info -f qcow2 --output=json --force-share /opt/stack/data/cinder/mnt/1401cf60c6e51301eb08619c52a9203b/volume-13edc1f4-e0f1-4c82-bd9e-2d3d6d15380b.856a14d3-b316-4b71-baa4-30043dfc311d {{(pid=86769) execute /opt/stack/data/venv/lib/python3.12/site-packages/oslo_concurrency/processutils.py:440}}
Jul 07 09:18:16 devstack sudo[95976]: quobyte : PWD=/ ; USER=root ; COMMAND=/opt/stack/data/venv/bin/cinder-rootwrap /etc/cinder/rootwrap.conf env LC_ALL=C qemu-img info -f qcow2 --output=json --force-share /opt/stack/data/cinder/mnt/1401cf60c6e51301eb08619c52a9203b/volume-13edc1f4-e0f1-4c82-bd9e-2d3d6d15380b.856a14d3-b316-4b71-baa4-30043dfc311d
Jul 07 09:18:16 devstack sudo[95976]: pam_unix(sudo:session): session opened for user root(uid=0) by (uid=1000)
Jul 07 09:18:16 devstack sudo[95976]: pam_unix(sudo:session): session closed for user root
Jul 07 09:18:16 devstack cinder-volume[86769]: DEBUG oslo_concurrency.processutils [None req-17bad940-a3f2-46d7-bab6-2ae24166abd7 tempest-GroupsV314Test-1614592346 None] CMD "/opt/stack/data/venv/bin/python3.12 -m oslo_concurrency.prlimit --as=1073741824 --cpu=60 -- sudo cinder-rootwrap /etc/cinder/rootwrap.conf env LC_ALL=C qemu-img info -f qcow2 --output=json --force-share /opt/stack/data/cinder/mnt/1401cf60c6e51301eb08619c52a9203b/volume-13edc1f4-e0f1-4c82-bd9e-2d3d6d15380b.856a14d3-b316-4b71-baa4-30043dfc311d" returned: 0 in 0.780s {{(pid=86769) execute /opt/stack/data/venv/lib/python3.12/site-packages/oslo_concurrency/processutils.py:468}}
Jul 07 09:18:16 devstack cinder-volume[86769]: DEBUG cinder.volume.drivers.remotefs [None req-17bad940-a3f2-46d7-bab6-2ae24166abd7 tempest-GroupsV314Test-1614592346 None] Fetching qemu-img info with special backing_file_template: (/opt/stack/data/cinder/mnt/[0-9a-f]+/)?(volume-13edc1f4-e0f1-4c82-bd9e-2d3d6d15380b(.(tmp-snap-)?[0-9a-f-]+)?|volume_from_snapshot_cache/(tmp-snap-)?[0-9a-f-]+(.(child-|parent-)[0-9a-f-]+)?)$ {{(pid=86769) _qemu_img_info_base /opt/stack/cinder/cinder/volume/drivers/remotefs.py:896}}
Jul 07 09:18:17 devstack cinder-volume[86769]: DEBUG oslo.privsep.daemon [-] privsep: reply[286ef1e3-6bc5-4a0f-a15e-96302af476c3]: (4, 'qcow2') {{(pid=87929) _call_back /opt/stack/data/venv/lib/python3.12/site-packages/oslo_privsep/daemon.py:580}}
Jul 07 09:18:17 devstack cinder-volume[86769]: DEBUG oslo_concurrency.processutils [None req-17bad940-a3f2-46d7-bab6-2ae24166abd7 tempest-GroupsV314Test-1614592346 None] Running cmd (subprocess): /opt/stack/data/venv/bin/python3.12 -m oslo_concurrency.prlimit --as=1073741824 --cpu=60 -- sudo cinder-rootwrap /etc/cinder/rootwrap.conf env LC_ALL=C qemu-img info -f qcow2 --output=json --force-share /opt/stack/data/cinder/mnt/1401cf60c6e51301eb08619c52a9203b/volume-13edc1f4-e0f1-4c82-bd9e-2d3d6d15380b {{(pid=86769) execute /opt/stack/data/venv/lib/python3.12/site-packages/oslo_concurrency/processutils.py:440}}
Jul 07 09:18:17 devstack sudo[95986]: quobyte : PWD=/ ; USER=root ; COMMAND=/opt/stack/data/venv/bin/cinder-rootwrap /etc/cinder/rootwrap.conf env LC_ALL=C qemu-img info -f qcow2 --output=json --force-share /opt/stack/data/cinder/mnt/1401cf60c6e51301eb08619c52a9203b/volume-13edc1f4-e0f1-4c82-bd9e-2d3d6d15380b
Jul 07 09:18:17 devstack sudo[95986]: pam_unix(sudo:session): session opened for user root(uid=0) by (uid=1000)
Jul 07 09:18:18 devstack sudo[95986]: pam_unix(sudo:session): session closed for user root
Jul 07 09:18:18 devstack cinder-volume[86769]: DEBUG oslo_concurrency.processutils [None req-17bad940-a3f2-46d7-bab6-2ae24166abd7 tempest-GroupsV314Test-1614592346 None] CMD "/opt/stack/data/venv/bin/python3.12 -m oslo_concurrency.prlimit --as=1073741824 --cpu=60 -- sudo cinder-rootwrap /etc/cinder/rootwrap.conf env LC_ALL=C qemu-img info -f qcow2 --output=json --force-share /opt/stack/data/cinder/mnt/1401cf60c6e51301eb08619c52a9203b/volume-13edc1f4-e0f1-4c82-bd9e-2d3d6d15380b" returned: 0 in 0.991s {{(pid=86769) execute /opt/stack/data/venv/lib/python3.12/site-packages/oslo_concurrency/processutils.py:468}}
Jul 07 09:18:18 devstack cinder-volume[86769]: DEBUG oslo_concurrency.processutils [None req-17bad940-a3f2-46d7-bab6-2ae24166abd7 tempest-GroupsV314Test-1614592346 None] Running cmd (subprocess): sudo cinder-rootwrap /etc/cinder/rootwrap.conf qemu-img commit -d /opt/stack/data/cinder/mnt/1401cf60c6e51301eb08619c52a9203b/volume-13edc1f4-e0f1-4c82-bd9e-2d3d6d15380b.856a14d3-b316-4b71-baa4-30043dfc311d {{(pid=86769) execute /opt/stack/data/venv/lib/python3.12/site-packages/oslo_concurrency/processutils.py:440}}
Jul 07 09:18:18 devstack sudo[96008]: quobyte : PWD=/ ; USER=root ; COMMAND=/opt/stack/data/venv/bin/cinder-rootwrap /etc/cinder/rootwrap.conf qemu-img commit -d /opt/stack/data/cinder/mnt/1401cf60c6e51301eb08619c52a9203b/volume-13edc1f4-e0f1-4c82-bd9e-2d3d6d15380b.856a14d3-b316-4b71-baa4-30043dfc311d
Jul 07 09:18:18 devstack sudo[96008]: pam_unix(sudo:session): session opened for user root(uid=0) by (uid=1000)
Jul 07 09:18:18 devstack sudo[96008]: pam_unix(sudo:session): session closed for user root
Jul 07 09:18:18 devstack cinder-volume[86769]: DEBUG oslo_concurrency.processutils [None req-17bad940-a3f2-46d7-bab6-2ae24166abd7 tempest-GroupsV314Test-1614592346 None] CMD "sudo cinder-rootwrap /etc/cinder/rootwrap.conf qemu-img commit -d /opt/stack/data/cinder/mnt/1401cf60c6e51301eb08619c52a9203b/volume-13edc1f4-e0f1-4c82-bd9e-2d3d6d15380b.856a14d3-b316-4b71-baa4-30043dfc311d" returned: 0 in 0.781s {{(pid=86769) execute /opt/stack/data/venv/lib/python3.12/site-packages/oslo_concurrency/processutils.py:468}}
Jul 07 09:18:18 devstack cinder-volume[86769]: DEBUG oslo_concurrency.processutils [None req-17bad940-a3f2-46d7-bab6-2ae24166abd7 tempest-GroupsV314Test-1614592346 None] Running cmd (subprocess): sudo cinder-rootwrap /etc/cinder/rootwrap.conf rm -f /opt/stack/data/cinder/mnt/1401cf60c6e51301eb08619c52a9203b/volume-13edc1f4-e0f1-4c82-bd9e-2d3d6d15380b.856a14d3-b316-4b71-baa4-30043dfc311d {{(pid=86769) execute /opt/stack/data/venv/lib/python3.12/site-packages/oslo_concurrency/processutils.py:440}}
Jul 07 09:18:18 devstack sudo[96016]: quobyte : PWD=/ ; USER=root ; COMMAND=/opt/stack/data/venv/bin/cinder-rootwrap /etc/cinder/rootwrap.conf rm -f /opt/stack/data/cinder/mnt/1401cf60c6e51301eb08619c52a9203b/volume-13edc1f4-e0f1-4c82-bd9e-2d3d6d15380b.856a14d3-b316-4b71-baa4-30043dfc311d
Jul 07 09:18:18 devstack sudo[96016]: pam_unix(sudo:session): session opened for user root(uid=0) by (uid=1000)
Jul 07 09:18:19 devstack sudo[96016]: pam_unix(sudo:session): session closed for user root
Jul 07 09:18:19 devstack cinder-volume[86769]: DEBUG oslo_concurrency.processutils [None req-17bad940-a3f2-46d7-bab6-2ae24166abd7 tempest-GroupsV314Test-1614592346 None] CMD "sudo cinder-rootwrap /etc/cinder/rootwrap.conf rm -f /opt/stack/data/cinder/mnt/1401cf60c6e51301eb08619c52a9203b/volume-13edc1f4-e0f1-4c82-bd9e-2d3d6d15380b.856a14d3-b316-4b71-baa4-30043dfc311d" returned: 0 in 0.693s {{(pid=86769) execute /opt/stack/data/venv/lib/python3.12/site-packages/oslo_concurrency/processutils.py:468}}
Jul 07 09:18:19 devstack cinder-volume[86769]: DEBUG cinder.coordination [None req-17bad940-a3f2-46d7-bab6-2ae24166abd7 tempest-GroupsV314Test-1614592346 None] Lock "cinder-quobyte-856a14d3-b316-4b71-baa4-30043dfc311d" released by "_delete_snapshot" :: held 3.353s {{(pid=86769) __release /opt/stack/cinder/cinder/coordination.py:152}}
Jul 07 09:18:19 devstack cinder-volume[86769]: DEBUG oslo_concurrency.lockutils [None req-17bad940-a3f2-46d7-bab6-2ae24166abd7 tempest-GroupsV314Test-1614592346 None] Lock "quobyte" "released" by "cinder.volume.drivers.quobyte.QuobyteDriver.create_cloned_volume" :: held 18.585s {{(pid=86769) inner /opt/stack/data/venv/lib/python3.12/site-packages/oslo_concurrency/lockutils.py:543}}
Jul 07 09:18:19 devstack cinder-volume[86769]: DEBUG oslo_concurrency.lockutils [None req-b2fb636c-6614-473c-b1f5-a6b96d230178 tempest-VolumeTypesAccessTest-1648787131 None] Lock "quobyte" acquired by "cinder.volume.drivers.quobyte.QuobyteDriver.create_volume" :: waited 14.695s {{(pid=86769) inner /opt/stack/data/venv/lib/python3.12/site-packages/oslo_concurrency/lockutils.py:524}}
Jul 07 09:18:19 devstack cinder-volume[86769]: DEBUG cinder.volume.drivers.quobyte [None req-b2fb636c-6614-473c-b1f5-a6b96d230178 tempest-VolumeTypesAccessTest-1648787131 None] ==> create_volume: call "{'self': , 'volume': Volume(_name_id=None,admin_metadata=,attach_status='detached',availability_zone='nova',bootable=False,cluster=,cluster_name=None,consistencygroup=,consistencygroup_id=None,created_at=2026-07-07T07:18:04Z,deleted=False,deleted_at=None,display_description=None,display_name='tempest-VolumeTypesAccessTest-Volume-376991965',ec2_id=None,encryption_key_id=None,glance_metadata=,group=,group_id=None,host='devstack@QuobyteHD#QuobyteHD',id=b2b9df92-850c-48ea-959e-a2e2c1afd367,launched_at=None,metadata={},migration_status=None,multiattach=False,previous_status=None,project_id='7171240bfa234086a68b4d2f454147c3',provider_auth=None,provider_geometry=None,provider_id=None,provider_location=None,replication_driver_data=None,replication_extended_status=None,replication_status=None,scheduled_at=2026-07-07T07:18:05Z,service_uuid=None,shared_targets=True,size=1,snapshot_id=None,snapshots=,source_volid=None,status='creating',terminated_at=None,updated_at=2026-07-07T07:18:05Z,use_quota=True,user_id='08808ea3e59045a0a49f8d7b91880383',volume_attachment=VolumeAttachmentList,volume_type=VolumeType(444a207a-6dd7-4ea6-8ebf-87b764cc02db),volume_type_id=444a207a-6dd7-4ea6-8ebf-87b764cc02db)}" {{(pid=86769) trace_logging_wrapper /opt/stack/cinder/cinder/volume/volume_utils.py:1497}}
Jul 07 09:18:19 devstack cinder-volume[86769]: DEBUG cinder.volume.drivers.remotefs [None req-b2fb636c-6614-473c-b1f5-a6b96d230178 tempest-VolumeTypesAccessTest-1648787131 None] Creating volume b2b9df92-850c-48ea-959e-a2e2c1afd367 {{(pid=86769) create_volume /opt/stack/cinder/cinder/volume/drivers/remotefs.py:292}}
Jul 07 09:18:19 devstack cinder-volume[86769]: DEBUG oslo_concurrency.lockutils [None req-b2fb636c-6614-473c-b1f5-a6b96d230178 tempest-VolumeTypesAccessTest-1648787131 None] Acquiring lock "quobyte_ensure" by "cinder.volume.drivers.quobyte.QuobyteDriver._ensure_shares_mounted" {{(pid=86769) inner /opt/stack/data/venv/lib/python3.12/site-packages/oslo_concurrency/lockutils.py:511}}
Jul 07 09:18:19 devstack cinder-volume[86769]: DEBUG oslo_concurrency.lockutils [None req-b2fb636c-6614-473c-b1f5-a6b96d230178 tempest-VolumeTypesAccessTest-1648787131 None] Lock "quobyte_ensure" acquired by "cinder.volume.drivers.quobyte.QuobyteDriver._ensure_shares_mounted" :: waited 0.001s {{(pid=86769) inner /opt/stack/data/venv/lib/python3.12/site-packages/oslo_concurrency/lockutils.py:524}}
Jul 07 09:18:19 devstack cinder-volume[86769]: DEBUG cinder.volume.drivers.quobyte [None req-b2fb636c-6614-473c-b1f5-a6b96d230178 tempest-VolumeTypesAccessTest-1648787131 None] Quobyte Volume URL set to: {'osci02.corp.quobyte.com/cinder-vol-6ba38ba6-82ab-4ab0-8f7d-2423f8c48a68': None} {{(pid=86769) _load_shares_config /opt/stack/cinder/cinder/volume/drivers/quobyte.py:617}}
Jul 07 09:18:19 devstack cinder-volume[86769]: DEBUG cinder.volume.drivers.quobyte [None req-b2fb636c-6614-473c-b1f5-a6b96d230178 tempest-VolumeTypesAccessTest-1648787131 None] Available shares ['osci02.corp.quobyte.com/cinder-vol-6ba38ba6-82ab-4ab0-8f7d-2423f8c48a68'] {{(pid=86769) _ensure_shares_mounted /opt/stack/cinder/cinder/volume/drivers/quobyte.py:647}}
Jul 07 09:18:19 devstack cinder-volume[86769]: DEBUG oslo_concurrency.lockutils [None req-b2fb636c-6614-473c-b1f5-a6b96d230178 tempest-VolumeTypesAccessTest-1648787131 None] Lock "quobyte_ensure" "released" by "cinder.volume.drivers.quobyte.QuobyteDriver._ensure_shares_mounted" :: held 0.006s {{(pid=86769) inner /opt/stack/data/venv/lib/python3.12/site-packages/oslo_concurrency/lockutils.py:543}}
Jul 07 09:18:19 devstack cinder-volume[86769]: DEBUG cinder.volume.drivers.quobyte [None req-b2fb636c-6614-473c-b1f5-a6b96d230178 tempest-VolumeTypesAccessTest-1648787131 None] Selected osci02.corp.quobyte.com/cinder-vol-6ba38ba6-82ab-4ab0-8f7d-2423f8c48a68 as target Quobyte volume. {{(pid=86769) _find_share /opt/stack/cinder/cinder/volume/drivers/quobyte.py:668}}
Jul 07 09:18:19 devstack cinder-volume[86769]: INFO cinder.volume.drivers.remotefs [None req-b2fb636c-6614-473c-b1f5-a6b96d230178 tempest-VolumeTypesAccessTest-1648787131 None] casted to osci02.corp.quobyte.com/cinder-vol-6ba38ba6-82ab-4ab0-8f7d-2423f8c48a68
Jul 07 09:18:19 devstack cinder-volume[86769]: DEBUG oslo_concurrency.processutils [None req-b2fb636c-6614-473c-b1f5-a6b96d230178 tempest-VolumeTypesAccessTest-1648787131 None] Running cmd (subprocess): sudo cinder-rootwrap /etc/cinder/rootwrap.conf qemu-img create -f qcow2 -o preallocation=metadata /opt/stack/data/cinder/mnt/1401cf60c6e51301eb08619c52a9203b/volume-b2b9df92-850c-48ea-959e-a2e2c1afd367 1073741824 {{(pid=86769) execute /opt/stack/data/venv/lib/python3.12/site-packages/oslo_concurrency/processutils.py:440}}
Jul 07 09:18:19 devstack sudo[96020]: quobyte : PWD=/ ; USER=root ; COMMAND=/opt/stack/data/venv/bin/cinder-rootwrap /etc/cinder/rootwrap.conf qemu-img create -f qcow2 -o preallocation=metadata /opt/stack/data/cinder/mnt/1401cf60c6e51301eb08619c52a9203b/volume-b2b9df92-850c-48ea-959e-a2e2c1afd367 1073741824
Jul 07 09:18:19 devstack sudo[96020]: pam_unix(sudo:session): session opened for user root(uid=0) by (uid=1000)
Jul 07 09:18:19 devstack cinder-volume[86769]: INFO cinder.volume.manager [None req-17bad940-a3f2-46d7-bab6-2ae24166abd7 tempest-GroupsV314Test-1614592346 None] Create group from source-group-7425516f-b56c-4aff-9c48-a1b455af09cd completed successfully.
Jul 07 09:18:20 devstack sudo[96020]: pam_unix(sudo:session): session closed for user root
Jul 07 09:18:20 devstack cinder-volume[86769]: DEBUG oslo_concurrency.processutils [None req-b2fb636c-6614-473c-b1f5-a6b96d230178 tempest-VolumeTypesAccessTest-1648787131 None] CMD "sudo cinder-rootwrap /etc/cinder/rootwrap.conf qemu-img create -f qcow2 -o preallocation=metadata /opt/stack/data/cinder/mnt/1401cf60c6e51301eb08619c52a9203b/volume-b2b9df92-850c-48ea-959e-a2e2c1afd367 1073741824" returned: 0 in 0.900s {{(pid=86769) execute /opt/stack/data/venv/lib/python3.12/site-packages/oslo_concurrency/processutils.py:468}}
