Jan 26 19:10:44 devstack devstack@keystone.service[42644]: DEBUG keystone.server.flask.common [-] Adding resource routes to API users: ['/users//application_credentials/' {}] {{(pid=42644) _add_mapped_resources /opt/stack/keystone/keystone/server/flask/common.py:483}}
Jan 26 19:10:44 devstack devstack@keystone.service[42644]: DEBUG keystone.server.flask.common [-] Adding resource routes to API users: ['/users//access_rules' {}] {{(pid=42644) _add_mapped_resources /opt/stack/keystone/keystone/server/flask/common.py:483}}
Jan 26 19:10:44 devstack devstack@keystone.service[42644]: DEBUG keystone.server.flask.common [-] Adding resource routes to API users: ['/users//access_rules/' {}] {{(pid=42644) _add_mapped_resources /opt/stack/keystone/keystone/server/flask/common.py:483}}
Jan 26 19:10:45 devstack devstack@keystone.service[42643]: WSGI app 0 (mountpoint='') ready in 5 seconds on interpreter 0x561d03f421c0 pid: 42643 (default app)
Jan 26 19:10:45 devstack devstack@keystone.service[42644]: WSGI app 0 (mountpoint='') ready in 5 seconds on interpreter 0x561d03f421c0 pid: 42644 (default app)
Jan 26 19:10:45 devstack devstack@keystone.service[42643]: DEBUG keystone.server.flask.request_processing.req_logging [None req-1ad3e17d-8fc0-4e79-95cc-4f7b5bb69b07 None None] REQUEST_METHOD: `GET` {{(pid=42643) log_request_info /opt/stack/keystone/keystone/server/flask/request_processing/req_logging.py:26}}
Jan 26 19:10:45 devstack devstack@keystone.service[42643]: DEBUG keystone.server.flask.request_processing.req_logging [None req-1ad3e17d-8fc0-4e79-95cc-4f7b5bb69b07 None None] SCRIPT_NAME: `/identity` {{(pid=42643) log_request_info /opt/stack/keystone/keystone/server/flask/request_processing/req_logging.py:27}}
Jan 26 19:10:45 devstack devstack@keystone.service[42643]: DEBUG keystone.server.flask.request_processing.req_logging [None req-1ad3e17d-8fc0-4e79-95cc-4f7b5bb69b07 None None] PATH_INFO: `/v3` {{(pid=42643) log_request_info /opt/stack/keystone/keystone/server/flask/request_processing/req_logging.py:28}}
Jan 26 19:10:45 devstack devstack@keystone.service[42643]: [pid: 42643|app: 0|req: 1/1] 192.168.122.39 () {50 vars in 798 bytes} [Mon Jan 26 19:10:45 2026] GET /identity/v3/ => generated 258 bytes in 5 msecs (HTTP/1.1 200) 5 headers in 177 bytes (1 switches on core 0)
Jan 26 19:10:51 devstack devstack@keystone.service[42644]: DEBUG keystone.server.flask.request_processing.req_logging [None req-a2324079-a214-425b-95fa-e881118a9efc None None] REQUEST_METHOD: `GET` {{(pid=42644) log_request_info /opt/stack/keystone/keystone/server/flask/request_processing/req_logging.py:26}}
Jan 26 19:10:51 devstack devstack@keystone.service[42644]: DEBUG keystone.server.flask.request_processing.req_logging [None req-a2324079-a214-425b-95fa-e881118a9efc None None] SCRIPT_NAME: `/identity` {{(pid=42644) log_request_info /opt/stack/keystone/keystone/server/flask/request_processing/req_logging.py:27}}
Jan 26 19:10:51 devstack devstack@keystone.service[42644]: DEBUG keystone.server.flask.request_processing.req_logging [None req-a2324079-a214-425b-95fa-e881118a9efc None None] PATH_INFO: `/` {{(pid=42644) log_request_info /opt/stack/keystone/keystone/server/flask/request_processing/req_logging.py:28}}
Jan 26 19:10:51 devstack devstack@keystone.service[42644]: [pid: 42644|app: 0|req: 1/2] 192.168.122.39 () {54 vars in 934 bytes} [Mon Jan 26 19:10:51 2026] GET /identity => generated 273 bytes in 6 msecs (HTTP/1.1 300) 6 headers in 237 bytes (1 switches on core 0)
Jan 26 19:10:51 devstack devstack@keystone.service[42643]: DEBUG keystone.server.flask.request_processing.req_logging [None req-96fbb50b-9ec8-441f-b060-2ba6e3679577 None None] REQUEST_METHOD: `POST` {{(pid=42643) log_request_info /opt/stack/keystone/keystone/server/flask/request_processing/req_logging.py:26}}
Jan 26 19:10:51 devstack devstack@keystone.service[42643]: DEBUG keystone.server.flask.request_processing.req_logging [None req-96fbb50b-9ec8-441f-b060-2ba6e3679577 None None] SCRIPT_NAME: `/identity` {{(pid=42643) log_request_info /opt/stack/keystone/keystone/server/flask/request_processing/req_logging.py:27}}
Jan 26 19:10:51 devstack devstack@keystone.service[42643]: DEBUG keystone.server.flask.request_processing.req_logging [None req-96fbb50b-9ec8-441f-b060-2ba6e3679577 None None] PATH_INFO: `/v3/auth/tokens` {{(pid=42643) log_request_info /opt/stack/keystone/keystone/server/flask/request_processing/req_logging.py:28}}
Jan 26 19:10:51 devstack devstack@keystone.service[42643]: INFO dbcounter [None req-96fbb50b-9ec8-441f-b060-2ba6e3679577 None None] Registered counter for database keystone
Jan 26 19:10:51 devstack devstack@keystone.service[42643]: DEBUG oslo_db.sqlalchemy.engines [None req-96fbb50b-9ec8-441f-b060-2ba6e3679577 None None] MySQL server mode set to STRICT_TRANS_TABLES,STRICT_ALL_TABLES,NO_ZERO_IN_DATE,NO_ZERO_DATE,ERROR_FOR_DIVISION_BY_ZERO,TRADITIONAL,NO_ENGINE_SUBSTITUTION {{(pid=42643) _check_effective_sql_mode /opt/stack/data/venv/lib/python3.10/site-packages/oslo_db/sqlalchemy/engines.py:325}}
Jan 26 19:10:51 devstack devstack@keystone.service[42643]: DEBUG dbcounter [-] [42643] Writer thread running {{(pid=42643) stat_writer /opt/stack/data/venv/lib/python3.10/site-packages/dbcounter.py:102}}
Jan 26 19:10:51 devstack devstack@keystone.service[42643]: WARNING keystone.common.password_hashing [None req-96fbb50b-9ec8-441f-b060-2ba6e3679577 None None] Truncating password to algorithm specific maximum length 72 characters.
Jan 26 19:10:52 devstack devstack@keystone.service[42643]: DEBUG keystone.auth.core [None req-96fbb50b-9ec8-441f-b060-2ba6e3679577 None None] MFA Rules not processed for user `3b74a3a4910c4a63bff2b3c31536341c`. Rule list: `[]` (Enabled: `True`). {{(pid=42643) check_auth_methods_against_rules /opt/stack/keystone/keystone/auth/core.py:476}}
Jan 26 19:10:52 devstack devstack@keystone.service[42643]: DEBUG keystone.common.fernet_utils [None req-96fbb50b-9ec8-441f-b060-2ba6e3679577 None None] Loaded 2 Fernet keys from /etc/keystone/fernet-keys/, but `[fernet_tokens] max_active_keys = 3`; perhaps there have not been enough key rotations to reach `max_active_keys` yet? {{(pid=42643) load_keys /opt/stack/keystone/keystone/common/fernet_utils.py:297}}
Jan 26 19:10:52 devstack devstack@keystone.service[42643]: [pid: 42643|app: 0|req: 2/3] 192.168.122.39 () {58 vars in 1031 bytes} [Mon Jan 26 19:10:51 2026] POST /identity/v3/auth/tokens => generated 980 bytes in 474 msecs (HTTP/1.1 201) 6 headers in 384 bytes (1 switches on core 0)
Jan 26 19:10:52 devstack devstack@keystone.service[42644]: DEBUG keystone.server.flask.request_processing.middleware.auth_context [None req-a2324079-a214-425b-95fa-e881118a9efc None None] Authenticating user token {{(pid=42644) process_request /opt/stack/data/venv/lib/python3.10/site-packages/keystonemiddleware/auth_token/__init__.py:407}}
Jan 26 19:10:52 devstack devstack@keystone.service[42644]: INFO dbcounter [None req-a2324079-a214-425b-95fa-e881118a9efc None None] Registered counter for database keystone
Jan 26 19:10:52 devstack devstack@keystone.service[42644]: DEBUG oslo_db.sqlalchemy.engines [None req-a2324079-a214-425b-95fa-e881118a9efc None None] MySQL server mode set to STRICT_TRANS_TABLES,STRICT_ALL_TABLES,NO_ZERO_IN_DATE,NO_ZERO_DATE,ERROR_FOR_DIVISION_BY_ZERO,TRADITIONAL,NO_ENGINE_SUBSTITUTION {{(pid=42644) _check_effective_sql_mode /opt/stack/data/venv/lib/python3.10/site-packages/oslo_db/sqlalchemy/engines.py:325}}
Jan 26 19:10:52 devstack devstack@keystone.service[42644]: DEBUG dbcounter [-] [42644] Writer thread running {{(pid=42644) stat_writer /opt/stack/data/venv/lib/python3.10/site-packages/dbcounter.py:102}}
Jan 26 19:10:52 devstack devstack@keystone.service[42644]: DEBUG keystone.server.flask.request_processing.middleware.auth_context [None req-a2324079-a214-425b-95fa-e881118a9efc None None] Validating token access rules against request {{(pid=42644) validate_allowed_request /opt/stack/data/venv/lib/python3.10/site-packages/keystonemiddleware/auth_token/__init__.py:545}}
Jan 26 19:10:52 devstack devstack@keystone.service[42644]: DEBUG keystone.server.flask.request_processing.middleware.auth_context [None req-0db782bf-67e5-4bdc-ad43-63ec64c10c97 admin admin] RBAC: auth_context: {'token': , 'domain_id': None, 'trust_id': None, 'trustor_id': None, 'trustee_id': None, 'domain_name': None, 'group_ids': [], 'user_id': '3b74a3a4910c4a63bff2b3c31536341c', 'user_domain_id': 'default', 'system_scope': None, 'project_id': 'c7653ca3357a43f5b43840bd64fb827c', 'project_domain_id': 'default', 'roles': ['reader', 'admin', 'manager', 'member'], 'is_admin_project': True, 'service_user_id': None, 'service_user_domain_id': None, 'service_project_id': None, 'service_project_domain_id': None, 'service_roles': []} {{(pid=42644) fill_context /opt/stack/keystone/keystone/server/flask/request_processing/middleware/auth_context.py:509}}
Jan 26 19:10:52 devstack devstack@keystone.service[42644]: DEBUG keystone.server.flask.request_processing.req_logging [None req-0db782bf-67e5-4bdc-ad43-63ec64c10c97 admin admin] REQUEST_METHOD: `GET` {{(pid=42644) log_request_info /opt/stack/keystone/keystone/server/flask/request_processing/req_logging.py:26}}
Jan 26 19:10:52 devstack devstack@keystone.service[42644]: DEBUG keystone.server.flask.request_processing.req_logging [None req-0db782bf-67e5-4bdc-ad43-63ec64c10c97 admin admin] SCRIPT_NAME: `/identity` {{(pid=42644) log_request_info /opt/stack/keystone/keystone/server/flask/request_processing/req_logging.py:27}}
Jan 26 19:10:52 devstack devstack@keystone.service[42644]: DEBUG keystone.server.flask.request_processing.req_logging [None req-0db782bf-67e5-4bdc-ad43-63ec64c10c97 admin admin] PATH_INFO: `/v3/auth/tokens` {{(pid=42644) log_request_info /opt/stack/keystone/keystone/server/flask/request_processing/req_logging.py:28}}
Jan 26 19:10:52 devstack devstack@keystone.service[42644]: DEBUG keystone.common.rbac_enforcer.enforcer [None req-0db782bf-67e5-4bdc-ad43-63ec64c10c97 admin admin] RBAC: Authorizing `identity:validate_token()` {{(pid=42644) enforce_call /opt/stack/keystone/keystone/common/rbac_enforcer/enforcer.py:494}}
Jan 26 19:10:52 devstack devstack@keystone.service[42644]: WARNING keystone.common.rbac_enforcer.enforcer [None req-0db782bf-67e5-4bdc-ad43-63ec64c10c97 admin admin] Deprecated policy rules found. Use oslopolicy-policy-generator and oslopolicy-policy-upgrade to detect and resolve deprecated policies in your configuration.
Jan 26 19:10:52 devstack devstack@keystone.service[42644]: DEBUG keystone.common.rbac_enforcer.enforcer [None req-0db782bf-67e5-4bdc-ad43-63ec64c10c97 admin admin] RBAC: Authorization granted {{(pid=42644) enforce_call /opt/stack/keystone/keystone/common/rbac_enforcer/enforcer.py:505}}
Jan 26 19:10:52 devstack devstack@keystone.service[42644]: [pid: 42644|app: 0|req: 2/4] 192.168.122.39 () {58 vars in 1331 bytes} [Mon Jan 26 19:10:52 2026] GET /identity/v3/auth/tokens => generated 980 bytes in 288 msecs (HTTP/1.1 200) 6 headers in 379 bytes (1 switches on core 0)
Jan 26 19:10:52 devstack devstack@keystone.service[42643]: DEBUG keystone.server.flask.request_processing.middleware.auth_context [None req-96fbb50b-9ec8-441f-b060-2ba6e3679577 None None] Authenticating user token {{(pid=42643) process_request /opt/stack/data/venv/lib/python3.10/site-packages/keystonemiddleware/auth_token/__init__.py:407}}
Jan 26 19:10:52 devstack devstack@keystone.service[42643]: DEBUG keystone.server.flask.request_processing.middleware.auth_context [None req-96fbb50b-9ec8-441f-b060-2ba6e3679577 None None] Validating token access rules against request {{(pid=42643) validate_allowed_request /opt/stack/data/venv/lib/python3.10/site-packages/keystonemiddleware/auth_token/__init__.py:545}}
Jan 26 19:10:52 devstack devstack@keystone.service[42643]: DEBUG keystone.server.flask.request_processing.middleware.auth_context [None req-4999304f-8aad-4ccb-99e3-48929f194934 admin admin] RBAC: auth_context: {'token': , 'domain_id': None, 'trust_id': None, 'trustor_id': None, 'trustee_id': None, 'domain_name': None, 'group_ids': [], 'user_id': '3b74a3a4910c4a63bff2b3c31536341c', 'user_domain_id': 'default', 'system_scope': None, 'project_id': 'c7653ca3357a43f5b43840bd64fb827c', 'project_domain_id': 'default', 'roles': ['reader', 'admin', 'manager', 'member'], 'is_admin_project': True, 'service_user_id': None, 'service_user_domain_id': None, 'service_project_id': None, 'service_project_domain_id': None, 'service_roles': []} {{(pid=42643) fill_context /opt/stack/keystone/keystone/server/flask/request_processing/middleware/auth_context.py:509}}
Jan 26 19:10:52 devstack devstack@keystone.service[42643]: DEBUG keystone.server.flask.request_processing.req_logging [None req-4999304f-8aad-4ccb-99e3-48929f194934 admin admin] REQUEST_METHOD: `GET` {{(pid=42643) log_request_info /opt/stack/keystone/keystone/server/flask/request_processing/req_logging.py:26}}
Jan 26 19:10:52 devstack devstack@keystone.service[42643]: DEBUG keystone.server.flask.request_processing.req_logging [None req-4999304f-8aad-4ccb-99e3-48929f194934 admin admin] SCRIPT_NAME: `/identity` {{(pid=42643) log_request_info /opt/stack/keystone/keystone/server/flask/request_processing/req_logging.py:27}}
Jan 26 19:10:52 devstack devstack@keystone.service[42643]: DEBUG keystone.server.flask.request_processing.req_logging [None req-4999304f-8aad-4ccb-99e3-48929f194934 admin admin] PATH_INFO: `/v3/projects/c7653ca3357a43f5b43840bd64fb827c` {{(pid=42643) log_request_info /opt/stack/keystone/keystone/server/flask/request_processing/req_logging.py:28}}
Jan 26 19:10:52 devstack devstack@keystone.service[42643]: DEBUG keystone.common.rbac_enforcer.enforcer [None req-4999304f-8aad-4ccb-99e3-48929f194934 admin admin] RBAC: Authorizing `identity:get_project(project_id=c7653ca3357a43f5b43840bd64fb827c)` {{(pid=42643) enforce_call /opt/stack/keystone/keystone/common/rbac_enforcer/enforcer.py:494}}
Jan 26 19:10:52 devstack devstack@keystone.service[42643]: WARNING keystone.common.rbac_enforcer.enforcer [None req-4999304f-8aad-4ccb-99e3-48929f194934 admin admin] Deprecated policy rules found. Use oslopolicy-policy-generator and oslopolicy-policy-upgrade to detect and resolve deprecated policies in your configuration.
Jan 26 19:10:52 devstack devstack@keystone.service[42643]: DEBUG keystone.common.rbac_enforcer.enforcer [None req-4999304f-8aad-4ccb-99e3-48929f194934 admin admin] RBAC: Authorization granted {{(pid=42643) enforce_call /opt/stack/keystone/keystone/common/rbac_enforcer/enforcer.py:505}}
Jan 26 19:10:52 devstack devstack@keystone.service[42643]: [pid: 42643|app: 0|req: 3/5] 192.168.122.39 () {56 vars in 1214 bytes} [Mon Jan 26 19:10:52 2026] GET /identity/v3/projects/c7653ca3357a43f5b43840bd64fb827c => generated 347 bytes in 58 msecs (HTTP/1.1 200) 5 headers in 177 bytes (1 switches on core 0)
Jan 26 19:10:54 devstack devstack@keystone.service[42644]: DEBUG keystone.server.flask.request_processing.req_logging [None req-3981154f-f317-4411-baac-29cf5569453a None None] REQUEST_METHOD: `GET` {{(pid=42644) log_request_info /opt/stack/keystone/keystone/server/flask/request_processing/req_logging.py:26}}
Jan 26 19:10:54 devstack devstack@keystone.service[42644]: DEBUG keystone.server.flask.request_processing.req_logging [None req-3981154f-f317-4411-baac-29cf5569453a None None] SCRIPT_NAME: `/identity` {{(pid=42644) log_request_info /opt/stack/keystone/keystone/server/flask/request_processing/req_logging.py:27}}
Jan 26 19:10:54 devstack devstack@keystone.service[42644]: DEBUG keystone.server.flask.request_processing.req_logging [None req-3981154f-f317-4411-baac-29cf5569453a None None] PATH_INFO: `/` {{(pid=42644) log_request_info /opt/stack/keystone/keystone/server/flask/request_processing/req_logging.py:28}}
Jan 26 19:10:54 devstack devstack@keystone.service[42644]: [pid: 42644|app: 0|req: 3/6] 192.168.122.39 () {54 vars in 934 bytes} [Mon Jan 26 19:10:54 2026] GET /identity => generated 273 bytes in 3 msecs (HTTP/1.1 300) 6 headers in 237 bytes (1 switches on core 0)
Jan 26 19:10:54 devstack devstack@keystone.service[42643]: DEBUG keystone.server.flask.request_processing.req_logging [None req-cd3efa93-6302-413f-8b08-299f6af42910 None None] REQUEST_METHOD: `POST` {{(pid=42643) log_request_info /opt/stack/keystone/keystone/server/flask/request_processing/req_logging.py:26}}
Jan 26 19:10:54 devstack devstack@keystone.service[42643]: DEBUG keystone.server.flask.request_processing.req_logging [None req-cd3efa93-6302-413f-8b08-299f6af42910 None None] SCRIPT_NAME: `/identity` {{(pid=42643) log_request_info /opt/stack/keystone/keystone/server/flask/request_processing/req_logging.py:27}}
Jan 26 19:10:54 devstack devstack@keystone.service[42643]: DEBUG keystone.server.flask.request_processing.req_logging [None req-cd3efa93-6302-413f-8b08-299f6af42910 None None] PATH_INFO: `/v3/auth/tokens` {{(pid=42643) log_request_info /opt/stack/keystone/keystone/server/flask/request_processing/req_logging.py:28}}
Jan 26 19:10:54 devstack devstack@keystone.service[42643]: WARNING keystone.common.password_hashing [None req-cd3efa93-6302-413f-8b08-299f6af42910 None None] Truncating password to algorithm specific maximum length 72 characters.
Jan 26 19:10:54 devstack devstack@keystone.service[42643]: DEBUG keystone.auth.core [None req-cd3efa93-6302-413f-8b08-299f6af42910 None None] MFA Rules not processed for user `3b74a3a4910c4a63bff2b3c31536341c`. Rule list: `[]` (Enabled: `True`). {{(pid=42643) check_auth_methods_against_rules /opt/stack/keystone/keystone/auth/core.py:476}}
Jan 26 19:10:54 devstack devstack@keystone.service[42643]: DEBUG keystone.common.fernet_utils [None req-cd3efa93-6302-413f-8b08-299f6af42910 None None] Loaded 2 Fernet keys from /etc/keystone/fernet-keys/, but `[fernet_tokens] max_active_keys = 3`; perhaps there have not been enough key rotations to reach `max_active_keys` yet? {{(pid=42643) load_keys /opt/stack/keystone/keystone/common/fernet_utils.py:297}}
Jan 26 19:10:54 devstack devstack@keystone.service[42643]: [pid: 42643|app: 0|req: 4/7] 192.168.122.39 () {58 vars in 1031 bytes} [Mon Jan 26 19:10:54 2026] POST /identity/v3/auth/tokens => generated 980 bytes in 42 msecs (HTTP/1.1 201) 6 headers in 384 bytes (1 switches on core 0)
Jan 26 19:10:54 devstack devstack@keystone.service[42644]: DEBUG keystone.server.flask.request_processing.middleware.auth_context [None req-3981154f-f317-4411-baac-29cf5569453a None None] Authenticating user token {{(pid=42644) process_request /opt/stack/data/venv/lib/python3.10/site-packages/keystonemiddleware/auth_token/__init__.py:407}}
Jan 26 19:10:54 devstack devstack@keystone.service[42644]: DEBUG keystone.server.flask.request_processing.middleware.auth_context [None req-3981154f-f317-4411-baac-29cf5569453a None None] Validating token access rules against request {{(pid=42644) validate_allowed_request /opt/stack/data/venv/lib/python3.10/site-packages/keystonemiddleware/auth_token/__init__.py:545}}
Jan 26 19:10:54 devstack devstack@keystone.service[42644]: DEBUG keystone.server.flask.request_processing.middleware.auth_context [None req-231264da-8748-4381-a3ce-77f206bff4ba admin admin] RBAC: auth_context: {'token': , 'domain_id': None, 'trust_id': None, 'trustor_id': None, 'trustee_id': None, 'domain_name': None, 'group_ids': [], 'user_id': '3b74a3a4910c4a63bff2b3c31536341c', 'user_domain_id': 'default', 'system_scope': None, 'project_id': 'c7653ca3357a43f5b43840bd64fb827c', 'project_domain_id': 'default', 'roles': ['reader', 'admin', 'manager', 'member'], 'is_admin_project': True, 'service_user_id': None, 'service_user_domain_id': None, 'service_project_id': None, 'service_project_domain_id': None, 'service_roles': []} {{(pid=42644) fill_context /opt/stack/keystone/keystone/server/flask/request_processing/middleware/auth_context.py:509}}
Jan 26 19:10:54 devstack devstack@keystone.service[42644]: DEBUG keystone.server.flask.request_processing.req_logging [None req-231264da-8748-4381-a3ce-77f206bff4ba admin admin] REQUEST_METHOD: `GET` {{(pid=42644) log_request_info /opt/stack/keystone/keystone/server/flask/request_processing/req_logging.py:26}}
Jan 26 19:10:54 devstack devstack@keystone.service[42644]: DEBUG keystone.server.flask.request_processing.req_logging [None req-231264da-8748-4381-a3ce-77f206bff4ba admin admin] SCRIPT_NAME: `/identity` {{(pid=42644) log_request_info /opt/stack/keystone/keystone/server/flask/request_processing/req_logging.py:27}}
Jan 26 19:10:54 devstack devstack@keystone.service[42644]: DEBUG keystone.server.flask.request_processing.req_logging [None req-231264da-8748-4381-a3ce-77f206bff4ba admin admin] PATH_INFO: `/v3/users/admin` {{(pid=42644) log_request_info /opt/stack/keystone/keystone/server/flask/request_processing/req_logging.py:28}}
Jan 26 19:10:54 devstack devstack@keystone.service[42644]: DEBUG keystone.common.rbac_enforcer.enforcer [None req-231264da-8748-4381-a3ce-77f206bff4ba admin admin] RBAC: Authorizing `identity:get_user(user_id=admin)` {{(pid=42644) enforce_call /opt/stack/keystone/keystone/common/rbac_enforcer/enforcer.py:494}}
Jan 26 19:10:54 devstack devstack@keystone.service[42644]: DEBUG keystone.common.rbac_enforcer.enforcer [None req-231264da-8748-4381-a3ce-77f206bff4ba admin admin] RBAC: Authorization granted {{(pid=42644) enforce_call /opt/stack/keystone/keystone/common/rbac_enforcer/enforcer.py:505}}
Jan 26 19:10:54 devstack devstack@keystone.service[42644]: DEBUG keystone.server.flask.application [None req-231264da-8748-4381-a3ce-77f206bff4ba admin admin] Could not find user: admin. {{(pid=42644) _handle_keystone_exception /opt/stack/keystone/keystone/server/flask/application.py:146}}
Jan 26 19:10:54 devstack devstack@keystone.service[42644]: [pid: 42644|app: 0|req: 4/8] 192.168.122.39 () {56 vars in 1168 bytes} [Mon Jan 26 19:10:54 2026] GET /identity/v3/users/admin => generated 83 bytes in 55 msecs (HTTP/1.1 404) 5 headers in 183 bytes (1 switches on core 0)
Jan 26 19:10:54 devstack devstack@keystone.service[42643]: DEBUG keystone.server.flask.request_processing.middleware.auth_context [None req-cd3efa93-6302-413f-8b08-299f6af42910 None None] Authenticating user token {{(pid=42643) process_request /opt/stack/data/venv/lib/python3.10/site-packages/keystonemiddleware/auth_token/__init__.py:407}}
Jan 26 19:10:54 devstack devstack@keystone.service[42643]: DEBUG keystone.server.flask.request_processing.middleware.auth_context [None req-cd3efa93-6302-413f-8b08-299f6af42910 None None] Validating token access rules against request {{(pid=42643) validate_allowed_request /opt/stack/data/venv/lib/python3.10/site-packages/keystonemiddleware/auth_token/__init__.py:545}}
Jan 26 19:10:54 devstack devstack@keystone.service[42643]: DEBUG keystone.server.flask.request_processing.middleware.auth_context [None req-a77a04d7-9a43-4ddc-9b4e-1307c5fd0bc9 admin admin] RBAC: auth_context: {'token': , 'domain_id': None, 'trust_id': None, 'trustor_id': None, 'trustee_id': None, 'domain_name': None, 'group_ids': [], 'user_id': '3b74a3a4910c4a63bff2b3c31536341c', 'user_domain_id': 'default', 'system_scope': None, 'project_id': 'c7653ca3357a43f5b43840bd64fb827c', 'project_domain_id': 'default', 'roles': ['reader', 'admin', 'manager', 'member'], 'is_admin_project': True, 'service_user_id': None, 'service_user_domain_id': None, 'service_project_id': None, 'service_project_domain_id': None, 'service_roles': []} {{(pid=42643) fill_context /opt/stack/keystone/keystone/server/flask/request_processing/middleware/auth_context.py:509}}
Jan 26 19:10:54 devstack devstack@keystone.service[42643]: DEBUG keystone.server.flask.request_processing.req_logging [None req-a77a04d7-9a43-4ddc-9b4e-1307c5fd0bc9 admin admin] REQUEST_METHOD: `GET` {{(pid=42643) log_request_info /opt/stack/keystone/keystone/server/flask/request_processing/req_logging.py:26}}
Jan 26 19:10:54 devstack devstack@keystone.service[42643]: DEBUG keystone.server.flask.request_processing.req_logging [None req-a77a04d7-9a43-4ddc-9b4e-1307c5fd0bc9 admin admin] SCRIPT_NAME: `/identity` {{(pid=42643) log_request_info /opt/stack/keystone/keystone/server/flask/request_processing/req_logging.py:27}}
Jan 26 19:10:54 devstack devstack@keystone.service[42643]: DEBUG keystone.server.flask.request_processing.req_logging [None req-a77a04d7-9a43-4ddc-9b4e-1307c5fd0bc9 admin admin] PATH_INFO: `/v3/users` {{(pid=42643) log_request_info /opt/stack/keystone/keystone/server/flask/request_processing/req_logging.py:28}}
Jan 26 19:10:54 devstack devstack@keystone.service[42643]: DEBUG keystone.common.rbac_enforcer.enforcer [None req-a77a04d7-9a43-4ddc-9b4e-1307c5fd0bc9 admin admin] RBAC: Adding query filter params (name=admin) {{(pid=42643) _extract_filter_values /opt/stack/keystone/keystone/common/rbac_enforcer/enforcer.py:176}}
Jan 26 19:10:54 devstack devstack@keystone.service[42643]: DEBUG keystone.common.rbac_enforcer.enforcer [None req-a77a04d7-9a43-4ddc-9b4e-1307c5fd0bc9 admin admin] RBAC: Authorizing `identity:list_users()` {{(pid=42643) enforce_call /opt/stack/keystone/keystone/common/rbac_enforcer/enforcer.py:494}}
Jan 26 19:10:54 devstack devstack@keystone.service[42643]: DEBUG keystone.common.rbac_enforcer.enforcer [None req-a77a04d7-9a43-4ddc-9b4e-1307c5fd0bc9 admin admin] RBAC: Authorization granted {{(pid=42643) enforce_call /opt/stack/keystone/keystone/common/rbac_enforcer/enforcer.py:505}}
Jan 26 19:10:54 devstack devstack@keystone.service[42643]: [pid: 42643|app: 0|req: 5/9] 192.168.122.39 () {56 vars in 1184 bytes} [Mon Jan 26 19:10:54 2026] GET /identity/v3/users?name=admin => generated 358 bytes in 75 msecs (HTTP/1.1 200) 5 headers in 177 bytes (1 switches on core 0)
Jan 26 19:10:56 devstack devstack@keystone.service[42644]: DEBUG keystone.server.flask.request_processing.req_logging [None req-f378da5e-6479-4265-bc4c-d6057896405d None None] REQUEST_METHOD: `GET` {{(pid=42644) log_request_info /opt/stack/keystone/keystone/server/flask/request_processing/req_logging.py:26}}
Jan 26 19:10:56 devstack devstack@keystone.service[42644]: DEBUG keystone.server.flask.request_processing.req_logging [None req-f378da5e-6479-4265-bc4c-d6057896405d None None] SCRIPT_NAME: `/identity` {{(pid=42644) log_request_info /opt/stack/keystone/keystone/server/flask/request_processing/req_logging.py:27}}
Jan 26 19:10:56 devstack devstack@keystone.service[42644]: DEBUG keystone.server.flask.request_processing.req_logging [None req-f378da5e-6479-4265-bc4c-d6057896405d None None] PATH_INFO: `/` {{(pid=42644) log_request_info /opt/stack/keystone/keystone/server/flask/request_processing/req_logging.py:28}}
Jan 26 19:10:56 devstack devstack@keystone.service[42644]: [pid: 42644|app: 0|req: 5/10] 192.168.122.39 () {54 vars in 934 bytes} [Mon Jan 26 19:10:56 2026] GET /identity => generated 273 bytes in 3 msecs (HTTP/1.1 300) 6 headers in 237 bytes (1 switches on core 0)
Jan 26 19:10:56 devstack devstack@keystone.service[42643]: DEBUG keystone.server.flask.request_processing.req_logging [None req-40e371d3-b21c-4b2b-b7fe-ef4d2090f4a6 None None] REQUEST_METHOD: `POST` {{(pid=42643) log_request_info /opt/stack/keystone/keystone/server/flask/request_processing/req_logging.py:26}}
Jan 26 19:10:56 devstack devstack@keystone.service[42643]: DEBUG keystone.server.flask.request_processing.req_logging [None req-40e371d3-b21c-4b2b-b7fe-ef4d2090f4a6 None None] SCRIPT_NAME: `/identity` {{(pid=42643) log_request_info /opt/stack/keystone/keystone/server/flask/request_processing/req_logging.py:27}}
Jan 26 19:10:56 devstack devstack@keystone.service[42643]: DEBUG keystone.server.flask.request_processing.req_logging [None req-40e371d3-b21c-4b2b-b7fe-ef4d2090f4a6 None None] PATH_INFO: `/v3/auth/tokens` {{(pid=42643) log_request_info /opt/stack/keystone/keystone/server/flask/request_processing/req_logging.py:28}}
Jan 26 19:10:56 devstack devstack@keystone.service[42644]: DEBUG keystone.server.flask.request_processing.req_logging [None req-f637df3e-0a61-43f0-819b-1dae8ff9afe5 None None] REQUEST_METHOD: `GET` {{(pid=42644) log_request_info /opt/stack/keystone/keystone/server/flask/request_processing/req_logging.py:26}}
Jan 26 19:10:56 devstack devstack@keystone.service[42644]: DEBUG keystone.server.flask.request_processing.req_logging [None req-f637df3e-0a61-43f0-819b-1dae8ff9afe5 None None] SCRIPT_NAME: `/identity` {{(pid=42644) log_request_info /opt/stack/keystone/keystone/server/flask/request_processing/req_logging.py:27}}
Jan 26 19:10:56 devstack devstack@keystone.service[42644]: DEBUG keystone.server.flask.request_processing.req_logging [None req-f637df3e-0a61-43f0-819b-1dae8ff9afe5 None None] PATH_INFO: `/` {{(pid=42644) log_request_info /opt/stack/keystone/keystone/server/flask/request_processing/req_logging.py:28}}
Jan 26 19:10:56 devstack devstack@keystone.service[42644]: [pid: 42644|app: 0|req: 6/11] 192.168.122.39 () {54 vars in 934 bytes} [Mon Jan 26 19:10:56 2026] GET /identity => generated 273 bytes in 2 msecs (HTTP/1.1 300) 6 headers in 237 bytes (1 switches on core 0)
Jan 26 19:10:56 devstack devstack@keystone.service[42643]: WARNING keystone.common.password_hashing [None req-40e371d3-b21c-4b2b-b7fe-ef4d2090f4a6 None None] Truncating password to algorithm specific maximum length 72 characters.
Jan 26 19:10:56 devstack devstack@keystone.service[42644]: DEBUG keystone.server.flask.request_processing.req_logging [None req-bc36582c-9916-413e-bfd0-df36bb44b0b9 None None] REQUEST_METHOD: `POST` {{(pid=42644) log_request_info /opt/stack/keystone/keystone/server/flask/request_processing/req_logging.py:26}}
Jan 26 19:10:56 devstack devstack@keystone.service[42644]: DEBUG keystone.server.flask.request_processing.req_logging [None req-bc36582c-9916-413e-bfd0-df36bb44b0b9 None None] SCRIPT_NAME: `/identity` {{(pid=42644) log_request_info /opt/stack/keystone/keystone/server/flask/request_processing/req_logging.py:27}}
Jan 26 19:10:56 devstack devstack@keystone.service[42644]: DEBUG keystone.server.flask.request_processing.req_logging [None req-bc36582c-9916-413e-bfd0-df36bb44b0b9 None None] PATH_INFO: `/v3/auth/tokens` {{(pid=42644) log_request_info /opt/stack/keystone/keystone/server/flask/request_processing/req_logging.py:28}}
Jan 26 19:10:56 devstack devstack@keystone.service[42643]: DEBUG keystone.auth.core [None req-40e371d3-b21c-4b2b-b7fe-ef4d2090f4a6 None None] MFA Rules not processed for user `3b74a3a4910c4a63bff2b3c31536341c`. Rule list: `[]` (Enabled: `True`). {{(pid=42643) check_auth_methods_against_rules /opt/stack/keystone/keystone/auth/core.py:476}}
Jan 26 19:10:56 devstack devstack@keystone.service[42643]: DEBUG keystone.common.fernet_utils [None req-40e371d3-b21c-4b2b-b7fe-ef4d2090f4a6 None None] Loaded 2 Fernet keys from /etc/keystone/fernet-keys/, but `[fernet_tokens] max_active_keys = 3`; perhaps there have not been enough key rotations to reach `max_active_keys` yet? {{(pid=42643) load_keys /opt/stack/keystone/keystone/common/fernet_utils.py:297}}
Jan 26 19:10:56 devstack devstack@keystone.service[42644]: WARNING keystone.common.password_hashing [None req-bc36582c-9916-413e-bfd0-df36bb44b0b9 None None] Truncating password to algorithm specific maximum length 72 characters.
Jan 26 19:10:56 devstack devstack@keystone.service[42644]: DEBUG keystone.auth.core [None req-bc36582c-9916-413e-bfd0-df36bb44b0b9 None None] MFA Rules not processed for user `3b74a3a4910c4a63bff2b3c31536341c`. Rule list: `[]` (Enabled: `True`). {{(pid=42644) check_auth_methods_against_rules /opt/stack/keystone/keystone/auth/core.py:476}}
Jan 26 19:10:56 devstack devstack@keystone.service[42644]: DEBUG keystone.common.fernet_utils [None req-bc36582c-9916-413e-bfd0-df36bb44b0b9 None None] Loaded 2 Fernet keys from /etc/keystone/fernet-keys/, but `[fernet_tokens] max_active_keys = 3`; perhaps there have not been enough key rotations to reach `max_active_keys` yet? {{(pid=42644) load_keys /opt/stack/keystone/keystone/common/fernet_utils.py:297}}
Jan 26 19:10:56 devstack devstack@keystone.service[42643]: [pid: 42643|app: 0|req: 6/12] 192.168.122.39 () {58 vars in 1031 bytes} [Mon Jan 26 19:10:56 2026] POST /identity/v3/auth/tokens => generated 865 bytes in 137 msecs (HTTP/1.1 201) 6 headers in 363 bytes (1 switches on core 0)
Jan 26 19:10:56 devstack devstack@keystone.service[42644]: [pid: 42644|app: 0|req: 7/13] 192.168.122.39 () {58 vars in 1031 bytes} [Mon Jan 26 19:10:56 2026] POST /identity/v3/auth/tokens => generated 865 bytes in 130 msecs (HTTP/1.1 201) 6 headers in 363 bytes (1 switches on core 0)
Jan 26 19:10:56 devstack devstack@keystone.service[42643]: DEBUG keystone.server.flask.request_processing.middleware.auth_context [None req-40e371d3-b21c-4b2b-b7fe-ef4d2090f4a6 None None] Authenticating user token {{(pid=42643) process_request /opt/stack/data/venv/lib/python3.10/site-packages/keystonemiddleware/auth_token/__init__.py:407}}
Jan 26 19:10:56 devstack devstack@keystone.service[42644]: DEBUG keystone.server.flask.request_processing.middleware.auth_context [None req-bc36582c-9916-413e-bfd0-df36bb44b0b9 None None] Authenticating user token {{(pid=42644) process_request /opt/stack/data/venv/lib/python3.10/site-packages/keystonemiddleware/auth_token/__init__.py:407}}
Jan 26 19:10:56 devstack devstack@keystone.service[42643]: DEBUG keystone.server.flask.request_processing.middleware.auth_context [None req-40e371d3-b21c-4b2b-b7fe-ef4d2090f4a6 None None] Validating token access rules against request {{(pid=42643) validate_allowed_request /opt/stack/data/venv/lib/python3.10/site-packages/keystonemiddleware/auth_token/__init__.py:545}}
Jan 26 19:10:56 devstack devstack@keystone.service[42644]: DEBUG keystone.server.flask.request_processing.middleware.auth_context [None req-bc36582c-9916-413e-bfd0-df36bb44b0b9 None None] Validating token access rules against request {{(pid=42644) validate_allowed_request /opt/stack/data/venv/lib/python3.10/site-packages/keystonemiddleware/auth_token/__init__.py:545}}
Jan 26 19:10:56 devstack devstack@keystone.service[42643]: DEBUG keystone.server.flask.request_processing.middleware.auth_context [None req-03ff7c3d-f526-45e2-b1ae-74ebc99b9565 None admin] RBAC: auth_context: {'token': , 'domain_id': None, 'trust_id': None, 'trustor_id': None, 'trustee_id': None, 'domain_name': None, 'group_ids': [], 'user_id': '3b74a3a4910c4a63bff2b3c31536341c', 'user_domain_id': 'default', 'system_scope': 'all', 'project_id': None, 'project_domain_id': None, 'roles': ['admin', 'manager', 'member', 'reader'], 'is_admin_project': True, 'service_user_id': None, 'service_user_domain_id': None, 'service_project_id': None, 'service_project_domain_id': None, 'service_roles': []} {{(pid=42643) fill_context /opt/stack/keystone/keystone/server/flask/request_processing/middleware/auth_context.py:509}}
Jan 26 19:10:56 devstack devstack@keystone.service[42643]: DEBUG keystone.server.flask.request_processing.req_logging [None req-03ff7c3d-f526-45e2-b1ae-74ebc99b9565 None admin] REQUEST_METHOD: `GET` {{(pid=42643) log_request_info /opt/stack/keystone/keystone/server/flask/request_processing/req_logging.py:26}}
Jan 26 19:10:56 devstack devstack@keystone.service[42643]: DEBUG keystone.server.flask.request_processing.req_logging [None req-03ff7c3d-f526-45e2-b1ae-74ebc99b9565 None admin] SCRIPT_NAME: `/identity` {{(pid=42643) log_request_info /opt/stack/keystone/keystone/server/flask/request_processing/req_logging.py:27}}
Jan 26 19:10:56 devstack devstack@keystone.service[42643]: DEBUG keystone.server.flask.request_processing.req_logging [None req-03ff7c3d-f526-45e2-b1ae-74ebc99b9565 None admin] PATH_INFO: `/v3/roles/admin` {{(pid=42643) log_request_info /opt/stack/keystone/keystone/server/flask/request_processing/req_logging.py:28}}
Jan 26 19:10:56 devstack devstack@keystone.service[42644]: DEBUG keystone.server.flask.request_processing.middleware.auth_context [None req-933ac47b-85ab-4d8a-9dcc-b0c6b9d7c5bf None admin] RBAC: auth_context: {'token': , 'domain_id': None, 'trust_id': None, 'trustor_id': None, 'trustee_id': None, 'domain_name': None, 'group_ids': [], 'user_id': '3b74a3a4910c4a63bff2b3c31536341c', 'user_domain_id': 'default', 'system_scope': 'all', 'project_id': None, 'project_domain_id': None, 'roles': ['admin', 'manager', 'member', 'reader'], 'is_admin_project': True, 'service_user_id': None, 'service_user_domain_id': None, 'service_project_id': None, 'service_project_domain_id': None, 'service_roles': []} {{(pid=42644) fill_context /opt/stack/keystone/keystone/server/flask/request_processing/middleware/auth_context.py:509}}
Jan 26 19:10:56 devstack devstack@keystone.service[42644]: DEBUG keystone.server.flask.request_processing.req_logging [None req-933ac47b-85ab-4d8a-9dcc-b0c6b9d7c5bf None admin] REQUEST_METHOD: `POST` {{(pid=42644) log_request_info /opt/stack/keystone/keystone/server/flask/request_processing/req_logging.py:26}}
Jan 26 19:10:56 devstack devstack@keystone.service[42644]: DEBUG keystone.server.flask.request_processing.req_logging [None req-933ac47b-85ab-4d8a-9dcc-b0c6b9d7c5bf None admin] SCRIPT_NAME: `/identity` {{(pid=42644) log_request_info /opt/stack/keystone/keystone/server/flask/request_processing/req_logging.py:27}}
Jan 26 19:10:56 devstack devstack@keystone.service[42644]: DEBUG keystone.server.flask.request_processing.req_logging [None req-933ac47b-85ab-4d8a-9dcc-b0c6b9d7c5bf None admin] PATH_INFO: `/v3/domains` {{(pid=42644) log_request_info /opt/stack/keystone/keystone/server/flask/request_processing/req_logging.py:28}}
Jan 26 19:10:56 devstack devstack@keystone.service[42644]: DEBUG keystone.common.rbac_enforcer.enforcer [None req-933ac47b-85ab-4d8a-9dcc-b0c6b9d7c5bf None admin] RBAC: Authorizing `identity:create_domain()` {{(pid=42644) enforce_call /opt/stack/keystone/keystone/common/rbac_enforcer/enforcer.py:494}}
Jan 26 19:10:56 devstack devstack@keystone.service[42644]: DEBUG keystone.common.rbac_enforcer.enforcer [None req-933ac47b-85ab-4d8a-9dcc-b0c6b9d7c5bf None admin] RBAC: Authorization granted {{(pid=42644) enforce_call /opt/stack/keystone/keystone/common/rbac_enforcer/enforcer.py:505}}
Jan 26 19:10:56 devstack devstack@keystone.service[42643]: DEBUG keystone.common.rbac_enforcer.enforcer [None req-03ff7c3d-f526-45e2-b1ae-74ebc99b9565 None admin] Extracting inferred target data resulted in "NOT FOUND (404)". {{(pid=42643) enforce_call /opt/stack/keystone/keystone/common/rbac_enforcer/enforcer.py:445}}
Jan 26 19:10:56 devstack devstack@keystone.service[42643]: DEBUG keystone.server.flask.application [None req-03ff7c3d-f526-45e2-b1ae-74ebc99b9565 None admin] Could not find role: admin. {{(pid=42643) _handle_keystone_exception /opt/stack/keystone/keystone/server/flask/application.py:146}}
Jan 26 19:10:56 devstack devstack@keystone.service[42643]: [pid: 42643|app: 0|req: 7/14] 192.168.122.39 () {56 vars in 1147 bytes} [Mon Jan 26 19:10:56 2026] GET /identity/v3/roles/admin => generated 83 bytes in 137 msecs (HTTP/1.1 404) 5 headers in 183 bytes (1 switches on core 0)
Jan 26 19:10:56 devstack devstack@keystone.service[42643]: DEBUG keystone.server.flask.request_processing.middleware.auth_context [None req-03ff7c3d-f526-45e2-b1ae-74ebc99b9565 None admin] Authenticating user token {{(pid=42643) process_request /opt/stack/data/venv/lib/python3.10/site-packages/keystonemiddleware/auth_token/__init__.py:407}}
Jan 26 19:10:56 devstack devstack@keystone.service[42644]: DEBUG keystone.common.sql.core [None req-933ac47b-85ab-4d8a-9dcc-b0c6b9d7c5bf None admin] Conflict project: (pymysql.err.IntegrityError) (1062, "Duplicate entry '<>-Default' for key 'project.ixu_project_name_domain_id'")
Jan 26 19:10:56 devstack devstack@keystone.service[42644]: [SQL: INSERT INTO project (id, name, domain_id, description, enabled, extra, parent_id, is_domain) VALUES (%(id)s, %(name)s, %(domain_id)s, %(description)s, %(enabled)s, %(extra)s, %(parent_id)s, %(is_domain)s)]
Jan 26 19:10:56 devstack devstack@keystone.service[42644]: [parameters: {'id': 'cc8e2f22e0ce427d8b20ee42551c1a54', 'name': 'Default', 'domain_id': '<>', 'description': '', 'enabled': 1, 'extra': '{}', 'parent_id': None, 'is_domain': 1}]
Jan 26 19:10:56 devstack devstack@keystone.service[42644]: (Background on this error at: https://sqlalche.me/e/20/gkpj) {{(pid=42644) wrapper /opt/stack/keystone/keystone/common/sql/core.py:580}}
Jan 26 19:10:56 devstack devstack@keystone.service[42644]: ERROR keystone.server.flask.application [None req-933ac47b-85ab-4d8a-9dcc-b0c6b9d7c5bf None admin] Conflict occurred attempting to store project - it is not permitted to have two projects acting as domains with the same name: Default.: keystone.exception.Conflict: Conflict occurred attempting to store project - it is not permitted to have two projects acting as domains with the same name: Default.
Jan 26 19:10:56 devstack devstack@keystone.service[42644]: ERROR keystone.server.flask.application
Traceback (most recent call last):
Jan 26 19:10:56 devstack devstack@keystone.service[42644]: ERROR keystone.server.flask.application
File "/opt/stack/data/venv/lib/python3.10/site-packages/sqlalchemy/engine/base.py", line 1967, in _exec_single_context
Jan 26 19:10:56 devstack devstack@keystone.service[42644]: ERROR keystone.server.flask.application self.dialect.do_execute(
Jan 26 19:10:56 devstack devstack@keystone.service[42644]: ERROR keystone.server.flask.application
File "/opt/stack/data/venv/lib/python3.10/site-packages/sqlalchemy/engine/default.py", line 951, in do_execute
Jan 26 19:10:56 devstack devstack@keystone.service[42644]: ERROR keystone.server.flask.application cursor.execute(statement, parameters)
Jan 26 19:10:56 devstack devstack@keystone.service[42644]: ERROR keystone.server.flask.application
File "/opt/stack/data/venv/lib/python3.10/site-packages/pymysql/cursors.py", line 153, in execute
Jan 26 19:10:56 devstack devstack@keystone.service[42644]: ERROR keystone.server.flask.application result = self._query(query)
Jan 26 19:10:56 devstack devstack@keystone.service[42644]: ERROR keystone.server.flask.application
File "/opt/stack/data/venv/lib/python3.10/site-packages/pymysql/cursors.py", line 322, in _query
Jan 26 19:10:56 devstack devstack@keystone.service[42644]: ERROR keystone.server.flask.application conn.query(q)
Jan 26 19:10:56 devstack devstack@keystone.service[42644]: ERROR keystone.server.flask.application
File "/opt/stack/data/venv/lib/python3.10/site-packages/pymysql/connections.py", line 575, in query
Jan 26 19:10:56 devstack devstack@keystone.service[42644]: ERROR keystone.server.flask.application self._affected_rows = self._read_query_result(unbuffered=unbuffered)
Jan 26 19:10:56 devstack devstack@keystone.service[42644]: ERROR keystone.server.flask.application
File "/opt/stack/data/venv/lib/python3.10/site-packages/pymysql/connections.py", line 826, in _read_query_result
Jan 26 19:10:56 devstack devstack@keystone.service[42644]: ERROR keystone.server.flask.application result.read()
Jan 26 19:10:56 devstack devstack@keystone.service[42644]: ERROR keystone.server.flask.application
File "/opt/stack/data/venv/lib/python3.10/site-packages/pymysql/connections.py", line 1203, in read
Jan 26 19:10:56 devstack devstack@keystone.service[42644]: ERROR keystone.server.flask.application first_packet = self.connection._read_packet()
Jan 26 19:10:56 devstack devstack@keystone.service[42644]: ERROR keystone.server.flask.application
File "/opt/stack/data/venv/lib/python3.10/site-packages/pymysql/connections.py", line 782, in _read_packet
Jan 26 19:10:56 devstack devstack@keystone.service[42644]: ERROR keystone.server.flask.application packet.raise_for_error()
Jan 26 19:10:56 devstack devstack@keystone.service[42644]: ERROR keystone.server.flask.application
File "/opt/stack/data/venv/lib/python3.10/site-packages/pymysql/protocol.py", line 219, in raise_for_error
Jan 26 19:10:56 devstack devstack@keystone.service[42644]: ERROR keystone.server.flask.application err.raise_mysql_exception(self._data)
Jan 26 19:10:56 devstack devstack@keystone.service[42644]: ERROR keystone.server.flask.application
File "/opt/stack/data/venv/lib/python3.10/site-packages/pymysql/err.py", line 150, in raise_mysql_exception
Jan 26 19:10:56 devstack devstack@keystone.service[42644]: ERROR keystone.server.flask.application raise errorclass(errno, errval)
Jan 26 19:10:56 devstack devstack@keystone.service[42644]: ERROR keystone.server.flask.application pymysql.err.IntegrityError: (1062, "Duplicate entry '<>-Default' for key 'project.ixu_project_name_domain_id'")
Jan 26 19:10:56 devstack devstack@keystone.service[42644]: ERROR keystone.server.flask.application
Jan 26 19:10:56 devstack devstack@keystone.service[42644]: ERROR keystone.server.flask.application The above exception was the direct cause of the following exception:
Jan 26 19:10:56 devstack devstack@keystone.service[42644]: ERROR keystone.server.flask.application
Jan 26 19:10:56 devstack devstack@keystone.service[42644]: ERROR keystone.server.flask.application
Traceback (most recent call last):
Jan 26 19:10:56 devstack devstack@keystone.service[42644]: ERROR keystone.server.flask.application
File "/opt/stack/keystone/keystone/common/sql/core.py", line 575, in wrapper
Jan 26 19:10:56 devstack devstack@keystone.service[42644]: ERROR keystone.server.flask.application return method(*args, **kwargs)
Jan 26 19:10:56 devstack devstack@keystone.service[42644]: ERROR keystone.server.flask.application
File "/opt/stack/keystone/keystone/resource/backends/sql.py", line 278, in create_project
Jan 26 19:10:56 devstack devstack@keystone.service[42644]: ERROR keystone.server.flask.application with sql.session_for_write() as session:
Jan 26 19:10:56 devstack devstack@keystone.service[42644]: ERROR keystone.server.flask.application
File "/usr/lib/python3.10/contextlib.py", line 142, in __exit__
Jan 26 19:10:56 devstack devstack@keystone.service[42644]: ERROR keystone.server.flask.application next(self.gen)
Jan 26 19:10:56 devstack devstack@keystone.service[42644]: ERROR keystone.server.flask.application
File "/opt/stack/data/venv/lib/python3.10/site-packages/oslo_db/sqlalchemy/enginefacade.py", line 1175, in _transaction_scope
Jan 26 19:10:56 devstack devstack@keystone.service[42644]: ERROR keystone.server.flask.application with current._produce_block(
Jan 26 19:10:56 devstack devstack@keystone.service[42644]: ERROR keystone.server.flask.application
File "/usr/lib/python3.10/contextlib.py", line 142, in __exit__
Jan 26 19:10:56 devstack devstack@keystone.service[42644]: ERROR keystone.server.flask.application next(self.gen)
Jan 26 19:10:56 devstack devstack@keystone.service[42644]: ERROR keystone.server.flask.application
File "/opt/stack/data/venv/lib/python3.10/site-packages/oslo_db/sqlalchemy/enginefacade.py", line 837, in _session
Jan 26 19:10:56 devstack devstack@keystone.service[42644]: ERROR keystone.server.flask.application with excutils.save_and_reraise_exception():
Jan 26 19:10:56 devstack devstack@keystone.service[42644]: ERROR keystone.server.flask.application
File "/opt/stack/data/venv/lib/python3.10/site-packages/oslo_utils/excutils.py", line 256, in __exit__
Jan 26 19:10:56 devstack devstack@keystone.service[42644]: ERROR keystone.server.flask.application self.force_reraise()
Jan 26 19:10:56 devstack devstack@keystone.service[42644]: ERROR keystone.server.flask.application
File "/opt/stack/data/venv/lib/python3.10/site-packages/oslo_utils/excutils.py", line 222, in force_reraise
Jan 26 19:10:56 devstack devstack@keystone.service[42644]: ERROR keystone.server.flask.application raise self.value
Jan 26 19:10:56 devstack devstack@keystone.service[42644]: ERROR keystone.server.flask.application
File "/opt/stack/data/venv/lib/python3.10/site-packages/oslo_db/sqlalchemy/enginefacade.py", line 835, in _session
Jan 26 19:10:56 devstack devstack@keystone.service[42644]: ERROR keystone.server.flask.application self._end_session_transaction(self.session)
Jan 26 19:10:56 devstack devstack@keystone.service[42644]: ERROR keystone.server.flask.application
File "/opt/stack/data/venv/lib/python3.10/site-packages/oslo_db/sqlalchemy/enginefacade.py", line 748, in _end_session_transaction
Jan 26 19:10:56 devstack devstack@keystone.service[42644]: ERROR keystone.server.flask.application session.commit()
Jan 26 19:10:56 devstack devstack@keystone.service[42644]: ERROR keystone.server.flask.application
File "/opt/stack/data/venv/lib/python3.10/site-packages/sqlalchemy/orm/session.py", line 2030, in commit
Jan 26 19:10:56 devstack devstack@keystone.service[42644]: ERROR keystone.server.flask.application trans.commit(_to_root=True)
Jan 26 19:10:56 devstack devstack@keystone.service[42644]: ERROR keystone.server.flask.application File "", line 2, in commit
Jan 26 19:10:56 devstack devstack@keystone.service[42644]: ERROR keystone.server.flask.application
File "/opt/stack/data/venv/lib/python3.10/site-packages/sqlalchemy/orm/state_changes.py", line 137, in _go
Jan 26 19:10:56 devstack devstack@keystone.service[42644]: ERROR keystone.server.flask.application ret_value = fn(self, *arg, **kw)
Jan 26 19:10:56 devstack devstack@keystone.service[42644]: ERROR keystone.server.flask.application
File "/opt/stack/data/venv/lib/python3.10/site-packages/sqlalchemy/orm/session.py", line 1311, in commit
Jan 26 19:10:56 devstack devstack@keystone.service[42644]: ERROR keystone.server.flask.application self._prepare_impl()
Jan 26 19:10:56 devstack devstack@keystone.service[42644]: ERROR keystone.server.flask.application File "", line 2, in _prepare_impl
Jan 26 19:10:56 devstack devstack@keystone.service[42644]: ERROR keystone.server.flask.application
File "/opt/stack/data/venv/lib/python3.10/site-packages/sqlalchemy/orm/state_changes.py", line 137, in _go
Jan 26 19:10:56 devstack devstack@keystone.service[42644]: ERROR keystone.server.flask.application ret_value = fn(self, *arg, **kw)
Jan 26 19:10:56 devstack devstack@keystone.service[42644]: ERROR keystone.server.flask.application
File "/opt/stack/data/venv/lib/python3.10/site-packages/sqlalchemy/orm/session.py", line 1286, in _prepare_impl
