Aug 17 15:57:11 devstack devstack@g-api.service[84047]: DEBUG glance.common.config [None req-b7759afe-a5ef-4468-b5d2-862332759142 None None] barbican_service_user.cafile = None {{(pid=84047) log_opt_values /opt/stack/data/venv/lib/python3.12/site-packages/oslo_config/cfg.py:3560}}
Aug 17 15:57:11 devstack devstack@g-api.service[84047]: DEBUG glance.common.config [None req-b7759afe-a5ef-4468-b5d2-862332759142 None None] barbican_service_user.certfile = None {{(pid=84047) log_opt_values /opt/stack/data/venv/lib/python3.12/site-packages/oslo_config/cfg.py:3560}}
Aug 17 15:57:11 devstack devstack@g-api.service[84047]: DEBUG glance.common.config [None req-b7759afe-a5ef-4468-b5d2-862332759142 None None] barbican_service_user.collect_timing = False {{(pid=84047) log_opt_values /opt/stack/data/venv/lib/python3.12/site-packages/oslo_config/cfg.py:3560}}
Aug 17 15:57:11 devstack devstack@g-api.service[84047]: DEBUG glance.common.config [None req-b7759afe-a5ef-4468-b5d2-862332759142 None None] barbican_service_user.insecure = False {{(pid=84047) log_opt_values /opt/stack/data/venv/lib/python3.12/site-packages/oslo_config/cfg.py:3560}}
Aug 17 15:57:11 devstack devstack@g-api.service[84047]: DEBUG glance.common.config [None req-b7759afe-a5ef-4468-b5d2-862332759142 None None] barbican_service_user.keyfile = None {{(pid=84047) log_opt_values /opt/stack/data/venv/lib/python3.12/site-packages/oslo_config/cfg.py:3560}}
Aug 17 15:57:11 devstack devstack@g-api.service[84047]: DEBUG glance.common.config [None req-b7759afe-a5ef-4468-b5d2-862332759142 None None] barbican_service_user.split_loggers = False {{(pid=84047) log_opt_values /opt/stack/data/venv/lib/python3.12/site-packages/oslo_config/cfg.py:3560}}
Aug 17 15:57:11 devstack devstack@g-api.service[84047]: DEBUG glance.common.config [None req-b7759afe-a5ef-4468-b5d2-862332759142 None None] barbican_service_user.timeout = None {{(pid=84047) log_opt_values /opt/stack/data/venv/lib/python3.12/site-packages/oslo_config/cfg.py:3560}}
Aug 17 15:57:11 devstack devstack@g-api.service[84047]: DEBUG glance.common.config [None req-b7759afe-a5ef-4468-b5d2-862332759142 None None] database.asyncio_connection = **** {{(pid=84047) log_opt_values /opt/stack/data/venv/lib/python3.12/site-packages/oslo_config/cfg.py:3560}}
Aug 17 15:57:11 devstack devstack@g-api.service[84047]: DEBUG glance.common.config [None req-b7759afe-a5ef-4468-b5d2-862332759142 None None] database.asyncio_slave_connection = **** {{(pid=84047) log_opt_values /opt/stack/data/venv/lib/python3.12/site-packages/oslo_config/cfg.py:3560}}
Aug 17 15:57:11 devstack devstack@g-api.service[84047]: DEBUG glance.common.config [None req-b7759afe-a5ef-4468-b5d2-862332759142 None None] database.backend = sqlalchemy {{(pid=84047) log_opt_values /opt/stack/data/venv/lib/python3.12/site-packages/oslo_config/cfg.py:3560}}
Aug 17 15:57:11 devstack devstack@g-api.service[84047]: DEBUG glance.common.config [None req-b7759afe-a5ef-4468-b5d2-862332759142 None None] database.connection = **** {{(pid=84047) log_opt_values /opt/stack/data/venv/lib/python3.12/site-packages/oslo_config/cfg.py:3560}}
Aug 17 15:57:11 devstack devstack@g-api.service[84047]: DEBUG glance.common.config [None req-b7759afe-a5ef-4468-b5d2-862332759142 None None] database.connection_debug = 0 {{(pid=84047) log_opt_values /opt/stack/data/venv/lib/python3.12/site-packages/oslo_config/cfg.py:3560}}
Aug 17 15:57:11 devstack devstack@g-api.service[84047]: DEBUG glance.common.config [None req-b7759afe-a5ef-4468-b5d2-862332759142 None None] database.connection_parameters = {{(pid=84047) log_opt_values /opt/stack/data/venv/lib/python3.12/site-packages/oslo_config/cfg.py:3560}}
Aug 17 15:57:11 devstack devstack@g-api.service[84047]: DEBUG glance.common.config [None req-b7759afe-a5ef-4468-b5d2-862332759142 None None] database.connection_recycle_time = 3600 {{(pid=84047) log_opt_values /opt/stack/data/venv/lib/python3.12/site-packages/oslo_config/cfg.py:3560}}
Aug 17 15:57:11 devstack devstack@g-api.service[84047]: DEBUG glance.common.config [None req-b7759afe-a5ef-4468-b5d2-862332759142 None None] database.connection_trace = False {{(pid=84047) log_opt_values /opt/stack/data/venv/lib/python3.12/site-packages/oslo_config/cfg.py:3560}}
Aug 17 15:57:11 devstack devstack@g-api.service[84047]: DEBUG glance.common.config [None req-b7759afe-a5ef-4468-b5d2-862332759142 None None] database.db_inc_retry_interval = True {{(pid=84047) log_opt_values /opt/stack/data/venv/lib/python3.12/site-packages/oslo_config/cfg.py:3560}}
Aug 17 15:57:11 devstack devstack@g-api.service[84047]: DEBUG glance.common.config [None req-b7759afe-a5ef-4468-b5d2-862332759142 None None] database.db_max_retries = 20 {{(pid=84047) log_opt_values /opt/stack/data/venv/lib/python3.12/site-packages/oslo_config/cfg.py:3560}}
Aug 17 15:57:11 devstack devstack@g-api.service[84047]: DEBUG glance.common.config [None req-b7759afe-a5ef-4468-b5d2-862332759142 None None] database.db_max_retry_interval = 10 {{(pid=84047) log_opt_values /opt/stack/data/venv/lib/python3.12/site-packages/oslo_config/cfg.py:3560}}
Aug 17 15:57:11 devstack devstack@g-api.service[84047]: DEBUG glance.common.config [None req-b7759afe-a5ef-4468-b5d2-862332759142 None None] database.db_retry_interval = 1 {{(pid=84047) log_opt_values /opt/stack/data/venv/lib/python3.12/site-packages/oslo_config/cfg.py:3560}}
Aug 17 15:57:11 devstack devstack@g-api.service[84047]: DEBUG glance.common.config [None req-b7759afe-a5ef-4468-b5d2-862332759142 None None] database.max_overflow = 50 {{(pid=84047) log_opt_values /opt/stack/data/venv/lib/python3.12/site-packages/oslo_config/cfg.py:3560}}
Aug 17 15:57:11 devstack devstack@g-api.service[84047]: DEBUG glance.common.config [None req-b7759afe-a5ef-4468-b5d2-862332759142 None None] database.max_pool_size = 5 {{(pid=84047) log_opt_values /opt/stack/data/venv/lib/python3.12/site-packages/oslo_config/cfg.py:3560}}
Aug 17 15:57:11 devstack devstack@g-api.service[84047]: DEBUG glance.common.config [None req-b7759afe-a5ef-4468-b5d2-862332759142 None None] database.max_retries = 10 {{(pid=84047) log_opt_values /opt/stack/data/venv/lib/python3.12/site-packages/oslo_config/cfg.py:3560}}
Aug 17 15:57:11 devstack devstack@g-api.service[84047]: DEBUG glance.common.config [None req-b7759afe-a5ef-4468-b5d2-862332759142 None None] database.mysql_sql_mode = TRADITIONAL {{(pid=84047) log_opt_values /opt/stack/data/venv/lib/python3.12/site-packages/oslo_config/cfg.py:3560}}
Aug 17 15:57:11 devstack devstack@g-api.service[84047]: DEBUG glance.common.config [None req-b7759afe-a5ef-4468-b5d2-862332759142 None None] database.mysql_wsrep_sync_wait = None {{(pid=84047) log_opt_values /opt/stack/data/venv/lib/python3.12/site-packages/oslo_config/cfg.py:3560}}
Aug 17 15:57:11 devstack devstack@g-api.service[84047]: DEBUG glance.common.config [None req-b7759afe-a5ef-4468-b5d2-862332759142 None None] database.pool_timeout = None {{(pid=84047) log_opt_values /opt/stack/data/venv/lib/python3.12/site-packages/oslo_config/cfg.py:3560}}
Aug 17 15:57:11 devstack devstack@g-api.service[84047]: DEBUG glance.common.config [None req-b7759afe-a5ef-4468-b5d2-862332759142 None None] database.retry_interval = 10 {{(pid=84047) log_opt_values /opt/stack/data/venv/lib/python3.12/site-packages/oslo_config/cfg.py:3560}}
Aug 17 15:57:11 devstack devstack@g-api.service[84047]: DEBUG glance.common.config [None req-b7759afe-a5ef-4468-b5d2-862332759142 None None] database.slave_connection = **** {{(pid=84047) log_opt_values /opt/stack/data/venv/lib/python3.12/site-packages/oslo_config/cfg.py:3560}}
Aug 17 15:57:11 devstack devstack@g-api.service[84047]: DEBUG glance.common.config [None req-b7759afe-a5ef-4468-b5d2-862332759142 None None] database.sqlite_synchronous = True {{(pid=84047) log_opt_values /opt/stack/data/venv/lib/python3.12/site-packages/oslo_config/cfg.py:3560}}
Aug 17 15:57:11 devstack devstack@g-api.service[84047]: DEBUG glance.common.config [None req-b7759afe-a5ef-4468-b5d2-862332759142 None None] database.synchronous_reader = True {{(pid=84047) log_opt_values /opt/stack/data/venv/lib/python3.12/site-packages/oslo_config/cfg.py:3560}}
Aug 17 15:57:11 devstack devstack@g-api.service[84047]: DEBUG glance.common.config [None req-b7759afe-a5ef-4468-b5d2-862332759142 None None] database.use_db_reconnect = False {{(pid=84047) log_opt_values /opt/stack/data/venv/lib/python3.12/site-packages/oslo_config/cfg.py:3560}}
Aug 17 15:57:11 devstack devstack@g-api.service[84047]: DEBUG glance.common.config [None req-b7759afe-a5ef-4468-b5d2-862332759142 None None] healthcheck.allowed_source_ranges = [] {{(pid=84047) log_opt_values /opt/stack/data/venv/lib/python3.12/site-packages/oslo_config/cfg.py:3560}}
Aug 17 15:57:11 devstack devstack@g-api.service[84047]: DEBUG glance.common.config [None req-b7759afe-a5ef-4468-b5d2-862332759142 None None] healthcheck.backends = ['disable_by_file'] {{(pid=84047) log_opt_values /opt/stack/data/venv/lib/python3.12/site-packages/oslo_config/cfg.py:3560}}
Aug 17 15:57:11 devstack devstack@g-api.service[84047]: DEBUG glance.common.config [None req-b7759afe-a5ef-4468-b5d2-862332759142 None None] healthcheck.detailed = False {{(pid=84047) log_opt_values /opt/stack/data/venv/lib/python3.12/site-packages/oslo_config/cfg.py:3560}}
Aug 17 15:57:11 devstack devstack@g-api.service[84047]: DEBUG glance.common.config [None req-b7759afe-a5ef-4468-b5d2-862332759142 None None] healthcheck.disable_by_file_path = None {{(pid=84047) log_opt_values /opt/stack/data/venv/lib/python3.12/site-packages/oslo_config/cfg.py:3560}}
Aug 17 15:57:11 devstack devstack@g-api.service[84047]: DEBUG glance.common.config [None req-b7759afe-a5ef-4468-b5d2-862332759142 None None] healthcheck.ignore_proxied_requests = False {{(pid=84047) log_opt_values /opt/stack/data/venv/lib/python3.12/site-packages/oslo_config/cfg.py:3560}}
Aug 17 15:57:11 devstack devstack@g-api.service[84047]: DEBUG glance.common.config [None req-b7759afe-a5ef-4468-b5d2-862332759142 None None] ******************************************************************************** {{(pid=84047) log_opt_values /opt/stack/data/venv/lib/python3.12/site-packages/oslo_config/cfg.py:3567}}
Aug 17 15:57:11 devstack devstack@g-api.service[84047]: WSGI app 0 (mountpoint='') ready in 5 seconds on interpreter 0x7e2adf8a4668 pid: 84047 (default app)
Aug 17 15:57:15 devstack devstack@g-api.service[84046]: DEBUG glance.api.middleware.version_negotiation [None req-9cafe60e-ddcf-46a5-a171-1caa4312167d None None] Determining version of request: GET / Accept: application/json {{(pid=84046) process_request /opt/stack/glance/glance/api/middleware/version_negotiation.py:44}}
Aug 17 15:57:15 devstack devstack@g-api.service[84046]: DEBUG glance.api.middleware.version_negotiation [None req-9cafe60e-ddcf-46a5-a171-1caa4312167d None None] Using url versioning {{(pid=84046) process_request /opt/stack/glance/glance/api/middleware/version_negotiation.py:57}}
Aug 17 15:57:15 devstack devstack@g-api.service[84046]: DEBUG glance.api.middleware.version_negotiation [None req-9cafe60e-ddcf-46a5-a171-1caa4312167d None None] Unknown version. Returning version choices. {{(pid=84046) process_request /opt/stack/glance/glance/api/middleware/version_negotiation.py:64}}
Aug 17 15:57:15 devstack devstack@g-api.service[84046]: [pid: 84046|app: 0|req: 2/2] 127.0.0.1 () {34 vars in 519 bytes} [Mon Aug 17 15:57:15 2026] GET / => generated 1571 bytes in 3 msecs (HTTP/1.1 300) 3 headers in 106 bytes (1 switches on core 0)
Aug 17 15:57:15 devstack devstack@g-api.service[84047]: DEBUG glance.api.middleware.version_negotiation [None req-b7759afe-a5ef-4468-b5d2-862332759142 None None] Determining version of request: POST /v2/images Accept: */* {{(pid=84047) process_request /opt/stack/glance/glance/api/middleware/version_negotiation.py:44}}
Aug 17 15:57:15 devstack devstack@g-api.service[84047]: DEBUG glance.api.middleware.version_negotiation [None req-b7759afe-a5ef-4468-b5d2-862332759142 None None] Using url versioning {{(pid=84047) process_request /opt/stack/glance/glance/api/middleware/version_negotiation.py:57}}
Aug 17 15:57:15 devstack devstack@g-api.service[84047]: DEBUG glance.api.middleware.version_negotiation [None req-b7759afe-a5ef-4468-b5d2-862332759142 None None] Matched version: v2 {{(pid=84047) process_request /opt/stack/glance/glance/api/middleware/version_negotiation.py:69}}
Aug 17 15:57:15 devstack devstack@g-api.service[84047]: DEBUG glance.api.middleware.version_negotiation [None req-b7759afe-a5ef-4468-b5d2-862332759142 None None] new path /v2/images {{(pid=84047) process_request /opt/stack/glance/glance/api/middleware/version_negotiation.py:70}}
Aug 17 15:57:16 devstack devstack@g-api.service[84047]: [pid: 84047|app: 0|req: 1/3] 127.0.0.1 () {40 vars in 782 bytes} [Mon Aug 17 15:57:15 2026] POST /v2/images => generated 807 bytes in 1137 msecs (HTTP/1.1 201) 6 headers in 314 bytes (1 switches on core 0)
Aug 17 15:57:16 devstack devstack@g-api.service[84046]: DEBUG glance.api.middleware.version_negotiation [None req-9cafe60e-ddcf-46a5-a171-1caa4312167d None None] Determining version of request: PUT /v2/images/7fc6effa-0803-4ace-ab3b-8bfac80ae909/file Accept: {{(pid=84046) process_request /opt/stack/glance/glance/api/middleware/version_negotiation.py:44}}
Aug 17 15:57:16 devstack devstack@g-api.service[84046]: DEBUG glance.api.middleware.version_negotiation [None req-9cafe60e-ddcf-46a5-a171-1caa4312167d None None] Using url versioning {{(pid=84046) process_request /opt/stack/glance/glance/api/middleware/version_negotiation.py:57}}
Aug 17 15:57:16 devstack devstack@g-api.service[84046]: DEBUG glance.api.middleware.version_negotiation [None req-9cafe60e-ddcf-46a5-a171-1caa4312167d None None] Matched version: v2 {{(pid=84046) process_request /opt/stack/glance/glance/api/middleware/version_negotiation.py:69}}
Aug 17 15:57:16 devstack devstack@g-api.service[84046]: DEBUG glance.api.middleware.version_negotiation [None req-9cafe60e-ddcf-46a5-a171-1caa4312167d None None] new path /v2/images/7fc6effa-0803-4ace-ab3b-8bfac80ae909/file {{(pid=84046) process_request /opt/stack/glance/glance/api/middleware/version_negotiation.py:70}}
Aug 17 15:57:17 devstack devstack@g-api.service[84046]: INFO glance.api.v2.image_data [None req-b2484a19-bd6a-4e9f-ae40-6d82fc2ba27c admin admin] Unable to create trust: no such option collect_timing in group [keystone_authtoken] Use the existing user token.
Aug 17 15:57:18 devstack devstack@g-api.service[84046]: DEBUG glance.location [None req-b2484a19-bd6a-4e9f-ae40-6d82fc2ba27c admin admin] Enabling in-flight format inspection for qcow2 {{(pid=84046) set_data /opt/stack/glance/glance/location.py:596}}
Aug 17 15:57:18 devstack devstack@g-api.service[84046]: DEBUG oslo_utils.imageutils.format_inspector [None req-b2484a19-bd6a-4e9f-ae40-6d82fc2ba27c admin admin] Format inspector for vmdk does not match, excluding from consideration (Signature KDMV not found: b'QFI\xfb') {{(pid=84046) _process_chunk /opt/stack/data/venv/lib/python3.12/site-packages/oslo_utils/imageutils/format_inspector.py:1758}}
Aug 17 15:57:18 devstack devstack@g-api.service[84046]: DEBUG oslo_utils.imageutils.format_inspector [None req-b2484a19-bd6a-4e9f-ae40-6d82fc2ba27c admin admin] Format inspector for vhdx does not match, excluding from consideration (Region signature not found at 30000) {{(pid=84046) _process_chunk /opt/stack/data/venv/lib/python3.12/site-packages/oslo_utils/imageutils/format_inspector.py:1758}}
Aug 17 15:57:18 devstack devstack@g-api.service[84046]: DEBUG glance_store._drivers.filesystem [None req-b2484a19-bd6a-4e9f-ae40-6d82fc2ba27c admin admin] Wrote 21692416 bytes to /opt/stack/data/glance/images/7fc6effa-0803-4ace-ab3b-8bfac80ae909 with checksum 87617e24a5e30cb3b87fda8c0764838f and multihash 9a9bce0083a00939ec17c11febbfc767aa211aaa54f51e75c5a8b271a9b5637c77205a518b7a2007cb391d23cceb01e0e4e8d64832317151bc85b734b92a7be0 {{(pid=84046) add /opt/stack/data/venv/lib/python3.12/site-packages/glance_store/_drivers/filesystem.py:899}}
Aug 17 15:57:18 devstack devstack@g-api.service[84046]: INFO glance.location [None req-b2484a19-bd6a-4e9f-ae40-6d82fc2ba27c admin admin] Image format matched and virtual size computed: 117440512
Aug 17 15:57:18 devstack devstack@g-api.service[84046]: DEBUG glance_store.backend [None req-b2484a19-bd6a-4e9f-ae40-6d82fc2ba27c admin admin] Skipping store.set_acls... not implemented. {{(pid=84046) set_acls /opt/stack/data/venv/lib/python3.12/site-packages/glance_store/backend.py:507}}
Aug 17 15:57:18 devstack devstack@g-api.service[84046]: [pid: 84046|app: 0|req: 3/4] 127.0.0.1 () {42 vars in 914 bytes} [Mon Aug 17 15:57:16 2026] PUT /v2/images/7fc6effa-0803-4ace-ab3b-8bfac80ae909/file => generated 0 bytes in 1796 msecs (HTTP/1.1 204) 4 headers in 171 bytes (1 switches on core 0)
Aug 17 15:57:18 devstack devstack@g-api.service[84047]: DEBUG glance.api.middleware.version_negotiation [None req-18ea5ef3-edb8-4c16-8ffa-fd34baedc5f8 admin admin] Determining version of request: GET /v2/images/7fc6effa-0803-4ace-ab3b-8bfac80ae909 Accept: */* {{(pid=84047) process_request /opt/stack/glance/glance/api/middleware/version_negotiation.py:44}}
Aug 17 15:57:18 devstack devstack@g-api.service[84047]: DEBUG glance.api.middleware.version_negotiation [None req-18ea5ef3-edb8-4c16-8ffa-fd34baedc5f8 admin admin] Using url versioning {{(pid=84047) process_request /opt/stack/glance/glance/api/middleware/version_negotiation.py:57}}
Aug 17 15:57:18 devstack devstack@g-api.service[84047]: DEBUG glance.api.middleware.version_negotiation [None req-18ea5ef3-edb8-4c16-8ffa-fd34baedc5f8 admin admin] Matched version: v2 {{(pid=84047) process_request /opt/stack/glance/glance/api/middleware/version_negotiation.py:69}}
Aug 17 15:57:18 devstack devstack@g-api.service[84047]: DEBUG glance.api.middleware.version_negotiation [None req-18ea5ef3-edb8-4c16-8ffa-fd34baedc5f8 admin admin] new path /v2/images/7fc6effa-0803-4ace-ab3b-8bfac80ae909 {{(pid=84047) process_request /opt/stack/glance/glance/api/middleware/version_negotiation.py:70}}
Aug 17 15:57:18 devstack devstack@g-api.service[84047]: [pid: 84047|app: 0|req: 2/5] 127.0.0.1 () {36 vars in 802 bytes} [Mon Aug 17 15:57:18 2026] GET /v2/images/7fc6effa-0803-4ace-ab3b-8bfac80ae909 => generated 976 bytes in 29 msecs (HTTP/1.1 200) 4 headers in 157 bytes (1 switches on core 0)
Aug 17 15:57:28 devstack devstack@g-api.service[84046]: DEBUG dbcounter [-] [84046] Writing DB stats glance:INSERT=5,glance:SELECT=16,glance:UPDATE=2 {{(pid=84046) stat_writer /opt/stack/data/venv/lib/python3.12/site-packages/dbcounter.py:115}}
Aug 17 15:57:28 devstack devstack@g-api.service[84047]: DEBUG dbcounter [-] [84047] Writing DB stats glance:INSERT=9,glance:SELECT=6 {{(pid=84047) stat_writer /opt/stack/data/venv/lib/python3.12/site-packages/dbcounter.py:115}}
Aug 17 15:58:02 devstack devstack@g-api.service[84046]: DEBUG glance.api.middleware.version_negotiation [None req-b2484a19-bd6a-4e9f-ae40-6d82fc2ba27c admin admin] Determining version of request: GET / Accept: application/json {{(pid=84046) process_request /opt/stack/glance/glance/api/middleware/version_negotiation.py:44}}
Aug 17 15:58:02 devstack devstack@g-api.service[84046]: DEBUG glance.api.middleware.version_negotiation [None req-b2484a19-bd6a-4e9f-ae40-6d82fc2ba27c admin admin] Using url versioning {{(pid=84046) process_request /opt/stack/glance/glance/api/middleware/version_negotiation.py:57}}
Aug 17 15:58:02 devstack devstack@g-api.service[84046]: DEBUG glance.api.middleware.version_negotiation [None req-b2484a19-bd6a-4e9f-ae40-6d82fc2ba27c admin admin] Unknown version. Returning version choices. {{(pid=84046) process_request /opt/stack/glance/glance/api/middleware/version_negotiation.py:64}}
Aug 17 15:58:02 devstack devstack@g-api.service[84046]: [pid: 84046|app: 0|req: 4/6] 127.0.0.1 () {34 vars in 519 bytes} [Mon Aug 17 15:58:02 2026] GET / => generated 1571 bytes in 2 msecs (HTTP/1.1 300) 3 headers in 106 bytes (1 switches on core 0)
Aug 17 15:58:02 devstack devstack@g-api.service[84047]: DEBUG glance.api.middleware.version_negotiation [None req-7703a2e7-7913-4a92-8229-a9cde3dfe3bc admin admin] Determining version of request: GET /v2/images Accept: application/json {{(pid=84047) process_request /opt/stack/glance/glance/api/middleware/version_negotiation.py:44}}
Aug 17 15:58:02 devstack devstack@g-api.service[84047]: DEBUG glance.api.middleware.version_negotiation [None req-7703a2e7-7913-4a92-8229-a9cde3dfe3bc admin admin] Using url versioning {{(pid=84047) process_request /opt/stack/glance/glance/api/middleware/version_negotiation.py:57}}
Aug 17 15:58:02 devstack devstack@g-api.service[84047]: DEBUG glance.api.middleware.version_negotiation [None req-7703a2e7-7913-4a92-8229-a9cde3dfe3bc admin admin] Matched version: v2 {{(pid=84047) process_request /opt/stack/glance/glance/api/middleware/version_negotiation.py:69}}
Aug 17 15:58:02 devstack devstack@g-api.service[84047]: DEBUG glance.api.middleware.version_negotiation [None req-7703a2e7-7913-4a92-8229-a9cde3dfe3bc admin admin] new path /v2/images {{(pid=84047) process_request /opt/stack/glance/glance/api/middleware/version_negotiation.py:70}}
Aug 17 15:58:02 devstack devstack@g-api.service[84047]: [pid: 84047|app: 0|req: 3/7] 127.0.0.1 () {36 vars in 741 bytes} [Mon Aug 17 15:58:02 2026] GET /v2/images => generated 1045 bytes in 88 msecs (HTTP/1.1 200) 4 headers in 158 bytes (1 switches on core 0)
Aug 17 15:58:11 devstack devstack@g-api.service[84046]: DEBUG glance.api.middleware.version_negotiation [None req-b2484a19-bd6a-4e9f-ae40-6d82fc2ba27c admin admin] Determining version of request: GET / Accept: application/json {{(pid=84046) process_request /opt/stack/glance/glance/api/middleware/version_negotiation.py:44}}
Aug 17 15:58:11 devstack devstack@g-api.service[84046]: DEBUG glance.api.middleware.version_negotiation [None req-b2484a19-bd6a-4e9f-ae40-6d82fc2ba27c admin admin] Using url versioning {{(pid=84046) process_request /opt/stack/glance/glance/api/middleware/version_negotiation.py:57}}
Aug 17 15:58:11 devstack devstack@g-api.service[84046]: DEBUG glance.api.middleware.version_negotiation [None req-b2484a19-bd6a-4e9f-ae40-6d82fc2ba27c admin admin] Unknown version. Returning version choices. {{(pid=84046) process_request /opt/stack/glance/glance/api/middleware/version_negotiation.py:64}}
Aug 17 15:58:11 devstack devstack@g-api.service[84046]: [pid: 84046|app: 0|req: 5/8] 127.0.0.1 () {34 vars in 519 bytes} [Mon Aug 17 15:58:11 2026] GET / => generated 1571 bytes in 2 msecs (HTTP/1.1 300) 3 headers in 106 bytes (1 switches on core 0)
Aug 17 15:58:11 devstack devstack@g-api.service[84047]: DEBUG glance.api.middleware.version_negotiation [None req-ebab0ba4-b684-4b5b-907c-219cfd08d92b admin admin] Determining version of request: GET /v2/images/7fc6effa-0803-4ace-ab3b-8bfac80ae909 Accept: */* {{(pid=84047) process_request /opt/stack/glance/glance/api/middleware/version_negotiation.py:44}}
Aug 17 15:58:11 devstack devstack@g-api.service[84047]: DEBUG glance.api.middleware.version_negotiation [None req-ebab0ba4-b684-4b5b-907c-219cfd08d92b admin admin] Using url versioning {{(pid=84047) process_request /opt/stack/glance/glance/api/middleware/version_negotiation.py:57}}
Aug 17 15:58:11 devstack devstack@g-api.service[84047]: DEBUG glance.api.middleware.version_negotiation [None req-ebab0ba4-b684-4b5b-907c-219cfd08d92b admin admin] Matched version: v2 {{(pid=84047) process_request /opt/stack/glance/glance/api/middleware/version_negotiation.py:69}}
Aug 17 15:58:11 devstack devstack@g-api.service[84047]: DEBUG glance.api.middleware.version_negotiation [None req-ebab0ba4-b684-4b5b-907c-219cfd08d92b admin admin] new path /v2/images/7fc6effa-0803-4ace-ab3b-8bfac80ae909 {{(pid=84047) process_request /opt/stack/glance/glance/api/middleware/version_negotiation.py:70}}
Aug 17 15:58:11 devstack devstack@g-api.service[84047]: [pid: 84047|app: 0|req: 4/9] 127.0.0.1 () {36 vars in 802 bytes} [Mon Aug 17 15:58:11 2026] GET /v2/images/7fc6effa-0803-4ace-ab3b-8bfac80ae909 => generated 976 bytes in 68 msecs (HTTP/1.1 200) 4 headers in 157 bytes (1 switches on core 0)
Aug 17 15:58:17 devstack devstack@g-api.service[84046]: DEBUG glance.api.middleware.version_negotiation [None req-b2484a19-bd6a-4e9f-ae40-6d82fc2ba27c admin admin] Determining version of request: GET / Accept: application/json {{(pid=84046) process_request /opt/stack/glance/glance/api/middleware/version_negotiation.py:44}}
Aug 17 15:58:17 devstack devstack@g-api.service[84046]: DEBUG glance.api.middleware.version_negotiation [None req-b2484a19-bd6a-4e9f-ae40-6d82fc2ba27c admin admin] Using url versioning {{(pid=84046) process_request /opt/stack/glance/glance/api/middleware/version_negotiation.py:57}}
Aug 17 15:58:17 devstack devstack@g-api.service[84046]: DEBUG glance.api.middleware.version_negotiation [None req-b2484a19-bd6a-4e9f-ae40-6d82fc2ba27c admin admin] Unknown version. Returning version choices. {{(pid=84046) process_request /opt/stack/glance/glance/api/middleware/version_negotiation.py:64}}
Aug 17 15:58:17 devstack devstack@g-api.service[84046]: [pid: 84046|app: 0|req: 6/10] 127.0.0.1 () {34 vars in 519 bytes} [Mon Aug 17 15:58:17 2026] GET / => generated 1571 bytes in 2 msecs (HTTP/1.1 300) 3 headers in 106 bytes (1 switches on core 0)
Aug 17 15:58:17 devstack devstack@g-api.service[84047]: DEBUG glance.api.middleware.version_negotiation [None req-822d6c23-9259-4db7-a7d0-fdb56d6d7d5b admin admin] Determining version of request: GET /v2/images/7fc6effa-0803-4ace-ab3b-8bfac80ae909 Accept: */* {{(pid=84047) process_request /opt/stack/glance/glance/api/middleware/version_negotiation.py:44}}
Aug 17 15:58:17 devstack devstack@g-api.service[84047]: DEBUG glance.api.middleware.version_negotiation [None req-822d6c23-9259-4db7-a7d0-fdb56d6d7d5b admin admin] Using url versioning {{(pid=84047) process_request /opt/stack/glance/glance/api/middleware/version_negotiation.py:57}}
Aug 17 15:58:17 devstack devstack@g-api.service[84047]: DEBUG glance.api.middleware.version_negotiation [None req-822d6c23-9259-4db7-a7d0-fdb56d6d7d5b admin admin] Matched version: v2 {{(pid=84047) process_request /opt/stack/glance/glance/api/middleware/version_negotiation.py:69}}
Aug 17 15:58:17 devstack devstack@g-api.service[84047]: DEBUG glance.api.middleware.version_negotiation [None req-822d6c23-9259-4db7-a7d0-fdb56d6d7d5b admin admin] new path /v2/images/7fc6effa-0803-4ace-ab3b-8bfac80ae909 {{(pid=84047) process_request /opt/stack/glance/glance/api/middleware/version_negotiation.py:70}}
Aug 17 15:58:18 devstack devstack@g-api.service[84047]: [pid: 84047|app: 0|req: 5/11] 127.0.0.1 () {36 vars in 802 bytes} [Mon Aug 17 15:58:17 2026] GET /v2/images/7fc6effa-0803-4ace-ab3b-8bfac80ae909 => generated 976 bytes in 78 msecs (HTTP/1.1 200) 4 headers in 157 bytes (1 switches on core 0)
Aug 17 15:58:28 devstack devstack@g-api.service[84047]: DEBUG dbcounter [-] [84047] Writing DB stats glance:SELECT=5 {{(pid=84047) stat_writer /opt/stack/data/venv/lib/python3.12/site-packages/dbcounter.py:115}}
Aug 17 15:59:32 devstack devstack@g-api.service[84046]: DEBUG glance.api.middleware.version_negotiation [None req-b2484a19-bd6a-4e9f-ae40-6d82fc2ba27c admin admin] Determining version of request: GET / Accept: application/json {{(pid=84046) process_request /opt/stack/glance/glance/api/middleware/version_negotiation.py:44}}
Aug 17 15:59:32 devstack devstack@g-api.service[84046]: DEBUG glance.api.middleware.version_negotiation [None req-b2484a19-bd6a-4e9f-ae40-6d82fc2ba27c admin admin] Using url versioning {{(pid=84046) process_request /opt/stack/glance/glance/api/middleware/version_negotiation.py:57}}
Aug 17 15:59:32 devstack devstack@g-api.service[84046]: DEBUG glance.api.middleware.version_negotiation [None req-b2484a19-bd6a-4e9f-ae40-6d82fc2ba27c admin admin] Unknown version. Returning version choices. {{(pid=84046) process_request /opt/stack/glance/glance/api/middleware/version_negotiation.py:64}}
Aug 17 15:59:32 devstack devstack@g-api.service[84046]: [pid: 84046|app: 0|req: 7/12] 127.0.0.1 () {36 vars in 488 bytes} [Mon Aug 17 15:59:32 2026] GET / => generated 1571 bytes in 3 msecs (HTTP/1.1 300) 3 headers in 106 bytes (1 switches on core 0)
Aug 17 16:02:24 devstack devstack@g-api.service[84047]: DEBUG glance.api.middleware.version_negotiation [None req-8f3b689b-a0fa-4f5f-9340-37bd81545738 admin admin] Determining version of request: GET / Accept: application/json {{(pid=84047) process_request /opt/stack/glance/glance/api/middleware/version_negotiation.py:44}}
Aug 17 16:02:24 devstack devstack@g-api.service[84047]: DEBUG glance.api.middleware.version_negotiation [None req-8f3b689b-a0fa-4f5f-9340-37bd81545738 admin admin] Using url versioning {{(pid=84047) process_request /opt/stack/glance/glance/api/middleware/version_negotiation.py:57}}
Aug 17 16:02:24 devstack devstack@g-api.service[84047]: DEBUG glance.api.middleware.version_negotiation [None req-8f3b689b-a0fa-4f5f-9340-37bd81545738 admin admin] Unknown version. Returning version choices. {{(pid=84047) process_request /opt/stack/glance/glance/api/middleware/version_negotiation.py:64}}
Aug 17 16:02:24 devstack devstack@g-api.service[84047]: [pid: 84047|app: 0|req: 6/13] 127.0.0.1 () {34 vars in 505 bytes} [Mon Aug 17 16:02:24 2026] GET / => generated 1571 bytes in 7 msecs (HTTP/1.1 300) 3 headers in 106 bytes (1 switches on core 0)
Aug 17 16:02:24 devstack devstack@g-api.service[84046]: DEBUG glance.api.middleware.version_negotiation [None req-b2484a19-bd6a-4e9f-ae40-6d82fc2ba27c admin admin] Determining version of request: GET /v2/images/7fc6effa-0803-4ace-ab3b-8bfac80ae909 Accept: */* {{(pid=84046) process_request /opt/stack/glance/glance/api/middleware/version_negotiation.py:44}}
Aug 17 16:02:24 devstack devstack@g-api.service[84046]: DEBUG glance.api.middleware.version_negotiation [None req-b2484a19-bd6a-4e9f-ae40-6d82fc2ba27c admin admin] Using url versioning {{(pid=84046) process_request /opt/stack/glance/glance/api/middleware/version_negotiation.py:57}}
Aug 17 16:02:24 devstack devstack@g-api.service[84046]: DEBUG glance.api.middleware.version_negotiation [None req-b2484a19-bd6a-4e9f-ae40-6d82fc2ba27c admin admin] Matched version: v2 {{(pid=84046) process_request /opt/stack/glance/glance/api/middleware/version_negotiation.py:69}}
Aug 17 16:02:24 devstack devstack@g-api.service[84046]: DEBUG glance.api.middleware.version_negotiation [None req-b2484a19-bd6a-4e9f-ae40-6d82fc2ba27c admin admin] new path /v2/images/7fc6effa-0803-4ace-ab3b-8bfac80ae909 {{(pid=84046) process_request /opt/stack/glance/glance/api/middleware/version_negotiation.py:70}}
Aug 17 16:02:25 devstack devstack@g-api.service[84046]: [pid: 84046|app: 0|req: 8/14] 127.0.0.1 () {42 vars in 1061 bytes} [Mon Aug 17 16:02:24 2026] GET /v2/images/7fc6effa-0803-4ace-ab3b-8bfac80ae909 => generated 976 bytes in 307 msecs (HTTP/1.1 200) 4 headers in 157 bytes (1 switches on core 0)
Aug 17 16:02:25 devstack devstack@g-api.service[84047]: DEBUG glance.api.middleware.version_negotiation [None req-8f3b689b-a0fa-4f5f-9340-37bd81545738 admin admin] Determining version of request: GET /v2/schemas/image Accept: */* {{(pid=84047) process_request /opt/stack/glance/glance/api/middleware/version_negotiation.py:44}}
Aug 17 16:02:25 devstack devstack@g-api.service[84047]: DEBUG glance.api.middleware.version_negotiation [None req-8f3b689b-a0fa-4f5f-9340-37bd81545738 admin admin] Using url versioning {{(pid=84047) process_request /opt/stack/glance/glance/api/middleware/version_negotiation.py:57}}
Aug 17 16:02:25 devstack devstack@g-api.service[84047]: DEBUG glance.api.middleware.version_negotiation [None req-8f3b689b-a0fa-4f5f-9340-37bd81545738 admin admin] Matched version: v2 {{(pid=84047) process_request /opt/stack/glance/glance/api/middleware/version_negotiation.py:69}}
Aug 17 16:02:25 devstack devstack@g-api.service[84047]: DEBUG glance.api.middleware.version_negotiation [None req-8f3b689b-a0fa-4f5f-9340-37bd81545738 admin admin] new path /v2/schemas/image {{(pid=84047) process_request /opt/stack/glance/glance/api/middleware/version_negotiation.py:70}}
Aug 17 16:02:25 devstack devstack@g-api.service[84047]: [pid: 84047|app: 0|req: 7/15] 127.0.0.1 () {42 vars in 1001 bytes} [Mon Aug 17 16:02:25 2026] GET /v2/schemas/image => generated 6083 bytes in 8 msecs (HTTP/1.1 200) 4 headers in 158 bytes (1 switches on core 0)
Aug 17 16:02:27 devstack devstack@g-api.service[84046]: DEBUG glance.api.middleware.version_negotiation [None req-b8c26661-141b-4c2a-bb8b-fefd8e086745 tempest-DeleteServersTestJSON-2114829439 tempest-DeleteServersTestJSON-2114829439-project-member] Determining version of request: GET / Accept: application/json {{(pid=84046) process_request /opt/stack/glance/glance/api/middleware/version_negotiation.py:44}}
Aug 17 16:02:27 devstack devstack@g-api.service[84046]: DEBUG glance.api.middleware.version_negotiation [None req-b8c26661-141b-4c2a-bb8b-fefd8e086745 tempest-DeleteServersTestJSON-2114829439 tempest-DeleteServersTestJSON-2114829439-project-member] Using url versioning {{(pid=84046) process_request /opt/stack/glance/glance/api/middleware/version_negotiation.py:57}}
Aug 17 16:02:27 devstack devstack@g-api.service[84046]: DEBUG glance.api.middleware.version_negotiation [None req-b8c26661-141b-4c2a-bb8b-fefd8e086745 tempest-DeleteServersTestJSON-2114829439 tempest-DeleteServersTestJSON-2114829439-project-member] Unknown version. Returning version choices. {{(pid=84046) process_request /opt/stack/glance/glance/api/middleware/version_negotiation.py:64}}
Aug 17 16:02:27 devstack devstack@g-api.service[84046]: [pid: 84046|app: 0|req: 9/16] 127.0.0.1 () {34 vars in 505 bytes} [Mon Aug 17 16:02:27 2026] GET / => generated 1571 bytes in 6 msecs (HTTP/1.1 300) 3 headers in 106 bytes (1 switches on core 0)
Aug 17 16:02:27 devstack devstack@g-api.service[84047]: DEBUG glance.api.middleware.version_negotiation [None req-b8c26661-141b-4c2a-bb8b-fefd8e086745 tempest-DeleteServersTestJSON-2114829439 tempest-DeleteServersTestJSON-2114829439-project-member] Determining version of request: GET /v2/images/7fc6effa-0803-4ace-ab3b-8bfac80ae909 Accept: */* {{(pid=84047) process_request /opt/stack/glance/glance/api/middleware/version_negotiation.py:44}}
Aug 17 16:02:27 devstack devstack@g-api.service[84047]: DEBUG glance.api.middleware.version_negotiation [None req-b8c26661-141b-4c2a-bb8b-fefd8e086745 tempest-DeleteServersTestJSON-2114829439 tempest-DeleteServersTestJSON-2114829439-project-member] Using url versioning {{(pid=84047) process_request /opt/stack/glance/glance/api/middleware/version_negotiation.py:57}}
Aug 17 16:02:27 devstack devstack@g-api.service[84047]: DEBUG glance.api.middleware.version_negotiation [None req-b8c26661-141b-4c2a-bb8b-fefd8e086745 tempest-DeleteServersTestJSON-2114829439 tempest-DeleteServersTestJSON-2114829439-project-member] Matched version: v2 {{(pid=84047) process_request /opt/stack/glance/glance/api/middleware/version_negotiation.py:69}}
Aug 17 16:02:27 devstack devstack@g-api.service[84047]: DEBUG glance.api.middleware.version_negotiation [None req-b8c26661-141b-4c2a-bb8b-fefd8e086745 tempest-DeleteServersTestJSON-2114829439 tempest-DeleteServersTestJSON-2114829439-project-member] new path /v2/images/7fc6effa-0803-4ace-ab3b-8bfac80ae909 {{(pid=84047) process_request /opt/stack/glance/glance/api/middleware/version_negotiation.py:70}}
Aug 17 16:02:28 devstack devstack@g-api.service[84047]: [pid: 84047|app: 0|req: 8/17] 127.0.0.1 () {42 vars in 1061 bytes} [Mon Aug 17 16:02:27 2026] GET /v2/images/7fc6effa-0803-4ace-ab3b-8bfac80ae909 => generated 976 bytes in 234 msecs (HTTP/1.1 200) 4 headers in 157 bytes (1 switches on core 0)
Aug 17 16:02:28 devstack devstack@g-api.service[84046]: DEBUG glance.api.middleware.version_negotiation [None req-b8c26661-141b-4c2a-bb8b-fefd8e086745 tempest-DeleteServersTestJSON-2114829439 tempest-DeleteServersTestJSON-2114829439-project-member] Determining version of request: GET /v2/schemas/image Accept: */* {{(pid=84046) process_request /opt/stack/glance/glance/api/middleware/version_negotiation.py:44}}
Aug 17 16:02:28 devstack devstack@g-api.service[84046]: DEBUG glance.api.middleware.version_negotiation [None req-b8c26661-141b-4c2a-bb8b-fefd8e086745 tempest-DeleteServersTestJSON-2114829439 tempest-DeleteServersTestJSON-2114829439-project-member] Using url versioning {{(pid=84046) process_request /opt/stack/glance/glance/api/middleware/version_negotiation.py:57}}
Aug 17 16:02:28 devstack devstack@g-api.service[84046]: DEBUG glance.api.middleware.version_negotiation [None req-b8c26661-141b-4c2a-bb8b-fefd8e086745 tempest-DeleteServersTestJSON-2114829439 tempest-DeleteServersTestJSON-2114829439-project-member] Matched version: v2 {{(pid=84046) process_request /opt/stack/glance/glance/api/middleware/version_negotiation.py:69}}
Aug 17 16:02:28 devstack devstack@g-api.service[84046]: DEBUG glance.api.middleware.version_negotiation [None req-b8c26661-141b-4c2a-bb8b-fefd8e086745 tempest-DeleteServersTestJSON-2114829439 tempest-DeleteServersTestJSON-2114829439-project-member] new path /v2/schemas/image {{(pid=84046) process_request /opt/stack/glance/glance/api/middleware/version_negotiation.py:70}}
Aug 17 16:02:28 devstack devstack@g-api.service[84046]: [pid: 84046|app: 0|req: 10/18] 127.0.0.1 () {42 vars in 1001 bytes} [Mon Aug 17 16:02:28 2026] GET /v2/schemas/image => generated 6083 bytes in 10 msecs (HTTP/1.1 200) 4 headers in 158 bytes (1 switches on core 0)
Aug 17 16:02:31 devstack devstack@g-api.service[84047]: DEBUG glance.api.middleware.version_negotiation [None req-fc62b70c-7d0e-48da-b21e-2b9239f4955c tempest-ServerRescueNegativeTestJSON-785247129 tempest-ServerRescueNegativeTestJSON-785247129-project-member] Determining version of request: GET /v2/images/7fc6effa-0803-4ace-ab3b-8bfac80ae909 Accept: */* {{(pid=84047) process_request /opt/stack/glance/glance/api/middleware/version_negotiation.py:44}}
Aug 17 16:02:31 devstack devstack@g-api.service[84047]: DEBUG glance.api.middleware.version_negotiation [None req-fc62b70c-7d0e-48da-b21e-2b9239f4955c tempest-ServerRescueNegativeTestJSON-785247129 tempest-ServerRescueNegativeTestJSON-785247129-project-member] Using url versioning {{(pid=84047) process_request /opt/stack/glance/glance/api/middleware/version_negotiation.py:57}}
Aug 17 16:02:31 devstack devstack@g-api.service[84047]: DEBUG glance.api.middleware.version_negotiation [None req-fc62b70c-7d0e-48da-b21e-2b9239f4955c tempest-ServerRescueNegativeTestJSON-785247129 tempest-ServerRescueNegativeTestJSON-785247129-project-member] Matched version: v2 {{(pid=84047) process_request /opt/stack/glance/glance/api/middleware/version_negotiation.py:69}}
Aug 17 16:02:31 devstack devstack@g-api.service[84047]: DEBUG glance.api.middleware.version_negotiation [None req-fc62b70c-7d0e-48da-b21e-2b9239f4955c tempest-ServerRescueNegativeTestJSON-785247129 tempest-ServerRescueNegativeTestJSON-785247129-project-member] new path /v2/images/7fc6effa-0803-4ace-ab3b-8bfac80ae909 {{(pid=84047) process_request /opt/stack/glance/glance/api/middleware/version_negotiation.py:70}}
Aug 17 16:02:31 devstack devstack@g-api.service[84047]: [pid: 84047|app: 0|req: 9/19] 127.0.0.1 () {42 vars in 1061 bytes} [Mon Aug 17 16:02:31 2026] GET /v2/images/7fc6effa-0803-4ace-ab3b-8bfac80ae909 => generated 976 bytes in 68 msecs (HTTP/1.1 200) 4 headers in 157 bytes (1 switches on core 0)
Aug 17 16:02:31 devstack devstack@g-api.service[84046]: DEBUG glance.api.middleware.version_negotiation [None req-fc62b70c-7d0e-48da-b21e-2b9239f4955c tempest-ServerRescueNegativeTestJSON-785247129 tempest-ServerRescueNegativeTestJSON-785247129-project-member] Determining version of request: GET /v2/schemas/image Accept: */* {{(pid=84046) process_request /opt/stack/glance/glance/api/middleware/version_negotiation.py:44}}
Aug 17 16:02:31 devstack devstack@g-api.service[84046]: DEBUG glance.api.middleware.version_negotiation [None req-fc62b70c-7d0e-48da-b21e-2b9239f4955c tempest-ServerRescueNegativeTestJSON-785247129 tempest-ServerRescueNegativeTestJSON-785247129-project-member] Using url versioning {{(pid=84046) process_request /opt/stack/glance/glance/api/middleware/version_negotiation.py:57}}
Aug 17 16:02:31 devstack devstack@g-api.service[84046]: DEBUG glance.api.middleware.version_negotiation [None req-fc62b70c-7d0e-48da-b21e-2b9239f4955c tempest-ServerRescueNegativeTestJSON-785247129 tempest-ServerRescueNegativeTestJSON-785247129-project-member] Matched version: v2 {{(pid=84046) process_request /opt/stack/glance/glance/api/middleware/version_negotiation.py:69}}
Aug 17 16:02:31 devstack devstack@g-api.service[84046]: DEBUG glance.api.middleware.version_negotiation [None req-fc62b70c-7d0e-48da-b21e-2b9239f4955c tempest-ServerRescueNegativeTestJSON-785247129 tempest-ServerRescueNegativeTestJSON-785247129-project-member] new path /v2/schemas/image {{(pid=84046) process_request /opt/stack/glance/glance/api/middleware/version_negotiation.py:70}}
Aug 17 16:02:31 devstack devstack@g-api.service[84046]: [pid: 84046|app: 0|req: 11/20] 127.0.0.1 () {42 vars in 1001 bytes} [Mon Aug 17 16:02:31 2026] GET /v2/schemas/image => generated 6083 bytes in 10 msecs (HTTP/1.1 200) 4 headers in 158 bytes (1 switches on core 0)
Aug 17 16:02:35 devstack devstack@g-api.service[84046]: DEBUG dbcounter [-] [84046] Writing DB stats glance:SELECT=2 {{(pid=84046) stat_writer /opt/stack/data/venv/lib/python3.12/site-packages/dbcounter.py:115}}
Aug 17 16:02:35 devstack devstack@g-api.service[84047]: DEBUG glance.api.middleware.version_negotiation [None req-d895cf31-2f1d-4af2-a00a-32bc25db512e tempest-ServerRescueNegativeTestJSON-785247129 tempest-ServerRescueNegativeTestJSON-785247129-project-member] Determining version of request: GET /v2/images/7fc6effa-0803-4ace-ab3b-8bfac80ae909 Accept: */* {{(pid=84047) process_request /opt/stack/glance/glance/api/middleware/version_negotiation.py:44}}
Aug 17 16:02:35 devstack devstack@g-api.service[84047]: DEBUG glance.api.middleware.version_negotiation [None req-d895cf31-2f1d-4af2-a00a-32bc25db512e tempest-ServerRescueNegativeTestJSON-785247129 tempest-ServerRescueNegativeTestJSON-785247129-project-member] Using url versioning {{(pid=84047) process_request /opt/stack/glance/glance/api/middleware/version_negotiation.py:57}}
Aug 17 16:02:35 devstack devstack@g-api.service[84047]: DEBUG glance.api.middleware.version_negotiation [None req-d895cf31-2f1d-4af2-a00a-32bc25db512e tempest-ServerRescueNegativeTestJSON-785247129 tempest-ServerRescueNegativeTestJSON-785247129-project-member] Matched version: v2 {{(pid=84047) process_request /opt/stack/glance/glance/api/middleware/version_negotiation.py:69}}
Aug 17 16:02:35 devstack devstack@g-api.service[84047]: DEBUG glance.api.middleware.version_negotiation [None req-d895cf31-2f1d-4af2-a00a-32bc25db512e tempest-ServerRescueNegativeTestJSON-785247129 tempest-ServerRescueNegativeTestJSON-785247129-project-member] new path /v2/images/7fc6effa-0803-4ace-ab3b-8bfac80ae909 {{(pid=84047) process_request /opt/stack/glance/glance/api/middleware/version_negotiation.py:70}}
Aug 17 16:02:36 devstack devstack@g-api.service[84047]: [pid: 84047|app: 0|req: 10/21] 127.0.0.1 () {42 vars in 1061 bytes} [Mon Aug 17 16:02:35 2026] GET /v2/images/7fc6effa-0803-4ace-ab3b-8bfac80ae909 => generated 976 bytes in 362 msecs (HTTP/1.1 200) 4 headers in 157 bytes (1 switches on core 0)
Aug 17 16:02:36 devstack devstack@g-api.service[84046]: DEBUG glance.api.middleware.version_negotiation [None req-d895cf31-2f1d-4af2-a00a-32bc25db512e tempest-ServerRescueNegativeTestJSON-785247129 tempest-ServerRescueNegativeTestJSON-785247129-project-member] Determining version of request: GET /v2/images/7fc6effa-0803-4ace-ab3b-8bfac80ae909/file Accept: */* {{(pid=84046) process_request /opt/stack/glance/glance/api/middleware/version_negotiation.py:44}}
Aug 17 16:02:36 devstack devstack@g-api.service[84046]: DEBUG glance.api.middleware.version_negotiation [None req-d895cf31-2f1d-4af2-a00a-32bc25db512e tempest-ServerRescueNegativeTestJSON-785247129 tempest-ServerRescueNegativeTestJSON-785247129-project-member] Using url versioning {{(pid=84046) process_request /opt/stack/glance/glance/api/middleware/version_negotiation.py:57}}
Aug 17 16:02:36 devstack devstack@g-api.service[84046]: DEBUG glance.api.middleware.version_negotiation [None req-d895cf31-2f1d-4af2-a00a-32bc25db512e tempest-ServerRescueNegativeTestJSON-785247129 tempest-ServerRescueNegativeTestJSON-785247129-project-member] Matched version: v2 {{(pid=84046) process_request /opt/stack/glance/glance/api/middleware/version_negotiation.py:69}}
Aug 17 16:02:36 devstack devstack@g-api.service[84046]: DEBUG glance.api.middleware.version_negotiation [None req-d895cf31-2f1d-4af2-a00a-32bc25db512e tempest-ServerRescueNegativeTestJSON-785247129 tempest-ServerRescueNegativeTestJSON-785247129-project-member] new path /v2/images/7fc6effa-0803-4ace-ab3b-8bfac80ae909/file {{(pid=84046) process_request /opt/stack/glance/glance/api/middleware/version_negotiation.py:70}}
Aug 17 16:02:36 devstack devstack@g-api.service[84046]: DEBUG glance_store._drivers.filesystem [None req-fc62b70c-7d0e-48da-b21e-2b9239f4955c tempest-ServerRescueNegativeTestJSON-785247129 tempest-ServerRescueNegativeTestJSON-785247129-project-member] Found image at /opt/stack/data/glance/images/7fc6effa-0803-4ace-ab3b-8bfac80ae909. Returning in ChunkedFile. {{(pid=84046) get /opt/stack/data/venv/lib/python3.12/site-packages/glance_store/_drivers/filesystem.py:724}}
Aug 17 16:02:36 devstack devstack@g-api.service[84046]: DEBUG glance.image_cache [None req-fc62b70c-7d0e-48da-b21e-2b9239f4955c tempest-ServerRescueNegativeTestJSON-785247129 tempest-ServerRescueNegativeTestJSON-785247129-project-member] Tee'ing image '7fc6effa-0803-4ace-ab3b-8bfac80ae909' into cache {{(pid=84046) get_caching_iter /opt/stack/glance/glance/image_cache/__init__.py:356}}
Aug 17 16:02:36 devstack devstack@g-api.service[84046]: DEBUG glance.image_cache.drivers.centralized_db [None req-fc62b70c-7d0e-48da-b21e-2b9239f4955c tempest-ServerRescueNegativeTestJSON-785247129 tempest-ServerRescueNegativeTestJSON-785247129-project-member] Fetch finished, moving '/opt/stack/data/glance/cache/incomplete/7fc6effa-0803-4ace-ab3b-8bfac80ae909' to '/opt/stack/data/glance/cache/7fc6effa-0803-4ace-ab3b-8bfac80ae909' {{(pid=84046) commit /opt/stack/glance/glance/image_cache/drivers/centralized_db.py:243}}
Aug 17 16:02:36 devstack devstack@g-api.service[84046]: DEBUG glance.image_cache.drivers.centralized_db [None req-fc62b70c-7d0e-48da-b21e-2b9239f4955c tempest-ServerRescueNegativeTestJSON-785247129 tempest-ServerRescueNegativeTestJSON-785247129-project-member] Image cached successfully. {{(pid=84046) commit /opt/stack/glance/glance/image_cache/drivers/centralized_db.py:258}}
Aug 17 16:02:36 devstack devstack@g-api.service[84046]: [pid: 84046|app: 0|req: 12/22] 127.0.0.1 () {42 vars in 1071 bytes} [Mon Aug 17 16:02:36 2026] GET /v2/images/7fc6effa-0803-4ace-ab3b-8bfac80ae909/file => generated 21692416 bytes in 461 msecs (HTTP/1.1 200) 4 headers in 191 bytes (336 switches on core 0)
Aug 17 16:02:36 devstack devstack@g-api.service[84047]: DEBUG glance.api.middleware.version_negotiation [None req-fc62b70c-7d0e-48da-b21e-2b9239f4955c tempest-ServerRescueNegativeTestJSON-785247129 tempest-ServerRescueNegativeTestJSON-785247129-project-member] Determining version of request: GET /v2/images/7fc6effa-0803-4ace-ab3b-8bfac80ae909 Accept: */* {{(pid=84047) process_request /opt/stack/glance/glance/api/middleware/version_negotiation.py:44}}
Aug 17 16:02:36 devstack devstack@g-api.service[84047]: DEBUG glance.api.middleware.version_negotiation [None req-fc62b70c-7d0e-48da-b21e-2b9239f4955c tempest-ServerRescueNegativeTestJSON-785247129 tempest-ServerRescueNegativeTestJSON-785247129-project-member] Using url versioning {{(pid=84047) process_request /opt/stack/glance/glance/api/middleware/version_negotiation.py:57}}
Aug 17 16:02:36 devstack devstack@g-api.service[84047]: DEBUG glance.api.middleware.version_negotiation [None req-fc62b70c-7d0e-48da-b21e-2b9239f4955c tempest-ServerRescueNegativeTestJSON-785247129 tempest-ServerRescueNegativeTestJSON-785247129-project-member] Matched version: v2 {{(pid=84047) process_request /opt/stack/glance/glance/api/middleware/version_negotiation.py:69}}
Aug 17 16:02:36 devstack devstack@g-api.service[84047]: DEBUG glance.api.middleware.version_negotiation [None req-fc62b70c-7d0e-48da-b21e-2b9239f4955c tempest-ServerRescueNegativeTestJSON-785247129 tempest-ServerRescueNegativeTestJSON-785247129-project-member] new path /v2/images/7fc6effa-0803-4ace-ab3b-8bfac80ae909 {{(pid=84047) process_request /opt/stack/glance/glance/api/middleware/version_negotiation.py:70}}
Aug 17 16:02:36 devstack devstack@g-api.service[84047]: [pid: 84047|app: 0|req: 11/23] 127.0.0.1 () {42 vars in 1061 bytes} [Mon Aug 17 16:02:36 2026] GET /v2/images/7fc6effa-0803-4ace-ab3b-8bfac80ae909 => generated 976 bytes in 26 msecs (HTTP/1.1 200) 4 headers in 157 bytes (1 switches on core 0)
Aug 17 16:02:36 devstack devstack@g-api.service[84046]: DEBUG glance.api.middleware.version_negotiation [None req-fc62b70c-7d0e-48da-b21e-2b9239f4955c tempest-ServerRescueNegativeTestJSON-785247129 tempest-ServerRescueNegativeTestJSON-785247129-project-member] Determining version of request: GET /v2/schemas/image Accept: */* {{(pid=84046) process_request /opt/stack/glance/glance/api/middleware/version_negotiation.py:44}}
Aug 17 16:02:36 devstack devstack@g-api.service[84046]: DEBUG glance.api.middleware.version_negotiation [None req-fc62b70c-7d0e-48da-b21e-2b9239f4955c tempest-ServerRescueNegativeTestJSON-785247129 tempest-ServerRescueNegativeTestJSON-785247129-project-member] Using url versioning {{(pid=84046) process_request /opt/stack/glance/glance/api/middleware/version_negotiation.py:57}}
