Jun 25 18:10:11 devstack cinder-volume[93651]: DEBUG oslo_concurrency.lockutils [None req-28002c8f-de10-4f26-b0e4-a434ff09ae48 tempest-GroupSnapshotsTest-215261498 None] Lock "quobyte" acquired by "cinder.volume.drivers.quobyte.QuobyteDriver.create_snapshot" :: waited 0.002s {{(pid=93651) inner /opt/stack/data/venv/lib/python3.12/site-packages/oslo_concurrency/lockutils.py:524}}
Jun 25 18:10:11 devstack cinder-volume[93651]: DEBUG cinder.volume.drivers.remotefs [None req-28002c8f-de10-4f26-b0e4-a434ff09ae48 tempest-GroupSnapshotsTest-215261498 None] Creating offline snapshot 0ed3dfa9-c60f-4a09-971c-c3b37c6065c9 of volume d2facf7d-d7eb-4fac-a86a-0f19f0f58142 {{(pid=93651) _create_snapshot /opt/stack/cinder/cinder/volume/drivers/remotefs.py:1816}}
Jun 25 18:10:11 devstack cinder-volume[93651]: DEBUG oslo.privsep.daemon [-] privsep: reply[845faffc-cb7a-4c6b-9db0-9e1ff2145b5b]: (4, 'qcow2') {{(pid=95330) _call_back /opt/stack/data/venv/lib/python3.12/site-packages/oslo_privsep/daemon.py:580}}
Jun 25 18:10:11 devstack cinder-volume[93651]: DEBUG oslo_concurrency.processutils [None req-28002c8f-de10-4f26-b0e4-a434ff09ae48 tempest-GroupSnapshotsTest-215261498 None] Running cmd (subprocess): /opt/stack/data/venv/bin/python3.12 -m oslo_concurrency.prlimit --as=1073741824 --cpu=60 -- sudo cinder-rootwrap /etc/cinder/rootwrap.conf env LC_ALL=C qemu-img info -f qcow2 --output=json --force-share /opt/stack/data/cinder/mnt/898679d025c522dd5b9d724110daea05/volume-d2facf7d-d7eb-4fac-a86a-0f19f0f58142 {{(pid=93651) execute /opt/stack/data/venv/lib/python3.12/site-packages/oslo_concurrency/processutils.py:440}}
Jun 25 18:10:12 devstack sudo[100011]: quobyte : PWD=/ ; USER=root ; COMMAND=/opt/stack/data/venv/bin/cinder-rootwrap /etc/cinder/rootwrap.conf env LC_ALL=C qemu-img info -f qcow2 --output=json --force-share /opt/stack/data/cinder/mnt/898679d025c522dd5b9d724110daea05/volume-d2facf7d-d7eb-4fac-a86a-0f19f0f58142
Jun 25 18:10:12 devstack sudo[100011]: pam_unix(sudo:session): session opened for user root(uid=0) by (uid=1000)
Jun 25 18:10:12 devstack cinder-volume[93651]: DEBUG cinder.volume.flows.manager.create_volume [None req-9c89814f-1d6e-4e4d-95ed-1a94eed2ad9f tempest-GroupSnapshotsV319Test-2135919658 None] Volume reschedule parameters: True retry: {'num_attempts': 1, 'backends': ['devstack@QuobyteHD#QuobyteHD'], 'hosts': ['devstack@QuobyteHD#QuobyteHD']} {{(pid=93651) get_flow /opt/stack/cinder/cinder/volume/flows/manager/create_volume.py:1397}}
Jun 25 18:10:12 devstack cinder-volume[93651]: DEBUG cinder.volume.manager [None req-9c89814f-1d6e-4e4d-95ed-1a94eed2ad9f tempest-GroupSnapshotsV319Test-2135919658 None] Flow 'volume_create_manager' (72e4afbd-3fb0-4727-ba5d-41cda0de2517) transitioned into state 'RUNNING' from state 'PENDING' {{(pid=93651) _flow_receiver /opt/stack/data/venv/lib/python3.12/site-packages/taskflow/listeners/logging.py:160}}
Jun 25 18:10:12 devstack cinder-volume[93651]: DEBUG cinder.volume.manager [None req-9c89814f-1d6e-4e4d-95ed-1a94eed2ad9f tempest-GroupSnapshotsV319Test-2135919658 None] Task 'cinder.volume.flows.manager.create_volume.ExtractVolumeRefTask;volume:create' (b319cf77-9b79-4d1b-9450-bf518d8d0482) transitioned into state 'RUNNING' from state 'PENDING' {{(pid=93651) _task_receiver /opt/stack/data/venv/lib/python3.12/site-packages/taskflow/listeners/logging.py:242}}
Jun 25 18:10:12 devstack cinder-volume[93651]: DEBUG cinder.volume.manager [None req-9c89814f-1d6e-4e4d-95ed-1a94eed2ad9f tempest-GroupSnapshotsV319Test-2135919658 None] Task 'cinder.volume.flows.manager.create_volume.ExtractVolumeRefTask;volume:create' (b319cf77-9b79-4d1b-9450-bf518d8d0482) transitioned into state 'SUCCESS' from state 'RUNNING' with result 'Volume(_name_id=None,admin_metadata=,attach_status='detached',availability_zone='nova',bootable=False,cluster=,cluster_name=None,consistencygroup=,consistencygroup_id=None,created_at=2026-06-25T16:10:12Z,deleted=False,deleted_at=None,display_description=None,display_name='tempest-volume-1144810352',ec2_id=None,encryption_key_id=None,glance_metadata=,group=,group_id=bf8abb10-a864-4318-9966-099b53c300c7,host='devstack@QuobyteHD#QuobyteHD',id=152d1636-186c-4ba1-8581-5e78423d7ce3,launched_at=None,metadata={},migration_status=None,multiattach=False,previous_status=None,project_id='24bedb97d45f49c8b5dbff5fde6f9a45',provider_auth=None,provider_geometry=None,provider_id=None,provider_location=None,replication_driver_data=None,replication_extended_status=None,replication_status=None,scheduled_at=2026-06-25T16:10:12Z,service_uuid=None,shared_targets=True,size=1,snapshot_id=None,snapshots=,source_volid=None,status='creating',terminated_at=None,updated_at=2026-06-25T16:10:12Z,use_quota=True,user_id='9bab294655a24ea080a1e8aa5277fcbe',volume_attachment=VolumeAttachmentList,volume_type=VolumeType(3daf4236-2bf8-4c08-8042-99c74837cdad),volume_type_id=3daf4236-2bf8-4c08-8042-99c74837cdad)' {{(pid=93651) _task_receiver /opt/stack/data/venv/lib/python3.12/site-packages/taskflow/listeners/logging.py:218}}
Jun 25 18:10:12 devstack cinder-volume[93651]: DEBUG cinder.volume.manager [None req-9c89814f-1d6e-4e4d-95ed-1a94eed2ad9f tempest-GroupSnapshotsV319Test-2135919658 None] Task 'cinder.volume.flows.manager.create_volume.OnFailureRescheduleTask;volume:create' (79918e63-a187-4dab-91da-314ea1fcaf67) transitioned into state 'RUNNING' from state 'PENDING' {{(pid=93651) _task_receiver /opt/stack/data/venv/lib/python3.12/site-packages/taskflow/listeners/logging.py:242}}
Jun 25 18:10:12 devstack cinder-volume[93651]: DEBUG cinder.volume.manager [None req-9c89814f-1d6e-4e4d-95ed-1a94eed2ad9f tempest-GroupSnapshotsV319Test-2135919658 None] Task 'cinder.volume.flows.manager.create_volume.OnFailureRescheduleTask;volume:create' (79918e63-a187-4dab-91da-314ea1fcaf67) transitioned into state 'SUCCESS' from state 'RUNNING' with result 'None' {{(pid=93651) _task_receiver /opt/stack/data/venv/lib/python3.12/site-packages/taskflow/listeners/logging.py:218}}
Jun 25 18:10:12 devstack cinder-volume[93651]: DEBUG cinder.volume.manager [None req-9c89814f-1d6e-4e4d-95ed-1a94eed2ad9f tempest-GroupSnapshotsV319Test-2135919658 None] Task 'cinder.volume.flows.manager.create_volume.ExtractVolumeSpecTask;volume:create' (cbfe6c68-36f1-4773-9bd9-c3eaeaf63488) transitioned into state 'RUNNING' from state 'PENDING' {{(pid=93651) _task_receiver /opt/stack/data/venv/lib/python3.12/site-packages/taskflow/listeners/logging.py:242}}
Jun 25 18:10:12 devstack cinder-volume[93651]: DEBUG cinder.volume.manager [None req-9c89814f-1d6e-4e4d-95ed-1a94eed2ad9f tempest-GroupSnapshotsV319Test-2135919658 None] Task 'cinder.volume.flows.manager.create_volume.ExtractVolumeSpecTask;volume:create' (cbfe6c68-36f1-4773-9bd9-c3eaeaf63488) transitioned into state 'SUCCESS' from state 'RUNNING' with result '{'status': 'creating', 'type': 'raw', 'volume_id': '152d1636-186c-4ba1-8581-5e78423d7ce3', 'volume_name': 'volume-152d1636-186c-4ba1-8581-5e78423d7ce3', 'volume_size': 1}' {{(pid=93651) _task_receiver /opt/stack/data/venv/lib/python3.12/site-packages/taskflow/listeners/logging.py:218}}
Jun 25 18:10:12 devstack cinder-volume[93651]: DEBUG cinder.volume.manager [None req-9c89814f-1d6e-4e4d-95ed-1a94eed2ad9f tempest-GroupSnapshotsV319Test-2135919658 None] Task 'cinder.volume.flows.manager.create_volume.NotifyVolumeActionTask;volume:create, create.start' (c80fe548-5f59-4028-804a-756efcd918ab) transitioned into state 'RUNNING' from state 'PENDING' {{(pid=93651) _task_receiver /opt/stack/data/venv/lib/python3.12/site-packages/taskflow/listeners/logging.py:242}}
Jun 25 18:10:12 devstack cinder-volume[93651]: DEBUG cinder.volume.manager [None req-9c89814f-1d6e-4e4d-95ed-1a94eed2ad9f tempest-GroupSnapshotsV319Test-2135919658 None] Task 'cinder.volume.flows.manager.create_volume.NotifyVolumeActionTask;volume:create, create.start' (c80fe548-5f59-4028-804a-756efcd918ab) transitioned into state 'SUCCESS' from state 'RUNNING' with result 'None' {{(pid=93651) _task_receiver /opt/stack/data/venv/lib/python3.12/site-packages/taskflow/listeners/logging.py:218}}
Jun 25 18:10:12 devstack cinder-volume[93651]: DEBUG cinder.volume.manager [None req-9c89814f-1d6e-4e4d-95ed-1a94eed2ad9f tempest-GroupSnapshotsV319Test-2135919658 None] Task 'cinder.volume.flows.manager.create_volume.CreateVolumeFromSpecTask;volume:create' (a2c4406b-da65-4afc-99d2-ca469457fd41) transitioned into state 'RUNNING' from state 'PENDING' {{(pid=93651) _task_receiver /opt/stack/data/venv/lib/python3.12/site-packages/taskflow/listeners/logging.py:242}}
Jun 25 18:10:12 devstack cinder-volume[93651]: INFO cinder.volume.flows.manager.create_volume [None req-9c89814f-1d6e-4e4d-95ed-1a94eed2ad9f tempest-GroupSnapshotsV319Test-2135919658 None] Volume 152d1636-186c-4ba1-8581-5e78423d7ce3: being created as raw with specification: {'status': 'creating', 'volume_name': 'volume-152d1636-186c-4ba1-8581-5e78423d7ce3', 'volume_size': 1}
Jun 25 18:10:12 devstack cinder-volume[93651]: DEBUG oslo_concurrency.lockutils [None req-9c89814f-1d6e-4e4d-95ed-1a94eed2ad9f tempest-GroupSnapshotsV319Test-2135919658 None] Acquiring lock "quobyte" by "cinder.volume.drivers.quobyte.QuobyteDriver.create_volume" {{(pid=93651) inner /opt/stack/data/venv/lib/python3.12/site-packages/oslo_concurrency/lockutils.py:511}}
Jun 25 18:10:13 devstack sudo[100011]: pam_unix(sudo:session): session closed for user root
Jun 25 18:10:13 devstack cinder-volume[93651]: DEBUG oslo_concurrency.processutils [None req-28002c8f-de10-4f26-b0e4-a434ff09ae48 tempest-GroupSnapshotsTest-215261498 None] CMD "/opt/stack/data/venv/bin/python3.12 -m oslo_concurrency.prlimit --as=1073741824 --cpu=60 -- sudo cinder-rootwrap /etc/cinder/rootwrap.conf env LC_ALL=C qemu-img info -f qcow2 --output=json --force-share /opt/stack/data/cinder/mnt/898679d025c522dd5b9d724110daea05/volume-d2facf7d-d7eb-4fac-a86a-0f19f0f58142" returned: 0 in 1.068s {{(pid=93651) execute /opt/stack/data/venv/lib/python3.12/site-packages/oslo_concurrency/processutils.py:468}}
Jun 25 18:10:13 devstack cinder-volume[93651]: DEBUG oslo_concurrency.processutils [None req-28002c8f-de10-4f26-b0e4-a434ff09ae48 tempest-GroupSnapshotsTest-215261498 None] Running cmd (subprocess): sudo cinder-rootwrap /etc/cinder/rootwrap.conf qemu-img create -f qcow2 -o backing_file=/opt/stack/data/cinder/mnt/898679d025c522dd5b9d724110daea05/volume-d2facf7d-d7eb-4fac-a86a-0f19f0f58142,backing_fmt=qcow2 /opt/stack/data/cinder/mnt/898679d025c522dd5b9d724110daea05/volume-d2facf7d-d7eb-4fac-a86a-0f19f0f58142.0ed3dfa9-c60f-4a09-971c-c3b37c6065c9 1G {{(pid=93651) execute /opt/stack/data/venv/lib/python3.12/site-packages/oslo_concurrency/processutils.py:440}}
Jun 25 18:10:13 devstack sudo[100025]: quobyte : PWD=/ ; USER=root ; COMMAND=/opt/stack/data/venv/bin/cinder-rootwrap /etc/cinder/rootwrap.conf qemu-img create -f qcow2 -o backing_file=/opt/stack/data/cinder/mnt/898679d025c522dd5b9d724110daea05/volume-d2facf7d-d7eb-4fac-a86a-0f19f0f58142,backing_fmt=qcow2 /opt/stack/data/cinder/mnt/898679d025c522dd5b9d724110daea05/volume-d2facf7d-d7eb-4fac-a86a-0f19f0f58142.0ed3dfa9-c60f-4a09-971c-c3b37c6065c9 1G
Jun 25 18:10:13 devstack sudo[100025]: pam_unix(sudo:session): session opened for user root(uid=0) by (uid=1000)
Jun 25 18:10:13 devstack sudo[100025]: pam_unix(sudo:session): session closed for user root
Jun 25 18:10:13 devstack cinder-volume[93651]: DEBUG oslo_concurrency.processutils [None req-28002c8f-de10-4f26-b0e4-a434ff09ae48 tempest-GroupSnapshotsTest-215261498 None] CMD "sudo cinder-rootwrap /etc/cinder/rootwrap.conf qemu-img create -f qcow2 -o backing_file=/opt/stack/data/cinder/mnt/898679d025c522dd5b9d724110daea05/volume-d2facf7d-d7eb-4fac-a86a-0f19f0f58142,backing_fmt=qcow2 /opt/stack/data/cinder/mnt/898679d025c522dd5b9d724110daea05/volume-d2facf7d-d7eb-4fac-a86a-0f19f0f58142.0ed3dfa9-c60f-4a09-971c-c3b37c6065c9 1G" returned: 0 in 0.871s {{(pid=93651) execute /opt/stack/data/venv/lib/python3.12/site-packages/oslo_concurrency/processutils.py:468}}
Jun 25 18:10:13 devstack cinder-volume[93651]: DEBUG oslo_concurrency.processutils [None req-28002c8f-de10-4f26-b0e4-a434ff09ae48 tempest-GroupSnapshotsTest-215261498 None] Running cmd (subprocess): sudo cinder-rootwrap /etc/cinder/rootwrap.conf qemu-img rebase -u -b volume-d2facf7d-d7eb-4fac-a86a-0f19f0f58142 -F qcow2 /opt/stack/data/cinder/mnt/898679d025c522dd5b9d724110daea05/volume-d2facf7d-d7eb-4fac-a86a-0f19f0f58142.0ed3dfa9-c60f-4a09-971c-c3b37c6065c9 {{(pid=93651) execute /opt/stack/data/venv/lib/python3.12/site-packages/oslo_concurrency/processutils.py:440}}
Jun 25 18:10:13 devstack sudo[100030]: quobyte : PWD=/ ; USER=root ; COMMAND=/opt/stack/data/venv/bin/cinder-rootwrap /etc/cinder/rootwrap.conf qemu-img rebase -u -b volume-d2facf7d-d7eb-4fac-a86a-0f19f0f58142 -F qcow2 /opt/stack/data/cinder/mnt/898679d025c522dd5b9d724110daea05/volume-d2facf7d-d7eb-4fac-a86a-0f19f0f58142.0ed3dfa9-c60f-4a09-971c-c3b37c6065c9
Jun 25 18:10:13 devstack sudo[100030]: pam_unix(sudo:session): session opened for user root(uid=0) by (uid=1000)
Jun 25 18:10:14 devstack sudo[100030]: pam_unix(sudo:session): session closed for user root
Jun 25 18:10:14 devstack cinder-volume[93651]: DEBUG oslo_concurrency.processutils [None req-28002c8f-de10-4f26-b0e4-a434ff09ae48 tempest-GroupSnapshotsTest-215261498 None] CMD "sudo cinder-rootwrap /etc/cinder/rootwrap.conf qemu-img rebase -u -b volume-d2facf7d-d7eb-4fac-a86a-0f19f0f58142 -F qcow2 /opt/stack/data/cinder/mnt/898679d025c522dd5b9d724110daea05/volume-d2facf7d-d7eb-4fac-a86a-0f19f0f58142.0ed3dfa9-c60f-4a09-971c-c3b37c6065c9" returned: 0 in 0.846s {{(pid=93651) execute /opt/stack/data/venv/lib/python3.12/site-packages/oslo_concurrency/processutils.py:468}}
Jun 25 18:10:14 devstack cinder-volume[93651]: WARNING cinder.volume.drivers.remotefs [None req-28002c8f-de10-4f26-b0e4-a434ff09ae48 tempest-GroupSnapshotsTest-215261498 None] /opt/stack/data/cinder/mnt/898679d025c522dd5b9d724110daea05/volume-d2facf7d-d7eb-4fac-a86a-0f19f0f58142.0ed3dfa9-c60f-4a09-971c-c3b37c6065c9 is being set with open permissions: ugo+rw: NotImplementedError
Jun 25 18:10:14 devstack cinder-volume[93651]: DEBUG oslo_concurrency.processutils [None req-28002c8f-de10-4f26-b0e4-a434ff09ae48 tempest-GroupSnapshotsTest-215261498 None] Running cmd (subprocess): sudo cinder-rootwrap /etc/cinder/rootwrap.conf chmod ugo+rw /opt/stack/data/cinder/mnt/898679d025c522dd5b9d724110daea05/volume-d2facf7d-d7eb-4fac-a86a-0f19f0f58142.0ed3dfa9-c60f-4a09-971c-c3b37c6065c9 {{(pid=93651) execute /opt/stack/data/venv/lib/python3.12/site-packages/oslo_concurrency/processutils.py:440}}
Jun 25 18:10:14 devstack sudo[100071]: quobyte : PWD=/ ; USER=root ; COMMAND=/opt/stack/data/venv/bin/cinder-rootwrap /etc/cinder/rootwrap.conf chmod ugo+rw /opt/stack/data/cinder/mnt/898679d025c522dd5b9d724110daea05/volume-d2facf7d-d7eb-4fac-a86a-0f19f0f58142.0ed3dfa9-c60f-4a09-971c-c3b37c6065c9
Jun 25 18:10:14 devstack sudo[100071]: pam_unix(sudo:session): session opened for user root(uid=0) by (uid=1000)
Jun 25 18:10:15 devstack sudo[100071]: pam_unix(sudo:session): session closed for user root
Jun 25 18:10:15 devstack cinder-volume[93651]: DEBUG oslo_concurrency.processutils [None req-28002c8f-de10-4f26-b0e4-a434ff09ae48 tempest-GroupSnapshotsTest-215261498 None] CMD "sudo cinder-rootwrap /etc/cinder/rootwrap.conf chmod ugo+rw /opt/stack/data/cinder/mnt/898679d025c522dd5b9d724110daea05/volume-d2facf7d-d7eb-4fac-a86a-0f19f0f58142.0ed3dfa9-c60f-4a09-971c-c3b37c6065c9" returned: 0 in 0.758s {{(pid=93651) execute /opt/stack/data/venv/lib/python3.12/site-packages/oslo_concurrency/processutils.py:468}}
Jun 25 18:10:15 devstack cinder-volume[93651]: DEBUG oslo_concurrency.processutils [None req-28002c8f-de10-4f26-b0e4-a434ff09ae48 tempest-GroupSnapshotsTest-215261498 None] Running cmd (subprocess): sudo cinder-rootwrap /etc/cinder/rootwrap.conf truncate -s0 /opt/stack/data/cinder/mnt/898679d025c522dd5b9d724110daea05/volume-d2facf7d-d7eb-4fac-a86a-0f19f0f58142.info {{(pid=93651) execute /opt/stack/data/venv/lib/python3.12/site-packages/oslo_concurrency/processutils.py:440}}
Jun 25 18:10:15 devstack sudo[100074]: quobyte : PWD=/ ; USER=root ; COMMAND=/opt/stack/data/venv/bin/cinder-rootwrap /etc/cinder/rootwrap.conf truncate -s0 /opt/stack/data/cinder/mnt/898679d025c522dd5b9d724110daea05/volume-d2facf7d-d7eb-4fac-a86a-0f19f0f58142.info
Jun 25 18:10:15 devstack sudo[100074]: pam_unix(sudo:session): session opened for user root(uid=0) by (uid=1000)
Jun 25 18:10:16 devstack sudo[100074]: pam_unix(sudo:session): session closed for user root
Jun 25 18:10:16 devstack cinder-volume[93651]: DEBUG oslo_concurrency.processutils [None req-28002c8f-de10-4f26-b0e4-a434ff09ae48 tempest-GroupSnapshotsTest-215261498 None] CMD "sudo cinder-rootwrap /etc/cinder/rootwrap.conf truncate -s0 /opt/stack/data/cinder/mnt/898679d025c522dd5b9d724110daea05/volume-d2facf7d-d7eb-4fac-a86a-0f19f0f58142.info" returned: 0 in 0.741s {{(pid=93651) execute /opt/stack/data/venv/lib/python3.12/site-packages/oslo_concurrency/processutils.py:468}}
Jun 25 18:10:16 devstack cinder-volume[93651]: WARNING cinder.volume.drivers.remotefs [None req-28002c8f-de10-4f26-b0e4-a434ff09ae48 tempest-GroupSnapshotsTest-215261498 None] /opt/stack/data/cinder/mnt/898679d025c522dd5b9d724110daea05/volume-d2facf7d-d7eb-4fac-a86a-0f19f0f58142.info is being set with open permissions: ugo+rw: NotImplementedError
Jun 25 18:10:16 devstack cinder-volume[93651]: DEBUG oslo_concurrency.processutils [None req-28002c8f-de10-4f26-b0e4-a434ff09ae48 tempest-GroupSnapshotsTest-215261498 None] Running cmd (subprocess): sudo cinder-rootwrap /etc/cinder/rootwrap.conf chmod ugo+rw /opt/stack/data/cinder/mnt/898679d025c522dd5b9d724110daea05/volume-d2facf7d-d7eb-4fac-a86a-0f19f0f58142.info {{(pid=93651) execute /opt/stack/data/venv/lib/python3.12/site-packages/oslo_concurrency/processutils.py:440}}
Jun 25 18:10:16 devstack sudo[100081]: quobyte : PWD=/ ; USER=root ; COMMAND=/opt/stack/data/venv/bin/cinder-rootwrap /etc/cinder/rootwrap.conf chmod ugo+rw /opt/stack/data/cinder/mnt/898679d025c522dd5b9d724110daea05/volume-d2facf7d-d7eb-4fac-a86a-0f19f0f58142.info
Jun 25 18:10:16 devstack sudo[100081]: pam_unix(sudo:session): session opened for user root(uid=0) by (uid=1000)
Jun 25 18:10:17 devstack sudo[100081]: pam_unix(sudo:session): session closed for user root
Jun 25 18:10:17 devstack cinder-volume[93651]: DEBUG oslo_concurrency.processutils [None req-28002c8f-de10-4f26-b0e4-a434ff09ae48 tempest-GroupSnapshotsTest-215261498 None] CMD "sudo cinder-rootwrap /etc/cinder/rootwrap.conf chmod ugo+rw /opt/stack/data/cinder/mnt/898679d025c522dd5b9d724110daea05/volume-d2facf7d-d7eb-4fac-a86a-0f19f0f58142.info" returned: 0 in 0.811s {{(pid=93651) execute /opt/stack/data/venv/lib/python3.12/site-packages/oslo_concurrency/processutils.py:468}}
Jun 25 18:10:17 devstack cinder-volume[93651]: DEBUG oslo_concurrency.lockutils [None req-28002c8f-de10-4f26-b0e4-a434ff09ae48 tempest-GroupSnapshotsTest-215261498 None] Lock "quobyte" "released" by "cinder.volume.drivers.quobyte.QuobyteDriver.create_snapshot" :: held 5.219s {{(pid=93651) inner /opt/stack/data/venv/lib/python3.12/site-packages/oslo_concurrency/lockutils.py:543}}
Jun 25 18:10:17 devstack cinder-volume[93651]: DEBUG oslo_concurrency.lockutils [None req-28002c8f-de10-4f26-b0e4-a434ff09ae48 tempest-GroupSnapshotsTest-215261498 None] Acquiring lock "quobyte" by "cinder.volume.drivers.quobyte.QuobyteDriver.create_snapshot" {{(pid=93651) inner /opt/stack/data/venv/lib/python3.12/site-packages/oslo_concurrency/lockutils.py:511}}
Jun 25 18:10:17 devstack cinder-volume[93651]: DEBUG oslo_concurrency.lockutils [None req-28002c8f-de10-4f26-b0e4-a434ff09ae48 tempest-GroupSnapshotsTest-215261498 None] Lock "quobyte" acquired by "cinder.volume.drivers.quobyte.QuobyteDriver.create_snapshot" :: waited 0.001s {{(pid=93651) inner /opt/stack/data/venv/lib/python3.12/site-packages/oslo_concurrency/lockutils.py:524}}
Jun 25 18:10:17 devstack cinder-volume[93651]: DEBUG cinder.volume.drivers.remotefs [None req-28002c8f-de10-4f26-b0e4-a434ff09ae48 tempest-GroupSnapshotsTest-215261498 None] Creating offline snapshot 9d8f8e15-c0ac-4670-a7b4-4f60f8afb682 of volume cfe30081-4099-42fb-ae31-3eac79050b6a {{(pid=93651) _create_snapshot /opt/stack/cinder/cinder/volume/drivers/remotefs.py:1816}}
Jun 25 18:10:17 devstack cinder-volume[93651]: DEBUG oslo.privsep.daemon [-] privsep: reply[f21cb985-8e37-49ac-a4e9-d3052e6f7b77]: (4, 'qcow2') {{(pid=95330) _call_back /opt/stack/data/venv/lib/python3.12/site-packages/oslo_privsep/daemon.py:580}}
Jun 25 18:10:17 devstack cinder-volume[93651]: DEBUG oslo_concurrency.processutils [None req-28002c8f-de10-4f26-b0e4-a434ff09ae48 tempest-GroupSnapshotsTest-215261498 None] Running cmd (subprocess): /opt/stack/data/venv/bin/python3.12 -m oslo_concurrency.prlimit --as=1073741824 --cpu=60 -- sudo cinder-rootwrap /etc/cinder/rootwrap.conf env LC_ALL=C qemu-img info -f qcow2 --output=json --force-share /opt/stack/data/cinder/mnt/898679d025c522dd5b9d724110daea05/volume-cfe30081-4099-42fb-ae31-3eac79050b6a {{(pid=93651) execute /opt/stack/data/venv/lib/python3.12/site-packages/oslo_concurrency/processutils.py:440}}
Jun 25 18:10:17 devstack sudo[100084]: quobyte : PWD=/ ; USER=root ; COMMAND=/opt/stack/data/venv/bin/cinder-rootwrap /etc/cinder/rootwrap.conf env LC_ALL=C qemu-img info -f qcow2 --output=json --force-share /opt/stack/data/cinder/mnt/898679d025c522dd5b9d724110daea05/volume-cfe30081-4099-42fb-ae31-3eac79050b6a
Jun 25 18:10:17 devstack sudo[100084]: pam_unix(sudo:session): session opened for user root(uid=0) by (uid=1000)
Jun 25 18:10:18 devstack sudo[100084]: pam_unix(sudo:session): session closed for user root
Jun 25 18:10:18 devstack cinder-volume[93651]: DEBUG oslo_concurrency.processutils [None req-28002c8f-de10-4f26-b0e4-a434ff09ae48 tempest-GroupSnapshotsTest-215261498 None] CMD "/opt/stack/data/venv/bin/python3.12 -m oslo_concurrency.prlimit --as=1073741824 --cpu=60 -- sudo cinder-rootwrap /etc/cinder/rootwrap.conf env LC_ALL=C qemu-img info -f qcow2 --output=json --force-share /opt/stack/data/cinder/mnt/898679d025c522dd5b9d724110daea05/volume-cfe30081-4099-42fb-ae31-3eac79050b6a" returned: 0 in 0.932s {{(pid=93651) execute /opt/stack/data/venv/lib/python3.12/site-packages/oslo_concurrency/processutils.py:468}}
Jun 25 18:10:18 devstack cinder-volume[93651]: DEBUG oslo_concurrency.processutils [None req-28002c8f-de10-4f26-b0e4-a434ff09ae48 tempest-GroupSnapshotsTest-215261498 None] Running cmd (subprocess): sudo cinder-rootwrap /etc/cinder/rootwrap.conf qemu-img create -f qcow2 -o backing_file=/opt/stack/data/cinder/mnt/898679d025c522dd5b9d724110daea05/volume-cfe30081-4099-42fb-ae31-3eac79050b6a,backing_fmt=qcow2 /opt/stack/data/cinder/mnt/898679d025c522dd5b9d724110daea05/volume-cfe30081-4099-42fb-ae31-3eac79050b6a.9d8f8e15-c0ac-4670-a7b4-4f60f8afb682 1G {{(pid=93651) execute /opt/stack/data/venv/lib/python3.12/site-packages/oslo_concurrency/processutils.py:440}}
Jun 25 18:10:18 devstack sudo[100104]: quobyte : PWD=/ ; USER=root ; COMMAND=/opt/stack/data/venv/bin/cinder-rootwrap /etc/cinder/rootwrap.conf qemu-img create -f qcow2 -o backing_file=/opt/stack/data/cinder/mnt/898679d025c522dd5b9d724110daea05/volume-cfe30081-4099-42fb-ae31-3eac79050b6a,backing_fmt=qcow2 /opt/stack/data/cinder/mnt/898679d025c522dd5b9d724110daea05/volume-cfe30081-4099-42fb-ae31-3eac79050b6a.9d8f8e15-c0ac-4670-a7b4-4f60f8afb682 1G
Jun 25 18:10:18 devstack sudo[100104]: pam_unix(sudo:session): session opened for user root(uid=0) by (uid=1000)
Jun 25 18:10:20 devstack sudo[100104]: pam_unix(sudo:session): session closed for user root
Jun 25 18:10:20 devstack cinder-volume[93651]: DEBUG oslo_concurrency.processutils [None req-28002c8f-de10-4f26-b0e4-a434ff09ae48 tempest-GroupSnapshotsTest-215261498 None] CMD "sudo cinder-rootwrap /etc/cinder/rootwrap.conf qemu-img create -f qcow2 -o backing_file=/opt/stack/data/cinder/mnt/898679d025c522dd5b9d724110daea05/volume-cfe30081-4099-42fb-ae31-3eac79050b6a,backing_fmt=qcow2 /opt/stack/data/cinder/mnt/898679d025c522dd5b9d724110daea05/volume-cfe30081-4099-42fb-ae31-3eac79050b6a.9d8f8e15-c0ac-4670-a7b4-4f60f8afb682 1G" returned: 0 in 1.916s {{(pid=93651) execute /opt/stack/data/venv/lib/python3.12/site-packages/oslo_concurrency/processutils.py:468}}
Jun 25 18:10:20 devstack cinder-volume[93651]: DEBUG oslo_concurrency.processutils [None req-28002c8f-de10-4f26-b0e4-a434ff09ae48 tempest-GroupSnapshotsTest-215261498 None] Running cmd (subprocess): sudo cinder-rootwrap /etc/cinder/rootwrap.conf qemu-img rebase -u -b volume-cfe30081-4099-42fb-ae31-3eac79050b6a -F qcow2 /opt/stack/data/cinder/mnt/898679d025c522dd5b9d724110daea05/volume-cfe30081-4099-42fb-ae31-3eac79050b6a.9d8f8e15-c0ac-4670-a7b4-4f60f8afb682 {{(pid=93651) execute /opt/stack/data/venv/lib/python3.12/site-packages/oslo_concurrency/processutils.py:440}}
Jun 25 18:10:20 devstack sudo[100192]: quobyte : PWD=/ ; USER=root ; COMMAND=/opt/stack/data/venv/bin/cinder-rootwrap /etc/cinder/rootwrap.conf qemu-img rebase -u -b volume-cfe30081-4099-42fb-ae31-3eac79050b6a -F qcow2 /opt/stack/data/cinder/mnt/898679d025c522dd5b9d724110daea05/volume-cfe30081-4099-42fb-ae31-3eac79050b6a.9d8f8e15-c0ac-4670-a7b4-4f60f8afb682
Jun 25 18:10:20 devstack sudo[100192]: pam_unix(sudo:session): session opened for user root(uid=0) by (uid=1000)
Jun 25 18:10:21 devstack sudo[100192]: pam_unix(sudo:session): session closed for user root
Jun 25 18:10:21 devstack cinder-volume[93651]: DEBUG oslo_concurrency.processutils [None req-28002c8f-de10-4f26-b0e4-a434ff09ae48 tempest-GroupSnapshotsTest-215261498 None] CMD "sudo cinder-rootwrap /etc/cinder/rootwrap.conf qemu-img rebase -u -b volume-cfe30081-4099-42fb-ae31-3eac79050b6a -F qcow2 /opt/stack/data/cinder/mnt/898679d025c522dd5b9d724110daea05/volume-cfe30081-4099-42fb-ae31-3eac79050b6a.9d8f8e15-c0ac-4670-a7b4-4f60f8afb682" returned: 0 in 1.087s {{(pid=93651) execute /opt/stack/data/venv/lib/python3.12/site-packages/oslo_concurrency/processutils.py:468}}
Jun 25 18:10:21 devstack cinder-volume[93651]: WARNING cinder.volume.drivers.remotefs [None req-28002c8f-de10-4f26-b0e4-a434ff09ae48 tempest-GroupSnapshotsTest-215261498 None] /opt/stack/data/cinder/mnt/898679d025c522dd5b9d724110daea05/volume-cfe30081-4099-42fb-ae31-3eac79050b6a.9d8f8e15-c0ac-4670-a7b4-4f60f8afb682 is being set with open permissions: ugo+rw: NotImplementedError
Jun 25 18:10:21 devstack cinder-volume[93651]: DEBUG oslo_concurrency.processutils [None req-28002c8f-de10-4f26-b0e4-a434ff09ae48 tempest-GroupSnapshotsTest-215261498 None] Running cmd (subprocess): sudo cinder-rootwrap /etc/cinder/rootwrap.conf chmod ugo+rw /opt/stack/data/cinder/mnt/898679d025c522dd5b9d724110daea05/volume-cfe30081-4099-42fb-ae31-3eac79050b6a.9d8f8e15-c0ac-4670-a7b4-4f60f8afb682 {{(pid=93651) execute /opt/stack/data/venv/lib/python3.12/site-packages/oslo_concurrency/processutils.py:440}}
Jun 25 18:10:21 devstack sudo[100208]: quobyte : PWD=/ ; USER=root ; COMMAND=/opt/stack/data/venv/bin/cinder-rootwrap /etc/cinder/rootwrap.conf chmod ugo+rw /opt/stack/data/cinder/mnt/898679d025c522dd5b9d724110daea05/volume-cfe30081-4099-42fb-ae31-3eac79050b6a.9d8f8e15-c0ac-4670-a7b4-4f60f8afb682
Jun 25 18:10:21 devstack sudo[100208]: pam_unix(sudo:session): session opened for user root(uid=0) by (uid=1000)
Jun 25 18:10:22 devstack sudo[100208]: pam_unix(sudo:session): session closed for user root
Jun 25 18:10:22 devstack cinder-volume[93651]: DEBUG oslo_concurrency.processutils [None req-28002c8f-de10-4f26-b0e4-a434ff09ae48 tempest-GroupSnapshotsTest-215261498 None] CMD "sudo cinder-rootwrap /etc/cinder/rootwrap.conf chmod ugo+rw /opt/stack/data/cinder/mnt/898679d025c522dd5b9d724110daea05/volume-cfe30081-4099-42fb-ae31-3eac79050b6a.9d8f8e15-c0ac-4670-a7b4-4f60f8afb682" returned: 0 in 1.253s {{(pid=93651) execute /opt/stack/data/venv/lib/python3.12/site-packages/oslo_concurrency/processutils.py:468}}
Jun 25 18:10:22 devstack cinder-volume[93651]: DEBUG oslo_concurrency.processutils [None req-28002c8f-de10-4f26-b0e4-a434ff09ae48 tempest-GroupSnapshotsTest-215261498 None] Running cmd (subprocess): sudo cinder-rootwrap /etc/cinder/rootwrap.conf truncate -s0 /opt/stack/data/cinder/mnt/898679d025c522dd5b9d724110daea05/volume-cfe30081-4099-42fb-ae31-3eac79050b6a.info {{(pid=93651) execute /opt/stack/data/venv/lib/python3.12/site-packages/oslo_concurrency/processutils.py:440}}
Jun 25 18:10:22 devstack sudo[100247]: quobyte : PWD=/ ; USER=root ; COMMAND=/opt/stack/data/venv/bin/cinder-rootwrap /etc/cinder/rootwrap.conf truncate -s0 /opt/stack/data/cinder/mnt/898679d025c522dd5b9d724110daea05/volume-cfe30081-4099-42fb-ae31-3eac79050b6a.info
Jun 25 18:10:22 devstack sudo[100247]: pam_unix(sudo:session): session opened for user root(uid=0) by (uid=1000)
Jun 25 18:10:23 devstack sudo[100247]: pam_unix(sudo:session): session closed for user root
Jun 25 18:10:23 devstack cinder-volume[93651]: DEBUG oslo_concurrency.processutils [None req-28002c8f-de10-4f26-b0e4-a434ff09ae48 tempest-GroupSnapshotsTest-215261498 None] CMD "sudo cinder-rootwrap /etc/cinder/rootwrap.conf truncate -s0 /opt/stack/data/cinder/mnt/898679d025c522dd5b9d724110daea05/volume-cfe30081-4099-42fb-ae31-3eac79050b6a.info" returned: 0 in 1.332s {{(pid=93651) execute /opt/stack/data/venv/lib/python3.12/site-packages/oslo_concurrency/processutils.py:468}}
Jun 25 18:10:23 devstack cinder-volume[93651]: WARNING cinder.volume.drivers.remotefs [None req-28002c8f-de10-4f26-b0e4-a434ff09ae48 tempest-GroupSnapshotsTest-215261498 None] /opt/stack/data/cinder/mnt/898679d025c522dd5b9d724110daea05/volume-cfe30081-4099-42fb-ae31-3eac79050b6a.info is being set with open permissions: ugo+rw: NotImplementedError
Jun 25 18:10:23 devstack cinder-volume[93651]: DEBUG oslo_concurrency.processutils [None req-28002c8f-de10-4f26-b0e4-a434ff09ae48 tempest-GroupSnapshotsTest-215261498 None] Running cmd (subprocess): sudo cinder-rootwrap /etc/cinder/rootwrap.conf chmod ugo+rw /opt/stack/data/cinder/mnt/898679d025c522dd5b9d724110daea05/volume-cfe30081-4099-42fb-ae31-3eac79050b6a.info {{(pid=93651) execute /opt/stack/data/venv/lib/python3.12/site-packages/oslo_concurrency/processutils.py:440}}
Jun 25 18:10:23 devstack sudo[100252]: quobyte : PWD=/ ; USER=root ; COMMAND=/opt/stack/data/venv/bin/cinder-rootwrap /etc/cinder/rootwrap.conf chmod ugo+rw /opt/stack/data/cinder/mnt/898679d025c522dd5b9d724110daea05/volume-cfe30081-4099-42fb-ae31-3eac79050b6a.info
Jun 25 18:10:23 devstack sudo[100252]: pam_unix(sudo:session): session opened for user root(uid=0) by (uid=1000)
Jun 25 18:10:24 devstack sudo[100252]: pam_unix(sudo:session): session closed for user root
Jun 25 18:10:24 devstack cinder-volume[93651]: DEBUG oslo_concurrency.processutils [None req-28002c8f-de10-4f26-b0e4-a434ff09ae48 tempest-GroupSnapshotsTest-215261498 None] CMD "sudo cinder-rootwrap /etc/cinder/rootwrap.conf chmod ugo+rw /opt/stack/data/cinder/mnt/898679d025c522dd5b9d724110daea05/volume-cfe30081-4099-42fb-ae31-3eac79050b6a.info" returned: 0 in 0.992s {{(pid=93651) execute /opt/stack/data/venv/lib/python3.12/site-packages/oslo_concurrency/processutils.py:468}}
Jun 25 18:10:24 devstack cinder-volume[93651]: DEBUG oslo_concurrency.lockutils [None req-28002c8f-de10-4f26-b0e4-a434ff09ae48 tempest-GroupSnapshotsTest-215261498 None] Lock "quobyte" "released" by "cinder.volume.drivers.quobyte.QuobyteDriver.create_snapshot" :: held 7.671s {{(pid=93651) inner /opt/stack/data/venv/lib/python3.12/site-packages/oslo_concurrency/lockutils.py:543}}
Jun 25 18:10:24 devstack cinder-volume[93651]: DEBUG oslo_concurrency.lockutils [None req-9c89814f-1d6e-4e4d-95ed-1a94eed2ad9f tempest-GroupSnapshotsV319Test-2135919658 None] Lock "quobyte" acquired by "cinder.volume.drivers.quobyte.QuobyteDriver.create_volume" :: waited 12.149s {{(pid=93651) inner /opt/stack/data/venv/lib/python3.12/site-packages/oslo_concurrency/lockutils.py:524}}
Jun 25 18:10:24 devstack cinder-volume[93651]: DEBUG cinder.volume.drivers.quobyte [None req-9c89814f-1d6e-4e4d-95ed-1a94eed2ad9f tempest-GroupSnapshotsV319Test-2135919658 None] ==> create_volume: call "{'self': , 'volume': Volume(_name_id=None,admin_metadata=,attach_status='detached',availability_zone='nova',bootable=False,cluster=,cluster_name=None,consistencygroup=,consistencygroup_id=bf8abb10-a864-4318-9966-099b53c300c7,created_at=2026-06-25T16:10:12Z,deleted=False,deleted_at=None,display_description=None,display_name='tempest-volume-1144810352',ec2_id=None,encryption_key_id=None,glance_metadata=,group=,group_id=bf8abb10-a864-4318-9966-099b53c300c7,host='devstack@QuobyteHD#QuobyteHD',id=152d1636-186c-4ba1-8581-5e78423d7ce3,launched_at=None,metadata={},migration_status=None,multiattach=False,previous_status=None,project_id='24bedb97d45f49c8b5dbff5fde6f9a45',provider_auth=None,provider_geometry=None,provider_id=None,provider_location=None,replication_driver_data=None,replication_extended_status=None,replication_status=None,scheduled_at=2026-06-25T16:10:12Z,service_uuid=None,shared_targets=True,size=1,snapshot_id=None,snapshots=,source_volid=None,status='creating',terminated_at=None,updated_at=2026-06-25T16:10:12Z,use_quota=True,user_id='9bab294655a24ea080a1e8aa5277fcbe',volume_attachment=VolumeAttachmentList,volume_type=VolumeType(3daf4236-2bf8-4c08-8042-99c74837cdad),volume_type_id=3daf4236-2bf8-4c08-8042-99c74837cdad)}" {{(pid=93651) trace_logging_wrapper /opt/stack/cinder/cinder/volume/volume_utils.py:1497}}
Jun 25 18:10:24 devstack cinder-volume[93651]: DEBUG cinder.volume.drivers.remotefs [None req-9c89814f-1d6e-4e4d-95ed-1a94eed2ad9f tempest-GroupSnapshotsV319Test-2135919658 None] Creating volume 152d1636-186c-4ba1-8581-5e78423d7ce3 {{(pid=93651) create_volume /opt/stack/cinder/cinder/volume/drivers/remotefs.py:292}}
Jun 25 18:10:24 devstack cinder-volume[93651]: DEBUG oslo_concurrency.lockutils [None req-9c89814f-1d6e-4e4d-95ed-1a94eed2ad9f tempest-GroupSnapshotsV319Test-2135919658 None] Acquiring lock "quobyte_ensure" by "cinder.volume.drivers.quobyte.QuobyteDriver._ensure_shares_mounted" {{(pid=93651) inner /opt/stack/data/venv/lib/python3.12/site-packages/oslo_concurrency/lockutils.py:511}}
Jun 25 18:10:24 devstack cinder-volume[93651]: DEBUG oslo_concurrency.lockutils [None req-9c89814f-1d6e-4e4d-95ed-1a94eed2ad9f tempest-GroupSnapshotsV319Test-2135919658 None] Lock "quobyte_ensure" acquired by "cinder.volume.drivers.quobyte.QuobyteDriver._ensure_shares_mounted" :: waited 0.000s {{(pid=93651) inner /opt/stack/data/venv/lib/python3.12/site-packages/oslo_concurrency/lockutils.py:524}}
Jun 25 18:10:24 devstack cinder-volume[93651]: DEBUG cinder.volume.drivers.quobyte [None req-9c89814f-1d6e-4e4d-95ed-1a94eed2ad9f tempest-GroupSnapshotsV319Test-2135919658 None] Quobyte Volume URL set to: {'osci02.corp.quobyte.com/cinder-vol-ef59dbed-3652-463c-9ce1-697f5dd2b139': None} {{(pid=93651) _load_shares_config /opt/stack/cinder/cinder/volume/drivers/quobyte.py:617}}
Jun 25 18:10:24 devstack cinder-volume[93651]: DEBUG cinder.volume.drivers.quobyte [None req-9c89814f-1d6e-4e4d-95ed-1a94eed2ad9f tempest-GroupSnapshotsV319Test-2135919658 None] Available shares ['osci02.corp.quobyte.com/cinder-vol-ef59dbed-3652-463c-9ce1-697f5dd2b139'] {{(pid=93651) _ensure_shares_mounted /opt/stack/cinder/cinder/volume/drivers/quobyte.py:647}}
Jun 25 18:10:24 devstack cinder-volume[93651]: DEBUG oslo_concurrency.lockutils [None req-9c89814f-1d6e-4e4d-95ed-1a94eed2ad9f tempest-GroupSnapshotsV319Test-2135919658 None] Lock "quobyte_ensure" "released" by "cinder.volume.drivers.quobyte.QuobyteDriver._ensure_shares_mounted" :: held 0.010s {{(pid=93651) inner /opt/stack/data/venv/lib/python3.12/site-packages/oslo_concurrency/lockutils.py:543}}
Jun 25 18:10:24 devstack cinder-volume[93651]: DEBUG cinder.volume.drivers.quobyte [None req-9c89814f-1d6e-4e4d-95ed-1a94eed2ad9f tempest-GroupSnapshotsV319Test-2135919658 None] Selected osci02.corp.quobyte.com/cinder-vol-ef59dbed-3652-463c-9ce1-697f5dd2b139 as target Quobyte volume. {{(pid=93651) _find_share /opt/stack/cinder/cinder/volume/drivers/quobyte.py:668}}
Jun 25 18:10:24 devstack cinder-volume[93651]: INFO cinder.volume.drivers.remotefs [None req-9c89814f-1d6e-4e4d-95ed-1a94eed2ad9f tempest-GroupSnapshotsV319Test-2135919658 None] casted to osci02.corp.quobyte.com/cinder-vol-ef59dbed-3652-463c-9ce1-697f5dd2b139
Jun 25 18:10:24 devstack cinder-volume[93651]: DEBUG oslo_concurrency.processutils [None req-9c89814f-1d6e-4e4d-95ed-1a94eed2ad9f tempest-GroupSnapshotsV319Test-2135919658 None] Running cmd (subprocess): sudo cinder-rootwrap /etc/cinder/rootwrap.conf qemu-img create -f qcow2 -o preallocation=metadata /opt/stack/data/cinder/mnt/898679d025c522dd5b9d724110daea05/volume-152d1636-186c-4ba1-8581-5e78423d7ce3 1073741824 {{(pid=93651) execute /opt/stack/data/venv/lib/python3.12/site-packages/oslo_concurrency/processutils.py:440}}
Jun 25 18:10:24 devstack sudo[100259]: quobyte : PWD=/ ; USER=root ; COMMAND=/opt/stack/data/venv/bin/cinder-rootwrap /etc/cinder/rootwrap.conf qemu-img create -f qcow2 -o preallocation=metadata /opt/stack/data/cinder/mnt/898679d025c522dd5b9d724110daea05/volume-152d1636-186c-4ba1-8581-5e78423d7ce3 1073741824
Jun 25 18:10:24 devstack sudo[100259]: pam_unix(sudo:session): session opened for user root(uid=0) by (uid=1000)
Jun 25 18:10:25 devstack cinder-volume[93651]: INFO cinder.volume.manager [None req-28002c8f-de10-4f26-b0e4-a434ff09ae48 tempest-GroupSnapshotsTest-215261498 None] group_snapshot c88e1264-a566-4ce9-8e75-9bd93ae2c5d2: created successfully
Jun 25 18:10:26 devstack sudo[100259]: pam_unix(sudo:session): session closed for user root
Jun 25 18:10:26 devstack cinder-volume[93651]: DEBUG oslo_concurrency.processutils [None req-9c89814f-1d6e-4e4d-95ed-1a94eed2ad9f tempest-GroupSnapshotsV319Test-2135919658 None] CMD "sudo cinder-rootwrap /etc/cinder/rootwrap.conf qemu-img create -f qcow2 -o preallocation=metadata /opt/stack/data/cinder/mnt/898679d025c522dd5b9d724110daea05/volume-152d1636-186c-4ba1-8581-5e78423d7ce3 1073741824" returned: 0 in 1.345s {{(pid=93651) execute /opt/stack/data/venv/lib/python3.12/site-packages/oslo_concurrency/processutils.py:468}}
Jun 25 18:10:26 devstack cinder-volume[93651]: DEBUG oslo_concurrency.processutils [None req-9c89814f-1d6e-4e4d-95ed-1a94eed2ad9f tempest-GroupSnapshotsV319Test-2135919658 None] Running cmd (subprocess): sudo cinder-rootwrap /etc/cinder/rootwrap.conf chmod ugo+rw /opt/stack/data/cinder/mnt/898679d025c522dd5b9d724110daea05/volume-152d1636-186c-4ba1-8581-5e78423d7ce3 {{(pid=93651) execute /opt/stack/data/venv/lib/python3.12/site-packages/oslo_concurrency/processutils.py:440}}
Jun 25 18:10:26 devstack cinder-volume[93651]: INFO cinder.volume.manager [None req-f199334e-0cae-4883-b9c7-2f541efe4bcb tempest-GroupSnapshotsTest-215261498 None] group_snapshot c88e1264-a566-4ce9-8e75-9bd93ae2c5d2: deleting
Jun 25 18:10:26 devstack sudo[100267]: quobyte : PWD=/ ; USER=root ; COMMAND=/opt/stack/data/venv/bin/cinder-rootwrap /etc/cinder/rootwrap.conf chmod ugo+rw /opt/stack/data/cinder/mnt/898679d025c522dd5b9d724110daea05/volume-152d1636-186c-4ba1-8581-5e78423d7ce3
Jun 25 18:10:26 devstack sudo[100267]: pam_unix(sudo:session): session opened for user root(uid=0) by (uid=1000)
Jun 25 18:10:26 devstack cinder-volume[93651]: DEBUG cinder.volume.manager [None req-f199334e-0cae-4883-b9c7-2f541efe4bcb tempest-GroupSnapshotsTest-215261498 None] group_snapshot c88e1264-a566-4ce9-8e75-9bd93ae2c5d2: deleting {{(pid=93651) delete_group_snapshot /opt/stack/cinder/cinder/volume/manager.py:4653}}
Jun 25 18:10:26 devstack cinder-volume[93651]: DEBUG cinder.coordination [None req-f199334e-0cae-4883-b9c7-2f541efe4bcb tempest-GroupSnapshotsTest-215261498 None] Acquiring lock "cinder-quobyte-d2facf7d-d7eb-4fac-a86a-0f19f0f58142" by "delete_snapshot" {{(pid=93651) __acquire /opt/stack/cinder/cinder/coordination.py:138}}
Jun 25 18:10:26 devstack cinder-volume[93651]: DEBUG cinder.coordination [None req-f199334e-0cae-4883-b9c7-2f541efe4bcb tempest-GroupSnapshotsTest-215261498 None] Lock "cinder-quobyte-d2facf7d-d7eb-4fac-a86a-0f19f0f58142" acquired by "delete_snapshot" :: waited 0.024s {{(pid=93651) __acquire /opt/stack/cinder/cinder/coordination.py:141}}
Jun 25 18:10:26 devstack cinder-volume[93651]: DEBUG cinder.coordination [None req-f199334e-0cae-4883-b9c7-2f541efe4bcb tempest-GroupSnapshotsTest-215261498 None] Acquiring lock "cinder-quobyte-0ed3dfa9-c60f-4a09-971c-c3b37c6065c9" by "_delete_snapshot" {{(pid=93651) __acquire /opt/stack/cinder/cinder/coordination.py:138}}
Jun 25 18:10:26 devstack cinder-volume[93651]: DEBUG cinder.coordination [None req-f199334e-0cae-4883-b9c7-2f541efe4bcb tempest-GroupSnapshotsTest-215261498 None] Lock "cinder-quobyte-0ed3dfa9-c60f-4a09-971c-c3b37c6065c9" acquired by "_delete_snapshot" :: waited 0.025s {{(pid=93651) __acquire /opt/stack/cinder/cinder/coordination.py:141}}
Jun 25 18:10:26 devstack cinder-volume[93651]: DEBUG cinder.volume.drivers.remotefs [None req-f199334e-0cae-4883-b9c7-2f541efe4bcb tempest-GroupSnapshotsTest-215261498 None] Deleting offline snapshot 0ed3dfa9-c60f-4a09-971c-c3b37c6065c9 of volume d2facf7d-d7eb-4fac-a86a-0f19f0f58142 {{(pid=93651) _delete_snapshot /opt/stack/cinder/cinder/volume/drivers/remotefs.py:1288}}
Jun 25 18:10:26 devstack cinder-volume[93651]: DEBUG cinder.volume.drivers.remotefs [None req-f199334e-0cae-4883-b9c7-2f541efe4bcb tempest-GroupSnapshotsTest-215261498 None] snapshot_file for this snap is: volume-d2facf7d-d7eb-4fac-a86a-0f19f0f58142.0ed3dfa9-c60f-4a09-971c-c3b37c6065c9 {{(pid=93651) _delete_snapshot /opt/stack/cinder/cinder/volume/drivers/remotefs.py:1317}}
Jun 25 18:10:26 devstack cinder-volume[93651]: DEBUG oslo.privsep.daemon [-] privsep: reply[3647b58d-fcd8-4b83-a097-c0e8ccd525cf]: (4, 'qcow2') {{(pid=95330) _call_back /opt/stack/data/venv/lib/python3.12/site-packages/oslo_privsep/daemon.py:580}}
Jun 25 18:10:26 devstack cinder-volume[93651]: DEBUG oslo_concurrency.processutils [None req-f199334e-0cae-4883-b9c7-2f541efe4bcb tempest-GroupSnapshotsTest-215261498 None] Running cmd (subprocess): /opt/stack/data/venv/bin/python3.12 -m oslo_concurrency.prlimit --as=1073741824 --cpu=60 -- sudo cinder-rootwrap /etc/cinder/rootwrap.conf env LC_ALL=C qemu-img info -f qcow2 --output=json --force-share /opt/stack/data/cinder/mnt/898679d025c522dd5b9d724110daea05/volume-d2facf7d-d7eb-4fac-a86a-0f19f0f58142.0ed3dfa9-c60f-4a09-971c-c3b37c6065c9 {{(pid=93651) execute /opt/stack/data/venv/lib/python3.12/site-packages/oslo_concurrency/processutils.py:440}}
Jun 25 18:10:26 devstack sudo[100269]: quobyte : PWD=/ ; USER=root ; COMMAND=/opt/stack/data/venv/bin/cinder-rootwrap /etc/cinder/rootwrap.conf env LC_ALL=C qemu-img info -f qcow2 --output=json --force-share /opt/stack/data/cinder/mnt/898679d025c522dd5b9d724110daea05/volume-d2facf7d-d7eb-4fac-a86a-0f19f0f58142.0ed3dfa9-c60f-4a09-971c-c3b37c6065c9
Jun 25 18:10:26 devstack sudo[100269]: pam_unix(sudo:session): session opened for user root(uid=0) by (uid=1000)
Jun 25 18:10:27 devstack sudo[100267]: pam_unix(sudo:session): session closed for user root
Jun 25 18:10:27 devstack cinder-volume[93651]: DEBUG oslo_concurrency.processutils [None req-9c89814f-1d6e-4e4d-95ed-1a94eed2ad9f tempest-GroupSnapshotsV319Test-2135919658 None] CMD "sudo cinder-rootwrap /etc/cinder/rootwrap.conf chmod ugo+rw /opt/stack/data/cinder/mnt/898679d025c522dd5b9d724110daea05/volume-152d1636-186c-4ba1-8581-5e78423d7ce3" returned: 0 in 1.010s {{(pid=93651) execute /opt/stack/data/venv/lib/python3.12/site-packages/oslo_concurrency/processutils.py:468}}
Jun 25 18:10:27 devstack cinder-volume[93651]: DEBUG cinder.volume.drivers.quobyte [None req-9c89814f-1d6e-4e4d-95ed-1a94eed2ad9f tempest-GroupSnapshotsV319Test-2135919658 None] <== create_volume: return (2465ms) {'provider_location': 'osci02.corp.quobyte.com/cinder-vol-ef59dbed-3652-463c-9ce1-697f5dd2b139'} {{(pid=93651) trace_logging_wrapper /opt/stack/cinder/cinder/volume/volume_utils.py:1522}}
Jun 25 18:10:27 devstack cinder-volume[93651]: DEBUG oslo_concurrency.lockutils [None req-9c89814f-1d6e-4e4d-95ed-1a94eed2ad9f tempest-GroupSnapshotsV319Test-2135919658 None] Lock "quobyte" "released" by "cinder.volume.drivers.quobyte.QuobyteDriver.create_volume" :: held 2.470s {{(pid=93651) inner /opt/stack/data/venv/lib/python3.12/site-packages/oslo_concurrency/lockutils.py:543}}
Jun 25 18:10:27 devstack cinder-volume[93651]: DEBUG cinder.volume.manager [None req-9c89814f-1d6e-4e4d-95ed-1a94eed2ad9f tempest-GroupSnapshotsV319Test-2135919658 None] Task 'cinder.volume.flows.manager.create_volume.CreateVolumeFromSpecTask;volume:create' (a2c4406b-da65-4afc-99d2-ca469457fd41) transitioned into state 'SUCCESS' from state 'RUNNING' with result '{'status': 'creating', 'volume_name': 'volume-152d1636-186c-4ba1-8581-5e78423d7ce3', 'volume_size': 1}' {{(pid=93651) _task_receiver /opt/stack/data/venv/lib/python3.12/site-packages/taskflow/listeners/logging.py:218}}
Jun 25 18:10:27 devstack cinder-volume[93651]: DEBUG cinder.volume.manager [None req-9c89814f-1d6e-4e4d-95ed-1a94eed2ad9f tempest-GroupSnapshotsV319Test-2135919658 None] Task 'cinder.volume.flows.manager.create_volume.CreateVolumeOnFinishTask;volume:create, create.end' (3a57125b-1745-4aac-ad19-d8e418bc10db) transitioned into state 'RUNNING' from state 'PENDING' {{(pid=93651) _task_receiver /opt/stack/data/venv/lib/python3.12/site-packages/taskflow/listeners/logging.py:242}}
Jun 25 18:10:27 devstack cinder-volume[93651]: INFO cinder.volume.flows.manager.create_volume [None req-9c89814f-1d6e-4e4d-95ed-1a94eed2ad9f tempest-GroupSnapshotsV319Test-2135919658 None] Volume volume-152d1636-186c-4ba1-8581-5e78423d7ce3 (152d1636-186c-4ba1-8581-5e78423d7ce3): created successfully
Jun 25 18:10:27 devstack cinder-volume[93651]: DEBUG cinder.volume.manager [None req-9c89814f-1d6e-4e4d-95ed-1a94eed2ad9f tempest-GroupSnapshotsV319Test-2135919658 None] Task 'cinder.volume.flows.manager.create_volume.CreateVolumeOnFinishTask;volume:create, create.end' (3a57125b-1745-4aac-ad19-d8e418bc10db) transitioned into state 'SUCCESS' from state 'RUNNING' with result 'None' {{(pid=93651) _task_receiver /opt/stack/data/venv/lib/python3.12/site-packages/taskflow/listeners/logging.py:218}}
Jun 25 18:10:27 devstack cinder-volume[93651]: DEBUG cinder.volume.manager [None req-9c89814f-1d6e-4e4d-95ed-1a94eed2ad9f tempest-GroupSnapshotsV319Test-2135919658 None] Flow 'volume_create_manager' (72e4afbd-3fb0-4727-ba5d-41cda0de2517) transitioned into state 'SUCCESS' from state 'RUNNING' {{(pid=93651) _flow_receiver /opt/stack/data/venv/lib/python3.12/site-packages/taskflow/listeners/logging.py:160}}
Jun 25 18:10:27 devstack cinder-volume[93651]: INFO cinder.volume.manager [None req-9c89814f-1d6e-4e4d-95ed-1a94eed2ad9f tempest-GroupSnapshotsV319Test-2135919658 None] Created volume successfully.
Jun 25 18:10:27 devstack sudo[100269]: pam_unix(sudo:session): session closed for user root
Jun 25 18:10:27 devstack cinder-volume[93651]: DEBUG oslo_concurrency.processutils [None req-f199334e-0cae-4883-b9c7-2f541efe4bcb tempest-GroupSnapshotsTest-215261498 None] CMD "/opt/stack/data/venv/bin/python3.12 -m oslo_concurrency.prlimit --as=1073741824 --cpu=60 -- sudo cinder-rootwrap /etc/cinder/rootwrap.conf env LC_ALL=C qemu-img info -f qcow2 --output=json --force-share /opt/stack/data/cinder/mnt/898679d025c522dd5b9d724110daea05/volume-d2facf7d-d7eb-4fac-a86a-0f19f0f58142.0ed3dfa9-c60f-4a09-971c-c3b37c6065c9" returned: 0 in 1.097s {{(pid=93651) execute /opt/stack/data/venv/lib/python3.12/site-packages/oslo_concurrency/processutils.py:468}}
Jun 25 18:10:27 devstack cinder-volume[93651]: DEBUG cinder.volume.drivers.remotefs [None req-f199334e-0cae-4883-b9c7-2f541efe4bcb tempest-GroupSnapshotsTest-215261498 None] Fetching qemu-img info with special backing_file_template: (/opt/stack/data/cinder/mnt/[0-9a-f]+/)?(volume-d2facf7d-d7eb-4fac-a86a-0f19f0f58142(.(tmp-snap-)?[0-9a-f-]+)?|volume_from_snapshot_cache/(tmp-snap-)?[0-9a-f-]+(.(child-|parent-)[0-9a-f-]+)?)$ {{(pid=93651) _qemu_img_info_base /opt/stack/cinder/cinder/volume/drivers/remotefs.py:896}}
Jun 25 18:10:27 devstack cinder-volume[93651]: DEBUG oslo.privsep.daemon [-] privsep: reply[4ba83f07-fd63-4c2b-a01e-87e6c1c2c84b]: (4, 'qcow2') {{(pid=95330) _call_back /opt/stack/data/venv/lib/python3.12/site-packages/oslo_privsep/daemon.py:580}}
Jun 25 18:10:27 devstack cinder-volume[93651]: DEBUG oslo_concurrency.processutils [None req-f199334e-0cae-4883-b9c7-2f541efe4bcb tempest-GroupSnapshotsTest-215261498 None] Running cmd (subprocess): /opt/stack/data/venv/bin/python3.12 -m oslo_concurrency.prlimit --as=1073741824 --cpu=60 -- sudo cinder-rootwrap /etc/cinder/rootwrap.conf env LC_ALL=C qemu-img info -f qcow2 --output=json --force-share /opt/stack/data/cinder/mnt/898679d025c522dd5b9d724110daea05/volume-d2facf7d-d7eb-4fac-a86a-0f19f0f58142 {{(pid=93651) execute /opt/stack/data/venv/lib/python3.12/site-packages/oslo_concurrency/processutils.py:440}}
Jun 25 18:10:27 devstack sudo[100276]: quobyte : PWD=/ ; USER=root ; COMMAND=/opt/stack/data/venv/bin/cinder-rootwrap /etc/cinder/rootwrap.conf env LC_ALL=C qemu-img info -f qcow2 --output=json --force-share /opt/stack/data/cinder/mnt/898679d025c522dd5b9d724110daea05/volume-d2facf7d-d7eb-4fac-a86a-0f19f0f58142
Jun 25 18:10:27 devstack sudo[100276]: pam_unix(sudo:session): session opened for user root(uid=0) by (uid=1000)
Jun 25 18:10:28 devstack cinder-volume[93651]: INFO cinder.volume.manager [None req-8486f9a1-b033-4d5a-940b-72346e40f587 tempest-GroupSnapshotsV319Test-2135919658 None] GroupSnapshot d63fedd5-8264-4052-bee8-99fabd5fb4af: creating.
Jun 25 18:10:28 devstack cinder-volume[93651]: DEBUG cinder.volume.manager [None req-8486f9a1-b033-4d5a-940b-72346e40f587 tempest-GroupSnapshotsV319Test-2135919658 None] Group snapshot d63fedd5-8264-4052-bee8-99fabd5fb4af: creating. {{(pid=93651) create_group_snapshot /opt/stack/cinder/cinder/volume/manager.py:4478}}
