Jul 17 19:02:42 devstack devstack@g-api.service[77489]: DEBUG glance.common.config [None req-a06f4124-d843-4afd-80b9-4861b3a3c133 None None] barbican_service_user.timeout = None {{(pid=77489) log_opt_values /opt/stack/data/venv/lib/python3.12/site-packages/oslo_config/cfg.py:3253}}
Jul 17 19:02:42 devstack devstack@g-api.service[77489]: DEBUG glance.common.config [None req-a06f4124-d843-4afd-80b9-4861b3a3c133 None None] database.asyncio_connection = **** {{(pid=77489) log_opt_values /opt/stack/data/venv/lib/python3.12/site-packages/oslo_config/cfg.py:3253}}
Jul 17 19:02:42 devstack devstack@g-api.service[77489]: DEBUG glance.common.config [None req-a06f4124-d843-4afd-80b9-4861b3a3c133 None None] database.asyncio_slave_connection = **** {{(pid=77489) log_opt_values /opt/stack/data/venv/lib/python3.12/site-packages/oslo_config/cfg.py:3253}}
Jul 17 19:02:42 devstack devstack@g-api.service[77489]: DEBUG glance.common.config [None req-a06f4124-d843-4afd-80b9-4861b3a3c133 None None] database.backend = sqlalchemy {{(pid=77489) log_opt_values /opt/stack/data/venv/lib/python3.12/site-packages/oslo_config/cfg.py:3253}}
Jul 17 19:02:42 devstack devstack@g-api.service[77489]: DEBUG glance.common.config [None req-a06f4124-d843-4afd-80b9-4861b3a3c133 None None] database.connection = **** {{(pid=77489) log_opt_values /opt/stack/data/venv/lib/python3.12/site-packages/oslo_config/cfg.py:3253}}
Jul 17 19:02:42 devstack devstack@g-api.service[77489]: DEBUG glance.common.config [None req-a06f4124-d843-4afd-80b9-4861b3a3c133 None None] database.connection_debug = 0 {{(pid=77489) log_opt_values /opt/stack/data/venv/lib/python3.12/site-packages/oslo_config/cfg.py:3253}}
Jul 17 19:02:42 devstack devstack@g-api.service[77489]: DEBUG glance.common.config [None req-a06f4124-d843-4afd-80b9-4861b3a3c133 None None] database.connection_parameters = {{(pid=77489) log_opt_values /opt/stack/data/venv/lib/python3.12/site-packages/oslo_config/cfg.py:3253}}
Jul 17 19:02:42 devstack devstack@g-api.service[77489]: DEBUG glance.common.config [None req-a06f4124-d843-4afd-80b9-4861b3a3c133 None None] database.connection_recycle_time = 3600 {{(pid=77489) log_opt_values /opt/stack/data/venv/lib/python3.12/site-packages/oslo_config/cfg.py:3253}}
Jul 17 19:02:42 devstack devstack@g-api.service[77489]: DEBUG glance.common.config [None req-a06f4124-d843-4afd-80b9-4861b3a3c133 None None] database.connection_trace = False {{(pid=77489) log_opt_values /opt/stack/data/venv/lib/python3.12/site-packages/oslo_config/cfg.py:3253}}
Jul 17 19:02:42 devstack devstack@g-api.service[77489]: DEBUG glance.common.config [None req-a06f4124-d843-4afd-80b9-4861b3a3c133 None None] database.db_inc_retry_interval = True {{(pid=77489) log_opt_values /opt/stack/data/venv/lib/python3.12/site-packages/oslo_config/cfg.py:3253}}
Jul 17 19:02:42 devstack devstack@g-api.service[77489]: DEBUG glance.common.config [None req-a06f4124-d843-4afd-80b9-4861b3a3c133 None None] database.db_max_retries = 20 {{(pid=77489) log_opt_values /opt/stack/data/venv/lib/python3.12/site-packages/oslo_config/cfg.py:3253}}
Jul 17 19:02:42 devstack devstack@g-api.service[77489]: DEBUG glance.common.config [None req-a06f4124-d843-4afd-80b9-4861b3a3c133 None None] database.db_max_retry_interval = 10 {{(pid=77489) log_opt_values /opt/stack/data/venv/lib/python3.12/site-packages/oslo_config/cfg.py:3253}}
Jul 17 19:02:42 devstack devstack@g-api.service[77489]: DEBUG glance.common.config [None req-a06f4124-d843-4afd-80b9-4861b3a3c133 None None] database.db_retry_interval = 1 {{(pid=77489) log_opt_values /opt/stack/data/venv/lib/python3.12/site-packages/oslo_config/cfg.py:3253}}
Jul 17 19:02:42 devstack devstack@g-api.service[77489]: DEBUG glance.common.config [None req-a06f4124-d843-4afd-80b9-4861b3a3c133 None None] database.max_overflow = 50 {{(pid=77489) log_opt_values /opt/stack/data/venv/lib/python3.12/site-packages/oslo_config/cfg.py:3253}}
Jul 17 19:02:42 devstack devstack@g-api.service[77489]: DEBUG glance.common.config [None req-a06f4124-d843-4afd-80b9-4861b3a3c133 None None] database.max_pool_size = 5 {{(pid=77489) log_opt_values /opt/stack/data/venv/lib/python3.12/site-packages/oslo_config/cfg.py:3253}}
Jul 17 19:02:42 devstack devstack@g-api.service[77489]: DEBUG glance.common.config [None req-a06f4124-d843-4afd-80b9-4861b3a3c133 None None] database.max_retries = 10 {{(pid=77489) log_opt_values /opt/stack/data/venv/lib/python3.12/site-packages/oslo_config/cfg.py:3253}}
Jul 17 19:02:42 devstack devstack@g-api.service[77489]: DEBUG glance.common.config [None req-a06f4124-d843-4afd-80b9-4861b3a3c133 None None] database.mysql_sql_mode = TRADITIONAL {{(pid=77489) log_opt_values /opt/stack/data/venv/lib/python3.12/site-packages/oslo_config/cfg.py:3253}}
Jul 17 19:02:42 devstack devstack@g-api.service[77489]: DEBUG glance.common.config [None req-a06f4124-d843-4afd-80b9-4861b3a3c133 None None] database.mysql_wsrep_sync_wait = None {{(pid=77489) log_opt_values /opt/stack/data/venv/lib/python3.12/site-packages/oslo_config/cfg.py:3253}}
Jul 17 19:02:42 devstack devstack@g-api.service[77489]: DEBUG glance.common.config [None req-a06f4124-d843-4afd-80b9-4861b3a3c133 None None] database.pool_timeout = None {{(pid=77489) log_opt_values /opt/stack/data/venv/lib/python3.12/site-packages/oslo_config/cfg.py:3253}}
Jul 17 19:02:42 devstack devstack@g-api.service[77489]: DEBUG glance.common.config [None req-a06f4124-d843-4afd-80b9-4861b3a3c133 None None] database.retry_interval = 10 {{(pid=77489) log_opt_values /opt/stack/data/venv/lib/python3.12/site-packages/oslo_config/cfg.py:3253}}
Jul 17 19:02:42 devstack devstack@g-api.service[77489]: DEBUG glance.common.config [None req-a06f4124-d843-4afd-80b9-4861b3a3c133 None None] database.slave_connection = **** {{(pid=77489) log_opt_values /opt/stack/data/venv/lib/python3.12/site-packages/oslo_config/cfg.py:3253}}
Jul 17 19:02:42 devstack devstack@g-api.service[77489]: DEBUG glance.common.config [None req-a06f4124-d843-4afd-80b9-4861b3a3c133 None None] database.sqlite_synchronous = True {{(pid=77489) log_opt_values /opt/stack/data/venv/lib/python3.12/site-packages/oslo_config/cfg.py:3253}}
Jul 17 19:02:42 devstack devstack@g-api.service[77489]: DEBUG glance.common.config [None req-a06f4124-d843-4afd-80b9-4861b3a3c133 None None] database.synchronous_reader = True {{(pid=77489) log_opt_values /opt/stack/data/venv/lib/python3.12/site-packages/oslo_config/cfg.py:3253}}
Jul 17 19:02:42 devstack devstack@g-api.service[77489]: DEBUG glance.common.config [None req-a06f4124-d843-4afd-80b9-4861b3a3c133 None None] database.use_db_reconnect = False {{(pid=77489) log_opt_values /opt/stack/data/venv/lib/python3.12/site-packages/oslo_config/cfg.py:3253}}
Jul 17 19:02:42 devstack devstack@g-api.service[77489]: DEBUG glance.common.config [None req-a06f4124-d843-4afd-80b9-4861b3a3c133 None None] healthcheck.allowed_source_ranges = [] {{(pid=77489) log_opt_values /opt/stack/data/venv/lib/python3.12/site-packages/oslo_config/cfg.py:3253}}
Jul 17 19:02:42 devstack devstack@g-api.service[77489]: DEBUG glance.common.config [None req-a06f4124-d843-4afd-80b9-4861b3a3c133 None None] healthcheck.backends = ['disable_by_file'] {{(pid=77489) log_opt_values /opt/stack/data/venv/lib/python3.12/site-packages/oslo_config/cfg.py:3253}}
Jul 17 19:02:42 devstack devstack@g-api.service[77489]: DEBUG glance.common.config [None req-a06f4124-d843-4afd-80b9-4861b3a3c133 None None] healthcheck.detailed = False {{(pid=77489) log_opt_values /opt/stack/data/venv/lib/python3.12/site-packages/oslo_config/cfg.py:3253}}
Jul 17 19:02:42 devstack devstack@g-api.service[77489]: DEBUG glance.common.config [None req-a06f4124-d843-4afd-80b9-4861b3a3c133 None None] healthcheck.disable_by_file_path = None {{(pid=77489) log_opt_values /opt/stack/data/venv/lib/python3.12/site-packages/oslo_config/cfg.py:3253}}
Jul 17 19:02:42 devstack devstack@g-api.service[77489]: DEBUG glance.common.config [None req-a06f4124-d843-4afd-80b9-4861b3a3c133 None None] healthcheck.ignore_proxied_requests = False {{(pid=77489) log_opt_values /opt/stack/data/venv/lib/python3.12/site-packages/oslo_config/cfg.py:3253}}
Jul 17 19:02:42 devstack devstack@g-api.service[77489]: DEBUG glance.common.config [None req-a06f4124-d843-4afd-80b9-4861b3a3c133 None None] ******************************************************************************** {{(pid=77489) log_opt_values /opt/stack/data/venv/lib/python3.12/site-packages/oslo_config/cfg.py:3260}}
Jul 17 19:02:42 devstack devstack@g-api.service[77489]: WSGI app 0 (mountpoint='') ready in 5 seconds on interpreter 0x7c83224a4668 pid: 77489 (default app)
Jul 17 19:02:46 devstack devstack@g-api.service[77490]: DEBUG glance.api.middleware.version_negotiation [None req-a1703710-cb2d-4e32-8a49-2660a953aff3 None None] Determining version of request: GET / Accept: application/json {{(pid=77490) process_request /opt/stack/glance/glance/api/middleware/version_negotiation.py:44}}
Jul 17 19:02:46 devstack devstack@g-api.service[77490]: DEBUG glance.api.middleware.version_negotiation [None req-a1703710-cb2d-4e32-8a49-2660a953aff3 None None] Using url versioning {{(pid=77490) process_request /opt/stack/glance/glance/api/middleware/version_negotiation.py:57}}
Jul 17 19:02:46 devstack devstack@g-api.service[77490]: DEBUG glance.api.middleware.version_negotiation [None req-a1703710-cb2d-4e32-8a49-2660a953aff3 None None] Unknown version. Returning version choices. {{(pid=77490) process_request /opt/stack/glance/glance/api/middleware/version_negotiation.py:64}}
Jul 17 19:02:46 devstack devstack@g-api.service[77490]: [pid: 77490|app: 0|req: 2/2] 127.0.0.1 () {34 vars in 516 bytes} [Fri Jul 17 19:02:46 2026] GET / => generated 1557 bytes in 3 msecs (HTTP/1.1 300) 3 headers in 106 bytes (1 switches on core 0)
Jul 17 19:02:46 devstack devstack@g-api.service[77489]: DEBUG glance.api.middleware.version_negotiation [None req-a06f4124-d843-4afd-80b9-4861b3a3c133 None None] Determining version of request: POST /v2/images Accept: */* {{(pid=77489) process_request /opt/stack/glance/glance/api/middleware/version_negotiation.py:44}}
Jul 17 19:02:46 devstack devstack@g-api.service[77489]: DEBUG glance.api.middleware.version_negotiation [None req-a06f4124-d843-4afd-80b9-4861b3a3c133 None None] Using url versioning {{(pid=77489) process_request /opt/stack/glance/glance/api/middleware/version_negotiation.py:57}}
Jul 17 19:02:46 devstack devstack@g-api.service[77489]: DEBUG glance.api.middleware.version_negotiation [None req-a06f4124-d843-4afd-80b9-4861b3a3c133 None None] Matched version: v2 {{(pid=77489) process_request /opt/stack/glance/glance/api/middleware/version_negotiation.py:69}}
Jul 17 19:02:46 devstack devstack@g-api.service[77489]: DEBUG glance.api.middleware.version_negotiation [None req-a06f4124-d843-4afd-80b9-4861b3a3c133 None None] new path /v2/images {{(pid=77489) process_request /opt/stack/glance/glance/api/middleware/version_negotiation.py:70}}
Jul 17 19:02:48 devstack devstack@g-api.service[77489]: [pid: 77489|app: 0|req: 1/3] 127.0.0.1 () {40 vars in 779 bytes} [Fri Jul 17 19:02:46 2026] POST /v2/images => generated 807 bytes in 1311 msecs (HTTP/1.1 201) 6 headers in 314 bytes (1 switches on core 0)
Jul 17 19:02:48 devstack devstack@g-api.service[77490]: DEBUG glance.api.middleware.version_negotiation [None req-a1703710-cb2d-4e32-8a49-2660a953aff3 None None] Determining version of request: PUT /v2/images/cbb85395-5404-4319-b231-e4fce358e7fb/file Accept: {{(pid=77490) process_request /opt/stack/glance/glance/api/middleware/version_negotiation.py:44}}
Jul 17 19:02:48 devstack devstack@g-api.service[77490]: DEBUG glance.api.middleware.version_negotiation [None req-a1703710-cb2d-4e32-8a49-2660a953aff3 None None] Using url versioning {{(pid=77490) process_request /opt/stack/glance/glance/api/middleware/version_negotiation.py:57}}
Jul 17 19:02:48 devstack devstack@g-api.service[77490]: DEBUG glance.api.middleware.version_negotiation [None req-a1703710-cb2d-4e32-8a49-2660a953aff3 None None] Matched version: v2 {{(pid=77490) process_request /opt/stack/glance/glance/api/middleware/version_negotiation.py:69}}
Jul 17 19:02:48 devstack devstack@g-api.service[77490]: DEBUG glance.api.middleware.version_negotiation [None req-a1703710-cb2d-4e32-8a49-2660a953aff3 None None] new path /v2/images/cbb85395-5404-4319-b231-e4fce358e7fb/file {{(pid=77490) process_request /opt/stack/glance/glance/api/middleware/version_negotiation.py:70}}
Jul 17 19:02:49 devstack devstack@g-api.service[77490]: INFO glance.api.v2.image_data [None req-0eb7e934-d647-4870-b847-eaa689a1ac50 admin admin] Unable to create trust: no such option collect_timing in group [keystone_authtoken] Use the existing user token.
Jul 17 19:02:49 devstack devstack@g-api.service[77490]: DEBUG glance.location [None req-0eb7e934-d647-4870-b847-eaa689a1ac50 admin admin] Enabling in-flight format inspection for qcow2 {{(pid=77490) set_data /opt/stack/glance/glance/location.py:596}}
Jul 17 19:02:49 devstack devstack@g-api.service[77490]: DEBUG oslo_utils.imageutils.format_inspector [None req-0eb7e934-d647-4870-b847-eaa689a1ac50 admin admin] Format inspector for vmdk does not match, excluding from consideration (Signature KDMV not found: b'QFI\xfb') {{(pid=77490) _process_chunk /opt/stack/data/venv/lib/python3.12/site-packages/oslo_utils/imageutils/format_inspector.py:1758}}
Jul 17 19:02:49 devstack devstack@g-api.service[77490]: DEBUG oslo_utils.imageutils.format_inspector [None req-0eb7e934-d647-4870-b847-eaa689a1ac50 admin admin] Format inspector for vhdx does not match, excluding from consideration (Region signature not found at 30000) {{(pid=77490) _process_chunk /opt/stack/data/venv/lib/python3.12/site-packages/oslo_utils/imageutils/format_inspector.py:1758}}
Jul 17 19:02:50 devstack devstack@g-api.service[77490]: DEBUG glance_store._drivers.filesystem [None req-0eb7e934-d647-4870-b847-eaa689a1ac50 admin admin] Wrote 21692416 bytes to /opt/stack/data/glance/images/cbb85395-5404-4319-b231-e4fce358e7fb with checksum 87617e24a5e30cb3b87fda8c0764838f and multihash 9a9bce0083a00939ec17c11febbfc767aa211aaa54f51e75c5a8b271a9b5637c77205a518b7a2007cb391d23cceb01e0e4e8d64832317151bc85b734b92a7be0 {{(pid=77490) add /opt/stack/data/venv/lib/python3.12/site-packages/glance_store/_drivers/filesystem.py:899}}
Jul 17 19:02:50 devstack devstack@g-api.service[77490]: INFO glance.location [None req-0eb7e934-d647-4870-b847-eaa689a1ac50 admin admin] Image format matched and virtual size computed: 117440512
Jul 17 19:02:50 devstack devstack@g-api.service[77490]: DEBUG glance_store.backend [None req-0eb7e934-d647-4870-b847-eaa689a1ac50 admin admin] Skipping store.set_acls... not implemented. {{(pid=77490) set_acls /opt/stack/data/venv/lib/python3.12/site-packages/glance_store/backend.py:507}}
Jul 17 19:02:50 devstack devstack@g-api.service[77490]: [pid: 77490|app: 0|req: 3/4] 127.0.0.1 () {40 vars in 872 bytes} [Fri Jul 17 19:02:48 2026] PUT /v2/images/cbb85395-5404-4319-b231-e4fce358e7fb/file => generated 0 bytes in 2105 msecs (HTTP/1.1 204) 4 headers in 171 bytes (1 switches on core 0)
Jul 17 19:02:50 devstack devstack@g-api.service[77489]: DEBUG glance.api.middleware.version_negotiation [None req-5c7314e7-98a9-44e2-9c57-531e326aaf75 admin admin] Determining version of request: GET /v2/images/cbb85395-5404-4319-b231-e4fce358e7fb Accept: */* {{(pid=77489) process_request /opt/stack/glance/glance/api/middleware/version_negotiation.py:44}}
Jul 17 19:02:50 devstack devstack@g-api.service[77489]: DEBUG glance.api.middleware.version_negotiation [None req-5c7314e7-98a9-44e2-9c57-531e326aaf75 admin admin] Using url versioning {{(pid=77489) process_request /opt/stack/glance/glance/api/middleware/version_negotiation.py:57}}
Jul 17 19:02:50 devstack devstack@g-api.service[77489]: DEBUG glance.api.middleware.version_negotiation [None req-5c7314e7-98a9-44e2-9c57-531e326aaf75 admin admin] Matched version: v2 {{(pid=77489) process_request /opt/stack/glance/glance/api/middleware/version_negotiation.py:69}}
Jul 17 19:02:50 devstack devstack@g-api.service[77489]: DEBUG glance.api.middleware.version_negotiation [None req-5c7314e7-98a9-44e2-9c57-531e326aaf75 admin admin] new path /v2/images/cbb85395-5404-4319-b231-e4fce358e7fb {{(pid=77489) process_request /opt/stack/glance/glance/api/middleware/version_negotiation.py:70}}
Jul 17 19:02:50 devstack devstack@g-api.service[77489]: [pid: 77489|app: 0|req: 2/5] 127.0.0.1 () {36 vars in 799 bytes} [Fri Jul 17 19:02:50 2026] GET /v2/images/cbb85395-5404-4319-b231-e4fce358e7fb => generated 976 bytes in 25 msecs (HTTP/1.1 200) 4 headers in 157 bytes (1 switches on core 0)
Jul 17 19:03:00 devstack devstack@g-api.service[77490]: DEBUG dbcounter [-] [77490] Writing DB stats glance:INSERT=5,glance:SELECT=16,glance:UPDATE=2 {{(pid=77490) stat_writer /opt/stack/data/venv/lib/python3.12/site-packages/dbcounter.py:115}}
Jul 17 19:03:00 devstack devstack@g-api.service[77489]: DEBUG dbcounter [-] [77489] Writing DB stats glance:INSERT=9,glance:SELECT=6 {{(pid=77489) stat_writer /opt/stack/data/venv/lib/python3.12/site-packages/dbcounter.py:115}}
Jul 17 19:03:36 devstack devstack@g-api.service[77490]: DEBUG glance.api.middleware.version_negotiation [None req-0eb7e934-d647-4870-b847-eaa689a1ac50 admin admin] Determining version of request: GET / Accept: application/json {{(pid=77490) process_request /opt/stack/glance/glance/api/middleware/version_negotiation.py:44}}
Jul 17 19:03:36 devstack devstack@g-api.service[77490]: DEBUG glance.api.middleware.version_negotiation [None req-0eb7e934-d647-4870-b847-eaa689a1ac50 admin admin] Using url versioning {{(pid=77490) process_request /opt/stack/glance/glance/api/middleware/version_negotiation.py:57}}
Jul 17 19:03:36 devstack devstack@g-api.service[77490]: DEBUG glance.api.middleware.version_negotiation [None req-0eb7e934-d647-4870-b847-eaa689a1ac50 admin admin] Unknown version. Returning version choices. {{(pid=77490) process_request /opt/stack/glance/glance/api/middleware/version_negotiation.py:64}}
Jul 17 19:03:36 devstack devstack@g-api.service[77490]: [pid: 77490|app: 0|req: 4/6] 127.0.0.1 () {34 vars in 516 bytes} [Fri Jul 17 19:03:36 2026] GET / => generated 1557 bytes in 5 msecs (HTTP/1.1 300) 3 headers in 106 bytes (1 switches on core 0)
Jul 17 19:03:36 devstack devstack@g-api.service[77489]: DEBUG glance.api.middleware.version_negotiation [None req-ade3835c-c7d0-4d80-8896-9374a292d301 admin admin] Determining version of request: GET /v2/images Accept: application/json {{(pid=77489) process_request /opt/stack/glance/glance/api/middleware/version_negotiation.py:44}}
Jul 17 19:03:36 devstack devstack@g-api.service[77489]: DEBUG glance.api.middleware.version_negotiation [None req-ade3835c-c7d0-4d80-8896-9374a292d301 admin admin] Using url versioning {{(pid=77489) process_request /opt/stack/glance/glance/api/middleware/version_negotiation.py:57}}
Jul 17 19:03:36 devstack devstack@g-api.service[77489]: DEBUG glance.api.middleware.version_negotiation [None req-ade3835c-c7d0-4d80-8896-9374a292d301 admin admin] Matched version: v2 {{(pid=77489) process_request /opt/stack/glance/glance/api/middleware/version_negotiation.py:69}}
Jul 17 19:03:36 devstack devstack@g-api.service[77489]: DEBUG glance.api.middleware.version_negotiation [None req-ade3835c-c7d0-4d80-8896-9374a292d301 admin admin] new path /v2/images {{(pid=77489) process_request /opt/stack/glance/glance/api/middleware/version_negotiation.py:70}}
Jul 17 19:03:36 devstack devstack@g-api.service[77489]: [pid: 77489|app: 0|req: 3/7] 127.0.0.1 () {36 vars in 738 bytes} [Fri Jul 17 19:03:36 2026] GET /v2/images => generated 1045 bytes in 95 msecs (HTTP/1.1 200) 4 headers in 158 bytes (1 switches on core 0)
Jul 17 19:03:46 devstack devstack@g-api.service[77489]: DEBUG dbcounter [-] [77489] Writing DB stats glance:SELECT=1 {{(pid=77489) stat_writer /opt/stack/data/venv/lib/python3.12/site-packages/dbcounter.py:115}}
Jul 17 19:03:46 devstack devstack@g-api.service[77490]: DEBUG glance.api.middleware.version_negotiation [None req-0eb7e934-d647-4870-b847-eaa689a1ac50 admin admin] Determining version of request: GET / Accept: application/json {{(pid=77490) process_request /opt/stack/glance/glance/api/middleware/version_negotiation.py:44}}
Jul 17 19:03:46 devstack devstack@g-api.service[77490]: DEBUG glance.api.middleware.version_negotiation [None req-0eb7e934-d647-4870-b847-eaa689a1ac50 admin admin] Using url versioning {{(pid=77490) process_request /opt/stack/glance/glance/api/middleware/version_negotiation.py:57}}
Jul 17 19:03:46 devstack devstack@g-api.service[77490]: DEBUG glance.api.middleware.version_negotiation [None req-0eb7e934-d647-4870-b847-eaa689a1ac50 admin admin] Unknown version. Returning version choices. {{(pid=77490) process_request /opt/stack/glance/glance/api/middleware/version_negotiation.py:64}}
Jul 17 19:03:46 devstack devstack@g-api.service[77490]: [pid: 77490|app: 0|req: 5/8] 127.0.0.1 () {34 vars in 516 bytes} [Fri Jul 17 19:03:46 2026] GET / => generated 1557 bytes in 2 msecs (HTTP/1.1 300) 3 headers in 106 bytes (1 switches on core 0)
Jul 17 19:03:46 devstack devstack@g-api.service[77489]: DEBUG glance.api.middleware.version_negotiation [None req-1776e14c-ebee-4d28-ad97-e8f82a38fb0a admin admin] Determining version of request: GET /v2/images/cbb85395-5404-4319-b231-e4fce358e7fb Accept: */* {{(pid=77489) process_request /opt/stack/glance/glance/api/middleware/version_negotiation.py:44}}
Jul 17 19:03:46 devstack devstack@g-api.service[77489]: DEBUG glance.api.middleware.version_negotiation [None req-1776e14c-ebee-4d28-ad97-e8f82a38fb0a admin admin] Using url versioning {{(pid=77489) process_request /opt/stack/glance/glance/api/middleware/version_negotiation.py:57}}
Jul 17 19:03:46 devstack devstack@g-api.service[77489]: DEBUG glance.api.middleware.version_negotiation [None req-1776e14c-ebee-4d28-ad97-e8f82a38fb0a admin admin] Matched version: v2 {{(pid=77489) process_request /opt/stack/glance/glance/api/middleware/version_negotiation.py:69}}
Jul 17 19:03:46 devstack devstack@g-api.service[77489]: DEBUG glance.api.middleware.version_negotiation [None req-1776e14c-ebee-4d28-ad97-e8f82a38fb0a admin admin] new path /v2/images/cbb85395-5404-4319-b231-e4fce358e7fb {{(pid=77489) process_request /opt/stack/glance/glance/api/middleware/version_negotiation.py:70}}
Jul 17 19:03:46 devstack devstack@g-api.service[77489]: [pid: 77489|app: 0|req: 4/9] 127.0.0.1 () {36 vars in 799 bytes} [Fri Jul 17 19:03:46 2026] GET /v2/images/cbb85395-5404-4319-b231-e4fce358e7fb => generated 976 bytes in 78 msecs (HTTP/1.1 200) 4 headers in 157 bytes (1 switches on core 0)
Jul 17 19:03:53 devstack devstack@g-api.service[77490]: DEBUG glance.api.middleware.version_negotiation [None req-0eb7e934-d647-4870-b847-eaa689a1ac50 admin admin] Determining version of request: GET / Accept: application/json {{(pid=77490) process_request /opt/stack/glance/glance/api/middleware/version_negotiation.py:44}}
Jul 17 19:03:53 devstack devstack@g-api.service[77490]: DEBUG glance.api.middleware.version_negotiation [None req-0eb7e934-d647-4870-b847-eaa689a1ac50 admin admin] Using url versioning {{(pid=77490) process_request /opt/stack/glance/glance/api/middleware/version_negotiation.py:57}}
Jul 17 19:03:53 devstack devstack@g-api.service[77490]: DEBUG glance.api.middleware.version_negotiation [None req-0eb7e934-d647-4870-b847-eaa689a1ac50 admin admin] Unknown version. Returning version choices. {{(pid=77490) process_request /opt/stack/glance/glance/api/middleware/version_negotiation.py:64}}
Jul 17 19:03:53 devstack devstack@g-api.service[77490]: [pid: 77490|app: 0|req: 6/10] 127.0.0.1 () {34 vars in 516 bytes} [Fri Jul 17 19:03:53 2026] GET / => generated 1557 bytes in 2 msecs (HTTP/1.1 300) 3 headers in 106 bytes (1 switches on core 0)
Jul 17 19:03:53 devstack devstack@g-api.service[77489]: DEBUG glance.api.middleware.version_negotiation [None req-fb84f9bf-bb68-4eac-a358-c4bf347a3e78 admin admin] Determining version of request: GET /v2/images/cbb85395-5404-4319-b231-e4fce358e7fb Accept: */* {{(pid=77489) process_request /opt/stack/glance/glance/api/middleware/version_negotiation.py:44}}
Jul 17 19:03:53 devstack devstack@g-api.service[77489]: DEBUG glance.api.middleware.version_negotiation [None req-fb84f9bf-bb68-4eac-a358-c4bf347a3e78 admin admin] Using url versioning {{(pid=77489) process_request /opt/stack/glance/glance/api/middleware/version_negotiation.py:57}}
Jul 17 19:03:53 devstack devstack@g-api.service[77489]: DEBUG glance.api.middleware.version_negotiation [None req-fb84f9bf-bb68-4eac-a358-c4bf347a3e78 admin admin] Matched version: v2 {{(pid=77489) process_request /opt/stack/glance/glance/api/middleware/version_negotiation.py:69}}
Jul 17 19:03:53 devstack devstack@g-api.service[77489]: DEBUG glance.api.middleware.version_negotiation [None req-fb84f9bf-bb68-4eac-a358-c4bf347a3e78 admin admin] new path /v2/images/cbb85395-5404-4319-b231-e4fce358e7fb {{(pid=77489) process_request /opt/stack/glance/glance/api/middleware/version_negotiation.py:70}}
Jul 17 19:03:53 devstack devstack@g-api.service[77489]: [pid: 77489|app: 0|req: 5/11] 127.0.0.1 () {36 vars in 799 bytes} [Fri Jul 17 19:03:53 2026] GET /v2/images/cbb85395-5404-4319-b231-e4fce358e7fb => generated 976 bytes in 79 msecs (HTTP/1.1 200) 4 headers in 157 bytes (1 switches on core 0)
Jul 17 19:04:03 devstack devstack@g-api.service[77489]: DEBUG dbcounter [-] [77489] Writing DB stats glance:SELECT=4 {{(pid=77489) stat_writer /opt/stack/data/venv/lib/python3.12/site-packages/dbcounter.py:115}}
Jul 17 19:05:13 devstack devstack@g-api.service[77490]: DEBUG glance.api.middleware.version_negotiation [None req-0eb7e934-d647-4870-b847-eaa689a1ac50 admin admin] Determining version of request: GET / Accept: application/json {{(pid=77490) process_request /opt/stack/glance/glance/api/middleware/version_negotiation.py:44}}
Jul 17 19:05:13 devstack devstack@g-api.service[77490]: DEBUG glance.api.middleware.version_negotiation [None req-0eb7e934-d647-4870-b847-eaa689a1ac50 admin admin] Using url versioning {{(pid=77490) process_request /opt/stack/glance/glance/api/middleware/version_negotiation.py:57}}
Jul 17 19:05:13 devstack devstack@g-api.service[77490]: DEBUG glance.api.middleware.version_negotiation [None req-0eb7e934-d647-4870-b847-eaa689a1ac50 admin admin] Unknown version. Returning version choices. {{(pid=77490) process_request /opt/stack/glance/glance/api/middleware/version_negotiation.py:64}}
Jul 17 19:05:13 devstack devstack@g-api.service[77490]: [pid: 77490|app: 0|req: 7/12] 127.0.0.1 () {36 vars in 485 bytes} [Fri Jul 17 19:05:13 2026] GET / => generated 1557 bytes in 3 msecs (HTTP/1.1 300) 3 headers in 106 bytes (1 switches on core 0)
Jul 17 19:08:19 devstack devstack@g-api.service[77489]: DEBUG glance.api.middleware.version_negotiation [None req-badfa56b-4329-4dba-9a49-a1a806d93cff admin admin] Determining version of request: GET / Accept: application/json {{(pid=77489) process_request /opt/stack/glance/glance/api/middleware/version_negotiation.py:44}}
Jul 17 19:08:19 devstack devstack@g-api.service[77489]: DEBUG glance.api.middleware.version_negotiation [None req-badfa56b-4329-4dba-9a49-a1a806d93cff admin admin] Using url versioning {{(pid=77489) process_request /opt/stack/glance/glance/api/middleware/version_negotiation.py:57}}
Jul 17 19:08:19 devstack devstack@g-api.service[77489]: DEBUG glance.api.middleware.version_negotiation [None req-badfa56b-4329-4dba-9a49-a1a806d93cff admin admin] Unknown version. Returning version choices. {{(pid=77489) process_request /opt/stack/glance/glance/api/middleware/version_negotiation.py:64}}
Jul 17 19:08:19 devstack devstack@g-api.service[77489]: [pid: 77489|app: 0|req: 6/13] 127.0.0.1 () {34 vars in 502 bytes} [Fri Jul 17 19:08:19 2026] GET / => generated 1557 bytes in 4 msecs (HTTP/1.1 300) 3 headers in 106 bytes (1 switches on core 0)
Jul 17 19:08:19 devstack devstack@g-api.service[77490]: DEBUG glance.api.middleware.version_negotiation [None req-0eb7e934-d647-4870-b847-eaa689a1ac50 admin admin] Determining version of request: GET /v2/images/cbb85395-5404-4319-b231-e4fce358e7fb Accept: */* {{(pid=77490) process_request /opt/stack/glance/glance/api/middleware/version_negotiation.py:44}}
Jul 17 19:08:19 devstack devstack@g-api.service[77490]: DEBUG glance.api.middleware.version_negotiation [None req-0eb7e934-d647-4870-b847-eaa689a1ac50 admin admin] Using url versioning {{(pid=77490) process_request /opt/stack/glance/glance/api/middleware/version_negotiation.py:57}}
Jul 17 19:08:19 devstack devstack@g-api.service[77490]: DEBUG glance.api.middleware.version_negotiation [None req-0eb7e934-d647-4870-b847-eaa689a1ac50 admin admin] Matched version: v2 {{(pid=77490) process_request /opt/stack/glance/glance/api/middleware/version_negotiation.py:69}}
Jul 17 19:08:19 devstack devstack@g-api.service[77490]: DEBUG glance.api.middleware.version_negotiation [None req-0eb7e934-d647-4870-b847-eaa689a1ac50 admin admin] new path /v2/images/cbb85395-5404-4319-b231-e4fce358e7fb {{(pid=77490) process_request /opt/stack/glance/glance/api/middleware/version_negotiation.py:70}}
Jul 17 19:08:20 devstack devstack@g-api.service[77490]: [pid: 77490|app: 0|req: 8/14] 127.0.0.1 () {42 vars in 1058 bytes} [Fri Jul 17 19:08:19 2026] GET /v2/images/cbb85395-5404-4319-b231-e4fce358e7fb => generated 976 bytes in 443 msecs (HTTP/1.1 200) 4 headers in 157 bytes (1 switches on core 0)
Jul 17 19:08:20 devstack devstack@g-api.service[77489]: DEBUG glance.api.middleware.version_negotiation [None req-badfa56b-4329-4dba-9a49-a1a806d93cff admin admin] Determining version of request: GET /v2/schemas/image Accept: */* {{(pid=77489) process_request /opt/stack/glance/glance/api/middleware/version_negotiation.py:44}}
Jul 17 19:08:20 devstack devstack@g-api.service[77489]: DEBUG glance.api.middleware.version_negotiation [None req-badfa56b-4329-4dba-9a49-a1a806d93cff admin admin] Using url versioning {{(pid=77489) process_request /opt/stack/glance/glance/api/middleware/version_negotiation.py:57}}
Jul 17 19:08:20 devstack devstack@g-api.service[77489]: DEBUG glance.api.middleware.version_negotiation [None req-badfa56b-4329-4dba-9a49-a1a806d93cff admin admin] Matched version: v2 {{(pid=77489) process_request /opt/stack/glance/glance/api/middleware/version_negotiation.py:69}}
Jul 17 19:08:20 devstack devstack@g-api.service[77489]: DEBUG glance.api.middleware.version_negotiation [None req-badfa56b-4329-4dba-9a49-a1a806d93cff admin admin] new path /v2/schemas/image {{(pid=77489) process_request /opt/stack/glance/glance/api/middleware/version_negotiation.py:70}}
Jul 17 19:08:20 devstack devstack@g-api.service[77489]: [pid: 77489|app: 0|req: 7/15] 127.0.0.1 () {42 vars in 998 bytes} [Fri Jul 17 19:08:20 2026] GET /v2/schemas/image => generated 6083 bytes in 11 msecs (HTTP/1.1 200) 4 headers in 158 bytes (1 switches on core 0)
Jul 17 19:08:22 devstack devstack@g-api.service[77490]: DEBUG glance.api.middleware.version_negotiation [None req-83b52d85-a16c-4b73-93ee-fb0cd8bef82b tempest-ServersNegativeTestJSON-376952119 tempest-ServersNegativeTestJSON-376952119-project-member] Determining version of request: GET / Accept: application/json {{(pid=77490) process_request /opt/stack/glance/glance/api/middleware/version_negotiation.py:44}}
Jul 17 19:08:22 devstack devstack@g-api.service[77490]: DEBUG glance.api.middleware.version_negotiation [None req-83b52d85-a16c-4b73-93ee-fb0cd8bef82b tempest-ServersNegativeTestJSON-376952119 tempest-ServersNegativeTestJSON-376952119-project-member] Using url versioning {{(pid=77490) process_request /opt/stack/glance/glance/api/middleware/version_negotiation.py:57}}
Jul 17 19:08:22 devstack devstack@g-api.service[77490]: DEBUG glance.api.middleware.version_negotiation [None req-83b52d85-a16c-4b73-93ee-fb0cd8bef82b tempest-ServersNegativeTestJSON-376952119 tempest-ServersNegativeTestJSON-376952119-project-member] Unknown version. Returning version choices. {{(pid=77490) process_request /opt/stack/glance/glance/api/middleware/version_negotiation.py:64}}
Jul 17 19:08:22 devstack devstack@g-api.service[77490]: [pid: 77490|app: 0|req: 9/16] 127.0.0.1 () {34 vars in 502 bytes} [Fri Jul 17 19:08:22 2026] GET / => generated 1557 bytes in 4 msecs (HTTP/1.1 300) 3 headers in 106 bytes (1 switches on core 0)
Jul 17 19:08:22 devstack devstack@g-api.service[77489]: DEBUG glance.api.middleware.version_negotiation [None req-83b52d85-a16c-4b73-93ee-fb0cd8bef82b tempest-ServersNegativeTestJSON-376952119 tempest-ServersNegativeTestJSON-376952119-project-member] Determining version of request: GET /v2/images/cbb85395-5404-4319-b231-e4fce358e7fb Accept: */* {{(pid=77489) process_request /opt/stack/glance/glance/api/middleware/version_negotiation.py:44}}
Jul 17 19:08:22 devstack devstack@g-api.service[77489]: DEBUG glance.api.middleware.version_negotiation [None req-83b52d85-a16c-4b73-93ee-fb0cd8bef82b tempest-ServersNegativeTestJSON-376952119 tempest-ServersNegativeTestJSON-376952119-project-member] Using url versioning {{(pid=77489) process_request /opt/stack/glance/glance/api/middleware/version_negotiation.py:57}}
Jul 17 19:08:22 devstack devstack@g-api.service[77489]: DEBUG glance.api.middleware.version_negotiation [None req-83b52d85-a16c-4b73-93ee-fb0cd8bef82b tempest-ServersNegativeTestJSON-376952119 tempest-ServersNegativeTestJSON-376952119-project-member] Matched version: v2 {{(pid=77489) process_request /opt/stack/glance/glance/api/middleware/version_negotiation.py:69}}
Jul 17 19:08:22 devstack devstack@g-api.service[77489]: DEBUG glance.api.middleware.version_negotiation [None req-83b52d85-a16c-4b73-93ee-fb0cd8bef82b tempest-ServersNegativeTestJSON-376952119 tempest-ServersNegativeTestJSON-376952119-project-member] new path /v2/images/cbb85395-5404-4319-b231-e4fce358e7fb {{(pid=77489) process_request /opt/stack/glance/glance/api/middleware/version_negotiation.py:70}}
Jul 17 19:08:22 devstack devstack@g-api.service[77489]: [pid: 77489|app: 0|req: 8/17] 127.0.0.1 () {42 vars in 1058 bytes} [Fri Jul 17 19:08:22 2026] GET /v2/images/cbb85395-5404-4319-b231-e4fce358e7fb => generated 976 bytes in 243 msecs (HTTP/1.1 200) 4 headers in 157 bytes (1 switches on core 0)
Jul 17 19:08:22 devstack devstack@g-api.service[77490]: DEBUG glance.api.middleware.version_negotiation [None req-83b52d85-a16c-4b73-93ee-fb0cd8bef82b tempest-ServersNegativeTestJSON-376952119 tempest-ServersNegativeTestJSON-376952119-project-member] Determining version of request: GET /v2/schemas/image Accept: */* {{(pid=77490) process_request /opt/stack/glance/glance/api/middleware/version_negotiation.py:44}}
Jul 17 19:08:22 devstack devstack@g-api.service[77490]: DEBUG glance.api.middleware.version_negotiation [None req-83b52d85-a16c-4b73-93ee-fb0cd8bef82b tempest-ServersNegativeTestJSON-376952119 tempest-ServersNegativeTestJSON-376952119-project-member] Using url versioning {{(pid=77490) process_request /opt/stack/glance/glance/api/middleware/version_negotiation.py:57}}
Jul 17 19:08:22 devstack devstack@g-api.service[77490]: DEBUG glance.api.middleware.version_negotiation [None req-83b52d85-a16c-4b73-93ee-fb0cd8bef82b tempest-ServersNegativeTestJSON-376952119 tempest-ServersNegativeTestJSON-376952119-project-member] Matched version: v2 {{(pid=77490) process_request /opt/stack/glance/glance/api/middleware/version_negotiation.py:69}}
Jul 17 19:08:22 devstack devstack@g-api.service[77490]: DEBUG glance.api.middleware.version_negotiation [None req-83b52d85-a16c-4b73-93ee-fb0cd8bef82b tempest-ServersNegativeTestJSON-376952119 tempest-ServersNegativeTestJSON-376952119-project-member] new path /v2/schemas/image {{(pid=77490) process_request /opt/stack/glance/glance/api/middleware/version_negotiation.py:70}}
Jul 17 19:08:22 devstack devstack@g-api.service[77490]: [pid: 77490|app: 0|req: 10/18] 127.0.0.1 () {42 vars in 998 bytes} [Fri Jul 17 19:08:22 2026] GET /v2/schemas/image => generated 6083 bytes in 12 msecs (HTTP/1.1 200) 4 headers in 158 bytes (1 switches on core 0)
Jul 17 19:08:30 devstack devstack@g-api.service[77490]: DEBUG dbcounter [-] [77490] Writing DB stats glance:SELECT=2 {{(pid=77490) stat_writer /opt/stack/data/venv/lib/python3.12/site-packages/dbcounter.py:115}}
Jul 17 19:08:31 devstack devstack@g-api.service[77489]: DEBUG glance.api.middleware.version_negotiation [None req-1f8b01be-333f-4cc4-8337-6daf64c6f952 tempest-DeleteServersTestJSON-23283498 tempest-DeleteServersTestJSON-23283498-project-member] Determining version of request: GET /v2/images/cbb85395-5404-4319-b231-e4fce358e7fb Accept: */* {{(pid=77489) process_request /opt/stack/glance/glance/api/middleware/version_negotiation.py:44}}
Jul 17 19:08:31 devstack devstack@g-api.service[77489]: DEBUG glance.api.middleware.version_negotiation [None req-1f8b01be-333f-4cc4-8337-6daf64c6f952 tempest-DeleteServersTestJSON-23283498 tempest-DeleteServersTestJSON-23283498-project-member] Using url versioning {{(pid=77489) process_request /opt/stack/glance/glance/api/middleware/version_negotiation.py:57}}
Jul 17 19:08:31 devstack devstack@g-api.service[77489]: DEBUG glance.api.middleware.version_negotiation [None req-1f8b01be-333f-4cc4-8337-6daf64c6f952 tempest-DeleteServersTestJSON-23283498 tempest-DeleteServersTestJSON-23283498-project-member] Matched version: v2 {{(pid=77489) process_request /opt/stack/glance/glance/api/middleware/version_negotiation.py:69}}
Jul 17 19:08:31 devstack devstack@g-api.service[77489]: DEBUG glance.api.middleware.version_negotiation [None req-1f8b01be-333f-4cc4-8337-6daf64c6f952 tempest-DeleteServersTestJSON-23283498 tempest-DeleteServersTestJSON-23283498-project-member] new path /v2/images/cbb85395-5404-4319-b231-e4fce358e7fb {{(pid=77489) process_request /opt/stack/glance/glance/api/middleware/version_negotiation.py:70}}
Jul 17 19:08:31 devstack devstack@g-api.service[77489]: [pid: 77489|app: 0|req: 9/19] 127.0.0.1 () {42 vars in 1058 bytes} [Fri Jul 17 19:08:31 2026] GET /v2/images/cbb85395-5404-4319-b231-e4fce358e7fb => generated 976 bytes in 309 msecs (HTTP/1.1 200) 4 headers in 157 bytes (1 switches on core 0)
Jul 17 19:08:31 devstack devstack@g-api.service[77490]: DEBUG glance.api.middleware.version_negotiation [None req-1f8b01be-333f-4cc4-8337-6daf64c6f952 tempest-DeleteServersTestJSON-23283498 tempest-DeleteServersTestJSON-23283498-project-member] Determining version of request: GET /v2/images/cbb85395-5404-4319-b231-e4fce358e7fb/file Accept: */* {{(pid=77490) process_request /opt/stack/glance/glance/api/middleware/version_negotiation.py:44}}
Jul 17 19:08:31 devstack devstack@g-api.service[77490]: DEBUG glance.api.middleware.version_negotiation [None req-1f8b01be-333f-4cc4-8337-6daf64c6f952 tempest-DeleteServersTestJSON-23283498 tempest-DeleteServersTestJSON-23283498-project-member] Using url versioning {{(pid=77490) process_request /opt/stack/glance/glance/api/middleware/version_negotiation.py:57}}
Jul 17 19:08:31 devstack devstack@g-api.service[77490]: DEBUG glance.api.middleware.version_negotiation [None req-1f8b01be-333f-4cc4-8337-6daf64c6f952 tempest-DeleteServersTestJSON-23283498 tempest-DeleteServersTestJSON-23283498-project-member] Matched version: v2 {{(pid=77490) process_request /opt/stack/glance/glance/api/middleware/version_negotiation.py:69}}
Jul 17 19:08:31 devstack devstack@g-api.service[77490]: DEBUG glance.api.middleware.version_negotiation [None req-1f8b01be-333f-4cc4-8337-6daf64c6f952 tempest-DeleteServersTestJSON-23283498 tempest-DeleteServersTestJSON-23283498-project-member] new path /v2/images/cbb85395-5404-4319-b231-e4fce358e7fb/file {{(pid=77490) process_request /opt/stack/glance/glance/api/middleware/version_negotiation.py:70}}
Jul 17 19:08:31 devstack devstack@g-api.service[77490]: DEBUG glance_store._drivers.filesystem [None req-83b52d85-a16c-4b73-93ee-fb0cd8bef82b tempest-ServersNegativeTestJSON-376952119 tempest-ServersNegativeTestJSON-376952119-project-member] Found image at /opt/stack/data/glance/images/cbb85395-5404-4319-b231-e4fce358e7fb. Returning in ChunkedFile. {{(pid=77490) get /opt/stack/data/venv/lib/python3.12/site-packages/glance_store/_drivers/filesystem.py:724}}
Jul 17 19:08:31 devstack devstack@g-api.service[77490]: DEBUG glance.image_cache [None req-83b52d85-a16c-4b73-93ee-fb0cd8bef82b tempest-ServersNegativeTestJSON-376952119 tempest-ServersNegativeTestJSON-376952119-project-member] Tee'ing image 'cbb85395-5404-4319-b231-e4fce358e7fb' into cache {{(pid=77490) get_caching_iter /opt/stack/glance/glance/image_cache/__init__.py:356}}
Jul 17 19:08:31 devstack devstack@g-api.service[77490]: DEBUG glance.image_cache.drivers.centralized_db [None req-83b52d85-a16c-4b73-93ee-fb0cd8bef82b tempest-ServersNegativeTestJSON-376952119 tempest-ServersNegativeTestJSON-376952119-project-member] Fetch finished, moving '/opt/stack/data/glance/cache/incomplete/cbb85395-5404-4319-b231-e4fce358e7fb' to '/opt/stack/data/glance/cache/cbb85395-5404-4319-b231-e4fce358e7fb' {{(pid=77490) commit /opt/stack/glance/glance/image_cache/drivers/centralized_db.py:243}}
Jul 17 19:08:32 devstack devstack@g-api.service[77490]: DEBUG glance.image_cache.drivers.centralized_db [None req-83b52d85-a16c-4b73-93ee-fb0cd8bef82b tempest-ServersNegativeTestJSON-376952119 tempest-ServersNegativeTestJSON-376952119-project-member] Image cached successfully. {{(pid=77490) commit /opt/stack/glance/glance/image_cache/drivers/centralized_db.py:258}}
Jul 17 19:08:32 devstack devstack@g-api.service[77490]: [pid: 77490|app: 0|req: 11/20] 127.0.0.1 () {42 vars in 1068 bytes} [Fri Jul 17 19:08:31 2026] GET /v2/images/cbb85395-5404-4319-b231-e4fce358e7fb/file => generated 21692416 bytes in 536 msecs (HTTP/1.1 200) 4 headers in 191 bytes (337 switches on core 0)
Jul 17 19:08:32 devstack devstack@g-api.service[77489]: DEBUG glance.api.middleware.version_negotiation [None req-83b52d85-a16c-4b73-93ee-fb0cd8bef82b tempest-ServersNegativeTestJSON-376952119 tempest-ServersNegativeTestJSON-376952119-project-member] Determining version of request: GET /v2/images/cbb85395-5404-4319-b231-e4fce358e7fb Accept: */* {{(pid=77489) process_request /opt/stack/glance/glance/api/middleware/version_negotiation.py:44}}
Jul 17 19:08:32 devstack devstack@g-api.service[77489]: DEBUG glance.api.middleware.version_negotiation [None req-83b52d85-a16c-4b73-93ee-fb0cd8bef82b tempest-ServersNegativeTestJSON-376952119 tempest-ServersNegativeTestJSON-376952119-project-member] Using url versioning {{(pid=77489) process_request /opt/stack/glance/glance/api/middleware/version_negotiation.py:57}}
Jul 17 19:08:32 devstack devstack@g-api.service[77489]: DEBUG glance.api.middleware.version_negotiation [None req-83b52d85-a16c-4b73-93ee-fb0cd8bef82b tempest-ServersNegativeTestJSON-376952119 tempest-ServersNegativeTestJSON-376952119-project-member] Matched version: v2 {{(pid=77489) process_request /opt/stack/glance/glance/api/middleware/version_negotiation.py:69}}
Jul 17 19:08:32 devstack devstack@g-api.service[77489]: DEBUG glance.api.middleware.version_negotiation [None req-83b52d85-a16c-4b73-93ee-fb0cd8bef82b tempest-ServersNegativeTestJSON-376952119 tempest-ServersNegativeTestJSON-376952119-project-member] new path /v2/images/cbb85395-5404-4319-b231-e4fce358e7fb {{(pid=77489) process_request /opt/stack/glance/glance/api/middleware/version_negotiation.py:70}}
Jul 17 19:08:32 devstack devstack@g-api.service[77489]: [pid: 77489|app: 0|req: 10/21] 127.0.0.1 () {42 vars in 1058 bytes} [Fri Jul 17 19:08:32 2026] GET /v2/images/cbb85395-5404-4319-b231-e4fce358e7fb => generated 976 bytes in 24 msecs (HTTP/1.1 200) 4 headers in 157 bytes (1 switches on core 0)
Jul 17 19:08:32 devstack devstack@g-api.service[77490]: DEBUG glance.api.middleware.version_negotiation [None req-83b52d85-a16c-4b73-93ee-fb0cd8bef82b tempest-ServersNegativeTestJSON-376952119 tempest-ServersNegativeTestJSON-376952119-project-member] Determining version of request: GET /v2/schemas/image Accept: */* {{(pid=77490) process_request /opt/stack/glance/glance/api/middleware/version_negotiation.py:44}}
Jul 17 19:08:32 devstack devstack@g-api.service[77490]: DEBUG glance.api.middleware.version_negotiation [None req-83b52d85-a16c-4b73-93ee-fb0cd8bef82b tempest-ServersNegativeTestJSON-376952119 tempest-ServersNegativeTestJSON-376952119-project-member] Using url versioning {{(pid=77490) process_request /opt/stack/glance/glance/api/middleware/version_negotiation.py:57}}
Jul 17 19:08:32 devstack devstack@g-api.service[77490]: DEBUG glance.api.middleware.version_negotiation [None req-83b52d85-a16c-4b73-93ee-fb0cd8bef82b tempest-ServersNegativeTestJSON-376952119 tempest-ServersNegativeTestJSON-376952119-project-member] Matched version: v2 {{(pid=77490) process_request /opt/stack/glance/glance/api/middleware/version_negotiation.py:69}}
Jul 17 19:08:32 devstack devstack@g-api.service[77490]: DEBUG glance.api.middleware.version_negotiation [None req-83b52d85-a16c-4b73-93ee-fb0cd8bef82b tempest-ServersNegativeTestJSON-376952119 tempest-ServersNegativeTestJSON-376952119-project-member] new path /v2/schemas/image {{(pid=77490) process_request /opt/stack/glance/glance/api/middleware/version_negotiation.py:70}}
Jul 17 19:08:32 devstack devstack@g-api.service[77490]: [pid: 77490|app: 0|req: 12/22] 127.0.0.1 () {42 vars in 998 bytes} [Fri Jul 17 19:08:32 2026] GET /v2/schemas/image => generated 6083 bytes in 7 msecs (HTTP/1.1 200) 4 headers in 158 bytes (1 switches on core 0)
Jul 17 19:08:41 devstack devstack@g-api.service[77490]: DEBUG dbcounter [-] [77490] Writing DB stats glance:SELECT=5,glance:INSERT=1 {{(pid=77490) stat_writer /opt/stack/data/venv/lib/python3.12/site-packages/dbcounter.py:115}}
Jul 17 19:08:42 devstack devstack@g-api.service[77489]: DEBUG dbcounter [-] [77489] Writing DB stats glance:SELECT=6 {{(pid=77489) stat_writer /opt/stack/data/venv/lib/python3.12/site-packages/dbcounter.py:115}}
Jul 17 19:08:56 devstack devstack@g-api.service[77489]: DEBUG glance.api.middleware.version_negotiation [None req-83b52d85-a16c-4b73-93ee-fb0cd8bef82b tempest-ServersNegativeTestJSON-376952119 tempest-ServersNegativeTestJSON-376952119-project-member] Determining version of request: GET /v2/images/cbb85395-5404-4319-b231-e4fce358e7fb Accept: */* {{(pid=77489) process_request /opt/stack/glance/glance/api/middleware/version_negotiation.py:44}}
Jul 17 19:08:56 devstack devstack@g-api.service[77489]: DEBUG glance.api.middleware.version_negotiation [None req-83b52d85-a16c-4b73-93ee-fb0cd8bef82b tempest-ServersNegativeTestJSON-376952119 tempest-ServersNegativeTestJSON-376952119-project-member] Using url versioning {{(pid=77489) process_request /opt/stack/glance/glance/api/middleware/version_negotiation.py:57}}
Jul 17 19:08:56 devstack devstack@g-api.service[77489]: DEBUG glance.api.middleware.version_negotiation [None req-83b52d85-a16c-4b73-93ee-fb0cd8bef82b tempest-ServersNegativeTestJSON-376952119 tempest-ServersNegativeTestJSON-376952119-project-member] Matched version: v2 {{(pid=77489) process_request /opt/stack/glance/glance/api/middleware/version_negotiation.py:69}}
Jul 17 19:08:56 devstack devstack@g-api.service[77489]: DEBUG glance.api.middleware.version_negotiation [None req-83b52d85-a16c-4b73-93ee-fb0cd8bef82b tempest-ServersNegativeTestJSON-376952119 tempest-ServersNegativeTestJSON-376952119-project-member] new path /v2/images/cbb85395-5404-4319-b231-e4fce358e7fb {{(pid=77489) process_request /opt/stack/glance/glance/api/middleware/version_negotiation.py:70}}
Jul 17 19:08:56 devstack devstack@g-api.service[77489]: [pid: 77489|app: 0|req: 11/23] 127.0.0.1 () {42 vars in 1058 bytes} [Fri Jul 17 19:08:56 2026] GET /v2/images/cbb85395-5404-4319-b231-e4fce358e7fb => generated 976 bytes in 59 msecs (HTTP/1.1 200) 4 headers in 157 bytes (1 switches on core 0)
Jul 17 19:08:56 devstack devstack@g-api.service[77490]: DEBUG glance.api.middleware.version_negotiation [None req-83b52d85-a16c-4b73-93ee-fb0cd8bef82b tempest-ServersNegativeTestJSON-376952119 tempest-ServersNegativeTestJSON-376952119-project-member] Determining version of request: GET /v2/schemas/image Accept: */* {{(pid=77490) process_request /opt/stack/glance/glance/api/middleware/version_negotiation.py:44}}
Jul 17 19:08:56 devstack devstack@g-api.service[77490]: DEBUG glance.api.middleware.version_negotiation [None req-83b52d85-a16c-4b73-93ee-fb0cd8bef82b tempest-ServersNegativeTestJSON-376952119 tempest-ServersNegativeTestJSON-376952119-project-member] Using url versioning {{(pid=77490) process_request /opt/stack/glance/glance/api/middleware/version_negotiation.py:57}}
Jul 17 19:08:56 devstack devstack@g-api.service[77490]: DEBUG glance.api.middleware.version_negotiation [None req-83b52d85-a16c-4b73-93ee-fb0cd8bef82b tempest-ServersNegativeTestJSON-376952119 tempest-ServersNegativeTestJSON-376952119-project-member] Matched version: v2 {{(pid=77490) process_request /opt/stack/glance/glance/api/middleware/version_negotiation.py:69}}
Jul 17 19:08:56 devstack devstack@g-api.service[77490]: DEBUG glance.api.middleware.version_negotiation [None req-83b52d85-a16c-4b73-93ee-fb0cd8bef82b tempest-ServersNegativeTestJSON-376952119 tempest-ServersNegativeTestJSON-376952119-project-member] new path /v2/schemas/image {{(pid=77490) process_request /opt/stack/glance/glance/api/middleware/version_negotiation.py:70}}
Jul 17 19:08:56 devstack devstack@g-api.service[77490]: [pid: 77490|app: 0|req: 13/24] 127.0.0.1 () {42 vars in 998 bytes} [Fri Jul 17 19:08:56 2026] GET /v2/schemas/image => generated 6083 bytes in 31 msecs (HTTP/1.1 200) 4 headers in 158 bytes (1 switches on core 0)
Jul 17 19:09:00 devstack devstack@g-api.service[77489]: DEBUG glance.api.middleware.version_negotiation [None req-1a292885-366c-4bc7-8ad2-2362e09218bf tempest-VolumesAdminNegativeTest-2145082298 tempest-VolumesAdminNegativeTest-2145082298-project-member] Determining version of request: GET /v2/images/cbb85395-5404-4319-b231-e4fce358e7fb Accept: */* {{(pid=77489) process_request /opt/stack/glance/glance/api/middleware/version_negotiation.py:44}}
