Aug 12 12:15:09 devstack devstack@g-api.service[84309]: DEBUG glance.common.config [None req-806becc5-38de-4032-9315-f4921f8a7e73 None None] barbican_service_user.certfile = None {{(pid=84309) log_opt_values /opt/stack/data/venv/lib/python3.12/site-packages/oslo_config/cfg.py:3545}}
Aug 12 12:15:09 devstack devstack@g-api.service[84309]: DEBUG glance.common.config [None req-806becc5-38de-4032-9315-f4921f8a7e73 None None] barbican_service_user.collect_timing = False {{(pid=84309) log_opt_values /opt/stack/data/venv/lib/python3.12/site-packages/oslo_config/cfg.py:3545}}
Aug 12 12:15:09 devstack devstack@g-api.service[84309]: DEBUG glance.common.config [None req-806becc5-38de-4032-9315-f4921f8a7e73 None None] barbican_service_user.insecure = False {{(pid=84309) log_opt_values /opt/stack/data/venv/lib/python3.12/site-packages/oslo_config/cfg.py:3545}}
Aug 12 12:15:09 devstack devstack@g-api.service[84309]: DEBUG glance.common.config [None req-806becc5-38de-4032-9315-f4921f8a7e73 None None] barbican_service_user.keyfile = None {{(pid=84309) log_opt_values /opt/stack/data/venv/lib/python3.12/site-packages/oslo_config/cfg.py:3545}}
Aug 12 12:15:09 devstack devstack@g-api.service[84309]: DEBUG glance.common.config [None req-806becc5-38de-4032-9315-f4921f8a7e73 None None] barbican_service_user.split_loggers = False {{(pid=84309) log_opt_values /opt/stack/data/venv/lib/python3.12/site-packages/oslo_config/cfg.py:3545}}
Aug 12 12:15:09 devstack devstack@g-api.service[84309]: DEBUG glance.common.config [None req-806becc5-38de-4032-9315-f4921f8a7e73 None None] barbican_service_user.timeout = None {{(pid=84309) log_opt_values /opt/stack/data/venv/lib/python3.12/site-packages/oslo_config/cfg.py:3545}}
Aug 12 12:15:09 devstack devstack@g-api.service[84309]: DEBUG glance.common.config [None req-806becc5-38de-4032-9315-f4921f8a7e73 None None] database.asyncio_connection = **** {{(pid=84309) log_opt_values /opt/stack/data/venv/lib/python3.12/site-packages/oslo_config/cfg.py:3545}}
Aug 12 12:15:09 devstack devstack@g-api.service[84309]: DEBUG glance.common.config [None req-806becc5-38de-4032-9315-f4921f8a7e73 None None] database.asyncio_slave_connection = **** {{(pid=84309) log_opt_values /opt/stack/data/venv/lib/python3.12/site-packages/oslo_config/cfg.py:3545}}
Aug 12 12:15:09 devstack devstack@g-api.service[84309]: DEBUG glance.common.config [None req-806becc5-38de-4032-9315-f4921f8a7e73 None None] database.backend = sqlalchemy {{(pid=84309) log_opt_values /opt/stack/data/venv/lib/python3.12/site-packages/oslo_config/cfg.py:3545}}
Aug 12 12:15:09 devstack devstack@g-api.service[84309]: DEBUG glance.common.config [None req-806becc5-38de-4032-9315-f4921f8a7e73 None None] database.connection = **** {{(pid=84309) log_opt_values /opt/stack/data/venv/lib/python3.12/site-packages/oslo_config/cfg.py:3545}}
Aug 12 12:15:09 devstack devstack@g-api.service[84309]: DEBUG glance.common.config [None req-806becc5-38de-4032-9315-f4921f8a7e73 None None] database.connection_debug = 0 {{(pid=84309) log_opt_values /opt/stack/data/venv/lib/python3.12/site-packages/oslo_config/cfg.py:3545}}
Aug 12 12:15:09 devstack devstack@g-api.service[84309]: DEBUG glance.common.config [None req-806becc5-38de-4032-9315-f4921f8a7e73 None None] database.connection_parameters = {{(pid=84309) log_opt_values /opt/stack/data/venv/lib/python3.12/site-packages/oslo_config/cfg.py:3545}}
Aug 12 12:15:09 devstack devstack@g-api.service[84309]: DEBUG glance.common.config [None req-806becc5-38de-4032-9315-f4921f8a7e73 None None] database.connection_recycle_time = 3600 {{(pid=84309) log_opt_values /opt/stack/data/venv/lib/python3.12/site-packages/oslo_config/cfg.py:3545}}
Aug 12 12:15:09 devstack devstack@g-api.service[84309]: DEBUG glance.common.config [None req-806becc5-38de-4032-9315-f4921f8a7e73 None None] database.connection_trace = False {{(pid=84309) log_opt_values /opt/stack/data/venv/lib/python3.12/site-packages/oslo_config/cfg.py:3545}}
Aug 12 12:15:09 devstack devstack@g-api.service[84309]: DEBUG glance.common.config [None req-806becc5-38de-4032-9315-f4921f8a7e73 None None] database.db_inc_retry_interval = True {{(pid=84309) log_opt_values /opt/stack/data/venv/lib/python3.12/site-packages/oslo_config/cfg.py:3545}}
Aug 12 12:15:09 devstack devstack@g-api.service[84309]: DEBUG glance.common.config [None req-806becc5-38de-4032-9315-f4921f8a7e73 None None] database.db_max_retries = 20 {{(pid=84309) log_opt_values /opt/stack/data/venv/lib/python3.12/site-packages/oslo_config/cfg.py:3545}}
Aug 12 12:15:09 devstack devstack@g-api.service[84309]: DEBUG glance.common.config [None req-806becc5-38de-4032-9315-f4921f8a7e73 None None] database.db_max_retry_interval = 10 {{(pid=84309) log_opt_values /opt/stack/data/venv/lib/python3.12/site-packages/oslo_config/cfg.py:3545}}
Aug 12 12:15:09 devstack devstack@g-api.service[84309]: DEBUG glance.common.config [None req-806becc5-38de-4032-9315-f4921f8a7e73 None None] database.db_retry_interval = 1 {{(pid=84309) log_opt_values /opt/stack/data/venv/lib/python3.12/site-packages/oslo_config/cfg.py:3545}}
Aug 12 12:15:09 devstack devstack@g-api.service[84309]: DEBUG glance.common.config [None req-806becc5-38de-4032-9315-f4921f8a7e73 None None] database.max_overflow = 50 {{(pid=84309) log_opt_values /opt/stack/data/venv/lib/python3.12/site-packages/oslo_config/cfg.py:3545}}
Aug 12 12:15:09 devstack devstack@g-api.service[84309]: DEBUG glance.common.config [None req-806becc5-38de-4032-9315-f4921f8a7e73 None None] database.max_pool_size = 5 {{(pid=84309) log_opt_values /opt/stack/data/venv/lib/python3.12/site-packages/oslo_config/cfg.py:3545}}
Aug 12 12:15:09 devstack devstack@g-api.service[84309]: DEBUG glance.common.config [None req-806becc5-38de-4032-9315-f4921f8a7e73 None None] database.max_retries = 10 {{(pid=84309) log_opt_values /opt/stack/data/venv/lib/python3.12/site-packages/oslo_config/cfg.py:3545}}
Aug 12 12:15:09 devstack devstack@g-api.service[84309]: DEBUG glance.common.config [None req-806becc5-38de-4032-9315-f4921f8a7e73 None None] database.mysql_sql_mode = TRADITIONAL {{(pid=84309) log_opt_values /opt/stack/data/venv/lib/python3.12/site-packages/oslo_config/cfg.py:3545}}
Aug 12 12:15:09 devstack devstack@g-api.service[84309]: DEBUG glance.common.config [None req-806becc5-38de-4032-9315-f4921f8a7e73 None None] database.mysql_wsrep_sync_wait = None {{(pid=84309) log_opt_values /opt/stack/data/venv/lib/python3.12/site-packages/oslo_config/cfg.py:3545}}
Aug 12 12:15:09 devstack devstack@g-api.service[84309]: DEBUG glance.common.config [None req-806becc5-38de-4032-9315-f4921f8a7e73 None None] database.pool_timeout = None {{(pid=84309) log_opt_values /opt/stack/data/venv/lib/python3.12/site-packages/oslo_config/cfg.py:3545}}
Aug 12 12:15:09 devstack devstack@g-api.service[84309]: DEBUG glance.common.config [None req-806becc5-38de-4032-9315-f4921f8a7e73 None None] database.retry_interval = 10 {{(pid=84309) log_opt_values /opt/stack/data/venv/lib/python3.12/site-packages/oslo_config/cfg.py:3545}}
Aug 12 12:15:09 devstack devstack@g-api.service[84309]: DEBUG glance.common.config [None req-806becc5-38de-4032-9315-f4921f8a7e73 None None] database.slave_connection = **** {{(pid=84309) log_opt_values /opt/stack/data/venv/lib/python3.12/site-packages/oslo_config/cfg.py:3545}}
Aug 12 12:15:09 devstack devstack@g-api.service[84309]: DEBUG glance.common.config [None req-806becc5-38de-4032-9315-f4921f8a7e73 None None] database.sqlite_synchronous = True {{(pid=84309) log_opt_values /opt/stack/data/venv/lib/python3.12/site-packages/oslo_config/cfg.py:3545}}
Aug 12 12:15:09 devstack devstack@g-api.service[84309]: DEBUG glance.common.config [None req-806becc5-38de-4032-9315-f4921f8a7e73 None None] database.synchronous_reader = True {{(pid=84309) log_opt_values /opt/stack/data/venv/lib/python3.12/site-packages/oslo_config/cfg.py:3545}}
Aug 12 12:15:09 devstack devstack@g-api.service[84309]: DEBUG glance.common.config [None req-806becc5-38de-4032-9315-f4921f8a7e73 None None] database.use_db_reconnect = False {{(pid=84309) log_opt_values /opt/stack/data/venv/lib/python3.12/site-packages/oslo_config/cfg.py:3545}}
Aug 12 12:15:09 devstack devstack@g-api.service[84309]: DEBUG glance.common.config [None req-806becc5-38de-4032-9315-f4921f8a7e73 None None] healthcheck.allowed_source_ranges = [] {{(pid=84309) log_opt_values /opt/stack/data/venv/lib/python3.12/site-packages/oslo_config/cfg.py:3545}}
Aug 12 12:15:09 devstack devstack@g-api.service[84309]: DEBUG glance.common.config [None req-806becc5-38de-4032-9315-f4921f8a7e73 None None] healthcheck.backends = ['disable_by_file'] {{(pid=84309) log_opt_values /opt/stack/data/venv/lib/python3.12/site-packages/oslo_config/cfg.py:3545}}
Aug 12 12:15:09 devstack devstack@g-api.service[84309]: DEBUG glance.common.config [None req-806becc5-38de-4032-9315-f4921f8a7e73 None None] healthcheck.detailed = False {{(pid=84309) log_opt_values /opt/stack/data/venv/lib/python3.12/site-packages/oslo_config/cfg.py:3545}}
Aug 12 12:15:09 devstack devstack@g-api.service[84309]: DEBUG glance.common.config [None req-806becc5-38de-4032-9315-f4921f8a7e73 None None] healthcheck.disable_by_file_path = None {{(pid=84309) log_opt_values /opt/stack/data/venv/lib/python3.12/site-packages/oslo_config/cfg.py:3545}}
Aug 12 12:15:09 devstack devstack@g-api.service[84309]: DEBUG glance.common.config [None req-806becc5-38de-4032-9315-f4921f8a7e73 None None] healthcheck.ignore_proxied_requests = False {{(pid=84309) log_opt_values /opt/stack/data/venv/lib/python3.12/site-packages/oslo_config/cfg.py:3545}}
Aug 12 12:15:09 devstack devstack@g-api.service[84309]: DEBUG glance.common.config [None req-806becc5-38de-4032-9315-f4921f8a7e73 None None] ******************************************************************************** {{(pid=84309) log_opt_values /opt/stack/data/venv/lib/python3.12/site-packages/oslo_config/cfg.py:3552}}
Aug 12 12:15:09 devstack devstack@g-api.service[84309]: WSGI app 0 (mountpoint='') ready in 5 seconds on interpreter 0x7a523a4a4668 pid: 84309 (default app)
Aug 12 12:15:12 devstack devstack@g-api.service[84310]: DEBUG glance.api.middleware.version_negotiation [None req-babbea75-d46f-4d00-b684-0c8da02a6cc5 None None] Determining version of request: GET / Accept: application/json {{(pid=84310) process_request /opt/stack/glance/glance/api/middleware/version_negotiation.py:44}}
Aug 12 12:15:12 devstack devstack@g-api.service[84310]: DEBUG glance.api.middleware.version_negotiation [None req-babbea75-d46f-4d00-b684-0c8da02a6cc5 None None] Using url versioning {{(pid=84310) process_request /opt/stack/glance/glance/api/middleware/version_negotiation.py:57}}
Aug 12 12:15:12 devstack devstack@g-api.service[84310]: DEBUG glance.api.middleware.version_negotiation [None req-babbea75-d46f-4d00-b684-0c8da02a6cc5 None None] Unknown version. Returning version choices. {{(pid=84310) process_request /opt/stack/glance/glance/api/middleware/version_negotiation.py:64}}
Aug 12 12:15:12 devstack devstack@g-api.service[84310]: [pid: 84310|app: 0|req: 2/2] 127.0.0.1 () {34 vars in 516 bytes} [Wed Aug 12 12:15:12 2026] GET / => generated 1557 bytes in 2 msecs (HTTP/1.1 300) 3 headers in 106 bytes (1 switches on core 0)
Aug 12 12:15:12 devstack devstack@g-api.service[84309]: DEBUG glance.api.middleware.version_negotiation [None req-806becc5-38de-4032-9315-f4921f8a7e73 None None] Determining version of request: POST /v2/images Accept: */* {{(pid=84309) process_request /opt/stack/glance/glance/api/middleware/version_negotiation.py:44}}
Aug 12 12:15:12 devstack devstack@g-api.service[84309]: DEBUG glance.api.middleware.version_negotiation [None req-806becc5-38de-4032-9315-f4921f8a7e73 None None] Using url versioning {{(pid=84309) process_request /opt/stack/glance/glance/api/middleware/version_negotiation.py:57}}
Aug 12 12:15:12 devstack devstack@g-api.service[84309]: DEBUG glance.api.middleware.version_negotiation [None req-806becc5-38de-4032-9315-f4921f8a7e73 None None] Matched version: v2 {{(pid=84309) process_request /opt/stack/glance/glance/api/middleware/version_negotiation.py:69}}
Aug 12 12:15:12 devstack devstack@g-api.service[84309]: DEBUG glance.api.middleware.version_negotiation [None req-806becc5-38de-4032-9315-f4921f8a7e73 None None] new path /v2/images {{(pid=84309) process_request /opt/stack/glance/glance/api/middleware/version_negotiation.py:70}}
Aug 12 12:15:13 devstack devstack@g-api.service[84309]: [pid: 84309|app: 0|req: 1/3] 127.0.0.1 () {40 vars in 779 bytes} [Wed Aug 12 12:15:12 2026] POST /v2/images => generated 807 bytes in 1374 msecs (HTTP/1.1 201) 6 headers in 314 bytes (1 switches on core 0)
Aug 12 12:15:13 devstack devstack@g-api.service[84310]: DEBUG glance.api.middleware.version_negotiation [None req-babbea75-d46f-4d00-b684-0c8da02a6cc5 None None] Determining version of request: PUT /v2/images/27cc8571-440d-411f-8623-0e747072277e/file Accept: {{(pid=84310) process_request /opt/stack/glance/glance/api/middleware/version_negotiation.py:44}}
Aug 12 12:15:13 devstack devstack@g-api.service[84310]: DEBUG glance.api.middleware.version_negotiation [None req-babbea75-d46f-4d00-b684-0c8da02a6cc5 None None] Using url versioning {{(pid=84310) process_request /opt/stack/glance/glance/api/middleware/version_negotiation.py:57}}
Aug 12 12:15:13 devstack devstack@g-api.service[84310]: DEBUG glance.api.middleware.version_negotiation [None req-babbea75-d46f-4d00-b684-0c8da02a6cc5 None None] Matched version: v2 {{(pid=84310) process_request /opt/stack/glance/glance/api/middleware/version_negotiation.py:69}}
Aug 12 12:15:13 devstack devstack@g-api.service[84310]: DEBUG glance.api.middleware.version_negotiation [None req-babbea75-d46f-4d00-b684-0c8da02a6cc5 None None] new path /v2/images/27cc8571-440d-411f-8623-0e747072277e/file {{(pid=84310) process_request /opt/stack/glance/glance/api/middleware/version_negotiation.py:70}}
Aug 12 12:15:14 devstack devstack@g-api.service[84310]: INFO glance.api.v2.image_data [None req-2d8830ff-32c1-4a45-b0db-f825b7c84536 admin admin] Unable to create trust: no such option collect_timing in group [keystone_authtoken] Use the existing user token.
Aug 12 12:15:15 devstack devstack@g-api.service[84310]: DEBUG glance.location [None req-2d8830ff-32c1-4a45-b0db-f825b7c84536 admin admin] Enabling in-flight format inspection for qcow2 {{(pid=84310) set_data /opt/stack/glance/glance/location.py:596}}
Aug 12 12:15:15 devstack devstack@g-api.service[84310]: DEBUG oslo_utils.imageutils.format_inspector [None req-2d8830ff-32c1-4a45-b0db-f825b7c84536 admin admin] Format inspector for vmdk does not match, excluding from consideration (Signature KDMV not found: b'QFI\xfb') {{(pid=84310) _process_chunk /opt/stack/data/venv/lib/python3.12/site-packages/oslo_utils/imageutils/format_inspector.py:1758}}
Aug 12 12:15:15 devstack devstack@g-api.service[84310]: DEBUG oslo_utils.imageutils.format_inspector [None req-2d8830ff-32c1-4a45-b0db-f825b7c84536 admin admin] Format inspector for vhdx does not match, excluding from consideration (Region signature not found at 30000) {{(pid=84310) _process_chunk /opt/stack/data/venv/lib/python3.12/site-packages/oslo_utils/imageutils/format_inspector.py:1758}}
Aug 12 12:15:15 devstack devstack@g-api.service[84310]: DEBUG glance_store._drivers.filesystem [None req-2d8830ff-32c1-4a45-b0db-f825b7c84536 admin admin] Wrote 21692416 bytes to /opt/stack/data/glance/images/27cc8571-440d-411f-8623-0e747072277e with checksum 87617e24a5e30cb3b87fda8c0764838f and multihash 9a9bce0083a00939ec17c11febbfc767aa211aaa54f51e75c5a8b271a9b5637c77205a518b7a2007cb391d23cceb01e0e4e8d64832317151bc85b734b92a7be0 {{(pid=84310) add /opt/stack/data/venv/lib/python3.12/site-packages/glance_store/_drivers/filesystem.py:899}}
Aug 12 12:15:15 devstack devstack@g-api.service[84310]: INFO glance.location [None req-2d8830ff-32c1-4a45-b0db-f825b7c84536 admin admin] Image format matched and virtual size computed: 117440512
Aug 12 12:15:15 devstack devstack@g-api.service[84310]: DEBUG glance_store.backend [None req-2d8830ff-32c1-4a45-b0db-f825b7c84536 admin admin] Skipping store.set_acls... not implemented. {{(pid=84310) set_acls /opt/stack/data/venv/lib/python3.12/site-packages/glance_store/backend.py:507}}
Aug 12 12:15:15 devstack devstack@g-api.service[84310]: [pid: 84310|app: 0|req: 3/4] 127.0.0.1 () {42 vars in 911 bytes} [Wed Aug 12 12:15:13 2026] PUT /v2/images/27cc8571-440d-411f-8623-0e747072277e/file => generated 0 bytes in 1842 msecs (HTTP/1.1 204) 4 headers in 171 bytes (1 switches on core 0)
Aug 12 12:15:15 devstack devstack@g-api.service[84309]: DEBUG glance.api.middleware.version_negotiation [None req-ee467953-d7f5-4fab-82f7-2e7e233c55c4 admin admin] Determining version of request: GET /v2/images/27cc8571-440d-411f-8623-0e747072277e Accept: */* {{(pid=84309) process_request /opt/stack/glance/glance/api/middleware/version_negotiation.py:44}}
Aug 12 12:15:15 devstack devstack@g-api.service[84309]: DEBUG glance.api.middleware.version_negotiation [None req-ee467953-d7f5-4fab-82f7-2e7e233c55c4 admin admin] Using url versioning {{(pid=84309) process_request /opt/stack/glance/glance/api/middleware/version_negotiation.py:57}}
Aug 12 12:15:15 devstack devstack@g-api.service[84309]: DEBUG glance.api.middleware.version_negotiation [None req-ee467953-d7f5-4fab-82f7-2e7e233c55c4 admin admin] Matched version: v2 {{(pid=84309) process_request /opt/stack/glance/glance/api/middleware/version_negotiation.py:69}}
Aug 12 12:15:15 devstack devstack@g-api.service[84309]: DEBUG glance.api.middleware.version_negotiation [None req-ee467953-d7f5-4fab-82f7-2e7e233c55c4 admin admin] new path /v2/images/27cc8571-440d-411f-8623-0e747072277e {{(pid=84309) process_request /opt/stack/glance/glance/api/middleware/version_negotiation.py:70}}
Aug 12 12:15:15 devstack devstack@g-api.service[84309]: [pid: 84309|app: 0|req: 2/5] 127.0.0.1 () {36 vars in 799 bytes} [Wed Aug 12 12:15:15 2026] GET /v2/images/27cc8571-440d-411f-8623-0e747072277e => generated 976 bytes in 27 msecs (HTTP/1.1 200) 4 headers in 157 bytes (1 switches on core 0)
Aug 12 12:15:25 devstack devstack@g-api.service[84310]: DEBUG dbcounter [-] [84310] Writing DB stats glance:INSERT=5,glance:SELECT=16,glance:UPDATE=2 {{(pid=84310) stat_writer /opt/stack/data/venv/lib/python3.12/site-packages/dbcounter.py:115}}
Aug 12 12:15:25 devstack devstack@g-api.service[84309]: DEBUG dbcounter [-] [84309] Writing DB stats glance:INSERT=9,glance:SELECT=6 {{(pid=84309) stat_writer /opt/stack/data/venv/lib/python3.12/site-packages/dbcounter.py:115}}
Aug 12 12:16:00 devstack devstack@g-api.service[84310]: DEBUG glance.api.middleware.version_negotiation [None req-2d8830ff-32c1-4a45-b0db-f825b7c84536 admin admin] Determining version of request: GET / Accept: application/json {{(pid=84310) process_request /opt/stack/glance/glance/api/middleware/version_negotiation.py:44}}
Aug 12 12:16:00 devstack devstack@g-api.service[84310]: DEBUG glance.api.middleware.version_negotiation [None req-2d8830ff-32c1-4a45-b0db-f825b7c84536 admin admin] Using url versioning {{(pid=84310) process_request /opt/stack/glance/glance/api/middleware/version_negotiation.py:57}}
Aug 12 12:16:00 devstack devstack@g-api.service[84310]: DEBUG glance.api.middleware.version_negotiation [None req-2d8830ff-32c1-4a45-b0db-f825b7c84536 admin admin] Unknown version. Returning version choices. {{(pid=84310) process_request /opt/stack/glance/glance/api/middleware/version_negotiation.py:64}}
Aug 12 12:16:00 devstack devstack@g-api.service[84310]: [pid: 84310|app: 0|req: 4/6] 127.0.0.1 () {34 vars in 516 bytes} [Wed Aug 12 12:16:00 2026] GET / => generated 1557 bytes in 3 msecs (HTTP/1.1 300) 3 headers in 106 bytes (1 switches on core 0)
Aug 12 12:16:00 devstack devstack@g-api.service[84309]: DEBUG glance.api.middleware.version_negotiation [None req-edf255ce-a64d-42fd-bab1-ae9ab9b92660 admin admin] Determining version of request: GET /v2/images Accept: application/json {{(pid=84309) process_request /opt/stack/glance/glance/api/middleware/version_negotiation.py:44}}
Aug 12 12:16:00 devstack devstack@g-api.service[84309]: DEBUG glance.api.middleware.version_negotiation [None req-edf255ce-a64d-42fd-bab1-ae9ab9b92660 admin admin] Using url versioning {{(pid=84309) process_request /opt/stack/glance/glance/api/middleware/version_negotiation.py:57}}
Aug 12 12:16:00 devstack devstack@g-api.service[84309]: DEBUG glance.api.middleware.version_negotiation [None req-edf255ce-a64d-42fd-bab1-ae9ab9b92660 admin admin] Matched version: v2 {{(pid=84309) process_request /opt/stack/glance/glance/api/middleware/version_negotiation.py:69}}
Aug 12 12:16:00 devstack devstack@g-api.service[84309]: DEBUG glance.api.middleware.version_negotiation [None req-edf255ce-a64d-42fd-bab1-ae9ab9b92660 admin admin] new path /v2/images {{(pid=84309) process_request /opt/stack/glance/glance/api/middleware/version_negotiation.py:70}}
Aug 12 12:16:00 devstack devstack@g-api.service[84309]: [pid: 84309|app: 0|req: 3/7] 127.0.0.1 () {36 vars in 738 bytes} [Wed Aug 12 12:16:00 2026] GET /v2/images => generated 1045 bytes in 88 msecs (HTTP/1.1 200) 4 headers in 158 bytes (1 switches on core 0)
Aug 12 12:16:10 devstack devstack@g-api.service[84310]: DEBUG glance.api.middleware.version_negotiation [None req-2d8830ff-32c1-4a45-b0db-f825b7c84536 admin admin] Determining version of request: GET / Accept: application/json {{(pid=84310) process_request /opt/stack/glance/glance/api/middleware/version_negotiation.py:44}}
Aug 12 12:16:10 devstack devstack@g-api.service[84310]: DEBUG glance.api.middleware.version_negotiation [None req-2d8830ff-32c1-4a45-b0db-f825b7c84536 admin admin] Using url versioning {{(pid=84310) process_request /opt/stack/glance/glance/api/middleware/version_negotiation.py:57}}
Aug 12 12:16:10 devstack devstack@g-api.service[84310]: DEBUG glance.api.middleware.version_negotiation [None req-2d8830ff-32c1-4a45-b0db-f825b7c84536 admin admin] Unknown version. Returning version choices. {{(pid=84310) process_request /opt/stack/glance/glance/api/middleware/version_negotiation.py:64}}
Aug 12 12:16:10 devstack devstack@g-api.service[84310]: [pid: 84310|app: 0|req: 5/8] 127.0.0.1 () {34 vars in 516 bytes} [Wed Aug 12 12:16:10 2026] GET / => generated 1557 bytes in 2 msecs (HTTP/1.1 300) 3 headers in 106 bytes (1 switches on core 0)
Aug 12 12:16:10 devstack devstack@g-api.service[84309]: DEBUG glance.api.middleware.version_negotiation [None req-f5efb757-9d7c-49b5-bc77-e06e61ed4d56 admin admin] Determining version of request: GET /v2/images/27cc8571-440d-411f-8623-0e747072277e Accept: */* {{(pid=84309) process_request /opt/stack/glance/glance/api/middleware/version_negotiation.py:44}}
Aug 12 12:16:10 devstack devstack@g-api.service[84309]: DEBUG glance.api.middleware.version_negotiation [None req-f5efb757-9d7c-49b5-bc77-e06e61ed4d56 admin admin] Using url versioning {{(pid=84309) process_request /opt/stack/glance/glance/api/middleware/version_negotiation.py:57}}
Aug 12 12:16:10 devstack devstack@g-api.service[84309]: DEBUG glance.api.middleware.version_negotiation [None req-f5efb757-9d7c-49b5-bc77-e06e61ed4d56 admin admin] Matched version: v2 {{(pid=84309) process_request /opt/stack/glance/glance/api/middleware/version_negotiation.py:69}}
Aug 12 12:16:10 devstack devstack@g-api.service[84309]: DEBUG glance.api.middleware.version_negotiation [None req-f5efb757-9d7c-49b5-bc77-e06e61ed4d56 admin admin] new path /v2/images/27cc8571-440d-411f-8623-0e747072277e {{(pid=84309) process_request /opt/stack/glance/glance/api/middleware/version_negotiation.py:70}}
Aug 12 12:16:10 devstack devstack@g-api.service[84309]: [pid: 84309|app: 0|req: 4/9] 127.0.0.1 () {36 vars in 799 bytes} [Wed Aug 12 12:16:10 2026] GET /v2/images/27cc8571-440d-411f-8623-0e747072277e => generated 976 bytes in 69 msecs (HTTP/1.1 200) 4 headers in 157 bytes (1 switches on core 0)
Aug 12 12:16:16 devstack devstack@g-api.service[84310]: DEBUG glance.api.middleware.version_negotiation [None req-2d8830ff-32c1-4a45-b0db-f825b7c84536 admin admin] Determining version of request: GET / Accept: application/json {{(pid=84310) process_request /opt/stack/glance/glance/api/middleware/version_negotiation.py:44}}
Aug 12 12:16:16 devstack devstack@g-api.service[84310]: DEBUG glance.api.middleware.version_negotiation [None req-2d8830ff-32c1-4a45-b0db-f825b7c84536 admin admin] Using url versioning {{(pid=84310) process_request /opt/stack/glance/glance/api/middleware/version_negotiation.py:57}}
Aug 12 12:16:16 devstack devstack@g-api.service[84310]: DEBUG glance.api.middleware.version_negotiation [None req-2d8830ff-32c1-4a45-b0db-f825b7c84536 admin admin] Unknown version. Returning version choices. {{(pid=84310) process_request /opt/stack/glance/glance/api/middleware/version_negotiation.py:64}}
Aug 12 12:16:16 devstack devstack@g-api.service[84310]: [pid: 84310|app: 0|req: 6/10] 127.0.0.1 () {34 vars in 516 bytes} [Wed Aug 12 12:16:16 2026] GET / => generated 1557 bytes in 2 msecs (HTTP/1.1 300) 3 headers in 106 bytes (1 switches on core 0)
Aug 12 12:16:16 devstack devstack@g-api.service[84309]: DEBUG glance.api.middleware.version_negotiation [None req-24fb4903-c744-4450-beb7-9867eca35384 admin admin] Determining version of request: GET /v2/images/27cc8571-440d-411f-8623-0e747072277e Accept: */* {{(pid=84309) process_request /opt/stack/glance/glance/api/middleware/version_negotiation.py:44}}
Aug 12 12:16:16 devstack devstack@g-api.service[84309]: DEBUG glance.api.middleware.version_negotiation [None req-24fb4903-c744-4450-beb7-9867eca35384 admin admin] Using url versioning {{(pid=84309) process_request /opt/stack/glance/glance/api/middleware/version_negotiation.py:57}}
Aug 12 12:16:16 devstack devstack@g-api.service[84309]: DEBUG glance.api.middleware.version_negotiation [None req-24fb4903-c744-4450-beb7-9867eca35384 admin admin] Matched version: v2 {{(pid=84309) process_request /opt/stack/glance/glance/api/middleware/version_negotiation.py:69}}
Aug 12 12:16:16 devstack devstack@g-api.service[84309]: DEBUG glance.api.middleware.version_negotiation [None req-24fb4903-c744-4450-beb7-9867eca35384 admin admin] new path /v2/images/27cc8571-440d-411f-8623-0e747072277e {{(pid=84309) process_request /opt/stack/glance/glance/api/middleware/version_negotiation.py:70}}
Aug 12 12:16:16 devstack devstack@g-api.service[84309]: [pid: 84309|app: 0|req: 5/11] 127.0.0.1 () {36 vars in 799 bytes} [Wed Aug 12 12:16:16 2026] GET /v2/images/27cc8571-440d-411f-8623-0e747072277e => generated 976 bytes in 70 msecs (HTTP/1.1 200) 4 headers in 157 bytes (1 switches on core 0)
Aug 12 12:16:26 devstack devstack@g-api.service[84309]: DEBUG dbcounter [-] [84309] Writing DB stats glance:SELECT=5 {{(pid=84309) stat_writer /opt/stack/data/venv/lib/python3.12/site-packages/dbcounter.py:115}}
Aug 12 12:17:30 devstack devstack@g-api.service[84310]: DEBUG glance.api.middleware.version_negotiation [None req-2d8830ff-32c1-4a45-b0db-f825b7c84536 admin admin] Determining version of request: GET / Accept: application/json {{(pid=84310) process_request /opt/stack/glance/glance/api/middleware/version_negotiation.py:44}}
Aug 12 12:17:30 devstack devstack@g-api.service[84310]: DEBUG glance.api.middleware.version_negotiation [None req-2d8830ff-32c1-4a45-b0db-f825b7c84536 admin admin] Using url versioning {{(pid=84310) process_request /opt/stack/glance/glance/api/middleware/version_negotiation.py:57}}
Aug 12 12:17:30 devstack devstack@g-api.service[84310]: DEBUG glance.api.middleware.version_negotiation [None req-2d8830ff-32c1-4a45-b0db-f825b7c84536 admin admin] Unknown version. Returning version choices. {{(pid=84310) process_request /opt/stack/glance/glance/api/middleware/version_negotiation.py:64}}
Aug 12 12:17:30 devstack devstack@g-api.service[84310]: [pid: 84310|app: 0|req: 7/12] 127.0.0.1 () {36 vars in 485 bytes} [Wed Aug 12 12:17:30 2026] GET / => generated 1557 bytes in 2 msecs (HTTP/1.1 300) 3 headers in 106 bytes (1 switches on core 0)
Aug 12 12:20:19 devstack devstack@g-api.service[84309]: DEBUG glance.api.middleware.version_negotiation [None req-845675a1-4d1c-46e8-9f85-56f7d4b533a9 admin admin] Determining version of request: GET / Accept: application/json {{(pid=84309) process_request /opt/stack/glance/glance/api/middleware/version_negotiation.py:44}}
Aug 12 12:20:19 devstack devstack@g-api.service[84309]: DEBUG glance.api.middleware.version_negotiation [None req-845675a1-4d1c-46e8-9f85-56f7d4b533a9 admin admin] Using url versioning {{(pid=84309) process_request /opt/stack/glance/glance/api/middleware/version_negotiation.py:57}}
Aug 12 12:20:19 devstack devstack@g-api.service[84309]: DEBUG glance.api.middleware.version_negotiation [None req-845675a1-4d1c-46e8-9f85-56f7d4b533a9 admin admin] Unknown version. Returning version choices. {{(pid=84309) process_request /opt/stack/glance/glance/api/middleware/version_negotiation.py:64}}
Aug 12 12:20:19 devstack devstack@g-api.service[84309]: [pid: 84309|app: 0|req: 6/13] 127.0.0.1 () {34 vars in 502 bytes} [Wed Aug 12 12:20:19 2026] GET / => generated 1557 bytes in 3 msecs (HTTP/1.1 300) 3 headers in 106 bytes (1 switches on core 0)
Aug 12 12:20:19 devstack devstack@g-api.service[84310]: DEBUG glance.api.middleware.version_negotiation [None req-2d8830ff-32c1-4a45-b0db-f825b7c84536 admin admin] Determining version of request: GET /v2/images/27cc8571-440d-411f-8623-0e747072277e Accept: */* {{(pid=84310) process_request /opt/stack/glance/glance/api/middleware/version_negotiation.py:44}}
Aug 12 12:20:19 devstack devstack@g-api.service[84310]: DEBUG glance.api.middleware.version_negotiation [None req-2d8830ff-32c1-4a45-b0db-f825b7c84536 admin admin] Using url versioning {{(pid=84310) process_request /opt/stack/glance/glance/api/middleware/version_negotiation.py:57}}
Aug 12 12:20:19 devstack devstack@g-api.service[84310]: DEBUG glance.api.middleware.version_negotiation [None req-2d8830ff-32c1-4a45-b0db-f825b7c84536 admin admin] Matched version: v2 {{(pid=84310) process_request /opt/stack/glance/glance/api/middleware/version_negotiation.py:69}}
Aug 12 12:20:19 devstack devstack@g-api.service[84310]: DEBUG glance.api.middleware.version_negotiation [None req-2d8830ff-32c1-4a45-b0db-f825b7c84536 admin admin] new path /v2/images/27cc8571-440d-411f-8623-0e747072277e {{(pid=84310) process_request /opt/stack/glance/glance/api/middleware/version_negotiation.py:70}}
Aug 12 12:20:19 devstack devstack@g-api.service[84310]: [pid: 84310|app: 0|req: 8/14] 127.0.0.1 () {42 vars in 1058 bytes} [Wed Aug 12 12:20:19 2026] GET /v2/images/27cc8571-440d-411f-8623-0e747072277e => generated 976 bytes in 304 msecs (HTTP/1.1 200) 4 headers in 157 bytes (1 switches on core 0)
Aug 12 12:20:19 devstack devstack@g-api.service[84309]: DEBUG glance.api.middleware.version_negotiation [None req-845675a1-4d1c-46e8-9f85-56f7d4b533a9 admin admin] Determining version of request: GET /v2/schemas/image Accept: */* {{(pid=84309) process_request /opt/stack/glance/glance/api/middleware/version_negotiation.py:44}}
Aug 12 12:20:19 devstack devstack@g-api.service[84309]: DEBUG glance.api.middleware.version_negotiation [None req-845675a1-4d1c-46e8-9f85-56f7d4b533a9 admin admin] Using url versioning {{(pid=84309) process_request /opt/stack/glance/glance/api/middleware/version_negotiation.py:57}}
Aug 12 12:20:19 devstack devstack@g-api.service[84309]: DEBUG glance.api.middleware.version_negotiation [None req-845675a1-4d1c-46e8-9f85-56f7d4b533a9 admin admin] Matched version: v2 {{(pid=84309) process_request /opt/stack/glance/glance/api/middleware/version_negotiation.py:69}}
Aug 12 12:20:19 devstack devstack@g-api.service[84309]: DEBUG glance.api.middleware.version_negotiation [None req-845675a1-4d1c-46e8-9f85-56f7d4b533a9 admin admin] new path /v2/schemas/image {{(pid=84309) process_request /opt/stack/glance/glance/api/middleware/version_negotiation.py:70}}
Aug 12 12:20:19 devstack devstack@g-api.service[84309]: [pid: 84309|app: 0|req: 7/15] 127.0.0.1 () {42 vars in 998 bytes} [Wed Aug 12 12:20:19 2026] GET /v2/schemas/image => generated 6083 bytes in 8 msecs (HTTP/1.1 200) 4 headers in 158 bytes (1 switches on core 0)
Aug 12 12:20:25 devstack devstack@g-api.service[84310]: DEBUG glance.api.middleware.version_negotiation [None req-3ff0b69a-e520-42b8-96bb-45ff90883079 tempest-ServersNegativeTestJSON-897152838 tempest-ServersNegativeTestJSON-897152838-project-member] Determining version of request: GET / Accept: application/json {{(pid=84310) process_request /opt/stack/glance/glance/api/middleware/version_negotiation.py:44}}
Aug 12 12:20:25 devstack devstack@g-api.service[84310]: DEBUG glance.api.middleware.version_negotiation [None req-3ff0b69a-e520-42b8-96bb-45ff90883079 tempest-ServersNegativeTestJSON-897152838 tempest-ServersNegativeTestJSON-897152838-project-member] Using url versioning {{(pid=84310) process_request /opt/stack/glance/glance/api/middleware/version_negotiation.py:57}}
Aug 12 12:20:25 devstack devstack@g-api.service[84310]: DEBUG glance.api.middleware.version_negotiation [None req-3ff0b69a-e520-42b8-96bb-45ff90883079 tempest-ServersNegativeTestJSON-897152838 tempest-ServersNegativeTestJSON-897152838-project-member] Unknown version. Returning version choices. {{(pid=84310) process_request /opt/stack/glance/glance/api/middleware/version_negotiation.py:64}}
Aug 12 12:20:25 devstack devstack@g-api.service[84310]: [pid: 84310|app: 0|req: 9/16] 127.0.0.1 () {34 vars in 502 bytes} [Wed Aug 12 12:20:25 2026] GET / => generated 1557 bytes in 5 msecs (HTTP/1.1 300) 3 headers in 106 bytes (1 switches on core 0)
Aug 12 12:20:25 devstack devstack@g-api.service[84309]: DEBUG glance.api.middleware.version_negotiation [None req-3ff0b69a-e520-42b8-96bb-45ff90883079 tempest-ServersNegativeTestJSON-897152838 tempest-ServersNegativeTestJSON-897152838-project-member] Determining version of request: GET /v2/images/27cc8571-440d-411f-8623-0e747072277e Accept: */* {{(pid=84309) process_request /opt/stack/glance/glance/api/middleware/version_negotiation.py:44}}
Aug 12 12:20:25 devstack devstack@g-api.service[84309]: DEBUG glance.api.middleware.version_negotiation [None req-3ff0b69a-e520-42b8-96bb-45ff90883079 tempest-ServersNegativeTestJSON-897152838 tempest-ServersNegativeTestJSON-897152838-project-member] Using url versioning {{(pid=84309) process_request /opt/stack/glance/glance/api/middleware/version_negotiation.py:57}}
Aug 12 12:20:25 devstack devstack@g-api.service[84309]: DEBUG glance.api.middleware.version_negotiation [None req-3ff0b69a-e520-42b8-96bb-45ff90883079 tempest-ServersNegativeTestJSON-897152838 tempest-ServersNegativeTestJSON-897152838-project-member] Matched version: v2 {{(pid=84309) process_request /opt/stack/glance/glance/api/middleware/version_negotiation.py:69}}
Aug 12 12:20:25 devstack devstack@g-api.service[84309]: DEBUG glance.api.middleware.version_negotiation [None req-3ff0b69a-e520-42b8-96bb-45ff90883079 tempest-ServersNegativeTestJSON-897152838 tempest-ServersNegativeTestJSON-897152838-project-member] new path /v2/images/27cc8571-440d-411f-8623-0e747072277e {{(pid=84309) process_request /opt/stack/glance/glance/api/middleware/version_negotiation.py:70}}
Aug 12 12:20:25 devstack devstack@g-api.service[84309]: [pid: 84309|app: 0|req: 8/17] 127.0.0.1 () {42 vars in 1058 bytes} [Wed Aug 12 12:20:25 2026] GET /v2/images/27cc8571-440d-411f-8623-0e747072277e => generated 976 bytes in 270 msecs (HTTP/1.1 200) 4 headers in 157 bytes (1 switches on core 0)
Aug 12 12:20:25 devstack devstack@g-api.service[84310]: DEBUG glance.api.middleware.version_negotiation [None req-3ff0b69a-e520-42b8-96bb-45ff90883079 tempest-ServersNegativeTestJSON-897152838 tempest-ServersNegativeTestJSON-897152838-project-member] Determining version of request: GET /v2/schemas/image Accept: */* {{(pid=84310) process_request /opt/stack/glance/glance/api/middleware/version_negotiation.py:44}}
Aug 12 12:20:25 devstack devstack@g-api.service[84310]: DEBUG glance.api.middleware.version_negotiation [None req-3ff0b69a-e520-42b8-96bb-45ff90883079 tempest-ServersNegativeTestJSON-897152838 tempest-ServersNegativeTestJSON-897152838-project-member] Using url versioning {{(pid=84310) process_request /opt/stack/glance/glance/api/middleware/version_negotiation.py:57}}
Aug 12 12:20:25 devstack devstack@g-api.service[84310]: DEBUG glance.api.middleware.version_negotiation [None req-3ff0b69a-e520-42b8-96bb-45ff90883079 tempest-ServersNegativeTestJSON-897152838 tempest-ServersNegativeTestJSON-897152838-project-member] Matched version: v2 {{(pid=84310) process_request /opt/stack/glance/glance/api/middleware/version_negotiation.py:69}}
Aug 12 12:20:25 devstack devstack@g-api.service[84310]: DEBUG glance.api.middleware.version_negotiation [None req-3ff0b69a-e520-42b8-96bb-45ff90883079 tempest-ServersNegativeTestJSON-897152838 tempest-ServersNegativeTestJSON-897152838-project-member] new path /v2/schemas/image {{(pid=84310) process_request /opt/stack/glance/glance/api/middleware/version_negotiation.py:70}}
Aug 12 12:20:25 devstack devstack@g-api.service[84310]: [pid: 84310|app: 0|req: 10/18] 127.0.0.1 () {42 vars in 998 bytes} [Wed Aug 12 12:20:25 2026] GET /v2/schemas/image => generated 6083 bytes in 10 msecs (HTTP/1.1 200) 4 headers in 158 bytes (1 switches on core 0)
Aug 12 12:20:29 devstack devstack@g-api.service[84310]: DEBUG dbcounter [-] [84310] Writing DB stats glance:SELECT=2 {{(pid=84310) stat_writer /opt/stack/data/venv/lib/python3.12/site-packages/dbcounter.py:115}}
Aug 12 12:20:32 devstack devstack@g-api.service[84309]: DEBUG glance.api.middleware.version_negotiation [None req-80a334e2-f198-40a0-8cf0-e839b6f59224 tempest-ServerRescueNegativeTestJSON-2098914971 tempest-ServerRescueNegativeTestJSON-2098914971-project-member] Determining version of request: GET /v2/images/27cc8571-440d-411f-8623-0e747072277e Accept: */* {{(pid=84309) process_request /opt/stack/glance/glance/api/middleware/version_negotiation.py:44}}
Aug 12 12:20:32 devstack devstack@g-api.service[84309]: DEBUG glance.api.middleware.version_negotiation [None req-80a334e2-f198-40a0-8cf0-e839b6f59224 tempest-ServerRescueNegativeTestJSON-2098914971 tempest-ServerRescueNegativeTestJSON-2098914971-project-member] Using url versioning {{(pid=84309) process_request /opt/stack/glance/glance/api/middleware/version_negotiation.py:57}}
Aug 12 12:20:32 devstack devstack@g-api.service[84309]: DEBUG glance.api.middleware.version_negotiation [None req-80a334e2-f198-40a0-8cf0-e839b6f59224 tempest-ServerRescueNegativeTestJSON-2098914971 tempest-ServerRescueNegativeTestJSON-2098914971-project-member] Matched version: v2 {{(pid=84309) process_request /opt/stack/glance/glance/api/middleware/version_negotiation.py:69}}
Aug 12 12:20:32 devstack devstack@g-api.service[84309]: DEBUG glance.api.middleware.version_negotiation [None req-80a334e2-f198-40a0-8cf0-e839b6f59224 tempest-ServerRescueNegativeTestJSON-2098914971 tempest-ServerRescueNegativeTestJSON-2098914971-project-member] new path /v2/images/27cc8571-440d-411f-8623-0e747072277e {{(pid=84309) process_request /opt/stack/glance/glance/api/middleware/version_negotiation.py:70}}
Aug 12 12:20:33 devstack devstack@g-api.service[84309]: [pid: 84309|app: 0|req: 9/19] 127.0.0.1 () {42 vars in 1058 bytes} [Wed Aug 12 12:20:32 2026] GET /v2/images/27cc8571-440d-411f-8623-0e747072277e => generated 976 bytes in 106 msecs (HTTP/1.1 200) 4 headers in 157 bytes (1 switches on core 0)
Aug 12 12:20:33 devstack devstack@g-api.service[84310]: DEBUG glance.api.middleware.version_negotiation [None req-80a334e2-f198-40a0-8cf0-e839b6f59224 tempest-ServerRescueNegativeTestJSON-2098914971 tempest-ServerRescueNegativeTestJSON-2098914971-project-member] Determining version of request: GET /v2/images/27cc8571-440d-411f-8623-0e747072277e/file Accept: */* {{(pid=84310) process_request /opt/stack/glance/glance/api/middleware/version_negotiation.py:44}}
Aug 12 12:20:33 devstack devstack@g-api.service[84310]: DEBUG glance.api.middleware.version_negotiation [None req-80a334e2-f198-40a0-8cf0-e839b6f59224 tempest-ServerRescueNegativeTestJSON-2098914971 tempest-ServerRescueNegativeTestJSON-2098914971-project-member] Using url versioning {{(pid=84310) process_request /opt/stack/glance/glance/api/middleware/version_negotiation.py:57}}
Aug 12 12:20:33 devstack devstack@g-api.service[84310]: DEBUG glance.api.middleware.version_negotiation [None req-80a334e2-f198-40a0-8cf0-e839b6f59224 tempest-ServerRescueNegativeTestJSON-2098914971 tempest-ServerRescueNegativeTestJSON-2098914971-project-member] Matched version: v2 {{(pid=84310) process_request /opt/stack/glance/glance/api/middleware/version_negotiation.py:69}}
Aug 12 12:20:33 devstack devstack@g-api.service[84310]: DEBUG glance.api.middleware.version_negotiation [None req-80a334e2-f198-40a0-8cf0-e839b6f59224 tempest-ServerRescueNegativeTestJSON-2098914971 tempest-ServerRescueNegativeTestJSON-2098914971-project-member] new path /v2/images/27cc8571-440d-411f-8623-0e747072277e/file {{(pid=84310) process_request /opt/stack/glance/glance/api/middleware/version_negotiation.py:70}}
Aug 12 12:20:33 devstack devstack@g-api.service[84310]: DEBUG glance_store._drivers.filesystem [None req-3ff0b69a-e520-42b8-96bb-45ff90883079 tempest-ServersNegativeTestJSON-897152838 tempest-ServersNegativeTestJSON-897152838-project-member] Found image at /opt/stack/data/glance/images/27cc8571-440d-411f-8623-0e747072277e. Returning in ChunkedFile. {{(pid=84310) get /opt/stack/data/venv/lib/python3.12/site-packages/glance_store/_drivers/filesystem.py:724}}
Aug 12 12:20:33 devstack devstack@g-api.service[84310]: DEBUG glance.image_cache [None req-3ff0b69a-e520-42b8-96bb-45ff90883079 tempest-ServersNegativeTestJSON-897152838 tempest-ServersNegativeTestJSON-897152838-project-member] Tee'ing image '27cc8571-440d-411f-8623-0e747072277e' into cache {{(pid=84310) get_caching_iter /opt/stack/glance/glance/image_cache/__init__.py:356}}
Aug 12 12:20:33 devstack devstack@g-api.service[84310]: DEBUG glance.image_cache.drivers.centralized_db [None req-3ff0b69a-e520-42b8-96bb-45ff90883079 tempest-ServersNegativeTestJSON-897152838 tempest-ServersNegativeTestJSON-897152838-project-member] Fetch finished, moving '/opt/stack/data/glance/cache/incomplete/27cc8571-440d-411f-8623-0e747072277e' to '/opt/stack/data/glance/cache/27cc8571-440d-411f-8623-0e747072277e' {{(pid=84310) commit /opt/stack/glance/glance/image_cache/drivers/centralized_db.py:243}}
Aug 12 12:20:33 devstack devstack@g-api.service[84310]: DEBUG glance.image_cache.drivers.centralized_db [None req-3ff0b69a-e520-42b8-96bb-45ff90883079 tempest-ServersNegativeTestJSON-897152838 tempest-ServersNegativeTestJSON-897152838-project-member] Image cached successfully. {{(pid=84310) commit /opt/stack/glance/glance/image_cache/drivers/centralized_db.py:258}}
Aug 12 12:20:33 devstack devstack@g-api.service[84310]: [pid: 84310|app: 0|req: 11/20] 127.0.0.1 () {42 vars in 1068 bytes} [Wed Aug 12 12:20:33 2026] GET /v2/images/27cc8571-440d-411f-8623-0e747072277e/file => generated 21692416 bytes in 416 msecs (HTTP/1.1 200) 4 headers in 191 bytes (336 switches on core 0)
Aug 12 12:20:33 devstack devstack@g-api.service[84309]: DEBUG glance.api.middleware.version_negotiation [None req-3ff0b69a-e520-42b8-96bb-45ff90883079 tempest-ServersNegativeTestJSON-897152838 tempest-ServersNegativeTestJSON-897152838-project-member] Determining version of request: GET /v2/images/27cc8571-440d-411f-8623-0e747072277e Accept: */* {{(pid=84309) process_request /opt/stack/glance/glance/api/middleware/version_negotiation.py:44}}
Aug 12 12:20:33 devstack devstack@g-api.service[84309]: DEBUG glance.api.middleware.version_negotiation [None req-3ff0b69a-e520-42b8-96bb-45ff90883079 tempest-ServersNegativeTestJSON-897152838 tempest-ServersNegativeTestJSON-897152838-project-member] Using url versioning {{(pid=84309) process_request /opt/stack/glance/glance/api/middleware/version_negotiation.py:57}}
Aug 12 12:20:33 devstack devstack@g-api.service[84309]: DEBUG glance.api.middleware.version_negotiation [None req-3ff0b69a-e520-42b8-96bb-45ff90883079 tempest-ServersNegativeTestJSON-897152838 tempest-ServersNegativeTestJSON-897152838-project-member] Matched version: v2 {{(pid=84309) process_request /opt/stack/glance/glance/api/middleware/version_negotiation.py:69}}
Aug 12 12:20:33 devstack devstack@g-api.service[84309]: DEBUG glance.api.middleware.version_negotiation [None req-3ff0b69a-e520-42b8-96bb-45ff90883079 tempest-ServersNegativeTestJSON-897152838 tempest-ServersNegativeTestJSON-897152838-project-member] new path /v2/images/27cc8571-440d-411f-8623-0e747072277e {{(pid=84309) process_request /opt/stack/glance/glance/api/middleware/version_negotiation.py:70}}
Aug 12 12:20:33 devstack devstack@g-api.service[84309]: [pid: 84309|app: 0|req: 10/21] 127.0.0.1 () {42 vars in 1058 bytes} [Wed Aug 12 12:20:33 2026] GET /v2/images/27cc8571-440d-411f-8623-0e747072277e => generated 976 bytes in 28 msecs (HTTP/1.1 200) 4 headers in 157 bytes (1 switches on core 0)
Aug 12 12:20:33 devstack devstack@g-api.service[84310]: DEBUG glance.api.middleware.version_negotiation [None req-3ff0b69a-e520-42b8-96bb-45ff90883079 tempest-ServersNegativeTestJSON-897152838 tempest-ServersNegativeTestJSON-897152838-project-member] Determining version of request: GET /v2/schemas/image Accept: */* {{(pid=84310) process_request /opt/stack/glance/glance/api/middleware/version_negotiation.py:44}}
Aug 12 12:20:33 devstack devstack@g-api.service[84310]: DEBUG glance.api.middleware.version_negotiation [None req-3ff0b69a-e520-42b8-96bb-45ff90883079 tempest-ServersNegativeTestJSON-897152838 tempest-ServersNegativeTestJSON-897152838-project-member] Using url versioning {{(pid=84310) process_request /opt/stack/glance/glance/api/middleware/version_negotiation.py:57}}
Aug 12 12:20:33 devstack devstack@g-api.service[84310]: DEBUG glance.api.middleware.version_negotiation [None req-3ff0b69a-e520-42b8-96bb-45ff90883079 tempest-ServersNegativeTestJSON-897152838 tempest-ServersNegativeTestJSON-897152838-project-member] Matched version: v2 {{(pid=84310) process_request /opt/stack/glance/glance/api/middleware/version_negotiation.py:69}}
Aug 12 12:20:33 devstack devstack@g-api.service[84310]: DEBUG glance.api.middleware.version_negotiation [None req-3ff0b69a-e520-42b8-96bb-45ff90883079 tempest-ServersNegativeTestJSON-897152838 tempest-ServersNegativeTestJSON-897152838-project-member] new path /v2/schemas/image {{(pid=84310) process_request /opt/stack/glance/glance/api/middleware/version_negotiation.py:70}}
Aug 12 12:20:33 devstack devstack@g-api.service[84310]: [pid: 84310|app: 0|req: 12/22] 127.0.0.1 () {42 vars in 998 bytes} [Wed Aug 12 12:20:33 2026] GET /v2/schemas/image => generated 6083 bytes in 8 msecs (HTTP/1.1 200) 4 headers in 158 bytes (1 switches on core 0)
Aug 12 12:20:37 devstack devstack@g-api.service[84309]: DEBUG glance.api.middleware.version_negotiation [None req-3ff0b69a-e520-42b8-96bb-45ff90883079 tempest-ServersNegativeTestJSON-897152838 tempest-ServersNegativeTestJSON-897152838-project-member] Determining version of request: GET /v2/images/27cc8571-440d-411f-8623-0e747072277e Accept: */* {{(pid=84309) process_request /opt/stack/glance/glance/api/middleware/version_negotiation.py:44}}
Aug 12 12:20:37 devstack devstack@g-api.service[84309]: DEBUG glance.api.middleware.version_negotiation [None req-3ff0b69a-e520-42b8-96bb-45ff90883079 tempest-ServersNegativeTestJSON-897152838 tempest-ServersNegativeTestJSON-897152838-project-member] Using url versioning {{(pid=84309) process_request /opt/stack/glance/glance/api/middleware/version_negotiation.py:57}}
Aug 12 12:20:37 devstack devstack@g-api.service[84309]: DEBUG glance.api.middleware.version_negotiation [None req-3ff0b69a-e520-42b8-96bb-45ff90883079 tempest-ServersNegativeTestJSON-897152838 tempest-ServersNegativeTestJSON-897152838-project-member] Matched version: v2 {{(pid=84309) process_request /opt/stack/glance/glance/api/middleware/version_negotiation.py:69}}
Aug 12 12:20:37 devstack devstack@g-api.service[84309]: DEBUG glance.api.middleware.version_negotiation [None req-3ff0b69a-e520-42b8-96bb-45ff90883079 tempest-ServersNegativeTestJSON-897152838 tempest-ServersNegativeTestJSON-897152838-project-member] new path /v2/images/27cc8571-440d-411f-8623-0e747072277e {{(pid=84309) process_request /opt/stack/glance/glance/api/middleware/version_negotiation.py:70}}
Aug 12 12:20:37 devstack devstack@g-api.service[84309]: [pid: 84309|app: 0|req: 11/23] 127.0.0.1 () {42 vars in 1058 bytes} [Wed Aug 12 12:20:37 2026] GET /v2/images/27cc8571-440d-411f-8623-0e747072277e => generated 976 bytes in 27 msecs (HTTP/1.1 200) 4 headers in 157 bytes (1 switches on core 0)
Aug 12 12:20:37 devstack devstack@g-api.service[84310]: DEBUG glance.api.middleware.version_negotiation [None req-3ff0b69a-e520-42b8-96bb-45ff90883079 tempest-ServersNegativeTestJSON-897152838 tempest-ServersNegativeTestJSON-897152838-project-member] Determining version of request: GET /v2/schemas/image Accept: */* {{(pid=84310) process_request /opt/stack/glance/glance/api/middleware/version_negotiation.py:44}}
Aug 12 12:20:37 devstack devstack@g-api.service[84310]: DEBUG glance.api.middleware.version_negotiation [None req-3ff0b69a-e520-42b8-96bb-45ff90883079 tempest-ServersNegativeTestJSON-897152838 tempest-ServersNegativeTestJSON-897152838-project-member] Using url versioning {{(pid=84310) process_request /opt/stack/glance/glance/api/middleware/version_negotiation.py:57}}
Aug 12 12:20:37 devstack devstack@g-api.service[84310]: DEBUG glance.api.middleware.version_negotiation [None req-3ff0b69a-e520-42b8-96bb-45ff90883079 tempest-ServersNegativeTestJSON-897152838 tempest-ServersNegativeTestJSON-897152838-project-member] Matched version: v2 {{(pid=84310) process_request /opt/stack/glance/glance/api/middleware/version_negotiation.py:69}}
