Aug 12 12:24:52 devstack cinder-volume[94468]: DEBUG oslo_concurrency.lockutils [None req-fa164c8b-8b4d-43c4-aa01-fdc3150957b2 tempest-VolumesSnapshotNegativeTestJSON-394328908 None] Lock "quobyte" acquired by "cinder.volume.drivers.quobyte.QuobyteDriver.create_volume" :: waited 0.041s {{(pid=94468) inner /opt/stack/data/venv/lib/python3.12/site-packages/oslo_concurrency/lockutils.py:525}}
Aug 12 12:24:52 devstack cinder-volume[94468]: DEBUG cinder.volume.drivers.quobyte [None req-fa164c8b-8b4d-43c4-aa01-fdc3150957b2 tempest-VolumesSnapshotNegativeTestJSON-394328908 None] ==> create_volume: call "{'self': , 'volume': Volume(_name_id=None,admin_metadata=,attach_status='detached',availability_zone='nova',bootable=False,cluster=,cluster_name=None,consistencygroup=,consistencygroup_id=None,created_at=2026-08-12T10:24:52Z,deleted=False,deleted_at=None,display_description=None,display_name='tempest-VolumesSnapshotNegativeTestJSON-Volume-1590879738',ec2_id=None,encryption_key_id=None,glance_metadata=,group=,group_id=None,host='devstack@QuobyteHD#QuobyteHD',id=5bae8dc8-e35e-460f-9e6d-d12992682b30,launched_at=None,metadata={},migration_status=None,multiattach=False,previous_status=None,project_id='2dbb324d234a48ea9cd34cc61781ed8d',provider_auth=None,provider_geometry=None,provider_id=None,provider_location=None,replication_driver_data=None,replication_extended_status=None,replication_status=None,scheduled_at=2026-08-12T10:24:52Z,service_uuid=None,shared_targets=True,size=2,snapshot_id=None,snapshots=,source_volid=None,status='creating',terminated_at=None,updated_at=2026-08-12T10:24:52Z,use_quota=True,user_id='1540f387a5734ac388fba4117276d20d',volume_attachment=VolumeAttachmentList,volume_type=VolumeType(d0c2c7db-2545-4045-80b5-481ccfe6184f),volume_type_id=d0c2c7db-2545-4045-80b5-481ccfe6184f)}" {{(pid=94468) trace_logging_wrapper /opt/stack/cinder/cinder/volume/volume_utils.py:1497}}
Aug 12 12:24:52 devstack cinder-volume[94468]: DEBUG cinder.volume.drivers.remotefs [None req-fa164c8b-8b4d-43c4-aa01-fdc3150957b2 tempest-VolumesSnapshotNegativeTestJSON-394328908 None] Creating volume 5bae8dc8-e35e-460f-9e6d-d12992682b30 {{(pid=94468) create_volume /opt/stack/cinder/cinder/volume/drivers/remotefs.py:292}}
Aug 12 12:24:52 devstack cinder-volume[94468]: DEBUG oslo_concurrency.lockutils [None req-fa164c8b-8b4d-43c4-aa01-fdc3150957b2 tempest-VolumesSnapshotNegativeTestJSON-394328908 None] Acquiring lock "quobyte_ensure" by "cinder.volume.drivers.quobyte.QuobyteDriver._ensure_shares_mounted" {{(pid=94468) inner /opt/stack/data/venv/lib/python3.12/site-packages/oslo_concurrency/lockutils.py:512}}
Aug 12 12:24:52 devstack cinder-volume[94468]: DEBUG oslo_concurrency.lockutils [None req-fa164c8b-8b4d-43c4-aa01-fdc3150957b2 tempest-VolumesSnapshotNegativeTestJSON-394328908 None] Lock "quobyte_ensure" acquired by "cinder.volume.drivers.quobyte.QuobyteDriver._ensure_shares_mounted" :: waited 0.000s {{(pid=94468) inner /opt/stack/data/venv/lib/python3.12/site-packages/oslo_concurrency/lockutils.py:525}}
Aug 12 12:24:52 devstack cinder-volume[94468]: DEBUG cinder.volume.drivers.quobyte [None req-fa164c8b-8b4d-43c4-aa01-fdc3150957b2 tempest-VolumesSnapshotNegativeTestJSON-394328908 None] Quobyte Volume URL set to: {'osci02.corp.quobyte.com/cinder-vol-3a5104f8-7c40-4f68-85ea-29e5994b6c33': None} {{(pid=94468) _load_shares_config /opt/stack/cinder/cinder/volume/drivers/quobyte.py:665}}
Aug 12 12:24:52 devstack cinder-volume[94468]: DEBUG cinder.volume.drivers.quobyte [None req-fa164c8b-8b4d-43c4-aa01-fdc3150957b2 tempest-VolumesSnapshotNegativeTestJSON-394328908 None] Available shares ['osci02.corp.quobyte.com/cinder-vol-3a5104f8-7c40-4f68-85ea-29e5994b6c33'] {{(pid=94468) _ensure_shares_mounted /opt/stack/cinder/cinder/volume/drivers/quobyte.py:695}}
Aug 12 12:24:52 devstack cinder-volume[94468]: DEBUG oslo_concurrency.lockutils [None req-fa164c8b-8b4d-43c4-aa01-fdc3150957b2 tempest-VolumesSnapshotNegativeTestJSON-394328908 None] Lock "quobyte_ensure" "released" by "cinder.volume.drivers.quobyte.QuobyteDriver._ensure_shares_mounted" :: held 0.008s {{(pid=94468) inner /opt/stack/data/venv/lib/python3.12/site-packages/oslo_concurrency/lockutils.py:544}}
Aug 12 12:24:52 devstack cinder-volume[94468]: DEBUG cinder.volume.drivers.quobyte [None req-fa164c8b-8b4d-43c4-aa01-fdc3150957b2 tempest-VolumesSnapshotNegativeTestJSON-394328908 None] Selected osci02.corp.quobyte.com/cinder-vol-3a5104f8-7c40-4f68-85ea-29e5994b6c33 as target Quobyte volume. {{(pid=94468) _find_share /opt/stack/cinder/cinder/volume/drivers/quobyte.py:716}}
Aug 12 12:24:52 devstack cinder-volume[94468]: INFO cinder.volume.drivers.remotefs [None req-fa164c8b-8b4d-43c4-aa01-fdc3150957b2 tempest-VolumesSnapshotNegativeTestJSON-394328908 None] casted to osci02.corp.quobyte.com/cinder-vol-3a5104f8-7c40-4f68-85ea-29e5994b6c33
Aug 12 12:24:52 devstack cinder-volume[94468]: DEBUG oslo_concurrency.processutils [None req-fa164c8b-8b4d-43c4-aa01-fdc3150957b2 tempest-VolumesSnapshotNegativeTestJSON-394328908 None] Running cmd (subprocess): sudo cinder-rootwrap /etc/cinder/rootwrap.conf qemu-img create -f qcow2 -o preallocation=metadata /opt/stack/data/cinder/mnt/1f8dfceee5b95237d6a057999d3140b5/volume-5bae8dc8-e35e-460f-9e6d-d12992682b30 2147483648 {{(pid=94468) execute /opt/stack/data/venv/lib/python3.12/site-packages/oslo_concurrency/processutils.py:440}}
Aug 12 12:24:52 devstack cinder-volume[94468]: DEBUG cinder.volume.manager [req-849125af-c8aa-4ce7-9e3f-c5649af7b107 req-8ecab719-d828-4b7b-85cc-ec6e4041ca64 tempest-VolumesGetTestJSON-453379359 None] Task 'cinder.volume.flows.manager.create_volume.CreateVolumeFromSpecTask;volume:create' (2e2a7bfe-1533-408f-b27c-f039a789a19b) transitioned into state 'SUCCESS' from state 'RUNNING' with result '{'status': 'creating', 'volume_name': 'volume-47f63f8b-5926-41c0-971f-f1cda0981769', 'volume_size': 1}' {{(pid=94468) _task_receiver /opt/stack/data/venv/lib/python3.12/site-packages/taskflow/listeners/logging.py:218}}
Aug 12 12:24:52 devstack sudo[99618]: quobyte : PWD=/ ; USER=root ; COMMAND=/opt/stack/data/venv/bin/cinder-rootwrap /etc/cinder/rootwrap.conf qemu-img create -f qcow2 -o preallocation=metadata /opt/stack/data/cinder/mnt/1f8dfceee5b95237d6a057999d3140b5/volume-5bae8dc8-e35e-460f-9e6d-d12992682b30 2147483648
Aug 12 12:24:52 devstack sudo[99618]: pam_unix(sudo:session): session opened for user root(uid=0) by (uid=1000)
Aug 12 12:24:52 devstack cinder-volume[94468]: DEBUG cinder.volume.manager [req-849125af-c8aa-4ce7-9e3f-c5649af7b107 req-8ecab719-d828-4b7b-85cc-ec6e4041ca64 tempest-VolumesGetTestJSON-453379359 None] Task 'cinder.volume.flows.manager.create_volume.CreateVolumeOnFinishTask;volume:create, create.end' (9bd14ece-12a4-485a-9932-be6289f430da) transitioned into state 'RUNNING' from state 'PENDING' {{(pid=94468) _task_receiver /opt/stack/data/venv/lib/python3.12/site-packages/taskflow/listeners/logging.py:242}}
Aug 12 12:24:52 devstack cinder-volume[94468]: INFO cinder.volume.flows.manager.create_volume [req-849125af-c8aa-4ce7-9e3f-c5649af7b107 req-8ecab719-d828-4b7b-85cc-ec6e4041ca64 tempest-VolumesGetTestJSON-453379359 None] Volume volume-47f63f8b-5926-41c0-971f-f1cda0981769 (47f63f8b-5926-41c0-971f-f1cda0981769): created successfully
Aug 12 12:24:52 devstack cinder-volume[94468]: DEBUG cinder.volume.manager [req-849125af-c8aa-4ce7-9e3f-c5649af7b107 req-8ecab719-d828-4b7b-85cc-ec6e4041ca64 tempest-VolumesGetTestJSON-453379359 None] Task 'cinder.volume.flows.manager.create_volume.CreateVolumeOnFinishTask;volume:create, create.end' (9bd14ece-12a4-485a-9932-be6289f430da) transitioned into state 'SUCCESS' from state 'RUNNING' with result 'None' {{(pid=94468) _task_receiver /opt/stack/data/venv/lib/python3.12/site-packages/taskflow/listeners/logging.py:218}}
Aug 12 12:24:52 devstack cinder-volume[94468]: DEBUG cinder.volume.manager [req-849125af-c8aa-4ce7-9e3f-c5649af7b107 req-8ecab719-d828-4b7b-85cc-ec6e4041ca64 tempest-VolumesGetTestJSON-453379359 None] Flow 'volume_create_manager' (1cbd624d-20fb-4e38-89a0-7f1b39e574ed) transitioned into state 'SUCCESS' from state 'RUNNING' {{(pid=94468) _flow_receiver /opt/stack/data/venv/lib/python3.12/site-packages/taskflow/listeners/logging.py:160}}
Aug 12 12:24:52 devstack cinder-volume[94468]: INFO cinder.volume.manager [req-849125af-c8aa-4ce7-9e3f-c5649af7b107 req-8ecab719-d828-4b7b-85cc-ec6e4041ca64 tempest-VolumesGetTestJSON-453379359 None] Created volume successfully.
Aug 12 12:24:52 devstack sudo[99618]: pam_unix(sudo:session): session closed for user root
Aug 12 12:24:52 devstack cinder-volume[94468]: DEBUG oslo_concurrency.processutils [None req-fa164c8b-8b4d-43c4-aa01-fdc3150957b2 tempest-VolumesSnapshotNegativeTestJSON-394328908 None] CMD "sudo cinder-rootwrap /etc/cinder/rootwrap.conf qemu-img create -f qcow2 -o preallocation=metadata /opt/stack/data/cinder/mnt/1f8dfceee5b95237d6a057999d3140b5/volume-5bae8dc8-e35e-460f-9e6d-d12992682b30 2147483648" returned: 0 in 0.600s {{(pid=94468) execute /opt/stack/data/venv/lib/python3.12/site-packages/oslo_concurrency/processutils.py:468}}
Aug 12 12:24:52 devstack cinder-volume[94468]: DEBUG oslo_concurrency.processutils [None req-fa164c8b-8b4d-43c4-aa01-fdc3150957b2 tempest-VolumesSnapshotNegativeTestJSON-394328908 None] Running cmd (subprocess): sudo cinder-rootwrap /etc/cinder/rootwrap.conf chmod ugo+rw /opt/stack/data/cinder/mnt/1f8dfceee5b95237d6a057999d3140b5/volume-5bae8dc8-e35e-460f-9e6d-d12992682b30 {{(pid=94468) execute /opt/stack/data/venv/lib/python3.12/site-packages/oslo_concurrency/processutils.py:440}}
Aug 12 12:24:52 devstack cinder-volume[94468]: INFO cinder.volume.manager [req-4190eb82-b3ca-461c-9ccd-52c16629c1db req-3b3dc8ef-6674-44b8-9cd8-414da9b0c3d3 tempest-ServerActionsTestOtherA-1217890702 None] Terminate volume connection completed successfully.
Aug 12 12:24:52 devstack cinder-volume[94468]: DEBUG cinder.volume.manager [req-4190eb82-b3ca-461c-9ccd-52c16629c1db req-3b3dc8ef-6674-44b8-9cd8-414da9b0c3d3 tempest-ServerActionsTestOtherA-1217890702 None] Deleting attachment b5c10d2c-93df-4e4a-a7c8-434584319abe. {{(pid=94468) attachment_delete /opt/stack/cinder/cinder/volume/manager.py:5055}}
Aug 12 12:24:52 devstack sudo[99632]: quobyte : PWD=/ ; USER=root ; COMMAND=/opt/stack/data/venv/bin/cinder-rootwrap /etc/cinder/rootwrap.conf chmod ugo+rw /opt/stack/data/cinder/mnt/1f8dfceee5b95237d6a057999d3140b5/volume-5bae8dc8-e35e-460f-9e6d-d12992682b30
Aug 12 12:24:52 devstack sudo[99632]: pam_unix(sudo:session): session opened for user root(uid=0) by (uid=1000)
Aug 12 12:24:53 devstack sudo[99632]: pam_unix(sudo:session): session closed for user root
Aug 12 12:24:53 devstack cinder-volume[94468]: DEBUG oslo_concurrency.processutils [None req-fa164c8b-8b4d-43c4-aa01-fdc3150957b2 tempest-VolumesSnapshotNegativeTestJSON-394328908 None] CMD "sudo cinder-rootwrap /etc/cinder/rootwrap.conf chmod ugo+rw /opt/stack/data/cinder/mnt/1f8dfceee5b95237d6a057999d3140b5/volume-5bae8dc8-e35e-460f-9e6d-d12992682b30" returned: 0 in 0.367s {{(pid=94468) execute /opt/stack/data/venv/lib/python3.12/site-packages/oslo_concurrency/processutils.py:468}}
Aug 12 12:24:53 devstack cinder-volume[94468]: DEBUG cinder.volume.drivers.quobyte [None req-fa164c8b-8b4d-43c4-aa01-fdc3150957b2 tempest-VolumesSnapshotNegativeTestJSON-394328908 None] <== create_volume: return (1027ms) {'provider_location': 'osci02.corp.quobyte.com/cinder-vol-3a5104f8-7c40-4f68-85ea-29e5994b6c33'} {{(pid=94468) trace_logging_wrapper /opt/stack/cinder/cinder/volume/volume_utils.py:1522}}
Aug 12 12:24:53 devstack cinder-volume[94468]: DEBUG oslo_concurrency.lockutils [None req-fa164c8b-8b4d-43c4-aa01-fdc3150957b2 tempest-VolumesSnapshotNegativeTestJSON-394328908 None] Lock "quobyte" "released" by "cinder.volume.drivers.quobyte.QuobyteDriver.create_volume" :: held 1.030s {{(pid=94468) inner /opt/stack/data/venv/lib/python3.12/site-packages/oslo_concurrency/lockutils.py:544}}
Aug 12 12:24:53 devstack cinder-volume[94468]: DEBUG cinder.volume.manager [None req-fa164c8b-8b4d-43c4-aa01-fdc3150957b2 tempest-VolumesSnapshotNegativeTestJSON-394328908 None] Task 'cinder.volume.flows.manager.create_volume.CreateVolumeFromSpecTask;volume:create' (6f1c62fa-251d-4038-920a-0bdfa9348a9c) transitioned into state 'SUCCESS' from state 'RUNNING' with result '{'status': 'creating', 'volume_name': 'volume-5bae8dc8-e35e-460f-9e6d-d12992682b30', 'volume_size': 2}' {{(pid=94468) _task_receiver /opt/stack/data/venv/lib/python3.12/site-packages/taskflow/listeners/logging.py:218}}
Aug 12 12:24:53 devstack cinder-volume[94468]: DEBUG cinder.volume.manager [None req-fa164c8b-8b4d-43c4-aa01-fdc3150957b2 tempest-VolumesSnapshotNegativeTestJSON-394328908 None] Task 'cinder.volume.flows.manager.create_volume.CreateVolumeOnFinishTask;volume:create, create.end' (f0ea90b2-3cb6-4293-ace9-36c8afdb1335) transitioned into state 'RUNNING' from state 'PENDING' {{(pid=94468) _task_receiver /opt/stack/data/venv/lib/python3.12/site-packages/taskflow/listeners/logging.py:242}}
Aug 12 12:24:53 devstack cinder-volume[94468]: INFO cinder.volume.flows.manager.create_volume [None req-fa164c8b-8b4d-43c4-aa01-fdc3150957b2 tempest-VolumesSnapshotNegativeTestJSON-394328908 None] Volume volume-5bae8dc8-e35e-460f-9e6d-d12992682b30 (5bae8dc8-e35e-460f-9e6d-d12992682b30): created successfully
Aug 12 12:24:53 devstack cinder-volume[94468]: DEBUG cinder.volume.manager [None req-fa164c8b-8b4d-43c4-aa01-fdc3150957b2 tempest-VolumesSnapshotNegativeTestJSON-394328908 None] Task 'cinder.volume.flows.manager.create_volume.CreateVolumeOnFinishTask;volume:create, create.end' (f0ea90b2-3cb6-4293-ace9-36c8afdb1335) transitioned into state 'SUCCESS' from state 'RUNNING' with result 'None' {{(pid=94468) _task_receiver /opt/stack/data/venv/lib/python3.12/site-packages/taskflow/listeners/logging.py:218}}
Aug 12 12:24:53 devstack cinder-volume[94468]: DEBUG cinder.volume.manager [None req-fa164c8b-8b4d-43c4-aa01-fdc3150957b2 tempest-VolumesSnapshotNegativeTestJSON-394328908 None] Flow 'volume_create_manager' (3116f90c-0335-4c6a-872f-1745afa1b273) transitioned into state 'SUCCESS' from state 'RUNNING' {{(pid=94468) _flow_receiver /opt/stack/data/venv/lib/python3.12/site-packages/taskflow/listeners/logging.py:160}}
Aug 12 12:24:53 devstack cinder-volume[94468]: INFO cinder.volume.manager [None req-fa164c8b-8b4d-43c4-aa01-fdc3150957b2 tempest-VolumesSnapshotNegativeTestJSON-394328908 None] Created volume successfully.
Aug 12 12:24:53 devstack cinder-volume[94468]: DEBUG cinder.coordination [req-d8c36b82-7fac-4689-a394-1822e545b328 req-ce0dbf35-47d9-40fe-b801-dc9031b8cd73 tempest-VolumesGetTestJSON-453379359 None] Acquiring lock "cinder-47f63f8b-5926-41c0-971f-f1cda0981769-delete_volume" by "delete_volume" {{(pid=94468) __acquire /opt/stack/cinder/cinder/coordination.py:138}}
Aug 12 12:24:53 devstack cinder-volume[94468]: DEBUG cinder.coordination [req-d8c36b82-7fac-4689-a394-1822e545b328 req-ce0dbf35-47d9-40fe-b801-dc9031b8cd73 tempest-VolumesGetTestJSON-453379359 None] Lock "cinder-47f63f8b-5926-41c0-971f-f1cda0981769-delete_volume" acquired by "delete_volume" :: waited 0.023s {{(pid=94468) __acquire /opt/stack/cinder/cinder/coordination.py:141}}
Aug 12 12:24:53 devstack cinder-volume[94468]: DEBUG cinder.coordination [req-d8c36b82-7fac-4689-a394-1822e545b328 req-ce0dbf35-47d9-40fe-b801-dc9031b8cd73 tempest-VolumesGetTestJSON-453379359 None] Acquiring lock "cinder-quobyte-47f63f8b-5926-41c0-971f-f1cda0981769" by "delete_volume" {{(pid=94468) __acquire /opt/stack/cinder/cinder/coordination.py:138}}
Aug 12 12:24:53 devstack cinder-volume[94468]: DEBUG cinder.coordination [req-d8c36b82-7fac-4689-a394-1822e545b328 req-ce0dbf35-47d9-40fe-b801-dc9031b8cd73 tempest-VolumesGetTestJSON-453379359 None] Lock "cinder-quobyte-47f63f8b-5926-41c0-971f-f1cda0981769" acquired by "delete_volume" :: waited 0.028s {{(pid=94468) __acquire /opt/stack/cinder/cinder/coordination.py:141}}
Aug 12 12:24:53 devstack cinder-volume[94468]: DEBUG oslo.privsep.daemon [-] privsep: reply[99c29067-9ce3-4918-b4d6-92fd7ca25c1b]: (4, 'qcow2') {{(pid=96079) _call_back /opt/stack/data/venv/lib/python3.12/site-packages/oslo_privsep/daemon.py:580}}
Aug 12 12:24:53 devstack cinder-volume[94468]: DEBUG oslo_concurrency.processutils [req-d8c36b82-7fac-4689-a394-1822e545b328 req-ce0dbf35-47d9-40fe-b801-dc9031b8cd73 tempest-VolumesGetTestJSON-453379359 None] Running cmd (subprocess): /opt/stack/data/venv/bin/python3.12 -m oslo_concurrency.prlimit --as=1073741824 --cpu=60 -- sudo cinder-rootwrap /etc/cinder/rootwrap.conf env LC_ALL=C qemu-img info -f qcow2 --output=json --force-share /opt/stack/data/cinder/mnt/1f8dfceee5b95237d6a057999d3140b5/volume-47f63f8b-5926-41c0-971f-f1cda0981769 {{(pid=94468) execute /opt/stack/data/venv/lib/python3.12/site-packages/oslo_concurrency/processutils.py:440}}
Aug 12 12:24:53 devstack sudo[99635]: quobyte : PWD=/ ; USER=root ; COMMAND=/opt/stack/data/venv/bin/cinder-rootwrap /etc/cinder/rootwrap.conf env LC_ALL=C qemu-img info -f qcow2 --output=json --force-share /opt/stack/data/cinder/mnt/1f8dfceee5b95237d6a057999d3140b5/volume-47f63f8b-5926-41c0-971f-f1cda0981769
Aug 12 12:24:53 devstack sudo[99635]: pam_unix(sudo:session): session opened for user root(uid=0) by (uid=1000)
Aug 12 12:24:54 devstack sudo[99635]: pam_unix(sudo:session): session closed for user root
Aug 12 12:24:54 devstack cinder-volume[94468]: DEBUG oslo_concurrency.processutils [req-d8c36b82-7fac-4689-a394-1822e545b328 req-ce0dbf35-47d9-40fe-b801-dc9031b8cd73 tempest-VolumesGetTestJSON-453379359 None] CMD "/opt/stack/data/venv/bin/python3.12 -m oslo_concurrency.prlimit --as=1073741824 --cpu=60 -- sudo cinder-rootwrap /etc/cinder/rootwrap.conf env LC_ALL=C qemu-img info -f qcow2 --output=json --force-share /opt/stack/data/cinder/mnt/1f8dfceee5b95237d6a057999d3140b5/volume-47f63f8b-5926-41c0-971f-f1cda0981769" returned: 0 in 0.473s {{(pid=94468) execute /opt/stack/data/venv/lib/python3.12/site-packages/oslo_concurrency/processutils.py:468}}
Aug 12 12:24:54 devstack cinder-volume[94468]: DEBUG oslo_concurrency.processutils [req-d8c36b82-7fac-4689-a394-1822e545b328 req-ce0dbf35-47d9-40fe-b801-dc9031b8cd73 tempest-VolumesGetTestJSON-453379359 None] Running cmd (subprocess): sudo cinder-rootwrap /etc/cinder/rootwrap.conf rm -f /opt/stack/data/cinder/mnt/1f8dfceee5b95237d6a057999d3140b5/volume-47f63f8b-5926-41c0-971f-f1cda0981769 {{(pid=94468) execute /opt/stack/data/venv/lib/python3.12/site-packages/oslo_concurrency/processutils.py:440}}
Aug 12 12:24:54 devstack sudo[99644]: quobyte : PWD=/ ; USER=root ; COMMAND=/opt/stack/data/venv/bin/cinder-rootwrap /etc/cinder/rootwrap.conf rm -f /opt/stack/data/cinder/mnt/1f8dfceee5b95237d6a057999d3140b5/volume-47f63f8b-5926-41c0-971f-f1cda0981769
Aug 12 12:24:54 devstack sudo[99644]: pam_unix(sudo:session): session opened for user root(uid=0) by (uid=1000)
Aug 12 12:24:54 devstack cinder-volume[94468]: DEBUG oslo_concurrency.lockutils [None req-ad1a18a8-fccd-4607-a2ab-e672389e377f tempest-VolumesSnapshotNegativeTestJSON-394328908 None] Acquiring lock "quobyte" by "cinder.volume.drivers.quobyte.QuobyteDriver.create_snapshot" {{(pid=94468) inner /opt/stack/data/venv/lib/python3.12/site-packages/oslo_concurrency/lockutils.py:512}}
Aug 12 12:24:54 devstack cinder-volume[94468]: DEBUG oslo_concurrency.lockutils [None req-ad1a18a8-fccd-4607-a2ab-e672389e377f tempest-VolumesSnapshotNegativeTestJSON-394328908 None] Lock "quobyte" acquired by "cinder.volume.drivers.quobyte.QuobyteDriver.create_snapshot" :: waited 0.001s {{(pid=94468) inner /opt/stack/data/venv/lib/python3.12/site-packages/oslo_concurrency/lockutils.py:525}}
Aug 12 12:24:54 devstack cinder-volume[94468]: DEBUG cinder.volume.drivers.remotefs [None req-ad1a18a8-fccd-4607-a2ab-e672389e377f tempest-VolumesSnapshotNegativeTestJSON-394328908 None] Creating offline snapshot 38e0a78d-9158-453b-85dc-b747fa2116e2 of volume 5bae8dc8-e35e-460f-9e6d-d12992682b30 {{(pid=94468) _create_snapshot /opt/stack/cinder/cinder/volume/drivers/remotefs.py:1816}}
Aug 12 12:24:54 devstack cinder-volume[94468]: DEBUG oslo.privsep.daemon [-] privsep: reply[724e725f-09b2-4d10-8646-cc9808b63a3f]: (4, 'qcow2') {{(pid=96079) _call_back /opt/stack/data/venv/lib/python3.12/site-packages/oslo_privsep/daemon.py:580}}
Aug 12 12:24:54 devstack cinder-volume[94468]: DEBUG oslo_concurrency.processutils [None req-ad1a18a8-fccd-4607-a2ab-e672389e377f tempest-VolumesSnapshotNegativeTestJSON-394328908 None] Running cmd (subprocess): /opt/stack/data/venv/bin/python3.12 -m oslo_concurrency.prlimit --as=1073741824 --cpu=60 -- sudo cinder-rootwrap /etc/cinder/rootwrap.conf env LC_ALL=C qemu-img info -f qcow2 --output=json --force-share /opt/stack/data/cinder/mnt/1f8dfceee5b95237d6a057999d3140b5/volume-5bae8dc8-e35e-460f-9e6d-d12992682b30 {{(pid=94468) execute /opt/stack/data/venv/lib/python3.12/site-packages/oslo_concurrency/processutils.py:440}}
Aug 12 12:24:54 devstack sudo[99644]: pam_unix(sudo:session): session closed for user root
Aug 12 12:24:54 devstack cinder-volume[94468]: DEBUG oslo_concurrency.processutils [req-d8c36b82-7fac-4689-a394-1822e545b328 req-ce0dbf35-47d9-40fe-b801-dc9031b8cd73 tempest-VolumesGetTestJSON-453379359 None] CMD "sudo cinder-rootwrap /etc/cinder/rootwrap.conf rm -f /opt/stack/data/cinder/mnt/1f8dfceee5b95237d6a057999d3140b5/volume-47f63f8b-5926-41c0-971f-f1cda0981769" returned: 0 in 0.520s {{(pid=94468) execute /opt/stack/data/venv/lib/python3.12/site-packages/oslo_concurrency/processutils.py:468}}
Aug 12 12:24:54 devstack sudo[99663]: quobyte : PWD=/ ; USER=root ; COMMAND=/opt/stack/data/venv/bin/cinder-rootwrap /etc/cinder/rootwrap.conf env LC_ALL=C qemu-img info -f qcow2 --output=json --force-share /opt/stack/data/cinder/mnt/1f8dfceee5b95237d6a057999d3140b5/volume-5bae8dc8-e35e-460f-9e6d-d12992682b30
Aug 12 12:24:54 devstack sudo[99663]: pam_unix(sudo:session): session opened for user root(uid=0) by (uid=1000)
Aug 12 12:24:54 devstack cinder-volume[94468]: DEBUG cinder.coordination [req-d8c36b82-7fac-4689-a394-1822e545b328 req-ce0dbf35-47d9-40fe-b801-dc9031b8cd73 tempest-VolumesGetTestJSON-453379359 None] Lock "cinder-quobyte-47f63f8b-5926-41c0-971f-f1cda0981769" released by "delete_volume" :: held 1.063s {{(pid=94468) __release /opt/stack/cinder/cinder/coordination.py:152}}
Aug 12 12:24:54 devstack cinder-volume[94468]: DEBUG cinder.quota [req-d8c36b82-7fac-4689-a394-1822e545b328 req-ce0dbf35-47d9-40fe-b801-dc9031b8cd73 tempest-VolumesGetTestJSON-453379359 None] Created reservations ['2a3a86bc-860a-41c0-8cad-e0b0f815dae9', '880b6a11-ef57-4ce1-a56f-400d0d5d7a81', 'b405ad94-3174-4689-ab4f-db1e7284ef5d', '82760333-52f6-447c-90d4-db0aa725aa97'] {{(pid=94468) reserve /opt/stack/cinder/cinder/quota.py:752}}
Aug 12 12:24:54 devstack cinder-volume[94468]: DEBUG oslo_concurrency.lockutils [req-d8c36b82-7fac-4689-a394-1822e545b328 req-ce0dbf35-47d9-40fe-b801-dc9031b8cd73 tempest-VolumesGetTestJSON-453379359 None] Acquiring lock "quobyte_ensure" by "cinder.volume.drivers.quobyte.QuobyteDriver._ensure_shares_mounted" {{(pid=94468) inner /opt/stack/data/venv/lib/python3.12/site-packages/oslo_concurrency/lockutils.py:512}}
Aug 12 12:24:54 devstack cinder-volume[94468]: DEBUG oslo_concurrency.lockutils [req-d8c36b82-7fac-4689-a394-1822e545b328 req-ce0dbf35-47d9-40fe-b801-dc9031b8cd73 tempest-VolumesGetTestJSON-453379359 None] Lock "quobyte_ensure" acquired by "cinder.volume.drivers.quobyte.QuobyteDriver._ensure_shares_mounted" :: waited 0.002s {{(pid=94468) inner /opt/stack/data/venv/lib/python3.12/site-packages/oslo_concurrency/lockutils.py:525}}
Aug 12 12:24:54 devstack cinder-volume[94468]: DEBUG cinder.volume.drivers.quobyte [req-d8c36b82-7fac-4689-a394-1822e545b328 req-ce0dbf35-47d9-40fe-b801-dc9031b8cd73 tempest-VolumesGetTestJSON-453379359 None] Quobyte Volume URL set to: {'osci02.corp.quobyte.com/cinder-vol-3a5104f8-7c40-4f68-85ea-29e5994b6c33': None} {{(pid=94468) _load_shares_config /opt/stack/cinder/cinder/volume/drivers/quobyte.py:665}}
Aug 12 12:24:54 devstack cinder-volume[94468]: DEBUG cinder.volume.drivers.quobyte [req-d8c36b82-7fac-4689-a394-1822e545b328 req-ce0dbf35-47d9-40fe-b801-dc9031b8cd73 tempest-VolumesGetTestJSON-453379359 None] Available shares ['osci02.corp.quobyte.com/cinder-vol-3a5104f8-7c40-4f68-85ea-29e5994b6c33'] {{(pid=94468) _ensure_shares_mounted /opt/stack/cinder/cinder/volume/drivers/quobyte.py:695}}
Aug 12 12:24:54 devstack cinder-volume[94468]: DEBUG oslo_concurrency.lockutils [req-d8c36b82-7fac-4689-a394-1822e545b328 req-ce0dbf35-47d9-40fe-b801-dc9031b8cd73 tempest-VolumesGetTestJSON-453379359 None] Lock "quobyte_ensure" "released" by "cinder.volume.drivers.quobyte.QuobyteDriver._ensure_shares_mounted" :: held 0.007s {{(pid=94468) inner /opt/stack/data/venv/lib/python3.12/site-packages/oslo_concurrency/lockutils.py:544}}
Aug 12 12:24:54 devstack cinder-volume[94468]: DEBUG oslo_concurrency.processutils [req-d8c36b82-7fac-4689-a394-1822e545b328 req-ce0dbf35-47d9-40fe-b801-dc9031b8cd73 tempest-VolumesGetTestJSON-453379359 None] Running cmd (subprocess): sudo cinder-rootwrap /etc/cinder/rootwrap.conf df --portability --block-size 1 /opt/stack/data/cinder/mnt/1f8dfceee5b95237d6a057999d3140b5 {{(pid=94468) execute /opt/stack/data/venv/lib/python3.12/site-packages/oslo_concurrency/processutils.py:440}}
Aug 12 12:24:54 devstack sudo[99675]: quobyte : PWD=/ ; USER=root ; COMMAND=/opt/stack/data/venv/bin/cinder-rootwrap /etc/cinder/rootwrap.conf df --portability --block-size 1 /opt/stack/data/cinder/mnt/1f8dfceee5b95237d6a057999d3140b5
Aug 12 12:24:54 devstack sudo[99675]: pam_unix(sudo:session): session opened for user root(uid=0) by (uid=1000)
Aug 12 12:24:55 devstack sudo[99663]: pam_unix(sudo:session): session closed for user root
Aug 12 12:24:55 devstack cinder-volume[94468]: DEBUG oslo_concurrency.processutils [None req-ad1a18a8-fccd-4607-a2ab-e672389e377f tempest-VolumesSnapshotNegativeTestJSON-394328908 None] CMD "/opt/stack/data/venv/bin/python3.12 -m oslo_concurrency.prlimit --as=1073741824 --cpu=60 -- sudo cinder-rootwrap /etc/cinder/rootwrap.conf env LC_ALL=C qemu-img info -f qcow2 --output=json --force-share /opt/stack/data/cinder/mnt/1f8dfceee5b95237d6a057999d3140b5/volume-5bae8dc8-e35e-460f-9e6d-d12992682b30" returned: 0 in 0.589s {{(pid=94468) execute /opt/stack/data/venv/lib/python3.12/site-packages/oslo_concurrency/processutils.py:468}}
Aug 12 12:24:55 devstack cinder-volume[94468]: DEBUG oslo_concurrency.processutils [None req-ad1a18a8-fccd-4607-a2ab-e672389e377f tempest-VolumesSnapshotNegativeTestJSON-394328908 None] Running cmd (subprocess): sudo cinder-rootwrap /etc/cinder/rootwrap.conf qemu-img create -f qcow2 -o backing_file=/opt/stack/data/cinder/mnt/1f8dfceee5b95237d6a057999d3140b5/volume-5bae8dc8-e35e-460f-9e6d-d12992682b30,backing_fmt=qcow2 /opt/stack/data/cinder/mnt/1f8dfceee5b95237d6a057999d3140b5/volume-5bae8dc8-e35e-460f-9e6d-d12992682b30.38e0a78d-9158-453b-85dc-b747fa2116e2 2G {{(pid=94468) execute /opt/stack/data/venv/lib/python3.12/site-packages/oslo_concurrency/processutils.py:440}}
Aug 12 12:24:55 devstack sudo[99679]: quobyte : PWD=/ ; USER=root ; COMMAND=/opt/stack/data/venv/bin/cinder-rootwrap /etc/cinder/rootwrap.conf qemu-img create -f qcow2 -o backing_file=/opt/stack/data/cinder/mnt/1f8dfceee5b95237d6a057999d3140b5/volume-5bae8dc8-e35e-460f-9e6d-d12992682b30,backing_fmt=qcow2 /opt/stack/data/cinder/mnt/1f8dfceee5b95237d6a057999d3140b5/volume-5bae8dc8-e35e-460f-9e6d-d12992682b30.38e0a78d-9158-453b-85dc-b747fa2116e2 2G
Aug 12 12:24:55 devstack sudo[99679]: pam_unix(sudo:session): session opened for user root(uid=0) by (uid=1000)
Aug 12 12:24:55 devstack sudo[99675]: pam_unix(sudo:session): session closed for user root
Aug 12 12:24:55 devstack cinder-volume[94468]: DEBUG oslo_concurrency.processutils [req-d8c36b82-7fac-4689-a394-1822e545b328 req-ce0dbf35-47d9-40fe-b801-dc9031b8cd73 tempest-VolumesGetTestJSON-453379359 None] CMD "sudo cinder-rootwrap /etc/cinder/rootwrap.conf df --portability --block-size 1 /opt/stack/data/cinder/mnt/1f8dfceee5b95237d6a057999d3140b5" returned: 0 in 0.304s {{(pid=94468) execute /opt/stack/data/venv/lib/python3.12/site-packages/oslo_concurrency/processutils.py:468}}
Aug 12 12:24:55 devstack cinder-volume[94468]: DEBUG cinder.manager [req-d8c36b82-7fac-4689-a394-1822e545b328 req-ce0dbf35-47d9-40fe-b801-dc9031b8cd73 tempest-VolumesGetTestJSON-453379359 None] Notifying Schedulers of capabilities ... {{(pid=94468) _publish_service_capabilities /opt/stack/cinder/cinder/manager.py:219}}
Aug 12 12:24:55 devstack cinder-volume[94468]: INFO cinder.volume.manager [req-d8c36b82-7fac-4689-a394-1822e545b328 req-ce0dbf35-47d9-40fe-b801-dc9031b8cd73 tempest-VolumesGetTestJSON-453379359 None] Deleted volume successfully.
Aug 12 12:24:55 devstack cinder-volume[94468]: DEBUG cinder.coordination [req-d8c36b82-7fac-4689-a394-1822e545b328 req-ce0dbf35-47d9-40fe-b801-dc9031b8cd73 tempest-VolumesGetTestJSON-453379359 None] Lock "cinder-47f63f8b-5926-41c0-971f-f1cda0981769-delete_volume" released by "delete_volume" :: held 1.731s {{(pid=94468) __release /opt/stack/cinder/cinder/coordination.py:152}}
Aug 12 12:24:55 devstack sudo[99679]: pam_unix(sudo:session): session closed for user root
Aug 12 12:24:55 devstack cinder-volume[94468]: DEBUG oslo_concurrency.processutils [None req-ad1a18a8-fccd-4607-a2ab-e672389e377f tempest-VolumesSnapshotNegativeTestJSON-394328908 None] CMD "sudo cinder-rootwrap /etc/cinder/rootwrap.conf qemu-img create -f qcow2 -o backing_file=/opt/stack/data/cinder/mnt/1f8dfceee5b95237d6a057999d3140b5/volume-5bae8dc8-e35e-460f-9e6d-d12992682b30,backing_fmt=qcow2 /opt/stack/data/cinder/mnt/1f8dfceee5b95237d6a057999d3140b5/volume-5bae8dc8-e35e-460f-9e6d-d12992682b30.38e0a78d-9158-453b-85dc-b747fa2116e2 2G" returned: 0 in 0.676s {{(pid=94468) execute /opt/stack/data/venv/lib/python3.12/site-packages/oslo_concurrency/processutils.py:468}}
Aug 12 12:24:55 devstack cinder-volume[94468]: DEBUG oslo_concurrency.processutils [None req-ad1a18a8-fccd-4607-a2ab-e672389e377f tempest-VolumesSnapshotNegativeTestJSON-394328908 None] Running cmd (subprocess): sudo cinder-rootwrap /etc/cinder/rootwrap.conf qemu-img rebase -u -b volume-5bae8dc8-e35e-460f-9e6d-d12992682b30 -F qcow2 /opt/stack/data/cinder/mnt/1f8dfceee5b95237d6a057999d3140b5/volume-5bae8dc8-e35e-460f-9e6d-d12992682b30.38e0a78d-9158-453b-85dc-b747fa2116e2 {{(pid=94468) execute /opt/stack/data/venv/lib/python3.12/site-packages/oslo_concurrency/processutils.py:440}}
Aug 12 12:24:55 devstack sudo[99688]: quobyte : PWD=/ ; USER=root ; COMMAND=/opt/stack/data/venv/bin/cinder-rootwrap /etc/cinder/rootwrap.conf qemu-img rebase -u -b volume-5bae8dc8-e35e-460f-9e6d-d12992682b30 -F qcow2 /opt/stack/data/cinder/mnt/1f8dfceee5b95237d6a057999d3140b5/volume-5bae8dc8-e35e-460f-9e6d-d12992682b30.38e0a78d-9158-453b-85dc-b747fa2116e2
Aug 12 12:24:55 devstack sudo[99688]: pam_unix(sudo:session): session opened for user root(uid=0) by (uid=1000)
Aug 12 12:24:56 devstack sudo[99688]: pam_unix(sudo:session): session closed for user root
Aug 12 12:24:56 devstack cinder-volume[94468]: DEBUG oslo_concurrency.processutils [None req-ad1a18a8-fccd-4607-a2ab-e672389e377f tempest-VolumesSnapshotNegativeTestJSON-394328908 None] CMD "sudo cinder-rootwrap /etc/cinder/rootwrap.conf qemu-img rebase -u -b volume-5bae8dc8-e35e-460f-9e6d-d12992682b30 -F qcow2 /opt/stack/data/cinder/mnt/1f8dfceee5b95237d6a057999d3140b5/volume-5bae8dc8-e35e-460f-9e6d-d12992682b30.38e0a78d-9158-453b-85dc-b747fa2116e2" returned: 0 in 0.452s {{(pid=94468) execute /opt/stack/data/venv/lib/python3.12/site-packages/oslo_concurrency/processutils.py:468}}
Aug 12 12:24:56 devstack cinder-volume[94468]: WARNING cinder.volume.drivers.remotefs [None req-ad1a18a8-fccd-4607-a2ab-e672389e377f tempest-VolumesSnapshotNegativeTestJSON-394328908 None] /opt/stack/data/cinder/mnt/1f8dfceee5b95237d6a057999d3140b5/volume-5bae8dc8-e35e-460f-9e6d-d12992682b30.38e0a78d-9158-453b-85dc-b747fa2116e2 is being set with open permissions: ugo+rw
Aug 12 12:24:56 devstack cinder-volume[94468]: DEBUG oslo_concurrency.processutils [None req-ad1a18a8-fccd-4607-a2ab-e672389e377f tempest-VolumesSnapshotNegativeTestJSON-394328908 None] Running cmd (subprocess): sudo cinder-rootwrap /etc/cinder/rootwrap.conf chmod ugo+rw /opt/stack/data/cinder/mnt/1f8dfceee5b95237d6a057999d3140b5/volume-5bae8dc8-e35e-460f-9e6d-d12992682b30.38e0a78d-9158-453b-85dc-b747fa2116e2 {{(pid=94468) execute /opt/stack/data/venv/lib/python3.12/site-packages/oslo_concurrency/processutils.py:440}}
Aug 12 12:24:56 devstack sudo[99695]: quobyte : PWD=/ ; USER=root ; COMMAND=/opt/stack/data/venv/bin/cinder-rootwrap /etc/cinder/rootwrap.conf chmod ugo+rw /opt/stack/data/cinder/mnt/1f8dfceee5b95237d6a057999d3140b5/volume-5bae8dc8-e35e-460f-9e6d-d12992682b30.38e0a78d-9158-453b-85dc-b747fa2116e2
Aug 12 12:24:56 devstack sudo[99695]: pam_unix(sudo:session): session opened for user root(uid=0) by (uid=1000)
Aug 12 12:24:56 devstack sudo[99695]: pam_unix(sudo:session): session closed for user root
Aug 12 12:24:56 devstack cinder-volume[94468]: DEBUG oslo_concurrency.processutils [None req-ad1a18a8-fccd-4607-a2ab-e672389e377f tempest-VolumesSnapshotNegativeTestJSON-394328908 None] CMD "sudo cinder-rootwrap /etc/cinder/rootwrap.conf chmod ugo+rw /opt/stack/data/cinder/mnt/1f8dfceee5b95237d6a057999d3140b5/volume-5bae8dc8-e35e-460f-9e6d-d12992682b30.38e0a78d-9158-453b-85dc-b747fa2116e2" returned: 0 in 0.390s {{(pid=94468) execute /opt/stack/data/venv/lib/python3.12/site-packages/oslo_concurrency/processutils.py:468}}
Aug 12 12:24:56 devstack cinder-volume[94468]: DEBUG oslo_concurrency.processutils [None req-ad1a18a8-fccd-4607-a2ab-e672389e377f tempest-VolumesSnapshotNegativeTestJSON-394328908 None] Running cmd (subprocess): sudo cinder-rootwrap /etc/cinder/rootwrap.conf truncate -s0 /opt/stack/data/cinder/mnt/1f8dfceee5b95237d6a057999d3140b5/volume-5bae8dc8-e35e-460f-9e6d-d12992682b30.info {{(pid=94468) execute /opt/stack/data/venv/lib/python3.12/site-packages/oslo_concurrency/processutils.py:440}}
Aug 12 12:24:56 devstack sudo[99698]: quobyte : PWD=/ ; USER=root ; COMMAND=/opt/stack/data/venv/bin/cinder-rootwrap /etc/cinder/rootwrap.conf truncate -s0 /opt/stack/data/cinder/mnt/1f8dfceee5b95237d6a057999d3140b5/volume-5bae8dc8-e35e-460f-9e6d-d12992682b30.info
Aug 12 12:24:56 devstack sudo[99698]: pam_unix(sudo:session): session opened for user root(uid=0) by (uid=1000)
Aug 12 12:24:56 devstack sudo[99698]: pam_unix(sudo:session): session closed for user root
Aug 12 12:24:56 devstack cinder-volume[94468]: DEBUG oslo_concurrency.processutils [None req-ad1a18a8-fccd-4607-a2ab-e672389e377f tempest-VolumesSnapshotNegativeTestJSON-394328908 None] CMD "sudo cinder-rootwrap /etc/cinder/rootwrap.conf truncate -s0 /opt/stack/data/cinder/mnt/1f8dfceee5b95237d6a057999d3140b5/volume-5bae8dc8-e35e-460f-9e6d-d12992682b30.info" returned: 0 in 0.301s {{(pid=94468) execute /opt/stack/data/venv/lib/python3.12/site-packages/oslo_concurrency/processutils.py:468}}
Aug 12 12:24:56 devstack cinder-volume[94468]: WARNING cinder.volume.drivers.remotefs [None req-ad1a18a8-fccd-4607-a2ab-e672389e377f tempest-VolumesSnapshotNegativeTestJSON-394328908 None] /opt/stack/data/cinder/mnt/1f8dfceee5b95237d6a057999d3140b5/volume-5bae8dc8-e35e-460f-9e6d-d12992682b30.info is being set with open permissions: ugo+rw
Aug 12 12:24:56 devstack cinder-volume[94468]: DEBUG oslo_concurrency.processutils [None req-ad1a18a8-fccd-4607-a2ab-e672389e377f tempest-VolumesSnapshotNegativeTestJSON-394328908 None] Running cmd (subprocess): sudo cinder-rootwrap /etc/cinder/rootwrap.conf chmod ugo+rw /opt/stack/data/cinder/mnt/1f8dfceee5b95237d6a057999d3140b5/volume-5bae8dc8-e35e-460f-9e6d-d12992682b30.info {{(pid=94468) execute /opt/stack/data/venv/lib/python3.12/site-packages/oslo_concurrency/processutils.py:440}}
Aug 12 12:24:56 devstack sudo[99701]: quobyte : PWD=/ ; USER=root ; COMMAND=/opt/stack/data/venv/bin/cinder-rootwrap /etc/cinder/rootwrap.conf chmod ugo+rw /opt/stack/data/cinder/mnt/1f8dfceee5b95237d6a057999d3140b5/volume-5bae8dc8-e35e-460f-9e6d-d12992682b30.info
Aug 12 12:24:56 devstack sudo[99701]: pam_unix(sudo:session): session opened for user root(uid=0) by (uid=1000)
Aug 12 12:24:57 devstack sudo[99701]: pam_unix(sudo:session): session closed for user root
Aug 12 12:24:57 devstack cinder-volume[94468]: DEBUG oslo_concurrency.processutils [None req-ad1a18a8-fccd-4607-a2ab-e672389e377f tempest-VolumesSnapshotNegativeTestJSON-394328908 None] CMD "sudo cinder-rootwrap /etc/cinder/rootwrap.conf chmod ugo+rw /opt/stack/data/cinder/mnt/1f8dfceee5b95237d6a057999d3140b5/volume-5bae8dc8-e35e-460f-9e6d-d12992682b30.info" returned: 0 in 0.272s {{(pid=94468) execute /opt/stack/data/venv/lib/python3.12/site-packages/oslo_concurrency/processutils.py:468}}
Aug 12 12:24:57 devstack cinder-volume[94468]: DEBUG oslo_concurrency.lockutils [None req-ad1a18a8-fccd-4607-a2ab-e672389e377f tempest-VolumesSnapshotNegativeTestJSON-394328908 None] Lock "quobyte" "released" by "cinder.volume.drivers.quobyte.QuobyteDriver.create_snapshot" :: held 2.865s {{(pid=94468) inner /opt/stack/data/venv/lib/python3.12/site-packages/oslo_concurrency/lockutils.py:544}}
Aug 12 12:24:57 devstack cinder-volume[94468]: INFO cinder.volume.manager [None req-ad1a18a8-fccd-4607-a2ab-e672389e377f tempest-VolumesSnapshotNegativeTestJSON-394328908 None] Create snapshot completed successfully
Aug 12 12:24:57 devstack cinder-volume[94468]: DEBUG cinder.coordination [None req-05d30ac2-f832-409c-8ce1-6a65e69f0af2 tempest-VolumesSnapshotNegativeTestJSON-394328908 None] Acquiring lock "cinder-38e0a78d-9158-453b-85dc-b747fa2116e2-delete_snapshot" by "delete_snapshot" {{(pid=94468) __acquire /opt/stack/cinder/cinder/coordination.py:138}}
Aug 12 12:24:57 devstack cinder-volume[94468]: DEBUG cinder.coordination [None req-05d30ac2-f832-409c-8ce1-6a65e69f0af2 tempest-VolumesSnapshotNegativeTestJSON-394328908 None] Lock "cinder-38e0a78d-9158-453b-85dc-b747fa2116e2-delete_snapshot" acquired by "delete_snapshot" :: waited 0.017s {{(pid=94468) __acquire /opt/stack/cinder/cinder/coordination.py:141}}
Aug 12 12:24:57 devstack cinder-volume[94468]: DEBUG cinder.coordination [None req-05d30ac2-f832-409c-8ce1-6a65e69f0af2 tempest-VolumesSnapshotNegativeTestJSON-394328908 None] Acquiring lock "cinder-quobyte-5bae8dc8-e35e-460f-9e6d-d12992682b30" by "delete_snapshot" {{(pid=94468) __acquire /opt/stack/cinder/cinder/coordination.py:138}}
Aug 12 12:24:57 devstack cinder-volume[94468]: DEBUG cinder.coordination [None req-05d30ac2-f832-409c-8ce1-6a65e69f0af2 tempest-VolumesSnapshotNegativeTestJSON-394328908 None] Lock "cinder-quobyte-5bae8dc8-e35e-460f-9e6d-d12992682b30" acquired by "delete_snapshot" :: waited 0.022s {{(pid=94468) __acquire /opt/stack/cinder/cinder/coordination.py:141}}
Aug 12 12:24:57 devstack cinder-volume[94468]: DEBUG cinder.coordination [None req-05d30ac2-f832-409c-8ce1-6a65e69f0af2 tempest-VolumesSnapshotNegativeTestJSON-394328908 None] Acquiring lock "cinder-quobyte-38e0a78d-9158-453b-85dc-b747fa2116e2" by "_delete_snapshot" {{(pid=94468) __acquire /opt/stack/cinder/cinder/coordination.py:138}}
Aug 12 12:24:57 devstack cinder-volume[94468]: DEBUG cinder.coordination [None req-05d30ac2-f832-409c-8ce1-6a65e69f0af2 tempest-VolumesSnapshotNegativeTestJSON-394328908 None] Lock "cinder-quobyte-38e0a78d-9158-453b-85dc-b747fa2116e2" acquired by "_delete_snapshot" :: waited 0.022s {{(pid=94468) __acquire /opt/stack/cinder/cinder/coordination.py:141}}
Aug 12 12:24:57 devstack cinder-volume[94468]: DEBUG cinder.volume.drivers.remotefs [None req-05d30ac2-f832-409c-8ce1-6a65e69f0af2 tempest-VolumesSnapshotNegativeTestJSON-394328908 None] Deleting offline snapshot 38e0a78d-9158-453b-85dc-b747fa2116e2 of volume 5bae8dc8-e35e-460f-9e6d-d12992682b30 {{(pid=94468) _delete_snapshot /opt/stack/cinder/cinder/volume/drivers/remotefs.py:1288}}
Aug 12 12:24:57 devstack cinder-volume[94468]: DEBUG cinder.volume.drivers.remotefs [None req-05d30ac2-f832-409c-8ce1-6a65e69f0af2 tempest-VolumesSnapshotNegativeTestJSON-394328908 None] snapshot_file for this snap is: volume-5bae8dc8-e35e-460f-9e6d-d12992682b30.38e0a78d-9158-453b-85dc-b747fa2116e2 {{(pid=94468) _delete_snapshot /opt/stack/cinder/cinder/volume/drivers/remotefs.py:1317}}
Aug 12 12:24:57 devstack cinder-volume[94468]: DEBUG oslo.privsep.daemon [-] privsep: reply[159854f6-9430-41f0-b14b-1f63a2307133]: (4, 'qcow2') {{(pid=96079) _call_back /opt/stack/data/venv/lib/python3.12/site-packages/oslo_privsep/daemon.py:580}}
Aug 12 12:24:57 devstack cinder-volume[94468]: DEBUG oslo_concurrency.processutils [None req-05d30ac2-f832-409c-8ce1-6a65e69f0af2 tempest-VolumesSnapshotNegativeTestJSON-394328908 None] Running cmd (subprocess): /opt/stack/data/venv/bin/python3.12 -m oslo_concurrency.prlimit --as=1073741824 --cpu=60 -- sudo cinder-rootwrap /etc/cinder/rootwrap.conf env LC_ALL=C qemu-img info -f qcow2 --output=json --force-share /opt/stack/data/cinder/mnt/1f8dfceee5b95237d6a057999d3140b5/volume-5bae8dc8-e35e-460f-9e6d-d12992682b30.38e0a78d-9158-453b-85dc-b747fa2116e2 {{(pid=94468) execute /opt/stack/data/venv/lib/python3.12/site-packages/oslo_concurrency/processutils.py:440}}
Aug 12 12:24:57 devstack sudo[99705]: quobyte : PWD=/ ; USER=root ; COMMAND=/opt/stack/data/venv/bin/cinder-rootwrap /etc/cinder/rootwrap.conf env LC_ALL=C qemu-img info -f qcow2 --output=json --force-share /opt/stack/data/cinder/mnt/1f8dfceee5b95237d6a057999d3140b5/volume-5bae8dc8-e35e-460f-9e6d-d12992682b30.38e0a78d-9158-453b-85dc-b747fa2116e2
Aug 12 12:24:57 devstack sudo[99705]: pam_unix(sudo:session): session opened for user root(uid=0) by (uid=1000)
Aug 12 12:24:58 devstack sudo[99705]: pam_unix(sudo:session): session closed for user root
Aug 12 12:24:58 devstack cinder-volume[94468]: DEBUG oslo_concurrency.processutils [None req-05d30ac2-f832-409c-8ce1-6a65e69f0af2 tempest-VolumesSnapshotNegativeTestJSON-394328908 None] CMD "/opt/stack/data/venv/bin/python3.12 -m oslo_concurrency.prlimit --as=1073741824 --cpu=60 -- sudo cinder-rootwrap /etc/cinder/rootwrap.conf env LC_ALL=C qemu-img info -f qcow2 --output=json --force-share /opt/stack/data/cinder/mnt/1f8dfceee5b95237d6a057999d3140b5/volume-5bae8dc8-e35e-460f-9e6d-d12992682b30.38e0a78d-9158-453b-85dc-b747fa2116e2" returned: 0 in 0.469s {{(pid=94468) execute /opt/stack/data/venv/lib/python3.12/site-packages/oslo_concurrency/processutils.py:468}}
Aug 12 12:24:58 devstack cinder-volume[94468]: DEBUG cinder.volume.drivers.remotefs [None req-05d30ac2-f832-409c-8ce1-6a65e69f0af2 tempest-VolumesSnapshotNegativeTestJSON-394328908 None] Fetching qemu-img info with special backing_file_template: (/opt/stack/data/cinder/mnt/[0-9a-f]+/)?(volume-5bae8dc8-e35e-460f-9e6d-d12992682b30(.(tmp-snap-)?[0-9a-f-]+)?|volume_from_snapshot_cache/(tmp-snap-)?[0-9a-f-]+(.(child-|parent-)[0-9a-f-]+)?)$ {{(pid=94468) _qemu_img_info_base /opt/stack/cinder/cinder/volume/drivers/remotefs.py:896}}
Aug 12 12:24:58 devstack cinder-volume[94468]: DEBUG oslo.privsep.daemon [-] privsep: reply[bc177b6c-f229-419f-b983-218d6c6e52cd]: (4, 'qcow2') {{(pid=96079) _call_back /opt/stack/data/venv/lib/python3.12/site-packages/oslo_privsep/daemon.py:580}}
Aug 12 12:24:58 devstack cinder-volume[94468]: DEBUG oslo_concurrency.processutils [None req-05d30ac2-f832-409c-8ce1-6a65e69f0af2 tempest-VolumesSnapshotNegativeTestJSON-394328908 None] Running cmd (subprocess): /opt/stack/data/venv/bin/python3.12 -m oslo_concurrency.prlimit --as=1073741824 --cpu=60 -- sudo cinder-rootwrap /etc/cinder/rootwrap.conf env LC_ALL=C qemu-img info -f qcow2 --output=json --force-share /opt/stack/data/cinder/mnt/1f8dfceee5b95237d6a057999d3140b5/volume-5bae8dc8-e35e-460f-9e6d-d12992682b30 {{(pid=94468) execute /opt/stack/data/venv/lib/python3.12/site-packages/oslo_concurrency/processutils.py:440}}
Aug 12 12:24:58 devstack sudo[99710]: quobyte : PWD=/ ; USER=root ; COMMAND=/opt/stack/data/venv/bin/cinder-rootwrap /etc/cinder/rootwrap.conf env LC_ALL=C qemu-img info -f qcow2 --output=json --force-share /opt/stack/data/cinder/mnt/1f8dfceee5b95237d6a057999d3140b5/volume-5bae8dc8-e35e-460f-9e6d-d12992682b30
Aug 12 12:24:58 devstack sudo[99710]: pam_unix(sudo:session): session opened for user root(uid=0) by (uid=1000)
Aug 12 12:24:58 devstack sudo[99710]: pam_unix(sudo:session): session closed for user root
Aug 12 12:24:58 devstack cinder-volume[94468]: DEBUG oslo_concurrency.processutils [None req-05d30ac2-f832-409c-8ce1-6a65e69f0af2 tempest-VolumesSnapshotNegativeTestJSON-394328908 None] CMD "/opt/stack/data/venv/bin/python3.12 -m oslo_concurrency.prlimit --as=1073741824 --cpu=60 -- sudo cinder-rootwrap /etc/cinder/rootwrap.conf env LC_ALL=C qemu-img info -f qcow2 --output=json --force-share /opt/stack/data/cinder/mnt/1f8dfceee5b95237d6a057999d3140b5/volume-5bae8dc8-e35e-460f-9e6d-d12992682b30" returned: 0 in 0.629s {{(pid=94468) execute /opt/stack/data/venv/lib/python3.12/site-packages/oslo_concurrency/processutils.py:468}}
Aug 12 12:24:58 devstack cinder-volume[94468]: DEBUG oslo_concurrency.processutils [None req-05d30ac2-f832-409c-8ce1-6a65e69f0af2 tempest-VolumesSnapshotNegativeTestJSON-394328908 None] Running cmd (subprocess): sudo cinder-rootwrap /etc/cinder/rootwrap.conf qemu-img commit -d /opt/stack/data/cinder/mnt/1f8dfceee5b95237d6a057999d3140b5/volume-5bae8dc8-e35e-460f-9e6d-d12992682b30.38e0a78d-9158-453b-85dc-b747fa2116e2 {{(pid=94468) execute /opt/stack/data/venv/lib/python3.12/site-packages/oslo_concurrency/processutils.py:440}}
Aug 12 12:24:58 devstack sudo[99716]: quobyte : PWD=/ ; USER=root ; COMMAND=/opt/stack/data/venv/bin/cinder-rootwrap /etc/cinder/rootwrap.conf qemu-img commit -d /opt/stack/data/cinder/mnt/1f8dfceee5b95237d6a057999d3140b5/volume-5bae8dc8-e35e-460f-9e6d-d12992682b30.38e0a78d-9158-453b-85dc-b747fa2116e2
Aug 12 12:24:58 devstack sudo[99716]: pam_unix(sudo:session): session opened for user root(uid=0) by (uid=1000)
Aug 12 12:24:59 devstack sudo[99716]: pam_unix(sudo:session): session closed for user root
Aug 12 12:24:59 devstack cinder-volume[94468]: DEBUG oslo_concurrency.processutils [None req-05d30ac2-f832-409c-8ce1-6a65e69f0af2 tempest-VolumesSnapshotNegativeTestJSON-394328908 None] CMD "sudo cinder-rootwrap /etc/cinder/rootwrap.conf qemu-img commit -d /opt/stack/data/cinder/mnt/1f8dfceee5b95237d6a057999d3140b5/volume-5bae8dc8-e35e-460f-9e6d-d12992682b30.38e0a78d-9158-453b-85dc-b747fa2116e2" returned: 0 in 0.491s {{(pid=94468) execute /opt/stack/data/venv/lib/python3.12/site-packages/oslo_concurrency/processutils.py:468}}
Aug 12 12:24:59 devstack cinder-volume[94468]: DEBUG oslo_concurrency.processutils [None req-05d30ac2-f832-409c-8ce1-6a65e69f0af2 tempest-VolumesSnapshotNegativeTestJSON-394328908 None] Running cmd (subprocess): sudo cinder-rootwrap /etc/cinder/rootwrap.conf rm -f /opt/stack/data/cinder/mnt/1f8dfceee5b95237d6a057999d3140b5/volume-5bae8dc8-e35e-460f-9e6d-d12992682b30.38e0a78d-9158-453b-85dc-b747fa2116e2 {{(pid=94468) execute /opt/stack/data/venv/lib/python3.12/site-packages/oslo_concurrency/processutils.py:440}}
Aug 12 12:24:59 devstack sudo[99721]: quobyte : PWD=/ ; USER=root ; COMMAND=/opt/stack/data/venv/bin/cinder-rootwrap /etc/cinder/rootwrap.conf rm -f /opt/stack/data/cinder/mnt/1f8dfceee5b95237d6a057999d3140b5/volume-5bae8dc8-e35e-460f-9e6d-d12992682b30.38e0a78d-9158-453b-85dc-b747fa2116e2
Aug 12 12:24:59 devstack sudo[99721]: pam_unix(sudo:session): session opened for user root(uid=0) by (uid=1000)
Aug 12 12:24:59 devstack sudo[99721]: pam_unix(sudo:session): session closed for user root
Aug 12 12:24:59 devstack cinder-volume[94468]: DEBUG oslo_concurrency.processutils [None req-05d30ac2-f832-409c-8ce1-6a65e69f0af2 tempest-VolumesSnapshotNegativeTestJSON-394328908 None] CMD "sudo cinder-rootwrap /etc/cinder/rootwrap.conf rm -f /opt/stack/data/cinder/mnt/1f8dfceee5b95237d6a057999d3140b5/volume-5bae8dc8-e35e-460f-9e6d-d12992682b30.38e0a78d-9158-453b-85dc-b747fa2116e2" returned: 0 in 0.299s {{(pid=94468) execute /opt/stack/data/venv/lib/python3.12/site-packages/oslo_concurrency/processutils.py:468}}
Aug 12 12:24:59 devstack cinder-volume[94468]: DEBUG cinder.coordination [None req-05d30ac2-f832-409c-8ce1-6a65e69f0af2 tempest-VolumesSnapshotNegativeTestJSON-394328908 None] Lock "cinder-quobyte-38e0a78d-9158-453b-85dc-b747fa2116e2" released by "_delete_snapshot" :: held 2.064s {{(pid=94468) __release /opt/stack/cinder/cinder/coordination.py:152}}
Aug 12 12:24:59 devstack cinder-volume[94468]: DEBUG cinder.coordination [None req-05d30ac2-f832-409c-8ce1-6a65e69f0af2 tempest-VolumesSnapshotNegativeTestJSON-394328908 None] Lock "cinder-quobyte-5bae8dc8-e35e-460f-9e6d-d12992682b30" released by "delete_snapshot" :: held 2.098s {{(pid=94468) __release /opt/stack/cinder/cinder/coordination.py:152}}
Aug 12 12:24:59 devstack cinder-volume[94468]: DEBUG cinder.quota [None req-05d30ac2-f832-409c-8ce1-6a65e69f0af2 tempest-VolumesSnapshotNegativeTestJSON-394328908 None] Created reservations ['1995f731-ea7e-4ce4-9f0b-05a446ac590a', 'bbd7add3-5f0f-4775-8389-e2a01e13d65b', 'c7093bd2-e6da-4e21-96d3-5908ddb867af', '4e86d5e1-fa76-4270-9fab-5aac210082cd'] {{(pid=94468) reserve /opt/stack/cinder/cinder/quota.py:752}}
Aug 12 12:25:00 devstack cinder-volume[94468]: INFO cinder.volume.manager [None req-05d30ac2-f832-409c-8ce1-6a65e69f0af2 tempest-VolumesSnapshotNegativeTestJSON-394328908 None] Delete snapshot completed successfully.
Aug 12 12:25:00 devstack cinder-volume[94468]: DEBUG cinder.coordination [None req-05d30ac2-f832-409c-8ce1-6a65e69f0af2 tempest-VolumesSnapshotNegativeTestJSON-394328908 None] Lock "cinder-38e0a78d-9158-453b-85dc-b747fa2116e2-delete_snapshot" released by "delete_snapshot" :: held 2.330s {{(pid=94468) __release /opt/stack/cinder/cinder/coordination.py:152}}
