Jul 19 19:40:09 devstack devstack@g-api.service[77104]: DEBUG glance.common.config [None req-fddeb4bc-a104-46ca-8b80-d65031617d4f None None] barbican_service_user.timeout = None {{(pid=77104) log_opt_values /opt/stack/data/venv/lib/python3.12/site-packages/oslo_config/cfg.py:3253}}
Jul 19 19:40:09 devstack devstack@g-api.service[77104]: DEBUG glance.common.config [None req-fddeb4bc-a104-46ca-8b80-d65031617d4f None None] database.asyncio_connection = **** {{(pid=77104) log_opt_values /opt/stack/data/venv/lib/python3.12/site-packages/oslo_config/cfg.py:3253}}
Jul 19 19:40:09 devstack devstack@g-api.service[77104]: DEBUG glance.common.config [None req-fddeb4bc-a104-46ca-8b80-d65031617d4f None None] database.asyncio_slave_connection = **** {{(pid=77104) log_opt_values /opt/stack/data/venv/lib/python3.12/site-packages/oslo_config/cfg.py:3253}}
Jul 19 19:40:09 devstack devstack@g-api.service[77104]: DEBUG glance.common.config [None req-fddeb4bc-a104-46ca-8b80-d65031617d4f None None] database.backend = sqlalchemy {{(pid=77104) log_opt_values /opt/stack/data/venv/lib/python3.12/site-packages/oslo_config/cfg.py:3253}}
Jul 19 19:40:09 devstack devstack@g-api.service[77104]: DEBUG glance.common.config [None req-fddeb4bc-a104-46ca-8b80-d65031617d4f None None] database.connection = **** {{(pid=77104) log_opt_values /opt/stack/data/venv/lib/python3.12/site-packages/oslo_config/cfg.py:3253}}
Jul 19 19:40:09 devstack devstack@g-api.service[77104]: DEBUG glance.common.config [None req-fddeb4bc-a104-46ca-8b80-d65031617d4f None None] database.connection_debug = 0 {{(pid=77104) log_opt_values /opt/stack/data/venv/lib/python3.12/site-packages/oslo_config/cfg.py:3253}}
Jul 19 19:40:09 devstack devstack@g-api.service[77104]: DEBUG glance.common.config [None req-fddeb4bc-a104-46ca-8b80-d65031617d4f None None] database.connection_parameters = {{(pid=77104) log_opt_values /opt/stack/data/venv/lib/python3.12/site-packages/oslo_config/cfg.py:3253}}
Jul 19 19:40:09 devstack devstack@g-api.service[77104]: DEBUG glance.common.config [None req-fddeb4bc-a104-46ca-8b80-d65031617d4f None None] database.connection_recycle_time = 3600 {{(pid=77104) log_opt_values /opt/stack/data/venv/lib/python3.12/site-packages/oslo_config/cfg.py:3253}}
Jul 19 19:40:09 devstack devstack@g-api.service[77104]: DEBUG glance.common.config [None req-fddeb4bc-a104-46ca-8b80-d65031617d4f None None] database.connection_trace = False {{(pid=77104) log_opt_values /opt/stack/data/venv/lib/python3.12/site-packages/oslo_config/cfg.py:3253}}
Jul 19 19:40:09 devstack devstack@g-api.service[77104]: DEBUG glance.common.config [None req-fddeb4bc-a104-46ca-8b80-d65031617d4f None None] database.db_inc_retry_interval = True {{(pid=77104) log_opt_values /opt/stack/data/venv/lib/python3.12/site-packages/oslo_config/cfg.py:3253}}
Jul 19 19:40:09 devstack devstack@g-api.service[77104]: DEBUG glance.common.config [None req-fddeb4bc-a104-46ca-8b80-d65031617d4f None None] database.db_max_retries = 20 {{(pid=77104) log_opt_values /opt/stack/data/venv/lib/python3.12/site-packages/oslo_config/cfg.py:3253}}
Jul 19 19:40:09 devstack devstack@g-api.service[77104]: DEBUG glance.common.config [None req-fddeb4bc-a104-46ca-8b80-d65031617d4f None None] database.db_max_retry_interval = 10 {{(pid=77104) log_opt_values /opt/stack/data/venv/lib/python3.12/site-packages/oslo_config/cfg.py:3253}}
Jul 19 19:40:09 devstack devstack@g-api.service[77104]: DEBUG glance.common.config [None req-fddeb4bc-a104-46ca-8b80-d65031617d4f None None] database.db_retry_interval = 1 {{(pid=77104) log_opt_values /opt/stack/data/venv/lib/python3.12/site-packages/oslo_config/cfg.py:3253}}
Jul 19 19:40:09 devstack devstack@g-api.service[77104]: DEBUG glance.common.config [None req-fddeb4bc-a104-46ca-8b80-d65031617d4f None None] database.max_overflow = 50 {{(pid=77104) log_opt_values /opt/stack/data/venv/lib/python3.12/site-packages/oslo_config/cfg.py:3253}}
Jul 19 19:40:09 devstack devstack@g-api.service[77104]: DEBUG glance.common.config [None req-fddeb4bc-a104-46ca-8b80-d65031617d4f None None] database.max_pool_size = 5 {{(pid=77104) log_opt_values /opt/stack/data/venv/lib/python3.12/site-packages/oslo_config/cfg.py:3253}}
Jul 19 19:40:09 devstack devstack@g-api.service[77104]: DEBUG glance.common.config [None req-fddeb4bc-a104-46ca-8b80-d65031617d4f None None] database.max_retries = 10 {{(pid=77104) log_opt_values /opt/stack/data/venv/lib/python3.12/site-packages/oslo_config/cfg.py:3253}}
Jul 19 19:40:09 devstack devstack@g-api.service[77104]: DEBUG glance.common.config [None req-fddeb4bc-a104-46ca-8b80-d65031617d4f None None] database.mysql_sql_mode = TRADITIONAL {{(pid=77104) log_opt_values /opt/stack/data/venv/lib/python3.12/site-packages/oslo_config/cfg.py:3253}}
Jul 19 19:40:09 devstack devstack@g-api.service[77104]: DEBUG glance.common.config [None req-fddeb4bc-a104-46ca-8b80-d65031617d4f None None] database.mysql_wsrep_sync_wait = None {{(pid=77104) log_opt_values /opt/stack/data/venv/lib/python3.12/site-packages/oslo_config/cfg.py:3253}}
Jul 19 19:40:09 devstack devstack@g-api.service[77104]: DEBUG glance.common.config [None req-fddeb4bc-a104-46ca-8b80-d65031617d4f None None] database.pool_timeout = None {{(pid=77104) log_opt_values /opt/stack/data/venv/lib/python3.12/site-packages/oslo_config/cfg.py:3253}}
Jul 19 19:40:09 devstack devstack@g-api.service[77104]: DEBUG glance.common.config [None req-fddeb4bc-a104-46ca-8b80-d65031617d4f None None] database.retry_interval = 10 {{(pid=77104) log_opt_values /opt/stack/data/venv/lib/python3.12/site-packages/oslo_config/cfg.py:3253}}
Jul 19 19:40:09 devstack devstack@g-api.service[77104]: DEBUG glance.common.config [None req-fddeb4bc-a104-46ca-8b80-d65031617d4f None None] database.slave_connection = **** {{(pid=77104) log_opt_values /opt/stack/data/venv/lib/python3.12/site-packages/oslo_config/cfg.py:3253}}
Jul 19 19:40:09 devstack devstack@g-api.service[77104]: DEBUG glance.common.config [None req-fddeb4bc-a104-46ca-8b80-d65031617d4f None None] database.sqlite_synchronous = True {{(pid=77104) log_opt_values /opt/stack/data/venv/lib/python3.12/site-packages/oslo_config/cfg.py:3253}}
Jul 19 19:40:09 devstack devstack@g-api.service[77104]: DEBUG glance.common.config [None req-fddeb4bc-a104-46ca-8b80-d65031617d4f None None] database.synchronous_reader = True {{(pid=77104) log_opt_values /opt/stack/data/venv/lib/python3.12/site-packages/oslo_config/cfg.py:3253}}
Jul 19 19:40:09 devstack devstack@g-api.service[77104]: DEBUG glance.common.config [None req-fddeb4bc-a104-46ca-8b80-d65031617d4f None None] database.use_db_reconnect = False {{(pid=77104) log_opt_values /opt/stack/data/venv/lib/python3.12/site-packages/oslo_config/cfg.py:3253}}
Jul 19 19:40:09 devstack devstack@g-api.service[77104]: DEBUG glance.common.config [None req-fddeb4bc-a104-46ca-8b80-d65031617d4f None None] healthcheck.allowed_source_ranges = [] {{(pid=77104) log_opt_values /opt/stack/data/venv/lib/python3.12/site-packages/oslo_config/cfg.py:3253}}
Jul 19 19:40:09 devstack devstack@g-api.service[77104]: DEBUG glance.common.config [None req-fddeb4bc-a104-46ca-8b80-d65031617d4f None None] healthcheck.backends = ['disable_by_file'] {{(pid=77104) log_opt_values /opt/stack/data/venv/lib/python3.12/site-packages/oslo_config/cfg.py:3253}}
Jul 19 19:40:09 devstack devstack@g-api.service[77104]: DEBUG glance.common.config [None req-fddeb4bc-a104-46ca-8b80-d65031617d4f None None] healthcheck.detailed = False {{(pid=77104) log_opt_values /opt/stack/data/venv/lib/python3.12/site-packages/oslo_config/cfg.py:3253}}
Jul 19 19:40:09 devstack devstack@g-api.service[77104]: DEBUG glance.common.config [None req-fddeb4bc-a104-46ca-8b80-d65031617d4f None None] healthcheck.disable_by_file_path = None {{(pid=77104) log_opt_values /opt/stack/data/venv/lib/python3.12/site-packages/oslo_config/cfg.py:3253}}
Jul 19 19:40:09 devstack devstack@g-api.service[77104]: DEBUG glance.common.config [None req-fddeb4bc-a104-46ca-8b80-d65031617d4f None None] healthcheck.ignore_proxied_requests = False {{(pid=77104) log_opt_values /opt/stack/data/venv/lib/python3.12/site-packages/oslo_config/cfg.py:3253}}
Jul 19 19:40:09 devstack devstack@g-api.service[77104]: DEBUG glance.common.config [None req-fddeb4bc-a104-46ca-8b80-d65031617d4f None None] ******************************************************************************** {{(pid=77104) log_opt_values /opt/stack/data/venv/lib/python3.12/site-packages/oslo_config/cfg.py:3260}}
Jul 19 19:40:09 devstack devstack@g-api.service[77104]: WSGI app 0 (mountpoint='') ready in 6 seconds on interpreter 0x76d0c16a4668 pid: 77104 (default app)
Jul 19 19:40:18 devstack devstack@g-api.service[77105]: DEBUG dbcounter [-] [77105] Writing DB stats glance:INSERT=4 {{(pid=77105) stat_writer /opt/stack/data/venv/lib/python3.12/site-packages/dbcounter.py:115}}
Jul 19 19:40:18 devstack devstack@g-api.service[77104]: DEBUG dbcounter [-] [77104] Writing DB stats glance:INSERT=4 {{(pid=77104) stat_writer /opt/stack/data/venv/lib/python3.12/site-packages/dbcounter.py:115}}
Jul 19 19:40:27 devstack devstack@g-api.service[77105]: DEBUG glance.api.middleware.version_negotiation [None req-c06581c7-715c-4bda-abd3-0add2583100f None None] Determining version of request: GET / Accept: application/json {{(pid=77105) process_request /opt/stack/glance/glance/api/middleware/version_negotiation.py:44}}
Jul 19 19:40:27 devstack devstack@g-api.service[77105]: DEBUG glance.api.middleware.version_negotiation [None req-c06581c7-715c-4bda-abd3-0add2583100f None None] Using url versioning {{(pid=77105) process_request /opt/stack/glance/glance/api/middleware/version_negotiation.py:57}}
Jul 19 19:40:27 devstack devstack@g-api.service[77105]: DEBUG glance.api.middleware.version_negotiation [None req-c06581c7-715c-4bda-abd3-0add2583100f None None] Unknown version. Returning version choices. {{(pid=77105) process_request /opt/stack/glance/glance/api/middleware/version_negotiation.py:64}}
Jul 19 19:40:27 devstack devstack@g-api.service[77105]: [pid: 77105|app: 0|req: 2/2] 127.0.0.1 () {34 vars in 516 bytes} [Sun Jul 19 19:40:27 2026] GET / => generated 1557 bytes in 4 msecs (HTTP/1.1 300) 3 headers in 106 bytes (1 switches on core 0)
Jul 19 19:40:27 devstack devstack@g-api.service[77104]: DEBUG glance.api.middleware.version_negotiation [None req-fddeb4bc-a104-46ca-8b80-d65031617d4f None None] Determining version of request: POST /v2/images Accept: */* {{(pid=77104) process_request /opt/stack/glance/glance/api/middleware/version_negotiation.py:44}}
Jul 19 19:40:27 devstack devstack@g-api.service[77104]: DEBUG glance.api.middleware.version_negotiation [None req-fddeb4bc-a104-46ca-8b80-d65031617d4f None None] Using url versioning {{(pid=77104) process_request /opt/stack/glance/glance/api/middleware/version_negotiation.py:57}}
Jul 19 19:40:27 devstack devstack@g-api.service[77104]: DEBUG glance.api.middleware.version_negotiation [None req-fddeb4bc-a104-46ca-8b80-d65031617d4f None None] Matched version: v2 {{(pid=77104) process_request /opt/stack/glance/glance/api/middleware/version_negotiation.py:69}}
Jul 19 19:40:27 devstack devstack@g-api.service[77104]: DEBUG glance.api.middleware.version_negotiation [None req-fddeb4bc-a104-46ca-8b80-d65031617d4f None None] new path /v2/images {{(pid=77104) process_request /opt/stack/glance/glance/api/middleware/version_negotiation.py:70}}
Jul 19 19:40:28 devstack devstack@g-api.service[77104]: [pid: 77104|app: 0|req: 1/3] 127.0.0.1 () {40 vars in 779 bytes} [Sun Jul 19 19:40:27 2026] POST /v2/images => generated 807 bytes in 1071 msecs (HTTP/1.1 201) 6 headers in 314 bytes (1 switches on core 0)
Jul 19 19:40:28 devstack devstack@g-api.service[77105]: DEBUG glance.api.middleware.version_negotiation [None req-c06581c7-715c-4bda-abd3-0add2583100f None None] Determining version of request: PUT /v2/images/04ccd5bf-54a0-4240-992d-4a2c0a0cdcab/file Accept: {{(pid=77105) process_request /opt/stack/glance/glance/api/middleware/version_negotiation.py:44}}
Jul 19 19:40:28 devstack devstack@g-api.service[77105]: DEBUG glance.api.middleware.version_negotiation [None req-c06581c7-715c-4bda-abd3-0add2583100f None None] Using url versioning {{(pid=77105) process_request /opt/stack/glance/glance/api/middleware/version_negotiation.py:57}}
Jul 19 19:40:28 devstack devstack@g-api.service[77105]: DEBUG glance.api.middleware.version_negotiation [None req-c06581c7-715c-4bda-abd3-0add2583100f None None] Matched version: v2 {{(pid=77105) process_request /opt/stack/glance/glance/api/middleware/version_negotiation.py:69}}
Jul 19 19:40:28 devstack devstack@g-api.service[77105]: DEBUG glance.api.middleware.version_negotiation [None req-c06581c7-715c-4bda-abd3-0add2583100f None None] new path /v2/images/04ccd5bf-54a0-4240-992d-4a2c0a0cdcab/file {{(pid=77105) process_request /opt/stack/glance/glance/api/middleware/version_negotiation.py:70}}
Jul 19 19:40:29 devstack devstack@g-api.service[77105]: INFO glance.api.v2.image_data [None req-f025c706-874b-46ca-ba4c-66e4cdaa983f admin admin] Unable to create trust: no such option collect_timing in group [keystone_authtoken] Use the existing user token.
Jul 19 19:40:30 devstack devstack@g-api.service[77105]: DEBUG glance.location [None req-f025c706-874b-46ca-ba4c-66e4cdaa983f admin admin] Enabling in-flight format inspection for qcow2 {{(pid=77105) set_data /opt/stack/glance/glance/location.py:596}}
Jul 19 19:40:30 devstack devstack@g-api.service[77105]: DEBUG oslo_utils.imageutils.format_inspector [None req-f025c706-874b-46ca-ba4c-66e4cdaa983f admin admin] Format inspector for vmdk does not match, excluding from consideration (Signature KDMV not found: b'QFI\xfb') {{(pid=77105) _process_chunk /opt/stack/data/venv/lib/python3.12/site-packages/oslo_utils/imageutils/format_inspector.py:1758}}
Jul 19 19:40:30 devstack devstack@g-api.service[77105]: DEBUG oslo_utils.imageutils.format_inspector [None req-f025c706-874b-46ca-ba4c-66e4cdaa983f admin admin] Format inspector for vhdx does not match, excluding from consideration (Region signature not found at 30000) {{(pid=77105) _process_chunk /opt/stack/data/venv/lib/python3.12/site-packages/oslo_utils/imageutils/format_inspector.py:1758}}
Jul 19 19:40:30 devstack devstack@g-api.service[77105]: DEBUG glance_store._drivers.filesystem [None req-f025c706-874b-46ca-ba4c-66e4cdaa983f admin admin] Wrote 21692416 bytes to /opt/stack/data/glance/images/04ccd5bf-54a0-4240-992d-4a2c0a0cdcab with checksum 87617e24a5e30cb3b87fda8c0764838f and multihash 9a9bce0083a00939ec17c11febbfc767aa211aaa54f51e75c5a8b271a9b5637c77205a518b7a2007cb391d23cceb01e0e4e8d64832317151bc85b734b92a7be0 {{(pid=77105) add /opt/stack/data/venv/lib/python3.12/site-packages/glance_store/_drivers/filesystem.py:899}}
Jul 19 19:40:30 devstack devstack@g-api.service[77105]: INFO glance.location [None req-f025c706-874b-46ca-ba4c-66e4cdaa983f admin admin] Image format matched and virtual size computed: 117440512
Jul 19 19:40:30 devstack devstack@g-api.service[77105]: DEBUG glance_store.backend [None req-f025c706-874b-46ca-ba4c-66e4cdaa983f admin admin] Skipping store.set_acls... not implemented. {{(pid=77105) set_acls /opt/stack/data/venv/lib/python3.12/site-packages/glance_store/backend.py:507}}
Jul 19 19:40:30 devstack devstack@g-api.service[77105]: [pid: 77105|app: 0|req: 3/4] 127.0.0.1 () {40 vars in 872 bytes} [Sun Jul 19 19:40:28 2026] PUT /v2/images/04ccd5bf-54a0-4240-992d-4a2c0a0cdcab/file => generated 0 bytes in 1567 msecs (HTTP/1.1 204) 4 headers in 171 bytes (1 switches on core 0)
Jul 19 19:40:30 devstack devstack@g-api.service[77104]: DEBUG glance.api.middleware.version_negotiation [None req-f4d1529c-f233-41e8-9f72-4ed09601a0fb admin admin] Determining version of request: GET /v2/images/04ccd5bf-54a0-4240-992d-4a2c0a0cdcab Accept: */* {{(pid=77104) process_request /opt/stack/glance/glance/api/middleware/version_negotiation.py:44}}
Jul 19 19:40:30 devstack devstack@g-api.service[77104]: DEBUG glance.api.middleware.version_negotiation [None req-f4d1529c-f233-41e8-9f72-4ed09601a0fb admin admin] Using url versioning {{(pid=77104) process_request /opt/stack/glance/glance/api/middleware/version_negotiation.py:57}}
Jul 19 19:40:30 devstack devstack@g-api.service[77104]: DEBUG glance.api.middleware.version_negotiation [None req-f4d1529c-f233-41e8-9f72-4ed09601a0fb admin admin] Matched version: v2 {{(pid=77104) process_request /opt/stack/glance/glance/api/middleware/version_negotiation.py:69}}
Jul 19 19:40:30 devstack devstack@g-api.service[77104]: DEBUG glance.api.middleware.version_negotiation [None req-f4d1529c-f233-41e8-9f72-4ed09601a0fb admin admin] new path /v2/images/04ccd5bf-54a0-4240-992d-4a2c0a0cdcab {{(pid=77104) process_request /opt/stack/glance/glance/api/middleware/version_negotiation.py:70}}
Jul 19 19:40:30 devstack devstack@g-api.service[77104]: [pid: 77104|app: 0|req: 2/5] 127.0.0.1 () {36 vars in 799 bytes} [Sun Jul 19 19:40:30 2026] GET /v2/images/04ccd5bf-54a0-4240-992d-4a2c0a0cdcab => generated 976 bytes in 20 msecs (HTTP/1.1 200) 4 headers in 157 bytes (1 switches on core 0)
Jul 19 19:40:40 devstack devstack@g-api.service[77105]: DEBUG dbcounter [-] [77105] Writing DB stats glance:SELECT=16,glance:UPDATE=2,glance:INSERT=1 {{(pid=77105) stat_writer /opt/stack/data/venv/lib/python3.12/site-packages/dbcounter.py:115}}
Jul 19 19:40:40 devstack devstack@g-api.service[77104]: DEBUG dbcounter [-] [77104] Writing DB stats glance:SELECT=6,glance:INSERT=5 {{(pid=77104) stat_writer /opt/stack/data/venv/lib/python3.12/site-packages/dbcounter.py:115}}
Jul 19 19:41:06 devstack devstack@g-api.service[77105]: DEBUG glance.api.middleware.version_negotiation [None req-f025c706-874b-46ca-ba4c-66e4cdaa983f admin admin] Determining version of request: GET / Accept: application/json {{(pid=77105) process_request /opt/stack/glance/glance/api/middleware/version_negotiation.py:44}}
Jul 19 19:41:06 devstack devstack@g-api.service[77105]: DEBUG glance.api.middleware.version_negotiation [None req-f025c706-874b-46ca-ba4c-66e4cdaa983f admin admin] Using url versioning {{(pid=77105) process_request /opt/stack/glance/glance/api/middleware/version_negotiation.py:57}}
Jul 19 19:41:06 devstack devstack@g-api.service[77105]: DEBUG glance.api.middleware.version_negotiation [None req-f025c706-874b-46ca-ba4c-66e4cdaa983f admin admin] Unknown version. Returning version choices. {{(pid=77105) process_request /opt/stack/glance/glance/api/middleware/version_negotiation.py:64}}
Jul 19 19:41:06 devstack devstack@g-api.service[77105]: [pid: 77105|app: 0|req: 4/6] 127.0.0.1 () {34 vars in 516 bytes} [Sun Jul 19 19:41:06 2026] GET / => generated 1557 bytes in 4 msecs (HTTP/1.1 300) 3 headers in 106 bytes (1 switches on core 0)
Jul 19 19:41:06 devstack devstack@g-api.service[77104]: DEBUG glance.api.middleware.version_negotiation [None req-e0e85eab-48e6-4ce5-ae2f-1b0eaf647b81 admin admin] Determining version of request: GET /v2/images Accept: application/json {{(pid=77104) process_request /opt/stack/glance/glance/api/middleware/version_negotiation.py:44}}
Jul 19 19:41:06 devstack devstack@g-api.service[77104]: DEBUG glance.api.middleware.version_negotiation [None req-e0e85eab-48e6-4ce5-ae2f-1b0eaf647b81 admin admin] Using url versioning {{(pid=77104) process_request /opt/stack/glance/glance/api/middleware/version_negotiation.py:57}}
Jul 19 19:41:06 devstack devstack@g-api.service[77104]: DEBUG glance.api.middleware.version_negotiation [None req-e0e85eab-48e6-4ce5-ae2f-1b0eaf647b81 admin admin] Matched version: v2 {{(pid=77104) process_request /opt/stack/glance/glance/api/middleware/version_negotiation.py:69}}
Jul 19 19:41:06 devstack devstack@g-api.service[77104]: DEBUG glance.api.middleware.version_negotiation [None req-e0e85eab-48e6-4ce5-ae2f-1b0eaf647b81 admin admin] new path /v2/images {{(pid=77104) process_request /opt/stack/glance/glance/api/middleware/version_negotiation.py:70}}
Jul 19 19:41:06 devstack devstack@g-api.service[77104]: [pid: 77104|app: 0|req: 3/7] 127.0.0.1 () {36 vars in 738 bytes} [Sun Jul 19 19:41:06 2026] GET /v2/images => generated 1045 bytes in 87 msecs (HTTP/1.1 200) 4 headers in 158 bytes (1 switches on core 0)
Jul 19 19:41:16 devstack devstack@g-api.service[77105]: DEBUG glance.api.middleware.version_negotiation [None req-f025c706-874b-46ca-ba4c-66e4cdaa983f admin admin] Determining version of request: GET / Accept: application/json {{(pid=77105) process_request /opt/stack/glance/glance/api/middleware/version_negotiation.py:44}}
Jul 19 19:41:16 devstack devstack@g-api.service[77105]: DEBUG glance.api.middleware.version_negotiation [None req-f025c706-874b-46ca-ba4c-66e4cdaa983f admin admin] Using url versioning {{(pid=77105) process_request /opt/stack/glance/glance/api/middleware/version_negotiation.py:57}}
Jul 19 19:41:16 devstack devstack@g-api.service[77105]: DEBUG glance.api.middleware.version_negotiation [None req-f025c706-874b-46ca-ba4c-66e4cdaa983f admin admin] Unknown version. Returning version choices. {{(pid=77105) process_request /opt/stack/glance/glance/api/middleware/version_negotiation.py:64}}
Jul 19 19:41:16 devstack devstack@g-api.service[77105]: [pid: 77105|app: 0|req: 5/8] 127.0.0.1 () {34 vars in 516 bytes} [Sun Jul 19 19:41:16 2026] GET / => generated 1557 bytes in 2 msecs (HTTP/1.1 300) 3 headers in 106 bytes (1 switches on core 0)
Jul 19 19:41:16 devstack devstack@g-api.service[77104]: DEBUG glance.api.middleware.version_negotiation [None req-392f484e-1b8a-4d1c-aba3-36d98270c1ec admin admin] Determining version of request: GET /v2/images/04ccd5bf-54a0-4240-992d-4a2c0a0cdcab Accept: */* {{(pid=77104) process_request /opt/stack/glance/glance/api/middleware/version_negotiation.py:44}}
Jul 19 19:41:16 devstack devstack@g-api.service[77104]: DEBUG glance.api.middleware.version_negotiation [None req-392f484e-1b8a-4d1c-aba3-36d98270c1ec admin admin] Using url versioning {{(pid=77104) process_request /opt/stack/glance/glance/api/middleware/version_negotiation.py:57}}
Jul 19 19:41:16 devstack devstack@g-api.service[77104]: DEBUG glance.api.middleware.version_negotiation [None req-392f484e-1b8a-4d1c-aba3-36d98270c1ec admin admin] Matched version: v2 {{(pid=77104) process_request /opt/stack/glance/glance/api/middleware/version_negotiation.py:69}}
Jul 19 19:41:16 devstack devstack@g-api.service[77104]: DEBUG glance.api.middleware.version_negotiation [None req-392f484e-1b8a-4d1c-aba3-36d98270c1ec admin admin] new path /v2/images/04ccd5bf-54a0-4240-992d-4a2c0a0cdcab {{(pid=77104) process_request /opt/stack/glance/glance/api/middleware/version_negotiation.py:70}}
Jul 19 19:41:16 devstack devstack@g-api.service[77104]: [pid: 77104|app: 0|req: 4/9] 127.0.0.1 () {36 vars in 799 bytes} [Sun Jul 19 19:41:16 2026] GET /v2/images/04ccd5bf-54a0-4240-992d-4a2c0a0cdcab => generated 976 bytes in 69 msecs (HTTP/1.1 200) 4 headers in 157 bytes (1 switches on core 0)
Jul 19 19:41:22 devstack devstack@g-api.service[77105]: DEBUG glance.api.middleware.version_negotiation [None req-f025c706-874b-46ca-ba4c-66e4cdaa983f admin admin] Determining version of request: GET / Accept: application/json {{(pid=77105) process_request /opt/stack/glance/glance/api/middleware/version_negotiation.py:44}}
Jul 19 19:41:22 devstack devstack@g-api.service[77105]: DEBUG glance.api.middleware.version_negotiation [None req-f025c706-874b-46ca-ba4c-66e4cdaa983f admin admin] Using url versioning {{(pid=77105) process_request /opt/stack/glance/glance/api/middleware/version_negotiation.py:57}}
Jul 19 19:41:22 devstack devstack@g-api.service[77105]: DEBUG glance.api.middleware.version_negotiation [None req-f025c706-874b-46ca-ba4c-66e4cdaa983f admin admin] Unknown version. Returning version choices. {{(pid=77105) process_request /opt/stack/glance/glance/api/middleware/version_negotiation.py:64}}
Jul 19 19:41:22 devstack devstack@g-api.service[77105]: [pid: 77105|app: 0|req: 6/10] 127.0.0.1 () {34 vars in 516 bytes} [Sun Jul 19 19:41:22 2026] GET / => generated 1557 bytes in 2 msecs (HTTP/1.1 300) 3 headers in 106 bytes (1 switches on core 0)
Jul 19 19:41:22 devstack devstack@g-api.service[77104]: DEBUG glance.api.middleware.version_negotiation [None req-10e6e036-9556-43ed-8fc0-a20fbd8ae61e admin admin] Determining version of request: GET /v2/images/04ccd5bf-54a0-4240-992d-4a2c0a0cdcab Accept: */* {{(pid=77104) process_request /opt/stack/glance/glance/api/middleware/version_negotiation.py:44}}
Jul 19 19:41:22 devstack devstack@g-api.service[77104]: DEBUG glance.api.middleware.version_negotiation [None req-10e6e036-9556-43ed-8fc0-a20fbd8ae61e admin admin] Using url versioning {{(pid=77104) process_request /opt/stack/glance/glance/api/middleware/version_negotiation.py:57}}
Jul 19 19:41:22 devstack devstack@g-api.service[77104]: DEBUG glance.api.middleware.version_negotiation [None req-10e6e036-9556-43ed-8fc0-a20fbd8ae61e admin admin] Matched version: v2 {{(pid=77104) process_request /opt/stack/glance/glance/api/middleware/version_negotiation.py:69}}
Jul 19 19:41:22 devstack devstack@g-api.service[77104]: DEBUG glance.api.middleware.version_negotiation [None req-10e6e036-9556-43ed-8fc0-a20fbd8ae61e admin admin] new path /v2/images/04ccd5bf-54a0-4240-992d-4a2c0a0cdcab {{(pid=77104) process_request /opt/stack/glance/glance/api/middleware/version_negotiation.py:70}}
Jul 19 19:41:22 devstack devstack@g-api.service[77104]: [pid: 77104|app: 0|req: 5/11] 127.0.0.1 () {36 vars in 799 bytes} [Sun Jul 19 19:41:22 2026] GET /v2/images/04ccd5bf-54a0-4240-992d-4a2c0a0cdcab => generated 976 bytes in 70 msecs (HTTP/1.1 200) 4 headers in 157 bytes (1 switches on core 0)
Jul 19 19:41:32 devstack devstack@g-api.service[77104]: DEBUG dbcounter [-] [77104] Writing DB stats glance:SELECT=5 {{(pid=77104) stat_writer /opt/stack/data/venv/lib/python3.12/site-packages/dbcounter.py:115}}
Jul 19 19:42:37 devstack devstack@g-api.service[77105]: DEBUG glance.api.middleware.version_negotiation [None req-f025c706-874b-46ca-ba4c-66e4cdaa983f admin admin] Determining version of request: GET / Accept: application/json {{(pid=77105) process_request /opt/stack/glance/glance/api/middleware/version_negotiation.py:44}}
Jul 19 19:42:37 devstack devstack@g-api.service[77105]: DEBUG glance.api.middleware.version_negotiation [None req-f025c706-874b-46ca-ba4c-66e4cdaa983f admin admin] Using url versioning {{(pid=77105) process_request /opt/stack/glance/glance/api/middleware/version_negotiation.py:57}}
Jul 19 19:42:37 devstack devstack@g-api.service[77105]: DEBUG glance.api.middleware.version_negotiation [None req-f025c706-874b-46ca-ba4c-66e4cdaa983f admin admin] Unknown version. Returning version choices. {{(pid=77105) process_request /opt/stack/glance/glance/api/middleware/version_negotiation.py:64}}
Jul 19 19:42:37 devstack devstack@g-api.service[77105]: [pid: 77105|app: 0|req: 7/12] 127.0.0.1 () {36 vars in 485 bytes} [Sun Jul 19 19:42:37 2026] GET / => generated 1557 bytes in 2 msecs (HTTP/1.1 300) 3 headers in 106 bytes (1 switches on core 0)
Jul 19 19:45:36 devstack devstack@g-api.service[77104]: DEBUG glance.api.middleware.version_negotiation [None req-8376dca2-f31f-412e-91e2-944454b8bec2 admin admin] Determining version of request: GET / Accept: application/json {{(pid=77104) process_request /opt/stack/glance/glance/api/middleware/version_negotiation.py:44}}
Jul 19 19:45:36 devstack devstack@g-api.service[77104]: DEBUG glance.api.middleware.version_negotiation [None req-8376dca2-f31f-412e-91e2-944454b8bec2 admin admin] Using url versioning {{(pid=77104) process_request /opt/stack/glance/glance/api/middleware/version_negotiation.py:57}}
Jul 19 19:45:36 devstack devstack@g-api.service[77104]: DEBUG glance.api.middleware.version_negotiation [None req-8376dca2-f31f-412e-91e2-944454b8bec2 admin admin] Unknown version. Returning version choices. {{(pid=77104) process_request /opt/stack/glance/glance/api/middleware/version_negotiation.py:64}}
Jul 19 19:45:36 devstack devstack@g-api.service[77104]: [pid: 77104|app: 0|req: 6/13] 127.0.0.1 () {34 vars in 502 bytes} [Sun Jul 19 19:45:36 2026] GET / => generated 1557 bytes in 5 msecs (HTTP/1.1 300) 3 headers in 106 bytes (1 switches on core 0)
Jul 19 19:45:36 devstack devstack@g-api.service[77105]: DEBUG glance.api.middleware.version_negotiation [None req-f025c706-874b-46ca-ba4c-66e4cdaa983f admin admin] Determining version of request: GET /v2/images/04ccd5bf-54a0-4240-992d-4a2c0a0cdcab Accept: */* {{(pid=77105) process_request /opt/stack/glance/glance/api/middleware/version_negotiation.py:44}}
Jul 19 19:45:36 devstack devstack@g-api.service[77105]: DEBUG glance.api.middleware.version_negotiation [None req-f025c706-874b-46ca-ba4c-66e4cdaa983f admin admin] Using url versioning {{(pid=77105) process_request /opt/stack/glance/glance/api/middleware/version_negotiation.py:57}}
Jul 19 19:45:36 devstack devstack@g-api.service[77105]: DEBUG glance.api.middleware.version_negotiation [None req-f025c706-874b-46ca-ba4c-66e4cdaa983f admin admin] Matched version: v2 {{(pid=77105) process_request /opt/stack/glance/glance/api/middleware/version_negotiation.py:69}}
Jul 19 19:45:36 devstack devstack@g-api.service[77105]: DEBUG glance.api.middleware.version_negotiation [None req-f025c706-874b-46ca-ba4c-66e4cdaa983f admin admin] new path /v2/images/04ccd5bf-54a0-4240-992d-4a2c0a0cdcab {{(pid=77105) process_request /opt/stack/glance/glance/api/middleware/version_negotiation.py:70}}
Jul 19 19:45:36 devstack devstack@g-api.service[77105]: [pid: 77105|app: 0|req: 8/14] 127.0.0.1 () {42 vars in 1058 bytes} [Sun Jul 19 19:45:36 2026] GET /v2/images/04ccd5bf-54a0-4240-992d-4a2c0a0cdcab => generated 976 bytes in 321 msecs (HTTP/1.1 200) 4 headers in 157 bytes (1 switches on core 0)
Jul 19 19:45:36 devstack devstack@g-api.service[77104]: DEBUG glance.api.middleware.version_negotiation [None req-8376dca2-f31f-412e-91e2-944454b8bec2 admin admin] Determining version of request: GET /v2/schemas/image Accept: */* {{(pid=77104) process_request /opt/stack/glance/glance/api/middleware/version_negotiation.py:44}}
Jul 19 19:45:36 devstack devstack@g-api.service[77104]: DEBUG glance.api.middleware.version_negotiation [None req-8376dca2-f31f-412e-91e2-944454b8bec2 admin admin] Using url versioning {{(pid=77104) process_request /opt/stack/glance/glance/api/middleware/version_negotiation.py:57}}
Jul 19 19:45:36 devstack devstack@g-api.service[77104]: DEBUG glance.api.middleware.version_negotiation [None req-8376dca2-f31f-412e-91e2-944454b8bec2 admin admin] Matched version: v2 {{(pid=77104) process_request /opt/stack/glance/glance/api/middleware/version_negotiation.py:69}}
Jul 19 19:45:36 devstack devstack@g-api.service[77104]: DEBUG glance.api.middleware.version_negotiation [None req-8376dca2-f31f-412e-91e2-944454b8bec2 admin admin] new path /v2/schemas/image {{(pid=77104) process_request /opt/stack/glance/glance/api/middleware/version_negotiation.py:70}}
Jul 19 19:45:36 devstack devstack@g-api.service[77104]: [pid: 77104|app: 0|req: 7/15] 127.0.0.1 () {42 vars in 998 bytes} [Sun Jul 19 19:45:36 2026] GET /v2/schemas/image => generated 6083 bytes in 8 msecs (HTTP/1.1 200) 4 headers in 158 bytes (1 switches on core 0)
Jul 19 19:45:40 devstack devstack@g-api.service[77105]: DEBUG glance.api.middleware.version_negotiation [None req-53b05138-ae64-49b7-9f0f-0bdacea58c20 tempest-DeleteServersTestJSON-1941373802 tempest-DeleteServersTestJSON-1941373802-project-member] Determining version of request: GET / Accept: application/json {{(pid=77105) process_request /opt/stack/glance/glance/api/middleware/version_negotiation.py:44}}
Jul 19 19:45:40 devstack devstack@g-api.service[77105]: DEBUG glance.api.middleware.version_negotiation [None req-53b05138-ae64-49b7-9f0f-0bdacea58c20 tempest-DeleteServersTestJSON-1941373802 tempest-DeleteServersTestJSON-1941373802-project-member] Using url versioning {{(pid=77105) process_request /opt/stack/glance/glance/api/middleware/version_negotiation.py:57}}
Jul 19 19:45:40 devstack devstack@g-api.service[77105]: DEBUG glance.api.middleware.version_negotiation [None req-53b05138-ae64-49b7-9f0f-0bdacea58c20 tempest-DeleteServersTestJSON-1941373802 tempest-DeleteServersTestJSON-1941373802-project-member] Unknown version. Returning version choices. {{(pid=77105) process_request /opt/stack/glance/glance/api/middleware/version_negotiation.py:64}}
Jul 19 19:45:40 devstack devstack@g-api.service[77105]: [pid: 77105|app: 0|req: 9/16] 127.0.0.1 () {34 vars in 502 bytes} [Sun Jul 19 19:45:40 2026] GET / => generated 1557 bytes in 9 msecs (HTTP/1.1 300) 3 headers in 106 bytes (1 switches on core 0)
Jul 19 19:45:40 devstack devstack@g-api.service[77104]: DEBUG glance.api.middleware.version_negotiation [None req-53b05138-ae64-49b7-9f0f-0bdacea58c20 tempest-DeleteServersTestJSON-1941373802 tempest-DeleteServersTestJSON-1941373802-project-member] Determining version of request: GET /v2/images/04ccd5bf-54a0-4240-992d-4a2c0a0cdcab Accept: */* {{(pid=77104) process_request /opt/stack/glance/glance/api/middleware/version_negotiation.py:44}}
Jul 19 19:45:40 devstack devstack@g-api.service[77104]: DEBUG glance.api.middleware.version_negotiation [None req-53b05138-ae64-49b7-9f0f-0bdacea58c20 tempest-DeleteServersTestJSON-1941373802 tempest-DeleteServersTestJSON-1941373802-project-member] Using url versioning {{(pid=77104) process_request /opt/stack/glance/glance/api/middleware/version_negotiation.py:57}}
Jul 19 19:45:40 devstack devstack@g-api.service[77104]: DEBUG glance.api.middleware.version_negotiation [None req-53b05138-ae64-49b7-9f0f-0bdacea58c20 tempest-DeleteServersTestJSON-1941373802 tempest-DeleteServersTestJSON-1941373802-project-member] Matched version: v2 {{(pid=77104) process_request /opt/stack/glance/glance/api/middleware/version_negotiation.py:69}}
Jul 19 19:45:40 devstack devstack@g-api.service[77104]: DEBUG glance.api.middleware.version_negotiation [None req-53b05138-ae64-49b7-9f0f-0bdacea58c20 tempest-DeleteServersTestJSON-1941373802 tempest-DeleteServersTestJSON-1941373802-project-member] new path /v2/images/04ccd5bf-54a0-4240-992d-4a2c0a0cdcab {{(pid=77104) process_request /opt/stack/glance/glance/api/middleware/version_negotiation.py:70}}
Jul 19 19:45:40 devstack devstack@g-api.service[77104]: [pid: 77104|app: 0|req: 8/17] 127.0.0.1 () {42 vars in 1058 bytes} [Sun Jul 19 19:45:40 2026] GET /v2/images/04ccd5bf-54a0-4240-992d-4a2c0a0cdcab => generated 976 bytes in 106 msecs (HTTP/1.1 200) 4 headers in 157 bytes (1 switches on core 0)
Jul 19 19:45:40 devstack devstack@g-api.service[77105]: DEBUG glance.api.middleware.version_negotiation [None req-53b05138-ae64-49b7-9f0f-0bdacea58c20 tempest-DeleteServersTestJSON-1941373802 tempest-DeleteServersTestJSON-1941373802-project-member] Determining version of request: GET /v2/schemas/image Accept: */* {{(pid=77105) process_request /opt/stack/glance/glance/api/middleware/version_negotiation.py:44}}
Jul 19 19:45:40 devstack devstack@g-api.service[77105]: DEBUG glance.api.middleware.version_negotiation [None req-53b05138-ae64-49b7-9f0f-0bdacea58c20 tempest-DeleteServersTestJSON-1941373802 tempest-DeleteServersTestJSON-1941373802-project-member] Using url versioning {{(pid=77105) process_request /opt/stack/glance/glance/api/middleware/version_negotiation.py:57}}
Jul 19 19:45:40 devstack devstack@g-api.service[77105]: DEBUG glance.api.middleware.version_negotiation [None req-53b05138-ae64-49b7-9f0f-0bdacea58c20 tempest-DeleteServersTestJSON-1941373802 tempest-DeleteServersTestJSON-1941373802-project-member] Matched version: v2 {{(pid=77105) process_request /opt/stack/glance/glance/api/middleware/version_negotiation.py:69}}
Jul 19 19:45:40 devstack devstack@g-api.service[77105]: DEBUG glance.api.middleware.version_negotiation [None req-53b05138-ae64-49b7-9f0f-0bdacea58c20 tempest-DeleteServersTestJSON-1941373802 tempest-DeleteServersTestJSON-1941373802-project-member] new path /v2/schemas/image {{(pid=77105) process_request /opt/stack/glance/glance/api/middleware/version_negotiation.py:70}}
Jul 19 19:45:40 devstack devstack@g-api.service[77105]: [pid: 77105|app: 0|req: 10/18] 127.0.0.1 () {42 vars in 998 bytes} [Sun Jul 19 19:45:40 2026] GET /v2/schemas/image => generated 6083 bytes in 12 msecs (HTTP/1.1 200) 4 headers in 158 bytes (1 switches on core 0)
Jul 19 19:45:46 devstack devstack@g-api.service[77105]: DEBUG dbcounter [-] [77105] Writing DB stats glance:SELECT=2 {{(pid=77105) stat_writer /opt/stack/data/venv/lib/python3.12/site-packages/dbcounter.py:115}}
Jul 19 19:45:50 devstack devstack@g-api.service[77104]: DEBUG dbcounter [-] [77104] Writing DB stats glance:SELECT=2 {{(pid=77104) stat_writer /opt/stack/data/venv/lib/python3.12/site-packages/dbcounter.py:115}}
Jul 19 19:45:50 devstack devstack@g-api.service[77104]: DEBUG glance.api.middleware.version_negotiation [None req-ffe65dda-157c-43a3-9479-13df51b446be tempest-AttachVolumeNegativeTest-664486592 tempest-AttachVolumeNegativeTest-664486592-project-member] Determining version of request: GET /v2/images/04ccd5bf-54a0-4240-992d-4a2c0a0cdcab Accept: */* {{(pid=77104) process_request /opt/stack/glance/glance/api/middleware/version_negotiation.py:44}}
Jul 19 19:45:50 devstack devstack@g-api.service[77104]: DEBUG glance.api.middleware.version_negotiation [None req-ffe65dda-157c-43a3-9479-13df51b446be tempest-AttachVolumeNegativeTest-664486592 tempest-AttachVolumeNegativeTest-664486592-project-member] Using url versioning {{(pid=77104) process_request /opt/stack/glance/glance/api/middleware/version_negotiation.py:57}}
Jul 19 19:45:50 devstack devstack@g-api.service[77104]: DEBUG glance.api.middleware.version_negotiation [None req-ffe65dda-157c-43a3-9479-13df51b446be tempest-AttachVolumeNegativeTest-664486592 tempest-AttachVolumeNegativeTest-664486592-project-member] Matched version: v2 {{(pid=77104) process_request /opt/stack/glance/glance/api/middleware/version_negotiation.py:69}}
Jul 19 19:45:50 devstack devstack@g-api.service[77104]: DEBUG glance.api.middleware.version_negotiation [None req-ffe65dda-157c-43a3-9479-13df51b446be tempest-AttachVolumeNegativeTest-664486592 tempest-AttachVolumeNegativeTest-664486592-project-member] new path /v2/images/04ccd5bf-54a0-4240-992d-4a2c0a0cdcab {{(pid=77104) process_request /opt/stack/glance/glance/api/middleware/version_negotiation.py:70}}
Jul 19 19:45:50 devstack devstack@g-api.service[77104]: [pid: 77104|app: 0|req: 9/19] 127.0.0.1 () {42 vars in 1058 bytes} [Sun Jul 19 19:45:50 2026] GET /v2/images/04ccd5bf-54a0-4240-992d-4a2c0a0cdcab => generated 976 bytes in 49 msecs (HTTP/1.1 200) 4 headers in 157 bytes (1 switches on core 0)
Jul 19 19:45:50 devstack devstack@g-api.service[77105]: DEBUG glance.api.middleware.version_negotiation [None req-ffe65dda-157c-43a3-9479-13df51b446be tempest-AttachVolumeNegativeTest-664486592 tempest-AttachVolumeNegativeTest-664486592-project-member] Determining version of request: GET /v2/images/04ccd5bf-54a0-4240-992d-4a2c0a0cdcab/file Accept: */* {{(pid=77105) process_request /opt/stack/glance/glance/api/middleware/version_negotiation.py:44}}
Jul 19 19:45:50 devstack devstack@g-api.service[77105]: DEBUG glance.api.middleware.version_negotiation [None req-ffe65dda-157c-43a3-9479-13df51b446be tempest-AttachVolumeNegativeTest-664486592 tempest-AttachVolumeNegativeTest-664486592-project-member] Using url versioning {{(pid=77105) process_request /opt/stack/glance/glance/api/middleware/version_negotiation.py:57}}
Jul 19 19:45:50 devstack devstack@g-api.service[77105]: DEBUG glance.api.middleware.version_negotiation [None req-ffe65dda-157c-43a3-9479-13df51b446be tempest-AttachVolumeNegativeTest-664486592 tempest-AttachVolumeNegativeTest-664486592-project-member] Matched version: v2 {{(pid=77105) process_request /opt/stack/glance/glance/api/middleware/version_negotiation.py:69}}
Jul 19 19:45:50 devstack devstack@g-api.service[77105]: DEBUG glance.api.middleware.version_negotiation [None req-ffe65dda-157c-43a3-9479-13df51b446be tempest-AttachVolumeNegativeTest-664486592 tempest-AttachVolumeNegativeTest-664486592-project-member] new path /v2/images/04ccd5bf-54a0-4240-992d-4a2c0a0cdcab/file {{(pid=77105) process_request /opt/stack/glance/glance/api/middleware/version_negotiation.py:70}}
Jul 19 19:45:50 devstack devstack@g-api.service[77105]: DEBUG glance_store._drivers.filesystem [None req-53b05138-ae64-49b7-9f0f-0bdacea58c20 tempest-DeleteServersTestJSON-1941373802 tempest-DeleteServersTestJSON-1941373802-project-member] Found image at /opt/stack/data/glance/images/04ccd5bf-54a0-4240-992d-4a2c0a0cdcab. Returning in ChunkedFile. {{(pid=77105) get /opt/stack/data/venv/lib/python3.12/site-packages/glance_store/_drivers/filesystem.py:724}}
Jul 19 19:45:50 devstack devstack@g-api.service[77105]: DEBUG glance.image_cache [None req-53b05138-ae64-49b7-9f0f-0bdacea58c20 tempest-DeleteServersTestJSON-1941373802 tempest-DeleteServersTestJSON-1941373802-project-member] Tee'ing image '04ccd5bf-54a0-4240-992d-4a2c0a0cdcab' into cache {{(pid=77105) get_caching_iter /opt/stack/glance/glance/image_cache/__init__.py:356}}
Jul 19 19:45:51 devstack devstack@g-api.service[77105]: DEBUG glance.image_cache.drivers.centralized_db [None req-53b05138-ae64-49b7-9f0f-0bdacea58c20 tempest-DeleteServersTestJSON-1941373802 tempest-DeleteServersTestJSON-1941373802-project-member] Fetch finished, moving '/opt/stack/data/glance/cache/incomplete/04ccd5bf-54a0-4240-992d-4a2c0a0cdcab' to '/opt/stack/data/glance/cache/04ccd5bf-54a0-4240-992d-4a2c0a0cdcab' {{(pid=77105) commit /opt/stack/glance/glance/image_cache/drivers/centralized_db.py:243}}
Jul 19 19:45:51 devstack devstack@g-api.service[77105]: DEBUG glance.image_cache.drivers.centralized_db [None req-53b05138-ae64-49b7-9f0f-0bdacea58c20 tempest-DeleteServersTestJSON-1941373802 tempest-DeleteServersTestJSON-1941373802-project-member] Image cached successfully. {{(pid=77105) commit /opt/stack/glance/glance/image_cache/drivers/centralized_db.py:258}}
Jul 19 19:45:51 devstack devstack@g-api.service[77105]: [pid: 77105|app: 0|req: 11/20] 127.0.0.1 () {42 vars in 1068 bytes} [Sun Jul 19 19:45:50 2026] GET /v2/images/04ccd5bf-54a0-4240-992d-4a2c0a0cdcab/file => generated 21692416 bytes in 578 msecs (HTTP/1.1 200) 4 headers in 191 bytes (331 switches on core 0)
Jul 19 19:45:51 devstack devstack@g-api.service[77104]: DEBUG glance.api.middleware.version_negotiation [None req-53b05138-ae64-49b7-9f0f-0bdacea58c20 tempest-DeleteServersTestJSON-1941373802 tempest-DeleteServersTestJSON-1941373802-project-member] Determining version of request: GET /v2/images/04ccd5bf-54a0-4240-992d-4a2c0a0cdcab Accept: */* {{(pid=77104) process_request /opt/stack/glance/glance/api/middleware/version_negotiation.py:44}}
Jul 19 19:45:51 devstack devstack@g-api.service[77104]: DEBUG glance.api.middleware.version_negotiation [None req-53b05138-ae64-49b7-9f0f-0bdacea58c20 tempest-DeleteServersTestJSON-1941373802 tempest-DeleteServersTestJSON-1941373802-project-member] Using url versioning {{(pid=77104) process_request /opt/stack/glance/glance/api/middleware/version_negotiation.py:57}}
Jul 19 19:45:51 devstack devstack@g-api.service[77104]: DEBUG glance.api.middleware.version_negotiation [None req-53b05138-ae64-49b7-9f0f-0bdacea58c20 tempest-DeleteServersTestJSON-1941373802 tempest-DeleteServersTestJSON-1941373802-project-member] Matched version: v2 {{(pid=77104) process_request /opt/stack/glance/glance/api/middleware/version_negotiation.py:69}}
Jul 19 19:45:51 devstack devstack@g-api.service[77104]: DEBUG glance.api.middleware.version_negotiation [None req-53b05138-ae64-49b7-9f0f-0bdacea58c20 tempest-DeleteServersTestJSON-1941373802 tempest-DeleteServersTestJSON-1941373802-project-member] new path /v2/images/04ccd5bf-54a0-4240-992d-4a2c0a0cdcab {{(pid=77104) process_request /opt/stack/glance/glance/api/middleware/version_negotiation.py:70}}
Jul 19 19:45:51 devstack devstack@g-api.service[77104]: [pid: 77104|app: 0|req: 10/21] 127.0.0.1 () {42 vars in 1058 bytes} [Sun Jul 19 19:45:51 2026] GET /v2/images/04ccd5bf-54a0-4240-992d-4a2c0a0cdcab => generated 976 bytes in 40 msecs (HTTP/1.1 200) 4 headers in 157 bytes (1 switches on core 0)
Jul 19 19:45:51 devstack devstack@g-api.service[77105]: DEBUG glance.api.middleware.version_negotiation [None req-53b05138-ae64-49b7-9f0f-0bdacea58c20 tempest-DeleteServersTestJSON-1941373802 tempest-DeleteServersTestJSON-1941373802-project-member] Determining version of request: GET /v2/schemas/image Accept: */* {{(pid=77105) process_request /opt/stack/glance/glance/api/middleware/version_negotiation.py:44}}
Jul 19 19:45:51 devstack devstack@g-api.service[77105]: DEBUG glance.api.middleware.version_negotiation [None req-53b05138-ae64-49b7-9f0f-0bdacea58c20 tempest-DeleteServersTestJSON-1941373802 tempest-DeleteServersTestJSON-1941373802-project-member] Using url versioning {{(pid=77105) process_request /opt/stack/glance/glance/api/middleware/version_negotiation.py:57}}
Jul 19 19:45:51 devstack devstack@g-api.service[77105]: DEBUG glance.api.middleware.version_negotiation [None req-53b05138-ae64-49b7-9f0f-0bdacea58c20 tempest-DeleteServersTestJSON-1941373802 tempest-DeleteServersTestJSON-1941373802-project-member] Matched version: v2 {{(pid=77105) process_request /opt/stack/glance/glance/api/middleware/version_negotiation.py:69}}
Jul 19 19:45:51 devstack devstack@g-api.service[77105]: DEBUG glance.api.middleware.version_negotiation [None req-53b05138-ae64-49b7-9f0f-0bdacea58c20 tempest-DeleteServersTestJSON-1941373802 tempest-DeleteServersTestJSON-1941373802-project-member] new path /v2/schemas/image {{(pid=77105) process_request /opt/stack/glance/glance/api/middleware/version_negotiation.py:70}}
Jul 19 19:45:51 devstack devstack@g-api.service[77105]: [pid: 77105|app: 0|req: 12/22] 127.0.0.1 () {42 vars in 998 bytes} [Sun Jul 19 19:45:51 2026] GET /v2/schemas/image => generated 6083 bytes in 10 msecs (HTTP/1.1 200) 4 headers in 158 bytes (1 switches on core 0)
Jul 19 19:46:01 devstack devstack@g-api.service[77105]: DEBUG dbcounter [-] [77105] Writing DB stats glance:SELECT=5,glance:INSERT=1 {{(pid=77105) stat_writer /opt/stack/data/venv/lib/python3.12/site-packages/dbcounter.py:115}}
Jul 19 19:46:01 devstack devstack@g-api.service[77104]: DEBUG dbcounter [-] [77104] Writing DB stats glance:SELECT=4 {{(pid=77104) stat_writer /opt/stack/data/venv/lib/python3.12/site-packages/dbcounter.py:115}}
Jul 19 19:46:16 devstack devstack@g-api.service[77104]: DEBUG glance.api.middleware.version_negotiation [None req-53b05138-ae64-49b7-9f0f-0bdacea58c20 tempest-DeleteServersTestJSON-1941373802 tempest-DeleteServersTestJSON-1941373802-project-member] Determining version of request: GET /v2/images/04ccd5bf-54a0-4240-992d-4a2c0a0cdcab Accept: */* {{(pid=77104) process_request /opt/stack/glance/glance/api/middleware/version_negotiation.py:44}}
Jul 19 19:46:16 devstack devstack@g-api.service[77104]: DEBUG glance.api.middleware.version_negotiation [None req-53b05138-ae64-49b7-9f0f-0bdacea58c20 tempest-DeleteServersTestJSON-1941373802 tempest-DeleteServersTestJSON-1941373802-project-member] Using url versioning {{(pid=77104) process_request /opt/stack/glance/glance/api/middleware/version_negotiation.py:57}}
Jul 19 19:46:16 devstack devstack@g-api.service[77104]: DEBUG glance.api.middleware.version_negotiation [None req-53b05138-ae64-49b7-9f0f-0bdacea58c20 tempest-DeleteServersTestJSON-1941373802 tempest-DeleteServersTestJSON-1941373802-project-member] Matched version: v2 {{(pid=77104) process_request /opt/stack/glance/glance/api/middleware/version_negotiation.py:69}}
Jul 19 19:46:16 devstack devstack@g-api.service[77104]: DEBUG glance.api.middleware.version_negotiation [None req-53b05138-ae64-49b7-9f0f-0bdacea58c20 tempest-DeleteServersTestJSON-1941373802 tempest-DeleteServersTestJSON-1941373802-project-member] new path /v2/images/04ccd5bf-54a0-4240-992d-4a2c0a0cdcab {{(pid=77104) process_request /opt/stack/glance/glance/api/middleware/version_negotiation.py:70}}
Jul 19 19:46:16 devstack devstack@g-api.service[77104]: [pid: 77104|app: 0|req: 11/23] 127.0.0.1 () {42 vars in 1058 bytes} [Sun Jul 19 19:46:16 2026] GET /v2/images/04ccd5bf-54a0-4240-992d-4a2c0a0cdcab => generated 976 bytes in 75 msecs (HTTP/1.1 200) 4 headers in 157 bytes (1 switches on core 0)
Jul 19 19:46:16 devstack devstack@g-api.service[77105]: DEBUG glance.api.middleware.version_negotiation [None req-53b05138-ae64-49b7-9f0f-0bdacea58c20 tempest-DeleteServersTestJSON-1941373802 tempest-DeleteServersTestJSON-1941373802-project-member] Determining version of request: GET /v2/schemas/image Accept: */* {{(pid=77105) process_request /opt/stack/glance/glance/api/middleware/version_negotiation.py:44}}
Jul 19 19:46:16 devstack devstack@g-api.service[77105]: DEBUG glance.api.middleware.version_negotiation [None req-53b05138-ae64-49b7-9f0f-0bdacea58c20 tempest-DeleteServersTestJSON-1941373802 tempest-DeleteServersTestJSON-1941373802-project-member] Using url versioning {{(pid=77105) process_request /opt/stack/glance/glance/api/middleware/version_negotiation.py:57}}
Jul 19 19:46:16 devstack devstack@g-api.service[77105]: DEBUG glance.api.middleware.version_negotiation [None req-53b05138-ae64-49b7-9f0f-0bdacea58c20 tempest-DeleteServersTestJSON-1941373802 tempest-DeleteServersTestJSON-1941373802-project-member] Matched version: v2 {{(pid=77105) process_request /opt/stack/glance/glance/api/middleware/version_negotiation.py:69}}
Jul 19 19:46:16 devstack devstack@g-api.service[77105]: DEBUG glance.api.middleware.version_negotiation [None req-53b05138-ae64-49b7-9f0f-0bdacea58c20 tempest-DeleteServersTestJSON-1941373802 tempest-DeleteServersTestJSON-1941373802-project-member] new path /v2/schemas/image {{(pid=77105) process_request /opt/stack/glance/glance/api/middleware/version_negotiation.py:70}}
Jul 19 19:46:16 devstack devstack@g-api.service[77105]: [pid: 77105|app: 0|req: 13/24] 127.0.0.1 () {42 vars in 998 bytes} [Sun Jul 19 19:46:16 2026] GET /v2/schemas/image => generated 6083 bytes in 21 msecs (HTTP/1.1 200) 4 headers in 158 bytes (1 switches on core 0)
