Jul 24 12:32:57 devstack devstack@g-api.service[78205]: DEBUG glance.api.middleware.version_negotiation [None req-1ba796f2-e952-4242-a196-87f9afa8e69b None None] Determining version of request: GET / Accept: */* {{(pid=78205) process_request /opt/stack/glance/glance/api/middleware/version_negotiation.py:44}}
Jul 24 12:32:57 devstack devstack@g-api.service[78204]: DEBUG glance.common.config [None req-86537212-27ad-427d-aae9-dd19998c8202 None None] database.connection_debug = 0 {{(pid=78204) log_opt_values /opt/stack/data/venv/lib/python3.12/site-packages/oslo_config/cfg.py:3253}}
Jul 24 12:32:57 devstack devstack@g-api.service[78205]: DEBUG glance.api.middleware.version_negotiation [None req-1ba796f2-e952-4242-a196-87f9afa8e69b None None] Using url versioning {{(pid=78205) process_request /opt/stack/glance/glance/api/middleware/version_negotiation.py:57}}
Jul 24 12:32:57 devstack devstack@g-api.service[78204]: DEBUG glance.common.config [None req-86537212-27ad-427d-aae9-dd19998c8202 None None] database.connection_parameters = {{(pid=78204) log_opt_values /opt/stack/data/venv/lib/python3.12/site-packages/oslo_config/cfg.py:3253}}
Jul 24 12:32:57 devstack devstack@g-api.service[78205]: DEBUG glance.api.middleware.version_negotiation [None req-1ba796f2-e952-4242-a196-87f9afa8e69b None None] Unknown version. Returning version choices. {{(pid=78205) process_request /opt/stack/glance/glance/api/middleware/version_negotiation.py:64}}
Jul 24 12:32:57 devstack devstack@g-api.service[78204]: DEBUG glance.common.config [None req-86537212-27ad-427d-aae9-dd19998c8202 None None] database.connection_recycle_time = 3600 {{(pid=78204) log_opt_values /opt/stack/data/venv/lib/python3.12/site-packages/oslo_config/cfg.py:3253}}
Jul 24 12:32:57 devstack devstack@g-api.service[78204]: DEBUG glance.common.config [None req-86537212-27ad-427d-aae9-dd19998c8202 None None] database.connection_trace = False {{(pid=78204) log_opt_values /opt/stack/data/venv/lib/python3.12/site-packages/oslo_config/cfg.py:3253}}
Jul 24 12:32:57 devstack devstack@g-api.service[78204]: DEBUG glance.common.config [None req-86537212-27ad-427d-aae9-dd19998c8202 None None] database.db_inc_retry_interval = True {{(pid=78204) log_opt_values /opt/stack/data/venv/lib/python3.12/site-packages/oslo_config/cfg.py:3253}}
Jul 24 12:32:57 devstack devstack@g-api.service[78204]: DEBUG glance.common.config [None req-86537212-27ad-427d-aae9-dd19998c8202 None None] database.db_max_retries = 20 {{(pid=78204) log_opt_values /opt/stack/data/venv/lib/python3.12/site-packages/oslo_config/cfg.py:3253}}
Jul 24 12:32:57 devstack devstack@g-api.service[78204]: DEBUG glance.common.config [None req-86537212-27ad-427d-aae9-dd19998c8202 None None] database.db_max_retry_interval = 10 {{(pid=78204) log_opt_values /opt/stack/data/venv/lib/python3.12/site-packages/oslo_config/cfg.py:3253}}
Jul 24 12:32:57 devstack devstack@g-api.service[78205]: [pid: 78205|app: 0|req: 1/1] 127.0.0.1 () {32 vars in 401 bytes} [Fri Jul 24 12:32:57 2026] GET / => generated 1571 bytes in 3 msecs (HTTP/1.1 300) 3 headers in 106 bytes (1 switches on core 0)
Jul 24 12:32:57 devstack devstack@g-api.service[78204]: DEBUG glance.common.config [None req-86537212-27ad-427d-aae9-dd19998c8202 None None] database.db_retry_interval = 1 {{(pid=78204) log_opt_values /opt/stack/data/venv/lib/python3.12/site-packages/oslo_config/cfg.py:3253}}
Jul 24 12:32:57 devstack devstack@g-api.service[78204]: DEBUG glance.common.config [None req-86537212-27ad-427d-aae9-dd19998c8202 None None] database.max_overflow = 50 {{(pid=78204) log_opt_values /opt/stack/data/venv/lib/python3.12/site-packages/oslo_config/cfg.py:3253}}
Jul 24 12:32:57 devstack devstack@g-api.service[78204]: DEBUG glance.common.config [None req-86537212-27ad-427d-aae9-dd19998c8202 None None] database.max_pool_size = 5 {{(pid=78204) log_opt_values /opt/stack/data/venv/lib/python3.12/site-packages/oslo_config/cfg.py:3253}}
Jul 24 12:32:57 devstack devstack@g-api.service[78204]: DEBUG glance.common.config [None req-86537212-27ad-427d-aae9-dd19998c8202 None None] database.max_retries = 10 {{(pid=78204) log_opt_values /opt/stack/data/venv/lib/python3.12/site-packages/oslo_config/cfg.py:3253}}
Jul 24 12:32:57 devstack devstack@g-api.service[78204]: DEBUG glance.common.config [None req-86537212-27ad-427d-aae9-dd19998c8202 None None] database.mysql_sql_mode = TRADITIONAL {{(pid=78204) log_opt_values /opt/stack/data/venv/lib/python3.12/site-packages/oslo_config/cfg.py:3253}}
Jul 24 12:32:57 devstack devstack@g-api.service[78204]: DEBUG glance.common.config [None req-86537212-27ad-427d-aae9-dd19998c8202 None None] database.mysql_wsrep_sync_wait = None {{(pid=78204) log_opt_values /opt/stack/data/venv/lib/python3.12/site-packages/oslo_config/cfg.py:3253}}
Jul 24 12:32:57 devstack devstack@g-api.service[78204]: DEBUG glance.common.config [None req-86537212-27ad-427d-aae9-dd19998c8202 None None] database.pool_timeout = None {{(pid=78204) log_opt_values /opt/stack/data/venv/lib/python3.12/site-packages/oslo_config/cfg.py:3253}}
Jul 24 12:32:57 devstack devstack@g-api.service[78204]: DEBUG glance.common.config [None req-86537212-27ad-427d-aae9-dd19998c8202 None None] database.retry_interval = 10 {{(pid=78204) log_opt_values /opt/stack/data/venv/lib/python3.12/site-packages/oslo_config/cfg.py:3253}}
Jul 24 12:32:57 devstack devstack@g-api.service[78204]: DEBUG glance.common.config [None req-86537212-27ad-427d-aae9-dd19998c8202 None None] database.slave_connection = **** {{(pid=78204) log_opt_values /opt/stack/data/venv/lib/python3.12/site-packages/oslo_config/cfg.py:3253}}
Jul 24 12:32:57 devstack devstack@g-api.service[78204]: DEBUG glance.common.config [None req-86537212-27ad-427d-aae9-dd19998c8202 None None] database.sqlite_synchronous = True {{(pid=78204) log_opt_values /opt/stack/data/venv/lib/python3.12/site-packages/oslo_config/cfg.py:3253}}
Jul 24 12:32:57 devstack devstack@g-api.service[78204]: DEBUG glance.common.config [None req-86537212-27ad-427d-aae9-dd19998c8202 None None] database.synchronous_reader = True {{(pid=78204) log_opt_values /opt/stack/data/venv/lib/python3.12/site-packages/oslo_config/cfg.py:3253}}
Jul 24 12:32:57 devstack devstack@g-api.service[78204]: DEBUG glance.common.config [None req-86537212-27ad-427d-aae9-dd19998c8202 None None] database.use_db_reconnect = False {{(pid=78204) log_opt_values /opt/stack/data/venv/lib/python3.12/site-packages/oslo_config/cfg.py:3253}}
Jul 24 12:32:57 devstack devstack@g-api.service[78204]: DEBUG glance.common.config [None req-86537212-27ad-427d-aae9-dd19998c8202 None None] healthcheck.allowed_source_ranges = [] {{(pid=78204) log_opt_values /opt/stack/data/venv/lib/python3.12/site-packages/oslo_config/cfg.py:3253}}
Jul 24 12:32:57 devstack devstack@g-api.service[78204]: DEBUG glance.common.config [None req-86537212-27ad-427d-aae9-dd19998c8202 None None] healthcheck.backends = ['disable_by_file'] {{(pid=78204) log_opt_values /opt/stack/data/venv/lib/python3.12/site-packages/oslo_config/cfg.py:3253}}
Jul 24 12:32:57 devstack devstack@g-api.service[78204]: DEBUG glance.common.config [None req-86537212-27ad-427d-aae9-dd19998c8202 None None] healthcheck.detailed = False {{(pid=78204) log_opt_values /opt/stack/data/venv/lib/python3.12/site-packages/oslo_config/cfg.py:3253}}
Jul 24 12:32:57 devstack devstack@g-api.service[78204]: DEBUG glance.common.config [None req-86537212-27ad-427d-aae9-dd19998c8202 None None] healthcheck.disable_by_file_path = None {{(pid=78204) log_opt_values /opt/stack/data/venv/lib/python3.12/site-packages/oslo_config/cfg.py:3253}}
Jul 24 12:32:57 devstack devstack@g-api.service[78204]: DEBUG glance.common.config [None req-86537212-27ad-427d-aae9-dd19998c8202 None None] healthcheck.ignore_proxied_requests = False {{(pid=78204) log_opt_values /opt/stack/data/venv/lib/python3.12/site-packages/oslo_config/cfg.py:3253}}
Jul 24 12:32:57 devstack devstack@g-api.service[78204]: DEBUG glance.common.config [None req-86537212-27ad-427d-aae9-dd19998c8202 None None] ******************************************************************************** {{(pid=78204) log_opt_values /opt/stack/data/venv/lib/python3.12/site-packages/oslo_config/cfg.py:3260}}
Jul 24 12:32:57 devstack devstack@g-api.service[78204]: WSGI app 0 (mountpoint='') ready in 6 seconds on interpreter 0x7089442a4668 pid: 78204 (default app)
Jul 24 12:33:01 devstack devstack@g-api.service[78205]: DEBUG glance.api.middleware.version_negotiation [None req-1ba796f2-e952-4242-a196-87f9afa8e69b None None] Determining version of request: GET / Accept: application/json {{(pid=78205) process_request /opt/stack/glance/glance/api/middleware/version_negotiation.py:44}}
Jul 24 12:33:01 devstack devstack@g-api.service[78205]: DEBUG glance.api.middleware.version_negotiation [None req-1ba796f2-e952-4242-a196-87f9afa8e69b None None] Using url versioning {{(pid=78205) process_request /opt/stack/glance/glance/api/middleware/version_negotiation.py:57}}
Jul 24 12:33:01 devstack devstack@g-api.service[78205]: DEBUG glance.api.middleware.version_negotiation [None req-1ba796f2-e952-4242-a196-87f9afa8e69b None None] Unknown version. Returning version choices. {{(pid=78205) process_request /opt/stack/glance/glance/api/middleware/version_negotiation.py:64}}
Jul 24 12:33:01 devstack devstack@g-api.service[78205]: [pid: 78205|app: 0|req: 2/2] 127.0.0.1 () {34 vars in 519 bytes} [Fri Jul 24 12:33:01 2026] GET / => generated 1571 bytes in 4 msecs (HTTP/1.1 300) 3 headers in 106 bytes (1 switches on core 0)
Jul 24 12:33:01 devstack devstack@g-api.service[78204]: DEBUG glance.api.middleware.version_negotiation [None req-86537212-27ad-427d-aae9-dd19998c8202 None None] Determining version of request: POST /v2/images Accept: */* {{(pid=78204) process_request /opt/stack/glance/glance/api/middleware/version_negotiation.py:44}}
Jul 24 12:33:01 devstack devstack@g-api.service[78204]: DEBUG glance.api.middleware.version_negotiation [None req-86537212-27ad-427d-aae9-dd19998c8202 None None] Using url versioning {{(pid=78204) process_request /opt/stack/glance/glance/api/middleware/version_negotiation.py:57}}
Jul 24 12:33:01 devstack devstack@g-api.service[78204]: DEBUG glance.api.middleware.version_negotiation [None req-86537212-27ad-427d-aae9-dd19998c8202 None None] Matched version: v2 {{(pid=78204) process_request /opt/stack/glance/glance/api/middleware/version_negotiation.py:69}}
Jul 24 12:33:01 devstack devstack@g-api.service[78204]: DEBUG glance.api.middleware.version_negotiation [None req-86537212-27ad-427d-aae9-dd19998c8202 None None] new path /v2/images {{(pid=78204) process_request /opt/stack/glance/glance/api/middleware/version_negotiation.py:70}}
Jul 24 12:33:02 devstack devstack@g-api.service[78204]: [pid: 78204|app: 0|req: 1/3] 127.0.0.1 () {40 vars in 782 bytes} [Fri Jul 24 12:33:01 2026] POST /v2/images => generated 807 bytes in 1158 msecs (HTTP/1.1 201) 6 headers in 314 bytes (1 switches on core 0)
Jul 24 12:33:02 devstack devstack@g-api.service[78205]: DEBUG glance.api.middleware.version_negotiation [None req-1ba796f2-e952-4242-a196-87f9afa8e69b None None] Determining version of request: PUT /v2/images/b9bc6022-042c-4b2c-a61d-587b72521a75/file Accept: {{(pid=78205) process_request /opt/stack/glance/glance/api/middleware/version_negotiation.py:44}}
Jul 24 12:33:02 devstack devstack@g-api.service[78205]: DEBUG glance.api.middleware.version_negotiation [None req-1ba796f2-e952-4242-a196-87f9afa8e69b None None] Using url versioning {{(pid=78205) process_request /opt/stack/glance/glance/api/middleware/version_negotiation.py:57}}
Jul 24 12:33:02 devstack devstack@g-api.service[78205]: DEBUG glance.api.middleware.version_negotiation [None req-1ba796f2-e952-4242-a196-87f9afa8e69b None None] Matched version: v2 {{(pid=78205) process_request /opt/stack/glance/glance/api/middleware/version_negotiation.py:69}}
Jul 24 12:33:02 devstack devstack@g-api.service[78205]: DEBUG glance.api.middleware.version_negotiation [None req-1ba796f2-e952-4242-a196-87f9afa8e69b None None] new path /v2/images/b9bc6022-042c-4b2c-a61d-587b72521a75/file {{(pid=78205) process_request /opt/stack/glance/glance/api/middleware/version_negotiation.py:70}}
Jul 24 12:33:03 devstack devstack@g-api.service[78205]: INFO glance.api.v2.image_data [None req-e22b8d74-fa65-4463-9d2a-6f1a28662385 admin admin] Unable to create trust: no such option collect_timing in group [keystone_authtoken] Use the existing user token.
Jul 24 12:33:03 devstack devstack@g-api.service[78205]: DEBUG glance.location [None req-e22b8d74-fa65-4463-9d2a-6f1a28662385 admin admin] Enabling in-flight format inspection for qcow2 {{(pid=78205) set_data /opt/stack/glance/glance/location.py:596}}
Jul 24 12:33:03 devstack devstack@g-api.service[78205]: DEBUG oslo_utils.imageutils.format_inspector [None req-e22b8d74-fa65-4463-9d2a-6f1a28662385 admin admin] Format inspector for vmdk does not match, excluding from consideration (Signature KDMV not found: b'QFI\xfb') {{(pid=78205) _process_chunk /opt/stack/data/venv/lib/python3.12/site-packages/oslo_utils/imageutils/format_inspector.py:1758}}
Jul 24 12:33:03 devstack devstack@g-api.service[78205]: DEBUG oslo_utils.imageutils.format_inspector [None req-e22b8d74-fa65-4463-9d2a-6f1a28662385 admin admin] Format inspector for vhdx does not match, excluding from consideration (Region signature not found at 30000) {{(pid=78205) _process_chunk /opt/stack/data/venv/lib/python3.12/site-packages/oslo_utils/imageutils/format_inspector.py:1758}}
Jul 24 12:33:03 devstack devstack@g-api.service[78205]: DEBUG glance_store._drivers.filesystem [None req-e22b8d74-fa65-4463-9d2a-6f1a28662385 admin admin] Wrote 21692416 bytes to /opt/stack/data/glance/images/b9bc6022-042c-4b2c-a61d-587b72521a75 with checksum 87617e24a5e30cb3b87fda8c0764838f and multihash 9a9bce0083a00939ec17c11febbfc767aa211aaa54f51e75c5a8b271a9b5637c77205a518b7a2007cb391d23cceb01e0e4e8d64832317151bc85b734b92a7be0 {{(pid=78205) add /opt/stack/data/venv/lib/python3.12/site-packages/glance_store/_drivers/filesystem.py:899}}
Jul 24 12:33:03 devstack devstack@g-api.service[78205]: INFO glance.location [None req-e22b8d74-fa65-4463-9d2a-6f1a28662385 admin admin] Image format matched and virtual size computed: 117440512
Jul 24 12:33:04 devstack devstack@g-api.service[78205]: DEBUG glance_store.backend [None req-e22b8d74-fa65-4463-9d2a-6f1a28662385 admin admin] Skipping store.set_acls... not implemented. {{(pid=78205) set_acls /opt/stack/data/venv/lib/python3.12/site-packages/glance_store/backend.py:507}}
Jul 24 12:33:04 devstack devstack@g-api.service[78205]: [pid: 78205|app: 0|req: 3/4] 127.0.0.1 () {40 vars in 875 bytes} [Fri Jul 24 12:33:02 2026] PUT /v2/images/b9bc6022-042c-4b2c-a61d-587b72521a75/file => generated 0 bytes in 1632 msecs (HTTP/1.1 204) 4 headers in 171 bytes (1 switches on core 0)
Jul 24 12:33:04 devstack devstack@g-api.service[78204]: DEBUG glance.api.middleware.version_negotiation [None req-3b9234f0-cf74-418a-968f-fd5d596bcb06 admin admin] Determining version of request: GET /v2/images/b9bc6022-042c-4b2c-a61d-587b72521a75 Accept: */* {{(pid=78204) process_request /opt/stack/glance/glance/api/middleware/version_negotiation.py:44}}
Jul 24 12:33:04 devstack devstack@g-api.service[78204]: DEBUG glance.api.middleware.version_negotiation [None req-3b9234f0-cf74-418a-968f-fd5d596bcb06 admin admin] Using url versioning {{(pid=78204) process_request /opt/stack/glance/glance/api/middleware/version_negotiation.py:57}}
Jul 24 12:33:04 devstack devstack@g-api.service[78204]: DEBUG glance.api.middleware.version_negotiation [None req-3b9234f0-cf74-418a-968f-fd5d596bcb06 admin admin] Matched version: v2 {{(pid=78204) process_request /opt/stack/glance/glance/api/middleware/version_negotiation.py:69}}
Jul 24 12:33:04 devstack devstack@g-api.service[78204]: DEBUG glance.api.middleware.version_negotiation [None req-3b9234f0-cf74-418a-968f-fd5d596bcb06 admin admin] new path /v2/images/b9bc6022-042c-4b2c-a61d-587b72521a75 {{(pid=78204) process_request /opt/stack/glance/glance/api/middleware/version_negotiation.py:70}}
Jul 24 12:33:04 devstack devstack@g-api.service[78204]: [pid: 78204|app: 0|req: 2/5] 127.0.0.1 () {36 vars in 802 bytes} [Fri Jul 24 12:33:04 2026] GET /v2/images/b9bc6022-042c-4b2c-a61d-587b72521a75 => generated 976 bytes in 20 msecs (HTTP/1.1 200) 4 headers in 157 bytes (1 switches on core 0)
Jul 24 12:33:14 devstack devstack@g-api.service[78205]: DEBUG dbcounter [-] [78205] Writing DB stats glance:INSERT=5,glance:SELECT=16,glance:UPDATE=2 {{(pid=78205) stat_writer /opt/stack/data/venv/lib/python3.12/site-packages/dbcounter.py:115}}
Jul 24 12:33:14 devstack devstack@g-api.service[78204]: DEBUG dbcounter [-] [78204] Writing DB stats glance:INSERT=9,glance:SELECT=6 {{(pid=78204) stat_writer /opt/stack/data/venv/lib/python3.12/site-packages/dbcounter.py:115}}
Jul 24 12:33:46 devstack devstack@g-api.service[78205]: DEBUG glance.api.middleware.version_negotiation [None req-e22b8d74-fa65-4463-9d2a-6f1a28662385 admin admin] Determining version of request: GET / Accept: application/json {{(pid=78205) process_request /opt/stack/glance/glance/api/middleware/version_negotiation.py:44}}
Jul 24 12:33:46 devstack devstack@g-api.service[78205]: DEBUG glance.api.middleware.version_negotiation [None req-e22b8d74-fa65-4463-9d2a-6f1a28662385 admin admin] Using url versioning {{(pid=78205) process_request /opt/stack/glance/glance/api/middleware/version_negotiation.py:57}}
Jul 24 12:33:46 devstack devstack@g-api.service[78205]: DEBUG glance.api.middleware.version_negotiation [None req-e22b8d74-fa65-4463-9d2a-6f1a28662385 admin admin] Unknown version. Returning version choices. {{(pid=78205) process_request /opt/stack/glance/glance/api/middleware/version_negotiation.py:64}}
Jul 24 12:33:46 devstack devstack@g-api.service[78205]: [pid: 78205|app: 0|req: 4/6] 127.0.0.1 () {34 vars in 519 bytes} [Fri Jul 24 12:33:46 2026] GET / => generated 1571 bytes in 2 msecs (HTTP/1.1 300) 3 headers in 106 bytes (1 switches on core 0)
Jul 24 12:33:47 devstack devstack@g-api.service[78204]: DEBUG glance.api.middleware.version_negotiation [None req-02dd1243-3de3-421c-8f4f-5d1a27917a41 admin admin] Determining version of request: GET /v2/images Accept: application/json {{(pid=78204) process_request /opt/stack/glance/glance/api/middleware/version_negotiation.py:44}}
Jul 24 12:33:47 devstack devstack@g-api.service[78204]: DEBUG glance.api.middleware.version_negotiation [None req-02dd1243-3de3-421c-8f4f-5d1a27917a41 admin admin] Using url versioning {{(pid=78204) process_request /opt/stack/glance/glance/api/middleware/version_negotiation.py:57}}
Jul 24 12:33:47 devstack devstack@g-api.service[78204]: DEBUG glance.api.middleware.version_negotiation [None req-02dd1243-3de3-421c-8f4f-5d1a27917a41 admin admin] Matched version: v2 {{(pid=78204) process_request /opt/stack/glance/glance/api/middleware/version_negotiation.py:69}}
Jul 24 12:33:47 devstack devstack@g-api.service[78204]: DEBUG glance.api.middleware.version_negotiation [None req-02dd1243-3de3-421c-8f4f-5d1a27917a41 admin admin] new path /v2/images {{(pid=78204) process_request /opt/stack/glance/glance/api/middleware/version_negotiation.py:70}}
Jul 24 12:33:47 devstack devstack@g-api.service[78204]: [pid: 78204|app: 0|req: 3/7] 127.0.0.1 () {36 vars in 741 bytes} [Fri Jul 24 12:33:47 2026] GET /v2/images => generated 1045 bytes in 87 msecs (HTTP/1.1 200) 4 headers in 158 bytes (1 switches on core 0)
Jul 24 12:33:56 devstack devstack@g-api.service[78205]: DEBUG glance.api.middleware.version_negotiation [None req-e22b8d74-fa65-4463-9d2a-6f1a28662385 admin admin] Determining version of request: GET / Accept: application/json {{(pid=78205) process_request /opt/stack/glance/glance/api/middleware/version_negotiation.py:44}}
Jul 24 12:33:56 devstack devstack@g-api.service[78205]: DEBUG glance.api.middleware.version_negotiation [None req-e22b8d74-fa65-4463-9d2a-6f1a28662385 admin admin] Using url versioning {{(pid=78205) process_request /opt/stack/glance/glance/api/middleware/version_negotiation.py:57}}
Jul 24 12:33:56 devstack devstack@g-api.service[78205]: DEBUG glance.api.middleware.version_negotiation [None req-e22b8d74-fa65-4463-9d2a-6f1a28662385 admin admin] Unknown version. Returning version choices. {{(pid=78205) process_request /opt/stack/glance/glance/api/middleware/version_negotiation.py:64}}
Jul 24 12:33:56 devstack devstack@g-api.service[78205]: [pid: 78205|app: 0|req: 5/8] 127.0.0.1 () {34 vars in 519 bytes} [Fri Jul 24 12:33:56 2026] GET / => generated 1571 bytes in 2 msecs (HTTP/1.1 300) 3 headers in 106 bytes (1 switches on core 0)
Jul 24 12:33:56 devstack devstack@g-api.service[78204]: DEBUG glance.api.middleware.version_negotiation [None req-d9a2e2d5-23ce-4919-a697-c0ccbaa6283d admin admin] Determining version of request: GET /v2/images/b9bc6022-042c-4b2c-a61d-587b72521a75 Accept: */* {{(pid=78204) process_request /opt/stack/glance/glance/api/middleware/version_negotiation.py:44}}
Jul 24 12:33:56 devstack devstack@g-api.service[78204]: DEBUG glance.api.middleware.version_negotiation [None req-d9a2e2d5-23ce-4919-a697-c0ccbaa6283d admin admin] Using url versioning {{(pid=78204) process_request /opt/stack/glance/glance/api/middleware/version_negotiation.py:57}}
Jul 24 12:33:56 devstack devstack@g-api.service[78204]: DEBUG glance.api.middleware.version_negotiation [None req-d9a2e2d5-23ce-4919-a697-c0ccbaa6283d admin admin] Matched version: v2 {{(pid=78204) process_request /opt/stack/glance/glance/api/middleware/version_negotiation.py:69}}
Jul 24 12:33:56 devstack devstack@g-api.service[78204]: DEBUG glance.api.middleware.version_negotiation [None req-d9a2e2d5-23ce-4919-a697-c0ccbaa6283d admin admin] new path /v2/images/b9bc6022-042c-4b2c-a61d-587b72521a75 {{(pid=78204) process_request /opt/stack/glance/glance/api/middleware/version_negotiation.py:70}}
Jul 24 12:33:56 devstack devstack@g-api.service[78204]: [pid: 78204|app: 0|req: 4/9] 127.0.0.1 () {36 vars in 802 bytes} [Fri Jul 24 12:33:56 2026] GET /v2/images/b9bc6022-042c-4b2c-a61d-587b72521a75 => generated 976 bytes in 74 msecs (HTTP/1.1 200) 4 headers in 157 bytes (1 switches on core 0)
Jul 24 12:34:02 devstack devstack@g-api.service[78205]: DEBUG glance.api.middleware.version_negotiation [None req-e22b8d74-fa65-4463-9d2a-6f1a28662385 admin admin] Determining version of request: GET / Accept: application/json {{(pid=78205) process_request /opt/stack/glance/glance/api/middleware/version_negotiation.py:44}}
Jul 24 12:34:02 devstack devstack@g-api.service[78205]: DEBUG glance.api.middleware.version_negotiation [None req-e22b8d74-fa65-4463-9d2a-6f1a28662385 admin admin] Using url versioning {{(pid=78205) process_request /opt/stack/glance/glance/api/middleware/version_negotiation.py:57}}
Jul 24 12:34:02 devstack devstack@g-api.service[78205]: DEBUG glance.api.middleware.version_negotiation [None req-e22b8d74-fa65-4463-9d2a-6f1a28662385 admin admin] Unknown version. Returning version choices. {{(pid=78205) process_request /opt/stack/glance/glance/api/middleware/version_negotiation.py:64}}
Jul 24 12:34:02 devstack devstack@g-api.service[78205]: [pid: 78205|app: 0|req: 6/10] 127.0.0.1 () {34 vars in 519 bytes} [Fri Jul 24 12:34:02 2026] GET / => generated 1571 bytes in 2 msecs (HTTP/1.1 300) 3 headers in 106 bytes (1 switches on core 0)
Jul 24 12:34:02 devstack devstack@g-api.service[78204]: DEBUG glance.api.middleware.version_negotiation [None req-c6138823-8a40-4cea-9adc-78b312a9e7e7 admin admin] Determining version of request: GET /v2/images/b9bc6022-042c-4b2c-a61d-587b72521a75 Accept: */* {{(pid=78204) process_request /opt/stack/glance/glance/api/middleware/version_negotiation.py:44}}
Jul 24 12:34:02 devstack devstack@g-api.service[78204]: DEBUG glance.api.middleware.version_negotiation [None req-c6138823-8a40-4cea-9adc-78b312a9e7e7 admin admin] Using url versioning {{(pid=78204) process_request /opt/stack/glance/glance/api/middleware/version_negotiation.py:57}}
Jul 24 12:34:02 devstack devstack@g-api.service[78204]: DEBUG glance.api.middleware.version_negotiation [None req-c6138823-8a40-4cea-9adc-78b312a9e7e7 admin admin] Matched version: v2 {{(pid=78204) process_request /opt/stack/glance/glance/api/middleware/version_negotiation.py:69}}
Jul 24 12:34:02 devstack devstack@g-api.service[78204]: DEBUG glance.api.middleware.version_negotiation [None req-c6138823-8a40-4cea-9adc-78b312a9e7e7 admin admin] new path /v2/images/b9bc6022-042c-4b2c-a61d-587b72521a75 {{(pid=78204) process_request /opt/stack/glance/glance/api/middleware/version_negotiation.py:70}}
Jul 24 12:34:02 devstack devstack@g-api.service[78204]: [pid: 78204|app: 0|req: 5/11] 127.0.0.1 () {36 vars in 802 bytes} [Fri Jul 24 12:34:02 2026] GET /v2/images/b9bc6022-042c-4b2c-a61d-587b72521a75 => generated 976 bytes in 71 msecs (HTTP/1.1 200) 4 headers in 157 bytes (1 switches on core 0)
Jul 24 12:34:12 devstack devstack@g-api.service[78204]: DEBUG dbcounter [-] [78204] Writing DB stats glance:SELECT=5 {{(pid=78204) stat_writer /opt/stack/data/venv/lib/python3.12/site-packages/dbcounter.py:115}}
Jul 24 12:35:17 devstack devstack@g-api.service[78205]: DEBUG glance.api.middleware.version_negotiation [None req-e22b8d74-fa65-4463-9d2a-6f1a28662385 admin admin] Determining version of request: GET / Accept: application/json {{(pid=78205) process_request /opt/stack/glance/glance/api/middleware/version_negotiation.py:44}}
Jul 24 12:35:17 devstack devstack@g-api.service[78205]: DEBUG glance.api.middleware.version_negotiation [None req-e22b8d74-fa65-4463-9d2a-6f1a28662385 admin admin] Using url versioning {{(pid=78205) process_request /opt/stack/glance/glance/api/middleware/version_negotiation.py:57}}
Jul 24 12:35:17 devstack devstack@g-api.service[78205]: DEBUG glance.api.middleware.version_negotiation [None req-e22b8d74-fa65-4463-9d2a-6f1a28662385 admin admin] Unknown version. Returning version choices. {{(pid=78205) process_request /opt/stack/glance/glance/api/middleware/version_negotiation.py:64}}
Jul 24 12:35:17 devstack devstack@g-api.service[78205]: [pid: 78205|app: 0|req: 7/12] 127.0.0.1 () {36 vars in 488 bytes} [Fri Jul 24 12:35:17 2026] GET / => generated 1571 bytes in 2 msecs (HTTP/1.1 300) 3 headers in 106 bytes (1 switches on core 0)
Jul 24 12:38:15 devstack devstack@g-api.service[78204]: DEBUG glance.api.middleware.version_negotiation [None req-52287f6d-5329-40f4-8518-4e5a622dd456 admin admin] Determining version of request: GET / Accept: application/json {{(pid=78204) process_request /opt/stack/glance/glance/api/middleware/version_negotiation.py:44}}
Jul 24 12:38:15 devstack devstack@g-api.service[78204]: DEBUG glance.api.middleware.version_negotiation [None req-52287f6d-5329-40f4-8518-4e5a622dd456 admin admin] Using url versioning {{(pid=78204) process_request /opt/stack/glance/glance/api/middleware/version_negotiation.py:57}}
Jul 24 12:38:15 devstack devstack@g-api.service[78204]: DEBUG glance.api.middleware.version_negotiation [None req-52287f6d-5329-40f4-8518-4e5a622dd456 admin admin] Unknown version. Returning version choices. {{(pid=78204) process_request /opt/stack/glance/glance/api/middleware/version_negotiation.py:64}}
Jul 24 12:38:15 devstack devstack@g-api.service[78204]: [pid: 78204|app: 0|req: 6/13] 127.0.0.1 () {34 vars in 505 bytes} [Fri Jul 24 12:38:15 2026] GET / => generated 1571 bytes in 4 msecs (HTTP/1.1 300) 3 headers in 106 bytes (1 switches on core 0)
Jul 24 12:38:15 devstack devstack@g-api.service[78205]: DEBUG glance.api.middleware.version_negotiation [None req-e22b8d74-fa65-4463-9d2a-6f1a28662385 admin admin] Determining version of request: GET /v2/images/b9bc6022-042c-4b2c-a61d-587b72521a75 Accept: */* {{(pid=78205) process_request /opt/stack/glance/glance/api/middleware/version_negotiation.py:44}}
Jul 24 12:38:15 devstack devstack@g-api.service[78205]: DEBUG glance.api.middleware.version_negotiation [None req-e22b8d74-fa65-4463-9d2a-6f1a28662385 admin admin] Using url versioning {{(pid=78205) process_request /opt/stack/glance/glance/api/middleware/version_negotiation.py:57}}
Jul 24 12:38:15 devstack devstack@g-api.service[78205]: DEBUG glance.api.middleware.version_negotiation [None req-e22b8d74-fa65-4463-9d2a-6f1a28662385 admin admin] Matched version: v2 {{(pid=78205) process_request /opt/stack/glance/glance/api/middleware/version_negotiation.py:69}}
Jul 24 12:38:15 devstack devstack@g-api.service[78205]: DEBUG glance.api.middleware.version_negotiation [None req-e22b8d74-fa65-4463-9d2a-6f1a28662385 admin admin] new path /v2/images/b9bc6022-042c-4b2c-a61d-587b72521a75 {{(pid=78205) process_request /opt/stack/glance/glance/api/middleware/version_negotiation.py:70}}
Jul 24 12:38:16 devstack devstack@g-api.service[78205]: [pid: 78205|app: 0|req: 8/14] 127.0.0.1 () {42 vars in 1061 bytes} [Fri Jul 24 12:38:15 2026] GET /v2/images/b9bc6022-042c-4b2c-a61d-587b72521a75 => generated 976 bytes in 370 msecs (HTTP/1.1 200) 4 headers in 157 bytes (1 switches on core 0)
Jul 24 12:38:16 devstack devstack@g-api.service[78204]: DEBUG glance.api.middleware.version_negotiation [None req-52287f6d-5329-40f4-8518-4e5a622dd456 admin admin] Determining version of request: GET /v2/schemas/image Accept: */* {{(pid=78204) process_request /opt/stack/glance/glance/api/middleware/version_negotiation.py:44}}
Jul 24 12:38:16 devstack devstack@g-api.service[78204]: DEBUG glance.api.middleware.version_negotiation [None req-52287f6d-5329-40f4-8518-4e5a622dd456 admin admin] Using url versioning {{(pid=78204) process_request /opt/stack/glance/glance/api/middleware/version_negotiation.py:57}}
Jul 24 12:38:16 devstack devstack@g-api.service[78204]: DEBUG glance.api.middleware.version_negotiation [None req-52287f6d-5329-40f4-8518-4e5a622dd456 admin admin] Matched version: v2 {{(pid=78204) process_request /opt/stack/glance/glance/api/middleware/version_negotiation.py:69}}
Jul 24 12:38:16 devstack devstack@g-api.service[78204]: DEBUG glance.api.middleware.version_negotiation [None req-52287f6d-5329-40f4-8518-4e5a622dd456 admin admin] new path /v2/schemas/image {{(pid=78204) process_request /opt/stack/glance/glance/api/middleware/version_negotiation.py:70}}
Jul 24 12:38:16 devstack devstack@g-api.service[78204]: [pid: 78204|app: 0|req: 7/15] 127.0.0.1 () {42 vars in 1001 bytes} [Fri Jul 24 12:38:16 2026] GET /v2/schemas/image => generated 6083 bytes in 9 msecs (HTTP/1.1 200) 4 headers in 158 bytes (1 switches on core 0)
Jul 24 12:38:26 devstack devstack@g-api.service[78205]: DEBUG dbcounter [-] [78205] Writing DB stats glance:SELECT=2 {{(pid=78205) stat_writer /opt/stack/data/venv/lib/python3.12/site-packages/dbcounter.py:115}}
Jul 24 12:38:32 devstack devstack@g-api.service[78205]: DEBUG glance.api.middleware.version_negotiation [None req-4c931ef1-e85b-45e5-b0a2-c82e9f2e722d tempest-DeleteServersTestJSON-775660950 tempest-DeleteServersTestJSON-775660950-project-member] Determining version of request: GET /v2/images/b9bc6022-042c-4b2c-a61d-587b72521a75 Accept: */* {{(pid=78205) process_request /opt/stack/glance/glance/api/middleware/version_negotiation.py:44}}
Jul 24 12:38:32 devstack devstack@g-api.service[78205]: DEBUG glance.api.middleware.version_negotiation [None req-4c931ef1-e85b-45e5-b0a2-c82e9f2e722d tempest-DeleteServersTestJSON-775660950 tempest-DeleteServersTestJSON-775660950-project-member] Using url versioning {{(pid=78205) process_request /opt/stack/glance/glance/api/middleware/version_negotiation.py:57}}
Jul 24 12:38:32 devstack devstack@g-api.service[78205]: DEBUG glance.api.middleware.version_negotiation [None req-4c931ef1-e85b-45e5-b0a2-c82e9f2e722d tempest-DeleteServersTestJSON-775660950 tempest-DeleteServersTestJSON-775660950-project-member] Matched version: v2 {{(pid=78205) process_request /opt/stack/glance/glance/api/middleware/version_negotiation.py:69}}
Jul 24 12:38:32 devstack devstack@g-api.service[78205]: DEBUG glance.api.middleware.version_negotiation [None req-4c931ef1-e85b-45e5-b0a2-c82e9f2e722d tempest-DeleteServersTestJSON-775660950 tempest-DeleteServersTestJSON-775660950-project-member] new path /v2/images/b9bc6022-042c-4b2c-a61d-587b72521a75 {{(pid=78205) process_request /opt/stack/glance/glance/api/middleware/version_negotiation.py:70}}
Jul 24 12:38:32 devstack devstack@g-api.service[78205]: [pid: 78205|app: 0|req: 9/16] 127.0.0.1 () {42 vars in 1061 bytes} [Fri Jul 24 12:38:32 2026] GET /v2/images/b9bc6022-042c-4b2c-a61d-587b72521a75 => generated 976 bytes in 39 msecs (HTTP/1.1 200) 4 headers in 157 bytes (1 switches on core 0)
Jul 24 12:38:33 devstack devstack@g-api.service[78204]: DEBUG glance.api.middleware.version_negotiation [None req-4c931ef1-e85b-45e5-b0a2-c82e9f2e722d tempest-DeleteServersTestJSON-775660950 tempest-DeleteServersTestJSON-775660950-project-member] Determining version of request: GET /v2/schemas/image Accept: */* {{(pid=78204) process_request /opt/stack/glance/glance/api/middleware/version_negotiation.py:44}}
Jul 24 12:38:33 devstack devstack@g-api.service[78204]: DEBUG glance.api.middleware.version_negotiation [None req-4c931ef1-e85b-45e5-b0a2-c82e9f2e722d tempest-DeleteServersTestJSON-775660950 tempest-DeleteServersTestJSON-775660950-project-member] Using url versioning {{(pid=78204) process_request /opt/stack/glance/glance/api/middleware/version_negotiation.py:57}}
Jul 24 12:38:33 devstack devstack@g-api.service[78204]: DEBUG glance.api.middleware.version_negotiation [None req-4c931ef1-e85b-45e5-b0a2-c82e9f2e722d tempest-DeleteServersTestJSON-775660950 tempest-DeleteServersTestJSON-775660950-project-member] Matched version: v2 {{(pid=78204) process_request /opt/stack/glance/glance/api/middleware/version_negotiation.py:69}}
Jul 24 12:38:33 devstack devstack@g-api.service[78204]: DEBUG glance.api.middleware.version_negotiation [None req-4c931ef1-e85b-45e5-b0a2-c82e9f2e722d tempest-DeleteServersTestJSON-775660950 tempest-DeleteServersTestJSON-775660950-project-member] new path /v2/schemas/image {{(pid=78204) process_request /opt/stack/glance/glance/api/middleware/version_negotiation.py:70}}
Jul 24 12:38:33 devstack devstack@g-api.service[78204]: [pid: 78204|app: 0|req: 8/17] 127.0.0.1 () {42 vars in 1001 bytes} [Fri Jul 24 12:38:33 2026] GET /v2/schemas/image => generated 6083 bytes in 11 msecs (HTTP/1.1 200) 4 headers in 158 bytes (1 switches on core 0)
Jul 24 12:38:35 devstack devstack@g-api.service[78205]: DEBUG glance.api.middleware.version_negotiation [None req-97c368bc-cab6-47a3-8e54-9d4f8924c5e2 tempest-AttachVolumeTestJSON-164796843 tempest-AttachVolumeTestJSON-164796843-project-member] Determining version of request: GET /v2/images/b9bc6022-042c-4b2c-a61d-587b72521a75 Accept: */* {{(pid=78205) process_request /opt/stack/glance/glance/api/middleware/version_negotiation.py:44}}
Jul 24 12:38:35 devstack devstack@g-api.service[78205]: DEBUG glance.api.middleware.version_negotiation [None req-97c368bc-cab6-47a3-8e54-9d4f8924c5e2 tempest-AttachVolumeTestJSON-164796843 tempest-AttachVolumeTestJSON-164796843-project-member] Using url versioning {{(pid=78205) process_request /opt/stack/glance/glance/api/middleware/version_negotiation.py:57}}
Jul 24 12:38:35 devstack devstack@g-api.service[78205]: DEBUG glance.api.middleware.version_negotiation [None req-97c368bc-cab6-47a3-8e54-9d4f8924c5e2 tempest-AttachVolumeTestJSON-164796843 tempest-AttachVolumeTestJSON-164796843-project-member] Matched version: v2 {{(pid=78205) process_request /opt/stack/glance/glance/api/middleware/version_negotiation.py:69}}
Jul 24 12:38:35 devstack devstack@g-api.service[78205]: DEBUG glance.api.middleware.version_negotiation [None req-97c368bc-cab6-47a3-8e54-9d4f8924c5e2 tempest-AttachVolumeTestJSON-164796843 tempest-AttachVolumeTestJSON-164796843-project-member] new path /v2/images/b9bc6022-042c-4b2c-a61d-587b72521a75 {{(pid=78205) process_request /opt/stack/glance/glance/api/middleware/version_negotiation.py:70}}
Jul 24 12:38:35 devstack devstack@g-api.service[78205]: [pid: 78205|app: 0|req: 10/18] 127.0.0.1 () {42 vars in 1061 bytes} [Fri Jul 24 12:38:35 2026] GET /v2/images/b9bc6022-042c-4b2c-a61d-587b72521a75 => generated 976 bytes in 249 msecs (HTTP/1.1 200) 4 headers in 157 bytes (1 switches on core 0)
Jul 24 12:38:35 devstack devstack@g-api.service[78204]: DEBUG glance.api.middleware.version_negotiation [None req-97c368bc-cab6-47a3-8e54-9d4f8924c5e2 tempest-AttachVolumeTestJSON-164796843 tempest-AttachVolumeTestJSON-164796843-project-member] Determining version of request: GET /v2/images/b9bc6022-042c-4b2c-a61d-587b72521a75/file Accept: */* {{(pid=78204) process_request /opt/stack/glance/glance/api/middleware/version_negotiation.py:44}}
Jul 24 12:38:35 devstack devstack@g-api.service[78204]: DEBUG glance.api.middleware.version_negotiation [None req-97c368bc-cab6-47a3-8e54-9d4f8924c5e2 tempest-AttachVolumeTestJSON-164796843 tempest-AttachVolumeTestJSON-164796843-project-member] Using url versioning {{(pid=78204) process_request /opt/stack/glance/glance/api/middleware/version_negotiation.py:57}}
Jul 24 12:38:35 devstack devstack@g-api.service[78204]: DEBUG glance.api.middleware.version_negotiation [None req-97c368bc-cab6-47a3-8e54-9d4f8924c5e2 tempest-AttachVolumeTestJSON-164796843 tempest-AttachVolumeTestJSON-164796843-project-member] Matched version: v2 {{(pid=78204) process_request /opt/stack/glance/glance/api/middleware/version_negotiation.py:69}}
Jul 24 12:38:35 devstack devstack@g-api.service[78204]: DEBUG glance.api.middleware.version_negotiation [None req-97c368bc-cab6-47a3-8e54-9d4f8924c5e2 tempest-AttachVolumeTestJSON-164796843 tempest-AttachVolumeTestJSON-164796843-project-member] new path /v2/images/b9bc6022-042c-4b2c-a61d-587b72521a75/file {{(pid=78204) process_request /opt/stack/glance/glance/api/middleware/version_negotiation.py:70}}
Jul 24 12:38:35 devstack devstack@g-api.service[78204]: DEBUG glance_store._drivers.filesystem [None req-4c931ef1-e85b-45e5-b0a2-c82e9f2e722d tempest-DeleteServersTestJSON-775660950 tempest-DeleteServersTestJSON-775660950-project-member] Found image at /opt/stack/data/glance/images/b9bc6022-042c-4b2c-a61d-587b72521a75. Returning in ChunkedFile. {{(pid=78204) get /opt/stack/data/venv/lib/python3.12/site-packages/glance_store/_drivers/filesystem.py:724}}
Jul 24 12:38:35 devstack devstack@g-api.service[78204]: DEBUG glance.image_cache [None req-4c931ef1-e85b-45e5-b0a2-c82e9f2e722d tempest-DeleteServersTestJSON-775660950 tempest-DeleteServersTestJSON-775660950-project-member] Tee'ing image 'b9bc6022-042c-4b2c-a61d-587b72521a75' into cache {{(pid=78204) get_caching_iter /opt/stack/glance/glance/image_cache/__init__.py:356}}
Jul 24 12:38:36 devstack devstack@g-api.service[78204]: DEBUG glance.image_cache.drivers.centralized_db [None req-4c931ef1-e85b-45e5-b0a2-c82e9f2e722d tempest-DeleteServersTestJSON-775660950 tempest-DeleteServersTestJSON-775660950-project-member] Fetch finished, moving '/opt/stack/data/glance/cache/incomplete/b9bc6022-042c-4b2c-a61d-587b72521a75' to '/opt/stack/data/glance/cache/b9bc6022-042c-4b2c-a61d-587b72521a75' {{(pid=78204) commit /opt/stack/glance/glance/image_cache/drivers/centralized_db.py:243}}
Jul 24 12:38:36 devstack devstack@g-api.service[78204]: DEBUG glance.image_cache.drivers.centralized_db [None req-4c931ef1-e85b-45e5-b0a2-c82e9f2e722d tempest-DeleteServersTestJSON-775660950 tempest-DeleteServersTestJSON-775660950-project-member] Image cached successfully. {{(pid=78204) commit /opt/stack/glance/glance/image_cache/drivers/centralized_db.py:258}}
Jul 24 12:38:36 devstack devstack@g-api.service[78204]: [pid: 78204|app: 0|req: 9/19] 127.0.0.1 () {42 vars in 1071 bytes} [Fri Jul 24 12:38:35 2026] GET /v2/images/b9bc6022-042c-4b2c-a61d-587b72521a75/file => generated 21692416 bytes in 775 msecs (HTTP/1.1 200) 4 headers in 191 bytes (339 switches on core 0)
Jul 24 12:38:36 devstack devstack@g-api.service[78205]: DEBUG glance.api.middleware.version_negotiation [None req-4c931ef1-e85b-45e5-b0a2-c82e9f2e722d tempest-DeleteServersTestJSON-775660950 tempest-DeleteServersTestJSON-775660950-project-member] Determining version of request: GET /v2/images/b9bc6022-042c-4b2c-a61d-587b72521a75 Accept: */* {{(pid=78205) process_request /opt/stack/glance/glance/api/middleware/version_negotiation.py:44}}
Jul 24 12:38:36 devstack devstack@g-api.service[78205]: DEBUG glance.api.middleware.version_negotiation [None req-4c931ef1-e85b-45e5-b0a2-c82e9f2e722d tempest-DeleteServersTestJSON-775660950 tempest-DeleteServersTestJSON-775660950-project-member] Using url versioning {{(pid=78205) process_request /opt/stack/glance/glance/api/middleware/version_negotiation.py:57}}
Jul 24 12:38:36 devstack devstack@g-api.service[78205]: DEBUG glance.api.middleware.version_negotiation [None req-4c931ef1-e85b-45e5-b0a2-c82e9f2e722d tempest-DeleteServersTestJSON-775660950 tempest-DeleteServersTestJSON-775660950-project-member] Matched version: v2 {{(pid=78205) process_request /opt/stack/glance/glance/api/middleware/version_negotiation.py:69}}
Jul 24 12:38:36 devstack devstack@g-api.service[78205]: DEBUG glance.api.middleware.version_negotiation [None req-4c931ef1-e85b-45e5-b0a2-c82e9f2e722d tempest-DeleteServersTestJSON-775660950 tempest-DeleteServersTestJSON-775660950-project-member] new path /v2/images/b9bc6022-042c-4b2c-a61d-587b72521a75 {{(pid=78205) process_request /opt/stack/glance/glance/api/middleware/version_negotiation.py:70}}
Jul 24 12:38:36 devstack devstack@g-api.service[78205]: [pid: 78205|app: 0|req: 11/20] 127.0.0.1 () {42 vars in 1061 bytes} [Fri Jul 24 12:38:36 2026] GET /v2/images/b9bc6022-042c-4b2c-a61d-587b72521a75 => generated 976 bytes in 35 msecs (HTTP/1.1 200) 4 headers in 157 bytes (1 switches on core 0)
Jul 24 12:38:36 devstack devstack@g-api.service[78204]: DEBUG glance.api.middleware.version_negotiation [None req-4c931ef1-e85b-45e5-b0a2-c82e9f2e722d tempest-DeleteServersTestJSON-775660950 tempest-DeleteServersTestJSON-775660950-project-member] Determining version of request: GET /v2/schemas/image Accept: */* {{(pid=78204) process_request /opt/stack/glance/glance/api/middleware/version_negotiation.py:44}}
Jul 24 12:38:36 devstack devstack@g-api.service[78204]: DEBUG glance.api.middleware.version_negotiation [None req-4c931ef1-e85b-45e5-b0a2-c82e9f2e722d tempest-DeleteServersTestJSON-775660950 tempest-DeleteServersTestJSON-775660950-project-member] Using url versioning {{(pid=78204) process_request /opt/stack/glance/glance/api/middleware/version_negotiation.py:57}}
Jul 24 12:38:36 devstack devstack@g-api.service[78204]: DEBUG glance.api.middleware.version_negotiation [None req-4c931ef1-e85b-45e5-b0a2-c82e9f2e722d tempest-DeleteServersTestJSON-775660950 tempest-DeleteServersTestJSON-775660950-project-member] Matched version: v2 {{(pid=78204) process_request /opt/stack/glance/glance/api/middleware/version_negotiation.py:69}}
Jul 24 12:38:36 devstack devstack@g-api.service[78204]: DEBUG glance.api.middleware.version_negotiation [None req-4c931ef1-e85b-45e5-b0a2-c82e9f2e722d tempest-DeleteServersTestJSON-775660950 tempest-DeleteServersTestJSON-775660950-project-member] new path /v2/schemas/image {{(pid=78204) process_request /opt/stack/glance/glance/api/middleware/version_negotiation.py:70}}
Jul 24 12:38:36 devstack devstack@g-api.service[78204]: [pid: 78204|app: 0|req: 10/21] 127.0.0.1 () {42 vars in 1001 bytes} [Fri Jul 24 12:38:36 2026] GET /v2/schemas/image => generated 6083 bytes in 11 msecs (HTTP/1.1 200) 4 headers in 158 bytes (1 switches on core 0)
Jul 24 12:38:46 devstack devstack@g-api.service[78204]: DEBUG dbcounter [-] [78204] Writing DB stats glance:SELECT=5,glance:INSERT=1 {{(pid=78204) stat_writer /opt/stack/data/venv/lib/python3.12/site-packages/dbcounter.py:115}}
Jul 24 12:38:46 devstack devstack@g-api.service[78205]: DEBUG dbcounter [-] [78205] Writing DB stats glance:SELECT=6 {{(pid=78205) stat_writer /opt/stack/data/venv/lib/python3.12/site-packages/dbcounter.py:115}}
Jul 24 12:38:52 devstack devstack@g-api.service[78205]: DEBUG glance.api.middleware.version_negotiation [None req-4c931ef1-e85b-45e5-b0a2-c82e9f2e722d tempest-DeleteServersTestJSON-775660950 tempest-DeleteServersTestJSON-775660950-project-member] Determining version of request: GET /v2/images/b9bc6022-042c-4b2c-a61d-587b72521a75 Accept: */* {{(pid=78205) process_request /opt/stack/glance/glance/api/middleware/version_negotiation.py:44}}
Jul 24 12:38:52 devstack devstack@g-api.service[78205]: DEBUG glance.api.middleware.version_negotiation [None req-4c931ef1-e85b-45e5-b0a2-c82e9f2e722d tempest-DeleteServersTestJSON-775660950 tempest-DeleteServersTestJSON-775660950-project-member] Using url versioning {{(pid=78205) process_request /opt/stack/glance/glance/api/middleware/version_negotiation.py:57}}
Jul 24 12:38:52 devstack devstack@g-api.service[78205]: DEBUG glance.api.middleware.version_negotiation [None req-4c931ef1-e85b-45e5-b0a2-c82e9f2e722d tempest-DeleteServersTestJSON-775660950 tempest-DeleteServersTestJSON-775660950-project-member] Matched version: v2 {{(pid=78205) process_request /opt/stack/glance/glance/api/middleware/version_negotiation.py:69}}
Jul 24 12:38:52 devstack devstack@g-api.service[78205]: DEBUG glance.api.middleware.version_negotiation [None req-4c931ef1-e85b-45e5-b0a2-c82e9f2e722d tempest-DeleteServersTestJSON-775660950 tempest-DeleteServersTestJSON-775660950-project-member] new path /v2/images/b9bc6022-042c-4b2c-a61d-587b72521a75 {{(pid=78205) process_request /opt/stack/glance/glance/api/middleware/version_negotiation.py:70}}
Jul 24 12:38:52 devstack devstack@g-api.service[78205]: [pid: 78205|app: 0|req: 12/22] 127.0.0.1 () {42 vars in 1061 bytes} [Fri Jul 24 12:38:52 2026] GET /v2/images/b9bc6022-042c-4b2c-a61d-587b72521a75 => generated 976 bytes in 55 msecs (HTTP/1.1 200) 4 headers in 157 bytes (1 switches on core 0)
Jul 24 12:38:52 devstack devstack@g-api.service[78204]: DEBUG glance.api.middleware.version_negotiation [None req-4c931ef1-e85b-45e5-b0a2-c82e9f2e722d tempest-DeleteServersTestJSON-775660950 tempest-DeleteServersTestJSON-775660950-project-member] Determining version of request: GET /v2/schemas/image Accept: */* {{(pid=78204) process_request /opt/stack/glance/glance/api/middleware/version_negotiation.py:44}}
Jul 24 12:38:52 devstack devstack@g-api.service[78204]: DEBUG glance.api.middleware.version_negotiation [None req-4c931ef1-e85b-45e5-b0a2-c82e9f2e722d tempest-DeleteServersTestJSON-775660950 tempest-DeleteServersTestJSON-775660950-project-member] Using url versioning {{(pid=78204) process_request /opt/stack/glance/glance/api/middleware/version_negotiation.py:57}}
Jul 24 12:38:52 devstack devstack@g-api.service[78204]: DEBUG glance.api.middleware.version_negotiation [None req-4c931ef1-e85b-45e5-b0a2-c82e9f2e722d tempest-DeleteServersTestJSON-775660950 tempest-DeleteServersTestJSON-775660950-project-member] Matched version: v2 {{(pid=78204) process_request /opt/stack/glance/glance/api/middleware/version_negotiation.py:69}}
Jul 24 12:38:52 devstack devstack@g-api.service[78204]: DEBUG glance.api.middleware.version_negotiation [None req-4c931ef1-e85b-45e5-b0a2-c82e9f2e722d tempest-DeleteServersTestJSON-775660950 tempest-DeleteServersTestJSON-775660950-project-member] new path /v2/schemas/image {{(pid=78204) process_request /opt/stack/glance/glance/api/middleware/version_negotiation.py:70}}
Jul 24 12:38:52 devstack devstack@g-api.service[78204]: [pid: 78204|app: 0|req: 11/23] 127.0.0.1 () {42 vars in 1001 bytes} [Fri Jul 24 12:38:52 2026] GET /v2/schemas/image => generated 6083 bytes in 11 msecs (HTTP/1.1 200) 4 headers in 158 bytes (1 switches on core 0)
Jul 24 12:39:02 devstack devstack@g-api.service[78205]: DEBUG dbcounter [-] [78205] Writing DB stats glance:SELECT=2 {{(pid=78205) stat_writer /opt/stack/data/venv/lib/python3.12/site-packages/dbcounter.py:115}}
Jul 24 12:39:37 devstack devstack@g-api.service[78205]: DEBUG glance.api.middleware.version_negotiation [None req-1db3bb1c-293a-47b1-94e5-375af2acff3e tempest-VolumesAdminNegativeTest-355384182 tempest-VolumesAdminNegativeTest-355384182-project-member] Determining version of request: GET / Accept: application/json {{(pid=78205) process_request /opt/stack/glance/glance/api/middleware/version_negotiation.py:44}}
Jul 24 12:39:37 devstack devstack@g-api.service[78205]: DEBUG glance.api.middleware.version_negotiation [None req-1db3bb1c-293a-47b1-94e5-375af2acff3e tempest-VolumesAdminNegativeTest-355384182 tempest-VolumesAdminNegativeTest-355384182-project-member] Using url versioning {{(pid=78205) process_request /opt/stack/glance/glance/api/middleware/version_negotiation.py:57}}
Jul 24 12:39:37 devstack devstack@g-api.service[78205]: DEBUG glance.api.middleware.version_negotiation [None req-1db3bb1c-293a-47b1-94e5-375af2acff3e tempest-VolumesAdminNegativeTest-355384182 tempest-VolumesAdminNegativeTest-355384182-project-member] Unknown version. Returning version choices. {{(pid=78205) process_request /opt/stack/glance/glance/api/middleware/version_negotiation.py:64}}
Jul 24 12:39:37 devstack devstack@g-api.service[78205]: [pid: 78205|app: 0|req: 13/24] 127.0.0.1 () {34 vars in 505 bytes} [Fri Jul 24 12:39:37 2026] GET / => generated 1571 bytes in 4 msecs (HTTP/1.1 300) 3 headers in 106 bytes (1 switches on core 0)
Jul 24 12:39:37 devstack devstack@g-api.service[78204]: DEBUG glance.api.middleware.version_negotiation [None req-1db3bb1c-293a-47b1-94e5-375af2acff3e tempest-VolumesAdminNegativeTest-355384182 tempest-VolumesAdminNegativeTest-355384182-project-member] Determining version of request: GET /v2/images/b9bc6022-042c-4b2c-a61d-587b72521a75 Accept: */* {{(pid=78204) process_request /opt/stack/glance/glance/api/middleware/version_negotiation.py:44}}
Jul 24 12:39:37 devstack devstack@g-api.service[78204]: DEBUG glance.api.middleware.version_negotiation [None req-1db3bb1c-293a-47b1-94e5-375af2acff3e tempest-VolumesAdminNegativeTest-355384182 tempest-VolumesAdminNegativeTest-355384182-project-member] Using url versioning {{(pid=78204) process_request /opt/stack/glance/glance/api/middleware/version_negotiation.py:57}}
