Jul 02 19:44:15 devstack devstack@c-api.service[86334]: DEBUG cinder.api.api_utils [None req-67458fab-555c-4502-acba-d0f1ca16f071 tempest-GroupSnapshotsTest-1838694738 tempest-GroupSnapshotsTest-1838694738-project-member] Removing options '' from query. {{(pid=86334) remove_invalid_filter_options /opt/stack/cinder/cinder/api/api_utils.py:82}}
Jul 02 19:44:15 devstack devstack@c-api.service[86334]: DEBUG cinder.volume.api [None req-67458fab-555c-4502-acba-d0f1ca16f071 tempest-GroupSnapshotsTest-1838694738 tempest-GroupSnapshotsTest-1838694738-project-member] Searching by: MultiDict([('no_migration_targets', True)]). {{(pid=86334) get_all /opt/stack/cinder/cinder/volume/api.py:664}}
Jul 02 19:44:15 devstack devstack@c-api.service[86334]: INFO cinder.volume.api [None req-67458fab-555c-4502-acba-d0f1ca16f071 tempest-GroupSnapshotsTest-1838694738 tempest-GroupSnapshotsTest-1838694738-project-member] Get all volumes completed successfully.
Jul 02 19:44:15 devstack devstack@c-api.service[86334]: WARNING stevedore.named [None req-67458fab-555c-4502-acba-d0f1ca16f071 tempest-GroupSnapshotsTest-1838694738 tempest-GroupSnapshotsTest-1838694738-project-member] Could not load cinder.keymgr.conf_key_mgr.ConfKeyManager
Jul 02 19:44:15 devstack devstack@c-api.service[86334]: WARNING castellan.key_manager [None req-67458fab-555c-4502-acba-d0f1ca16f071 tempest-GroupSnapshotsTest-1838694738 tempest-GroupSnapshotsTest-1838694738-project-member] Deprecation Warning : cinder.keymgr.conf_key_mgr.ConfKeyManager is not a stevedore based driver, trying to load it as a class: stevedore.exception.NoMatches: No 'castellan.drivers' driver found, looking for 'cinder.keymgr.conf_key_mgr.ConfKeyManager'
Jul 02 19:44:15 devstack devstack@c-api.service[86334]: DEBUG oslo_db.sqlalchemy.engines [None req-67458fab-555c-4502-acba-d0f1ca16f071 tempest-GroupSnapshotsTest-1838694738 tempest-GroupSnapshotsTest-1838694738-project-member] MySQL server mode set to STRICT_TRANS_TABLES,STRICT_ALL_TABLES,NO_ZERO_IN_DATE,NO_ZERO_DATE,ERROR_FOR_DIVISION_BY_ZERO,TRADITIONAL,NO_ENGINE_SUBSTITUTION {{(pid=86334) _check_effective_sql_mode /opt/stack/data/venv/lib/python3.12/site-packages/oslo_db/sqlalchemy/engines.py:325}}
Jul 02 19:44:15 devstack devstack@c-api.service[86334]: /opt/stack/data/venv/lib/python3.12/site-packages/oslo_context/context.py:102: DeprecationWarning: Policy enforcement is depending on the value of is_admin. This key is deprecated. Please update your policy file to use the standard policy values.
Jul 02 19:44:15 devstack devstack@c-api.service[86334]: warnings.warn(
Jul 02 19:44:15 devstack devstack@c-api.service[86334]: WARNING stevedore.named [None req-67458fab-555c-4502-acba-d0f1ca16f071 tempest-GroupSnapshotsTest-1838694738 tempest-GroupSnapshotsTest-1838694738-project-member] Could not load cinder.keymgr.conf_key_mgr.ConfKeyManager
Jul 02 19:44:15 devstack devstack@c-api.service[86334]: WARNING castellan.key_manager [None req-67458fab-555c-4502-acba-d0f1ca16f071 tempest-GroupSnapshotsTest-1838694738 tempest-GroupSnapshotsTest-1838694738-project-member] Deprecation Warning : cinder.keymgr.conf_key_mgr.ConfKeyManager is not a stevedore based driver, trying to load it as a class: stevedore.exception.NoMatches: No 'castellan.drivers' driver found, looking for 'cinder.keymgr.conf_key_mgr.ConfKeyManager'
Jul 02 19:44:15 devstack devstack@c-api.service[86334]: DEBUG oslo_db.sqlalchemy.engines [None req-67458fab-555c-4502-acba-d0f1ca16f071 tempest-GroupSnapshotsTest-1838694738 tempest-GroupSnapshotsTest-1838694738-project-member] MySQL server mode set to STRICT_TRANS_TABLES,STRICT_ALL_TABLES,NO_ZERO_IN_DATE,NO_ZERO_DATE,ERROR_FOR_DIVISION_BY_ZERO,TRADITIONAL,NO_ENGINE_SUBSTITUTION {{(pid=86334) _check_effective_sql_mode /opt/stack/data/venv/lib/python3.12/site-packages/oslo_db/sqlalchemy/engines.py:325}}
Jul 02 19:44:15 devstack devstack@c-api.service[86334]: /opt/stack/data/venv/lib/python3.12/site-packages/oslo_context/context.py:102: DeprecationWarning: Policy enforcement is depending on the value of is_admin. This key is deprecated. Please update your policy file to use the standard policy values.
Jul 02 19:44:15 devstack devstack@c-api.service[86334]: warnings.warn(
Jul 02 19:44:15 devstack devstack@c-api.service[86334]: INFO cinder.api.openstack.wsgi [None req-67458fab-555c-4502-acba-d0f1ca16f071 tempest-GroupSnapshotsTest-1838694738 tempest-GroupSnapshotsTest-1838694738-project-member] http://192.168.122.181/volume/v3/volumes/detail returned with HTTP 200
Jul 02 19:44:15 devstack devstack@c-api.service[86334]: [pid: 86334|app: 0|req: 56/126] 192.168.122.181 () {60 vars in 1183 bytes} [Thu Jul 2 19:44:15 2026] GET /volume/v3/volumes/detail => generated 1849 bytes in 319 msecs (HTTP/1.1 200) 7 headers in 287 bytes (1 switches on core 0)
Jul 02 19:44:15 devstack devstack@c-api.service[86335]: DEBUG cinder.api.middleware.request_id [None req-c08bbdca-ae38-4320-84f0-4718ce7c180b None None] RequestId filter calling following filter/app {{(pid=86335) _context_setter /opt/stack/cinder/cinder/api/middleware/request_id.py:62}}
Jul 02 19:44:15 devstack devstack@c-api.service[86335]: INFO cinder.api.openstack.wsgi [None req-c08bbdca-ae38-4320-84f0-4718ce7c180b tempest-GroupSnapshotsTest-1838694738 tempest-GroupSnapshotsTest-1838694738-project-member] POST http://192.168.122.181/volume/v3/groups/343537ca-3322-4614-9696-7078ad9bbac8/action
Jul 02 19:44:15 devstack devstack@c-api.service[86335]: DEBUG cinder.api.openstack.wsgi [None req-c08bbdca-ae38-4320-84f0-4718ce7c180b tempest-GroupSnapshotsTest-1838694738 tempest-GroupSnapshotsTest-1838694738-project-member] Action body: b'{"delete": {"delete-volumes": true}}' {{(pid=86335) get_method /opt/stack/cinder/cinder/api/openstack/wsgi.py:993}}
Jul 02 19:44:15 devstack devstack@c-api.service[86335]: DEBUG cinder.api.openstack.wsgi [None req-c08bbdca-ae38-4320-84f0-4718ce7c180b tempest-GroupSnapshotsTest-1838694738 tempest-GroupSnapshotsTest-1838694738-project-member] Action: 'action', calling method: version_select, body: {"delete": {"delete-volumes": true}} {{(pid=86335) _process_stack /opt/stack/cinder/cinder/api/openstack/wsgi.py:876}}
Jul 02 19:44:15 devstack devstack@c-api.service[86335]: DEBUG cinder.api.v3.groups [None req-c08bbdca-ae38-4320-84f0-4718ce7c180b tempest-GroupSnapshotsTest-1838694738 tempest-GroupSnapshotsTest-1838694738-project-member] delete called for group 343537ca-3322-4614-9696-7078ad9bbac8 {{(pid=86335) _delete /opt/stack/cinder/cinder/api/v3/groups.py:117}}
Jul 02 19:44:15 devstack devstack@c-api.service[86335]: INFO cinder.api.v3.groups [None req-c08bbdca-ae38-4320-84f0-4718ce7c180b tempest-GroupSnapshotsTest-1838694738 tempest-GroupSnapshotsTest-1838694738-project-member] Delete group with id: 343537ca-3322-4614-9696-7078ad9bbac8
Jul 02 19:44:15 devstack devstack@c-api.service[86335]: /opt/stack/data/venv/lib/python3.12/site-packages/oslo_context/context.py:102: DeprecationWarning: Policy enforcement is depending on the value of is_admin. This key is deprecated. Please update your policy file to use the standard policy values.
Jul 02 19:44:15 devstack devstack@c-api.service[86335]: warnings.warn(
Jul 02 19:44:16 devstack devstack@c-api.service[86335]: INFO cinder.api.openstack.wsgi [None req-c08bbdca-ae38-4320-84f0-4718ce7c180b tempest-GroupSnapshotsTest-1838694738 tempest-GroupSnapshotsTest-1838694738-project-member] http://192.168.122.181/volume/v3/groups/343537ca-3322-4614-9696-7078ad9bbac8/action returned with HTTP 202
Jul 02 19:44:16 devstack devstack@c-api.service[86335]: [pid: 86335|app: 0|req: 71/127] 192.168.122.181 () {62 vars in 1312 bytes} [Thu Jul 2 19:44:15 2026] POST /volume/v3/groups/343537ca-3322-4614-9696-7078ad9bbac8/action => generated 0 bytes in 262 msecs (HTTP/1.1 202) 6 headers in 234 bytes (1 switches on core 0)
Jul 02 19:44:16 devstack devstack@c-api.service[86334]: DEBUG cinder.api.middleware.request_id [None req-e522d33d-b8bf-4e39-b66a-3a0e7afdd2b0 None None] RequestId filter calling following filter/app {{(pid=86334) _context_setter /opt/stack/cinder/cinder/api/middleware/request_id.py:62}}
Jul 02 19:44:16 devstack devstack@c-api.service[86334]: INFO cinder.api.openstack.wsgi [None req-e522d33d-b8bf-4e39-b66a-3a0e7afdd2b0 tempest-GroupSnapshotsTest-1838694738 tempest-GroupSnapshotsTest-1838694738-project-member] GET http://192.168.122.181/volume/v3/volumes/129dc2bf-569e-40d8-932f-a323dbb4117c
Jul 02 19:44:16 devstack devstack@c-api.service[86334]: DEBUG cinder.api.openstack.wsgi [None req-e522d33d-b8bf-4e39-b66a-3a0e7afdd2b0 tempest-GroupSnapshotsTest-1838694738 tempest-GroupSnapshotsTest-1838694738-project-member] Empty body provided in request {{(pid=86334) get_body /opt/stack/cinder/cinder/api/openstack/wsgi.py:725}}
Jul 02 19:44:16 devstack devstack@c-api.service[86334]: DEBUG cinder.api.openstack.wsgi [None req-e522d33d-b8bf-4e39-b66a-3a0e7afdd2b0 tempest-GroupSnapshotsTest-1838694738 tempest-GroupSnapshotsTest-1838694738-project-member] Calling method 'show' {{(pid=86334) _process_stack /opt/stack/cinder/cinder/api/openstack/wsgi.py:878}}
Jul 02 19:44:16 devstack devstack@c-api.service[86334]: /opt/stack/data/venv/lib/python3.12/site-packages/oslo_context/context.py:102: DeprecationWarning: Policy enforcement is depending on the value of is_admin. This key is deprecated. Please update your policy file to use the standard policy values.
Jul 02 19:44:16 devstack devstack@c-api.service[86334]: warnings.warn(
Jul 02 19:44:16 devstack devstack@c-api.service[86334]: INFO cinder.volume.api [None req-e522d33d-b8bf-4e39-b66a-3a0e7afdd2b0 tempest-GroupSnapshotsTest-1838694738 tempest-GroupSnapshotsTest-1838694738-project-member] Volume info retrieved successfully.
Jul 02 19:44:16 devstack devstack@c-api.service[86334]: WARNING stevedore.named [None req-e522d33d-b8bf-4e39-b66a-3a0e7afdd2b0 tempest-GroupSnapshotsTest-1838694738 tempest-GroupSnapshotsTest-1838694738-project-member] Could not load cinder.keymgr.conf_key_mgr.ConfKeyManager
Jul 02 19:44:16 devstack devstack@c-api.service[86334]: WARNING castellan.key_manager [None req-e522d33d-b8bf-4e39-b66a-3a0e7afdd2b0 tempest-GroupSnapshotsTest-1838694738 tempest-GroupSnapshotsTest-1838694738-project-member] Deprecation Warning : cinder.keymgr.conf_key_mgr.ConfKeyManager is not a stevedore based driver, trying to load it as a class: stevedore.exception.NoMatches: No 'castellan.drivers' driver found, looking for 'cinder.keymgr.conf_key_mgr.ConfKeyManager'
Jul 02 19:44:16 devstack devstack@c-api.service[86334]: DEBUG oslo_db.sqlalchemy.engines [None req-e522d33d-b8bf-4e39-b66a-3a0e7afdd2b0 tempest-GroupSnapshotsTest-1838694738 tempest-GroupSnapshotsTest-1838694738-project-member] MySQL server mode set to STRICT_TRANS_TABLES,STRICT_ALL_TABLES,NO_ZERO_IN_DATE,NO_ZERO_DATE,ERROR_FOR_DIVISION_BY_ZERO,TRADITIONAL,NO_ENGINE_SUBSTITUTION {{(pid=86334) _check_effective_sql_mode /opt/stack/data/venv/lib/python3.12/site-packages/oslo_db/sqlalchemy/engines.py:325}}
Jul 02 19:44:16 devstack devstack@c-api.service[86334]: /opt/stack/data/venv/lib/python3.12/site-packages/oslo_context/context.py:102: DeprecationWarning: Policy enforcement is depending on the value of is_admin. This key is deprecated. Please update your policy file to use the standard policy values.
Jul 02 19:44:16 devstack devstack@c-api.service[86334]: warnings.warn(
Jul 02 19:44:16 devstack devstack@c-api.service[86334]: INFO cinder.api.openstack.wsgi [None req-e522d33d-b8bf-4e39-b66a-3a0e7afdd2b0 tempest-GroupSnapshotsTest-1838694738 tempest-GroupSnapshotsTest-1838694738-project-member] http://192.168.122.181/volume/v3/volumes/129dc2bf-569e-40d8-932f-a323dbb4117c returned with HTTP 200
Jul 02 19:44:16 devstack devstack@c-api.service[86334]: [pid: 86334|app: 0|req: 57/128] 192.168.122.181 () {60 vars in 1273 bytes} [Thu Jul 2 19:44:16 2026] GET /volume/v3/volumes/129dc2bf-569e-40d8-932f-a323dbb4117c => generated 933 bytes in 194 msecs (HTTP/1.1 200) 7 headers in 286 bytes (1 switches on core 0)
Jul 02 19:44:17 devstack devstack@c-api.service[86335]: DEBUG cinder.api.middleware.request_id [None req-e4e28a30-21cc-4af4-9a5f-4af2e30cf04d None None] RequestId filter calling following filter/app {{(pid=86335) _context_setter /opt/stack/cinder/cinder/api/middleware/request_id.py:62}}
Jul 02 19:44:17 devstack devstack@c-api.service[86335]: INFO cinder.api.openstack.wsgi [None req-e4e28a30-21cc-4af4-9a5f-4af2e30cf04d tempest-GroupSnapshotsTest-1838694738 tempest-GroupSnapshotsTest-1838694738-project-member] GET http://192.168.122.181/volume/v3/volumes/129dc2bf-569e-40d8-932f-a323dbb4117c
Jul 02 19:44:17 devstack devstack@c-api.service[86335]: DEBUG cinder.api.openstack.wsgi [None req-e4e28a30-21cc-4af4-9a5f-4af2e30cf04d tempest-GroupSnapshotsTest-1838694738 tempest-GroupSnapshotsTest-1838694738-project-member] Empty body provided in request {{(pid=86335) get_body /opt/stack/cinder/cinder/api/openstack/wsgi.py:725}}
Jul 02 19:44:17 devstack devstack@c-api.service[86335]: DEBUG cinder.api.openstack.wsgi [None req-e4e28a30-21cc-4af4-9a5f-4af2e30cf04d tempest-GroupSnapshotsTest-1838694738 tempest-GroupSnapshotsTest-1838694738-project-member] Calling method 'show' {{(pid=86335) _process_stack /opt/stack/cinder/cinder/api/openstack/wsgi.py:878}}
Jul 02 19:44:17 devstack devstack@c-api.service[86335]: /opt/stack/data/venv/lib/python3.12/site-packages/oslo_context/context.py:102: DeprecationWarning: Policy enforcement is depending on the value of is_admin. This key is deprecated. Please update your policy file to use the standard policy values.
Jul 02 19:44:17 devstack devstack@c-api.service[86335]: warnings.warn(
Jul 02 19:44:17 devstack devstack@c-api.service[86335]: INFO cinder.volume.api [None req-e4e28a30-21cc-4af4-9a5f-4af2e30cf04d tempest-GroupSnapshotsTest-1838694738 tempest-GroupSnapshotsTest-1838694738-project-member] Volume info retrieved successfully.
Jul 02 19:44:17 devstack devstack@c-api.service[86335]: WARNING stevedore.named [None req-e4e28a30-21cc-4af4-9a5f-4af2e30cf04d tempest-GroupSnapshotsTest-1838694738 tempest-GroupSnapshotsTest-1838694738-project-member] Could not load cinder.keymgr.conf_key_mgr.ConfKeyManager
Jul 02 19:44:17 devstack devstack@c-api.service[86335]: WARNING castellan.key_manager [None req-e4e28a30-21cc-4af4-9a5f-4af2e30cf04d tempest-GroupSnapshotsTest-1838694738 tempest-GroupSnapshotsTest-1838694738-project-member] Deprecation Warning : cinder.keymgr.conf_key_mgr.ConfKeyManager is not a stevedore based driver, trying to load it as a class: stevedore.exception.NoMatches: No 'castellan.drivers' driver found, looking for 'cinder.keymgr.conf_key_mgr.ConfKeyManager'
Jul 02 19:44:17 devstack devstack@c-api.service[86335]: DEBUG oslo_db.sqlalchemy.engines [None req-e4e28a30-21cc-4af4-9a5f-4af2e30cf04d tempest-GroupSnapshotsTest-1838694738 tempest-GroupSnapshotsTest-1838694738-project-member] MySQL server mode set to STRICT_TRANS_TABLES,STRICT_ALL_TABLES,NO_ZERO_IN_DATE,NO_ZERO_DATE,ERROR_FOR_DIVISION_BY_ZERO,TRADITIONAL,NO_ENGINE_SUBSTITUTION {{(pid=86335) _check_effective_sql_mode /opt/stack/data/venv/lib/python3.12/site-packages/oslo_db/sqlalchemy/engines.py:325}}
Jul 02 19:44:17 devstack devstack@c-api.service[86335]: /opt/stack/data/venv/lib/python3.12/site-packages/oslo_context/context.py:102: DeprecationWarning: Policy enforcement is depending on the value of is_admin. This key is deprecated. Please update your policy file to use the standard policy values.
Jul 02 19:44:17 devstack devstack@c-api.service[86335]: warnings.warn(
Jul 02 19:44:17 devstack devstack@c-api.service[86335]: INFO cinder.api.openstack.wsgi [None req-e4e28a30-21cc-4af4-9a5f-4af2e30cf04d tempest-GroupSnapshotsTest-1838694738 tempest-GroupSnapshotsTest-1838694738-project-member] http://192.168.122.181/volume/v3/volumes/129dc2bf-569e-40d8-932f-a323dbb4117c returned with HTTP 200
Jul 02 19:44:17 devstack devstack@c-api.service[86335]: [pid: 86335|app: 0|req: 72/129] 192.168.122.181 () {60 vars in 1273 bytes} [Thu Jul 2 19:44:17 2026] GET /volume/v3/volumes/129dc2bf-569e-40d8-932f-a323dbb4117c => generated 933 bytes in 237 msecs (HTTP/1.1 200) 7 headers in 286 bytes (1 switches on core 0)
Jul 02 19:44:18 devstack devstack@c-api.service[86334]: DEBUG cinder.api.middleware.request_id [None req-b4dbfcd2-4893-4de0-89f7-bb521d735cd2 None None] RequestId filter calling following filter/app {{(pid=86334) _context_setter /opt/stack/cinder/cinder/api/middleware/request_id.py:62}}
Jul 02 19:44:18 devstack devstack@c-api.service[86334]: INFO cinder.api.openstack.wsgi [None req-b4dbfcd2-4893-4de0-89f7-bb521d735cd2 tempest-GroupSnapshotsTest-1838694738 tempest-GroupSnapshotsTest-1838694738-project-member] GET http://192.168.122.181/volume/v3/volumes/129dc2bf-569e-40d8-932f-a323dbb4117c
Jul 02 19:44:18 devstack devstack@c-api.service[86334]: DEBUG cinder.api.openstack.wsgi [None req-b4dbfcd2-4893-4de0-89f7-bb521d735cd2 tempest-GroupSnapshotsTest-1838694738 tempest-GroupSnapshotsTest-1838694738-project-member] Empty body provided in request {{(pid=86334) get_body /opt/stack/cinder/cinder/api/openstack/wsgi.py:725}}
Jul 02 19:44:18 devstack devstack@c-api.service[86334]: DEBUG cinder.api.openstack.wsgi [None req-b4dbfcd2-4893-4de0-89f7-bb521d735cd2 tempest-GroupSnapshotsTest-1838694738 tempest-GroupSnapshotsTest-1838694738-project-member] Calling method 'show' {{(pid=86334) _process_stack /opt/stack/cinder/cinder/api/openstack/wsgi.py:878}}
Jul 02 19:44:18 devstack devstack@c-api.service[86334]: /opt/stack/data/venv/lib/python3.12/site-packages/oslo_context/context.py:102: DeprecationWarning: Policy enforcement is depending on the value of is_admin. This key is deprecated. Please update your policy file to use the standard policy values.
Jul 02 19:44:18 devstack devstack@c-api.service[86334]: warnings.warn(
Jul 02 19:44:18 devstack devstack@c-api.service[86334]: INFO cinder.volume.api [None req-b4dbfcd2-4893-4de0-89f7-bb521d735cd2 tempest-GroupSnapshotsTest-1838694738 tempest-GroupSnapshotsTest-1838694738-project-member] Volume info retrieved successfully.
Jul 02 19:44:18 devstack devstack@c-api.service[86334]: WARNING stevedore.named [None req-b4dbfcd2-4893-4de0-89f7-bb521d735cd2 tempest-GroupSnapshotsTest-1838694738 tempest-GroupSnapshotsTest-1838694738-project-member] Could not load cinder.keymgr.conf_key_mgr.ConfKeyManager
Jul 02 19:44:18 devstack devstack@c-api.service[86334]: WARNING castellan.key_manager [None req-b4dbfcd2-4893-4de0-89f7-bb521d735cd2 tempest-GroupSnapshotsTest-1838694738 tempest-GroupSnapshotsTest-1838694738-project-member] Deprecation Warning : cinder.keymgr.conf_key_mgr.ConfKeyManager is not a stevedore based driver, trying to load it as a class: stevedore.exception.NoMatches: No 'castellan.drivers' driver found, looking for 'cinder.keymgr.conf_key_mgr.ConfKeyManager'
Jul 02 19:44:18 devstack devstack@c-api.service[86334]: DEBUG oslo_db.sqlalchemy.engines [None req-b4dbfcd2-4893-4de0-89f7-bb521d735cd2 tempest-GroupSnapshotsTest-1838694738 tempest-GroupSnapshotsTest-1838694738-project-member] MySQL server mode set to STRICT_TRANS_TABLES,STRICT_ALL_TABLES,NO_ZERO_IN_DATE,NO_ZERO_DATE,ERROR_FOR_DIVISION_BY_ZERO,TRADITIONAL,NO_ENGINE_SUBSTITUTION {{(pid=86334) _check_effective_sql_mode /opt/stack/data/venv/lib/python3.12/site-packages/oslo_db/sqlalchemy/engines.py:325}}
Jul 02 19:44:18 devstack devstack@c-api.service[86334]: /opt/stack/data/venv/lib/python3.12/site-packages/oslo_context/context.py:102: DeprecationWarning: Policy enforcement is depending on the value of is_admin. This key is deprecated. Please update your policy file to use the standard policy values.
Jul 02 19:44:18 devstack devstack@c-api.service[86334]: warnings.warn(
Jul 02 19:44:18 devstack devstack@c-api.service[86334]: INFO cinder.api.openstack.wsgi [None req-b4dbfcd2-4893-4de0-89f7-bb521d735cd2 tempest-GroupSnapshotsTest-1838694738 tempest-GroupSnapshotsTest-1838694738-project-member] http://192.168.122.181/volume/v3/volumes/129dc2bf-569e-40d8-932f-a323dbb4117c returned with HTTP 200
Jul 02 19:44:18 devstack devstack@c-api.service[86334]: [pid: 86334|app: 0|req: 58/130] 192.168.122.181 () {60 vars in 1273 bytes} [Thu Jul 2 19:44:18 2026] GET /volume/v3/volumes/129dc2bf-569e-40d8-932f-a323dbb4117c => generated 932 bytes in 316 msecs (HTTP/1.1 200) 7 headers in 286 bytes (1 switches on core 0)
Jul 02 19:44:19 devstack devstack@c-api.service[86335]: DEBUG cinder.api.middleware.request_id [None req-f22ec2e4-c9f5-43f1-9868-8cce70acbef9 None None] RequestId filter calling following filter/app {{(pid=86335) _context_setter /opt/stack/cinder/cinder/api/middleware/request_id.py:62}}
Jul 02 19:44:19 devstack devstack@c-api.service[86334]: DEBUG cinder.api.middleware.request_id [None req-040ce015-47d0-4eec-b32a-c50efad23356 None None] RequestId filter calling following filter/app {{(pid=86334) _context_setter /opt/stack/cinder/cinder/api/middleware/request_id.py:62}}
Jul 02 19:44:19 devstack devstack@c-api.service[86335]: INFO cinder.api.openstack.wsgi [None req-f22ec2e4-c9f5-43f1-9868-8cce70acbef9 tempest-GroupSnapshotsTest-1838694738 tempest-GroupSnapshotsTest-1838694738-project-member] GET http://192.168.122.181/volume/v3/volumes/129dc2bf-569e-40d8-932f-a323dbb4117c
Jul 02 19:44:19 devstack devstack@c-api.service[86335]: DEBUG cinder.api.openstack.wsgi [None req-f22ec2e4-c9f5-43f1-9868-8cce70acbef9 tempest-GroupSnapshotsTest-1838694738 tempest-GroupSnapshotsTest-1838694738-project-member] Empty body provided in request {{(pid=86335) get_body /opt/stack/cinder/cinder/api/openstack/wsgi.py:725}}
Jul 02 19:44:19 devstack devstack@c-api.service[86335]: DEBUG cinder.api.openstack.wsgi [None req-f22ec2e4-c9f5-43f1-9868-8cce70acbef9 tempest-GroupSnapshotsTest-1838694738 tempest-GroupSnapshotsTest-1838694738-project-member] Calling method 'show' {{(pid=86335) _process_stack /opt/stack/cinder/cinder/api/openstack/wsgi.py:878}}
Jul 02 19:44:19 devstack devstack@c-api.service[86334]: INFO cinder.api.openstack.wsgi [None req-040ce015-47d0-4eec-b32a-c50efad23356 tempest-ServerActionsTestOtherA-1484119296 tempest-ServerActionsTestOtherA-1484119296-project-member] POST http://192.168.122.181/volume/v3/volumes
Jul 02 19:44:20 devstack devstack@c-api.service[86334]: DEBUG cinder.api.openstack.wsgi [None req-040ce015-47d0-4eec-b32a-c50efad23356 tempest-ServerActionsTestOtherA-1484119296 tempest-ServerActionsTestOtherA-1484119296-project-member] Action: 'create', calling method: create, body: {"volume": {"size": 1, "display_name": "tempest-ServerActionsTestOtherA-volume-1732918802"}} {{(pid=86334) _process_stack /opt/stack/cinder/cinder/api/openstack/wsgi.py:876}}
Jul 02 19:44:20 devstack devstack@c-api.service[86334]: DEBUG cinder.api.v3.volumes [None req-040ce015-47d0-4eec-b32a-c50efad23356 tempest-ServerActionsTestOtherA-1484119296 tempest-ServerActionsTestOtherA-1484119296-project-member] Create volume request body: {'volume': {'size': 1, 'display_name': 'tempest-ServerActionsTestOtherA-volume-1732918802'}} {{(pid=86334) create /opt/stack/cinder/cinder/api/v3/volumes.py:368}}
Jul 02 19:44:20 devstack devstack@c-api.service[86334]: INFO cinder.api.v3.volumes [None req-040ce015-47d0-4eec-b32a-c50efad23356 tempest-ServerActionsTestOtherA-1484119296 tempest-ServerActionsTestOtherA-1484119296-project-member] Create volume of 1 GB
Jul 02 19:44:20 devstack devstack@c-api.service[86335]: INFO cinder.api.openstack.wsgi [None req-f22ec2e4-c9f5-43f1-9868-8cce70acbef9 tempest-GroupSnapshotsTest-1838694738 tempest-GroupSnapshotsTest-1838694738-project-member] http://192.168.122.181/volume/v3/volumes/129dc2bf-569e-40d8-932f-a323dbb4117c returned with HTTP 404
Jul 02 19:44:20 devstack devstack@c-api.service[86335]: [pid: 86335|app: 0|req: 73/131] 192.168.122.181 () {60 vars in 1273 bytes} [Thu Jul 2 19:44:19 2026] GET /volume/v3/volumes/129dc2bf-569e-40d8-932f-a323dbb4117c => generated 109 bytes in 53 msecs (HTTP/1.1 404) 7 headers in 293 bytes (1 switches on core 0)
Jul 02 19:44:20 devstack devstack@c-api.service[86335]: DEBUG cinder.api.middleware.request_id [None req-423b2c65-1bb6-4701-a9b8-482c56d76534 None None] RequestId filter calling following filter/app {{(pid=86335) _context_setter /opt/stack/cinder/cinder/api/middleware/request_id.py:62}}
Jul 02 19:44:20 devstack devstack@c-api.service[86335]: INFO cinder.api.openstack.wsgi [None req-423b2c65-1bb6-4701-a9b8-482c56d76534 tempest-GroupSnapshotsTest-1838694738 tempest-GroupSnapshotsTest-1838694738-project-member] GET http://192.168.122.181/volume/v3/groups/343537ca-3322-4614-9696-7078ad9bbac8
Jul 02 19:44:20 devstack devstack@c-api.service[86335]: DEBUG cinder.api.openstack.wsgi [None req-423b2c65-1bb6-4701-a9b8-482c56d76534 tempest-GroupSnapshotsTest-1838694738 tempest-GroupSnapshotsTest-1838694738-project-member] Empty body provided in request {{(pid=86335) get_body /opt/stack/cinder/cinder/api/openstack/wsgi.py:725}}
Jul 02 19:44:20 devstack devstack@c-api.service[86335]: DEBUG cinder.api.openstack.wsgi [None req-423b2c65-1bb6-4701-a9b8-482c56d76534 tempest-GroupSnapshotsTest-1838694738 tempest-GroupSnapshotsTest-1838694738-project-member] Calling method 'version_select' {{(pid=86335) _process_stack /opt/stack/cinder/cinder/api/openstack/wsgi.py:878}}
Jul 02 19:44:20 devstack devstack@c-api.service[86335]: DEBUG cinder.api.v3.groups [None req-423b2c65-1bb6-4701-a9b8-482c56d76534 tempest-GroupSnapshotsTest-1838694738 tempest-GroupSnapshotsTest-1838694738-project-member] show called for member 343537ca-3322-4614-9696-7078ad9bbac8 {{(pid=86335) show /opt/stack/cinder/cinder/api/v3/groups.py:58}}
Jul 02 19:44:20 devstack devstack@c-api.service[86334]: INFO cinder.volume.api [None req-040ce015-47d0-4eec-b32a-c50efad23356 tempest-ServerActionsTestOtherA-1484119296 tempest-ServerActionsTestOtherA-1484119296-project-member] Availability Zones retrieved successfully.
Jul 02 19:44:20 devstack devstack@c-api.service[86335]: INFO cinder.api.openstack.wsgi [None req-423b2c65-1bb6-4701-a9b8-482c56d76534 tempest-GroupSnapshotsTest-1838694738 tempest-GroupSnapshotsTest-1838694738-project-member] http://192.168.122.181/volume/v3/groups/343537ca-3322-4614-9696-7078ad9bbac8 returned with HTTP 404
Jul 02 19:44:20 devstack devstack@c-api.service[86335]: [pid: 86335|app: 0|req: 74/132] 192.168.122.181 () {60 vars in 1270 bytes} [Thu Jul 2 19:44:20 2026] GET /volume/v3/groups/343537ca-3322-4614-9696-7078ad9bbac8 => generated 108 bytes in 23 msecs (HTTP/1.1 404) 7 headers in 293 bytes (1 switches on core 0)
Jul 02 19:44:20 devstack devstack@c-api.service[86335]: DEBUG cinder.api.middleware.request_id [None req-ddbacba5-d707-42e0-9915-f8d2c2bbd6fa None None] RequestId filter calling following filter/app {{(pid=86335) _context_setter /opt/stack/cinder/cinder/api/middleware/request_id.py:62}}
Jul 02 19:44:20 devstack devstack@c-api.service[86335]: INFO cinder.api.openstack.wsgi [None req-ddbacba5-d707-42e0-9915-f8d2c2bbd6fa tempest-GroupSnapshotsTest-1838694738 tempest-GroupSnapshotsTest-1838694738-project-member] DELETE http://192.168.122.181/volume/v3/group_snapshots/32b87c55-7f44-46e7-a5c3-1ffba4e1dacd
Jul 02 19:44:20 devstack devstack@c-api.service[86335]: DEBUG cinder.api.openstack.wsgi [None req-ddbacba5-d707-42e0-9915-f8d2c2bbd6fa tempest-GroupSnapshotsTest-1838694738 tempest-GroupSnapshotsTest-1838694738-project-member] Empty body provided in request {{(pid=86335) get_body /opt/stack/cinder/cinder/api/openstack/wsgi.py:725}}
Jul 02 19:44:20 devstack devstack@c-api.service[86335]: DEBUG cinder.api.openstack.wsgi [None req-ddbacba5-d707-42e0-9915-f8d2c2bbd6fa tempest-GroupSnapshotsTest-1838694738 tempest-GroupSnapshotsTest-1838694738-project-member] Calling method 'version_select' {{(pid=86335) _process_stack /opt/stack/cinder/cinder/api/openstack/wsgi.py:878}}
Jul 02 19:44:20 devstack devstack@c-api.service[86335]: DEBUG cinder.api.v3.group_snapshots [None req-ddbacba5-d707-42e0-9915-f8d2c2bbd6fa tempest-GroupSnapshotsTest-1838694738 tempest-GroupSnapshotsTest-1838694738-project-member] delete called for member 32b87c55-7f44-46e7-a5c3-1ffba4e1dacd {{(pid=86335) delete /opt/stack/cinder/cinder/api/v3/group_snapshots.py:72}}
Jul 02 19:44:20 devstack devstack@c-api.service[86335]: INFO cinder.api.v3.group_snapshots [None req-ddbacba5-d707-42e0-9915-f8d2c2bbd6fa tempest-GroupSnapshotsTest-1838694738 tempest-GroupSnapshotsTest-1838694738-project-member] Delete group_snapshot with id: 32b87c55-7f44-46e7-a5c3-1ffba4e1dacd
Jul 02 19:44:20 devstack devstack@c-api.service[86334]: DEBUG cinder.volume.api [None req-040ce015-47d0-4eec-b32a-c50efad23356 tempest-ServerActionsTestOtherA-1484119296 tempest-ServerActionsTestOtherA-1484119296-project-member] Flow 'volume_create_api' (42a858e5-b073-4978-81d4-5dfe2d9d1351) transitioned into state 'RUNNING' from state 'PENDING' {{(pid=86334) _flow_receiver /opt/stack/data/venv/lib/python3.12/site-packages/taskflow/listeners/logging.py:160}}
Jul 02 19:44:20 devstack devstack@c-api.service[86334]: DEBUG cinder.volume.api [None req-040ce015-47d0-4eec-b32a-c50efad23356 tempest-ServerActionsTestOtherA-1484119296 tempest-ServerActionsTestOtherA-1484119296-project-member] Task 'cinder.volume.flows.api.create_volume.ExtractVolumeRequestTask;volume:create' (6af779bc-a64e-4d04-b299-35c08979f2af) transitioned into state 'RUNNING' from state 'PENDING' {{(pid=86334) _task_receiver /opt/stack/data/venv/lib/python3.12/site-packages/taskflow/listeners/logging.py:242}}
Jul 02 19:44:20 devstack devstack@c-api.service[86334]: DEBUG cinder.volume.flows.api.create_volume [None req-040ce015-47d0-4eec-b32a-c50efad23356 tempest-ServerActionsTestOtherA-1484119296 tempest-ServerActionsTestOtherA-1484119296-project-member] Validating volume size '1' using validate_int {{(pid=86334) _extract_size /opt/stack/cinder/cinder/volume/flows/api/create_volume.py:226}}
Jul 02 19:44:20 devstack devstack@c-api.service[86335]: /opt/stack/data/venv/lib/python3.12/site-packages/oslo_context/context.py:102: DeprecationWarning: Policy enforcement is depending on the value of is_admin. This key is deprecated. Please update your policy file to use the standard policy values.
Jul 02 19:44:20 devstack devstack@c-api.service[86335]: warnings.warn(
Jul 02 19:44:20 devstack devstack@c-api.service[86335]: INFO cinder.api.openstack.wsgi [None req-ddbacba5-d707-42e0-9915-f8d2c2bbd6fa tempest-GroupSnapshotsTest-1838694738 tempest-GroupSnapshotsTest-1838694738-project-member] http://192.168.122.181/volume/v3/group_snapshots/32b87c55-7f44-46e7-a5c3-1ffba4e1dacd returned with HTTP 202
Jul 02 19:44:20 devstack devstack@c-api.service[86334]: DEBUG cinder.volume.api [None req-040ce015-47d0-4eec-b32a-c50efad23356 tempest-ServerActionsTestOtherA-1484119296 tempest-ServerActionsTestOtherA-1484119296-project-member] Task 'cinder.volume.flows.api.create_volume.ExtractVolumeRequestTask;volume:create' (6af779bc-a64e-4d04-b299-35c08979f2af) transitioned into state 'SUCCESS' from state 'RUNNING' with result '{'size': 1, 'snapshot_id': None, 'source_volid': None, 'volume_type': VolumeType(created_at=2026-07-02T17:37:45Z,deleted=False,deleted_at=None,description=None,extra_specs={},id=a20b240f-aec6-41ba-83ec-5fe050527bcb,is_public=True,name='QuobyteHD',projects=[],qos_specs=,qos_specs_id=None,updated_at=None), 'volume_type_id': 'a20b240f-aec6-41ba-83ec-5fe050527bcb', 'encryption_key_id': None, 'qos_specs': None, 'consistencygroup_id': None, 'cgsnapshot_id': None, 'group_id': None, 'replication_status': 'disabled', 'refresh_az': False, 'backup_id': None, 'multiattach': False, 'availability_zones': ['nova']}' {{(pid=86334) _task_receiver /opt/stack/data/venv/lib/python3.12/site-packages/taskflow/listeners/logging.py:218}}
Jul 02 19:44:20 devstack devstack@c-api.service[86335]: [pid: 86335|app: 0|req: 75/133] 192.168.122.181 () {60 vars in 1300 bytes} [Thu Jul 2 19:44:20 2026] DELETE /volume/v3/group_snapshots/32b87c55-7f44-46e7-a5c3-1ffba4e1dacd => generated 0 bytes in 138 msecs (HTTP/1.1 202) 6 headers in 234 bytes (1 switches on core 0)
Jul 02 19:44:20 devstack devstack@c-api.service[86334]: DEBUG cinder.volume.api [None req-040ce015-47d0-4eec-b32a-c50efad23356 tempest-ServerActionsTestOtherA-1484119296 tempest-ServerActionsTestOtherA-1484119296-project-member] Task 'cinder.volume.flows.api.create_volume.QuotaReserveTask;volume:create' (63ad1055-4d20-47b0-8126-90c461677d31) transitioned into state 'RUNNING' from state 'PENDING' {{(pid=86334) _task_receiver /opt/stack/data/venv/lib/python3.12/site-packages/taskflow/listeners/logging.py:242}}
Jul 02 19:44:20 devstack devstack@c-api.service[86335]: DEBUG cinder.api.middleware.request_id [None req-004d82be-3035-4d9c-bcdb-65ef59f752ce None None] RequestId filter calling following filter/app {{(pid=86335) _context_setter /opt/stack/cinder/cinder/api/middleware/request_id.py:62}}
Jul 02 19:44:20 devstack devstack@c-api.service[86335]: INFO cinder.api.openstack.wsgi [None req-004d82be-3035-4d9c-bcdb-65ef59f752ce tempest-GroupSnapshotsTest-1838694738 tempest-GroupSnapshotsTest-1838694738-project-member] GET http://192.168.122.181/volume/v3/volumes/detail
Jul 02 19:44:20 devstack devstack@c-api.service[86335]: DEBUG cinder.api.openstack.wsgi [None req-004d82be-3035-4d9c-bcdb-65ef59f752ce tempest-GroupSnapshotsTest-1838694738 tempest-GroupSnapshotsTest-1838694738-project-member] Empty body provided in request {{(pid=86335) get_body /opt/stack/cinder/cinder/api/openstack/wsgi.py:725}}
Jul 02 19:44:20 devstack devstack@c-api.service[86335]: DEBUG cinder.api.openstack.wsgi [None req-004d82be-3035-4d9c-bcdb-65ef59f752ce tempest-GroupSnapshotsTest-1838694738 tempest-GroupSnapshotsTest-1838694738-project-member] Calling method 'detail' {{(pid=86335) _process_stack /opt/stack/cinder/cinder/api/openstack/wsgi.py:878}}
Jul 02 19:44:20 devstack devstack@c-api.service[86335]: DEBUG cinder.api.api_utils [None req-004d82be-3035-4d9c-bcdb-65ef59f752ce tempest-GroupSnapshotsTest-1838694738 tempest-GroupSnapshotsTest-1838694738-project-member] Removing options '' from query. {{(pid=86335) remove_invalid_filter_options /opt/stack/cinder/cinder/api/api_utils.py:82}}
Jul 02 19:44:20 devstack devstack@c-api.service[86335]: /opt/stack/data/venv/lib/python3.12/site-packages/oslo_context/context.py:102: DeprecationWarning: Policy enforcement is depending on the value of is_admin. This key is deprecated. Please update your policy file to use the standard policy values.
Jul 02 19:44:20 devstack devstack@c-api.service[86335]: warnings.warn(
Jul 02 19:44:20 devstack devstack@c-api.service[86335]: DEBUG cinder.volume.api [None req-004d82be-3035-4d9c-bcdb-65ef59f752ce tempest-GroupSnapshotsTest-1838694738 tempest-GroupSnapshotsTest-1838694738-project-member] Searching by: MultiDict([('no_migration_targets', True)]). {{(pid=86335) get_all /opt/stack/cinder/cinder/volume/api.py:664}}
Jul 02 19:44:20 devstack devstack@c-api.service[86335]: INFO cinder.volume.api [None req-004d82be-3035-4d9c-bcdb-65ef59f752ce tempest-GroupSnapshotsTest-1838694738 tempest-GroupSnapshotsTest-1838694738-project-member] Get all volumes completed successfully.
Jul 02 19:44:20 devstack devstack@c-api.service[86335]: WARNING stevedore.named [None req-004d82be-3035-4d9c-bcdb-65ef59f752ce tempest-GroupSnapshotsTest-1838694738 tempest-GroupSnapshotsTest-1838694738-project-member] Could not load cinder.keymgr.conf_key_mgr.ConfKeyManager
Jul 02 19:44:20 devstack devstack@c-api.service[86335]: WARNING castellan.key_manager [None req-004d82be-3035-4d9c-bcdb-65ef59f752ce tempest-GroupSnapshotsTest-1838694738 tempest-GroupSnapshotsTest-1838694738-project-member] Deprecation Warning : cinder.keymgr.conf_key_mgr.ConfKeyManager is not a stevedore based driver, trying to load it as a class: stevedore.exception.NoMatches: No 'castellan.drivers' driver found, looking for 'cinder.keymgr.conf_key_mgr.ConfKeyManager'
Jul 02 19:44:20 devstack devstack@c-api.service[86335]: DEBUG oslo_db.sqlalchemy.engines [None req-004d82be-3035-4d9c-bcdb-65ef59f752ce tempest-GroupSnapshotsTest-1838694738 tempest-GroupSnapshotsTest-1838694738-project-member] MySQL server mode set to STRICT_TRANS_TABLES,STRICT_ALL_TABLES,NO_ZERO_IN_DATE,NO_ZERO_DATE,ERROR_FOR_DIVISION_BY_ZERO,TRADITIONAL,NO_ENGINE_SUBSTITUTION {{(pid=86335) _check_effective_sql_mode /opt/stack/data/venv/lib/python3.12/site-packages/oslo_db/sqlalchemy/engines.py:325}}
Jul 02 19:44:20 devstack devstack@c-api.service[86335]: /opt/stack/data/venv/lib/python3.12/site-packages/oslo_context/context.py:102: DeprecationWarning: Policy enforcement is depending on the value of is_admin. This key is deprecated. Please update your policy file to use the standard policy values.
Jul 02 19:44:20 devstack devstack@c-api.service[86335]: warnings.warn(
Jul 02 19:44:20 devstack devstack@c-api.service[86334]: DEBUG cinder.quota [None req-040ce015-47d0-4eec-b32a-c50efad23356 tempest-ServerActionsTestOtherA-1484119296 tempest-ServerActionsTestOtherA-1484119296-project-member] Created reservations ['4ca4e9d7-b964-4b09-a8e4-20b4b80f263d', 'b422bdef-3e03-4b8a-a684-931380d87c2e', '0c2aa356-4192-4976-ba76-b39d04d04db6', '57adf0eb-b472-4700-a396-97b7dfad563a'] {{(pid=86334) reserve /opt/stack/cinder/cinder/quota.py:752}}
Jul 02 19:44:20 devstack devstack@c-api.service[86334]: DEBUG cinder.volume.api [None req-040ce015-47d0-4eec-b32a-c50efad23356 tempest-ServerActionsTestOtherA-1484119296 tempest-ServerActionsTestOtherA-1484119296-project-member] Task 'cinder.volume.flows.api.create_volume.QuotaReserveTask;volume:create' (63ad1055-4d20-47b0-8126-90c461677d31) transitioned into state 'SUCCESS' from state 'RUNNING' with result '{'reservations': ['4ca4e9d7-b964-4b09-a8e4-20b4b80f263d', 'b422bdef-3e03-4b8a-a684-931380d87c2e', '0c2aa356-4192-4976-ba76-b39d04d04db6', '57adf0eb-b472-4700-a396-97b7dfad563a']}' {{(pid=86334) _task_receiver /opt/stack/data/venv/lib/python3.12/site-packages/taskflow/listeners/logging.py:218}}
Jul 02 19:44:20 devstack devstack@c-api.service[86334]: DEBUG cinder.volume.api [None req-040ce015-47d0-4eec-b32a-c50efad23356 tempest-ServerActionsTestOtherA-1484119296 tempest-ServerActionsTestOtherA-1484119296-project-member] Task 'cinder.volume.flows.api.create_volume.EntryCreateTask;volume:create' (5a222416-c45c-4a02-a0ee-b54eaaf38d75) transitioned into state 'RUNNING' from state 'PENDING' {{(pid=86334) _task_receiver /opt/stack/data/venv/lib/python3.12/site-packages/taskflow/listeners/logging.py:242}}
Jul 02 19:44:20 devstack devstack@c-api.service[86335]: INFO cinder.api.openstack.wsgi [None req-004d82be-3035-4d9c-bcdb-65ef59f752ce tempest-GroupSnapshotsTest-1838694738 tempest-GroupSnapshotsTest-1838694738-project-member] http://192.168.122.181/volume/v3/volumes/detail returned with HTTP 200
Jul 02 19:44:20 devstack devstack@c-api.service[86335]: [pid: 86335|app: 0|req: 76/134] 192.168.122.181 () {60 vars in 1183 bytes} [Thu Jul 2 19:44:20 2026] GET /volume/v3/volumes/detail => generated 925 bytes in 344 msecs (HTTP/1.1 200) 7 headers in 286 bytes (1 switches on core 0)
Jul 02 19:44:20 devstack devstack@c-api.service[86335]: DEBUG cinder.api.middleware.request_id [None req-72b420e2-14ed-4407-9829-c3b92dc13363 None None] RequestId filter calling following filter/app {{(pid=86335) _context_setter /opt/stack/cinder/cinder/api/middleware/request_id.py:62}}
Jul 02 19:44:20 devstack devstack@c-api.service[86335]: INFO cinder.api.openstack.wsgi [None req-72b420e2-14ed-4407-9829-c3b92dc13363 tempest-GroupSnapshotsTest-1838694738 tempest-GroupSnapshotsTest-1838694738-project-member] GET http://192.168.122.181/volume/v3/snapshots/detail
Jul 02 19:44:20 devstack devstack@c-api.service[86335]: DEBUG cinder.api.openstack.wsgi [None req-72b420e2-14ed-4407-9829-c3b92dc13363 tempest-GroupSnapshotsTest-1838694738 tempest-GroupSnapshotsTest-1838694738-project-member] Empty body provided in request {{(pid=86335) get_body /opt/stack/cinder/cinder/api/openstack/wsgi.py:725}}
Jul 02 19:44:20 devstack devstack@c-api.service[86335]: DEBUG cinder.api.openstack.wsgi [None req-72b420e2-14ed-4407-9829-c3b92dc13363 tempest-GroupSnapshotsTest-1838694738 tempest-GroupSnapshotsTest-1838694738-project-member] Calling method 'detail' {{(pid=86335) _process_stack /opt/stack/cinder/cinder/api/openstack/wsgi.py:878}}
Jul 02 19:44:20 devstack devstack@c-api.service[86335]: DEBUG cinder.api.api_utils [None req-72b420e2-14ed-4407-9829-c3b92dc13363 tempest-GroupSnapshotsTest-1838694738 tempest-GroupSnapshotsTest-1838694738-project-member] Removing options '' from query. {{(pid=86335) remove_invalid_filter_options /opt/stack/cinder/cinder/api/api_utils.py:82}}
Jul 02 19:44:20 devstack devstack@c-api.service[86335]: DEBUG cinder.db.api [None req-72b420e2-14ed-4407-9829-c3b92dc13363 tempest-GroupSnapshotsTest-1838694738 tempest-GroupSnapshotsTest-1838694738-project-member] Building query based on filter {{(pid=86335) _process_snaps_filters /opt/stack/cinder/cinder/db/api.py:3942}}
Jul 02 19:44:20 devstack devstack@c-api.service[86334]: DEBUG cinder.volume.api [None req-040ce015-47d0-4eec-b32a-c50efad23356 tempest-ServerActionsTestOtherA-1484119296 tempest-ServerActionsTestOtherA-1484119296-project-member] Task 'cinder.volume.flows.api.create_volume.EntryCreateTask;volume:create' (5a222416-c45c-4a02-a0ee-b54eaaf38d75) transitioned into state 'SUCCESS' from state 'RUNNING' with result '{'volume_id': '76021e4b-1f91-419e-8f4e-07e754df6bf3', 'volume_properties': VolumeProperties(attach_status='detached',availability_zone='nova',cgsnapshot_id=None,consistencygroup_id=None,display_description=None,display_name='tempest-ServerActionsTestOtherA-volume-1732918802',encryption_key_id=None,group_id=None,group_type_id=,metadata={},multiattach=False,project_id='45bda7b272094b50848132c01f50594e',qos_specs=None,replication_status=,reservations=['4ca4e9d7-b964-4b09-a8e4-20b4b80f263d','b422bdef-3e03-4b8a-a684-931380d87c2e','0c2aa356-4192-4976-ba76-b39d04d04db6','57adf0eb-b472-4700-a396-97b7dfad563a'],size=1,snapshot_id=None,source_replicaid=,source_volid=None,status='creating',user_id='6f708f7675eb4c2e9e784fcd51397dd3',volume_type_id=a20b240f-aec6-41ba-83ec-5fe050527bcb), 'volume': Volume(_name_id=None,admin_metadata=,attach_status='detached',availability_zone='nova',bootable=False,cluster=,cluster_name=None,consistencygroup=,consistencygroup_id=None,created_at=2026-07-02T17:44:20Z,deleted=False,deleted_at=None,display_description=None,display_name='tempest-ServerActionsTestOtherA-volume-1732918802',ec2_id=None,encryption_key_id=None,glance_metadata=,group=,group_id=None,host=None,id=76021e4b-1f91-419e-8f4e-07e754df6bf3,launched_at=None,metadata={},migration_status=None,multiattach=False,previous_status=None,project_id='45bda7b272094b50848132c01f50594e',provider_auth=None,provider_geometry=None,provider_id=None,provider_location=None,replication_driver_data=None,replication_extended_status=None,replication_status=None,scheduled_at=None,service_uuid=None,shared_targets=True,size=1,snapshot_id=None,snapshots=,source_volid=None,status='creating',terminated_at=None,updated_at=None,use_quota=True,user_id='6f708f7675eb4c2e9e784fcd51397dd3',volume_attachment=VolumeAttachmentList,volume_type=VolumeType(a20b240f-aec6-41ba-83ec-5fe050527bcb),volume_type_id=a20b240f-aec6-41ba-83ec-5fe050527bcb)}' {{(pid=86334) _task_receiver /opt/stack/data/venv/lib/python3.12/site-packages/taskflow/listeners/logging.py:218}}
Jul 02 19:44:20 devstack devstack@c-api.service[86335]: INFO cinder.volume.api [None req-72b420e2-14ed-4407-9829-c3b92dc13363 tempest-GroupSnapshotsTest-1838694738 tempest-GroupSnapshotsTest-1838694738-project-member] Get all snapshots completed successfully.
Jul 02 19:44:20 devstack devstack@c-api.service[86335]: /opt/stack/data/venv/lib/python3.12/site-packages/oslo_context/context.py:102: DeprecationWarning: Policy enforcement is depending on the value of is_admin. This key is deprecated. Please update your policy file to use the standard policy values.
Jul 02 19:44:20 devstack devstack@c-api.service[86335]: warnings.warn(
Jul 02 19:44:20 devstack devstack@c-api.service[86335]: INFO cinder.api.openstack.wsgi [None req-72b420e2-14ed-4407-9829-c3b92dc13363 tempest-GroupSnapshotsTest-1838694738 tempest-GroupSnapshotsTest-1838694738-project-member] http://192.168.122.181/volume/v3/snapshots/detail returned with HTTP 200
Jul 02 19:44:20 devstack devstack@c-api.service[86334]: DEBUG cinder.volume.api [None req-040ce015-47d0-4eec-b32a-c50efad23356 tempest-ServerActionsTestOtherA-1484119296 tempest-ServerActionsTestOtherA-1484119296-project-member] Task 'cinder.volume.flows.api.create_volume.QuotaCommitTask;volume:create' (4364c853-251e-45ec-8d88-eb7160da3a7d) transitioned into state 'RUNNING' from state 'PENDING' {{(pid=86334) _task_receiver /opt/stack/data/venv/lib/python3.12/site-packages/taskflow/listeners/logging.py:242}}
Jul 02 19:44:20 devstack devstack@c-api.service[86335]: [pid: 86335|app: 0|req: 77/135] 192.168.122.181 () {58 vars in 1148 bytes} [Thu Jul 2 19:44:20 2026] GET /volume/v3/snapshots/detail => generated 452 bytes in 49 msecs (HTTP/1.1 200) 7 headers in 285 bytes (1 switches on core 0)
Jul 02 19:44:20 devstack devstack@c-api.service[86335]: DEBUG cinder.api.middleware.request_id [None req-ee759980-8238-48d7-9cef-7daae5d4e8fe None None] RequestId filter calling following filter/app {{(pid=86335) _context_setter /opt/stack/cinder/cinder/api/middleware/request_id.py:62}}
Jul 02 19:44:20 devstack devstack@c-api.service[86335]: INFO cinder.api.openstack.wsgi [None req-ee759980-8238-48d7-9cef-7daae5d4e8fe tempest-GroupSnapshotsTest-1838694738 tempest-GroupSnapshotsTest-1838694738-project-member] GET http://192.168.122.181/volume/v3/snapshots/f1741df1-3f31-4039-9176-36601c096ac2
Jul 02 19:44:20 devstack devstack@c-api.service[86335]: DEBUG cinder.api.openstack.wsgi [None req-ee759980-8238-48d7-9cef-7daae5d4e8fe tempest-GroupSnapshotsTest-1838694738 tempest-GroupSnapshotsTest-1838694738-project-member] Empty body provided in request {{(pid=86335) get_body /opt/stack/cinder/cinder/api/openstack/wsgi.py:725}}
Jul 02 19:44:20 devstack devstack@c-api.service[86335]: DEBUG cinder.api.openstack.wsgi [None req-ee759980-8238-48d7-9cef-7daae5d4e8fe tempest-GroupSnapshotsTest-1838694738 tempest-GroupSnapshotsTest-1838694738-project-member] Calling method 'show' {{(pid=86335) _process_stack /opt/stack/cinder/cinder/api/openstack/wsgi.py:878}}
Jul 02 19:44:20 devstack devstack@c-api.service[86335]: /opt/stack/data/venv/lib/python3.12/site-packages/oslo_context/context.py:102: DeprecationWarning: Policy enforcement is depending on the value of is_admin. This key is deprecated. Please update your policy file to use the standard policy values.
Jul 02 19:44:20 devstack devstack@c-api.service[86335]: warnings.warn(
Jul 02 19:44:20 devstack devstack@c-api.service[86335]: INFO cinder.volume.api [None req-ee759980-8238-48d7-9cef-7daae5d4e8fe tempest-GroupSnapshotsTest-1838694738 tempest-GroupSnapshotsTest-1838694738-project-member] Snapshot retrieved successfully.
Jul 02 19:44:20 devstack devstack@c-api.service[86335]: INFO cinder.api.openstack.wsgi [None req-ee759980-8238-48d7-9cef-7daae5d4e8fe tempest-GroupSnapshotsTest-1838694738 tempest-GroupSnapshotsTest-1838694738-project-member] http://192.168.122.181/volume/v3/snapshots/f1741df1-3f31-4039-9176-36601c096ac2 returned with HTTP 200
Jul 02 19:44:20 devstack devstack@c-api.service[86335]: [pid: 86335|app: 0|req: 78/136] 192.168.122.181 () {58 vars in 1238 bytes} [Thu Jul 2 19:44:20 2026] GET /volume/v3/snapshots/f1741df1-3f31-4039-9176-36601c096ac2 => generated 449 bytes in 65 msecs (HTTP/1.1 200) 7 headers in 285 bytes (1 switches on core 0)
Jul 02 19:44:20 devstack devstack@c-api.service[86334]: DEBUG cinder.volume.api [None req-040ce015-47d0-4eec-b32a-c50efad23356 tempest-ServerActionsTestOtherA-1484119296 tempest-ServerActionsTestOtherA-1484119296-project-member] Task 'cinder.volume.flows.api.create_volume.QuotaCommitTask;volume:create' (4364c853-251e-45ec-8d88-eb7160da3a7d) transitioned into state 'SUCCESS' from state 'RUNNING' with result '{'volume_properties': VolumeProperties(attach_status='detached',availability_zone='nova',cgsnapshot_id=None,consistencygroup_id=None,display_description=None,display_name='tempest-ServerActionsTestOtherA-volume-1732918802',encryption_key_id=None,group_id=None,group_type_id=,metadata={},multiattach=False,project_id='45bda7b272094b50848132c01f50594e',qos_specs=None,replication_status=,reservations=['4ca4e9d7-b964-4b09-a8e4-20b4b80f263d','b422bdef-3e03-4b8a-a684-931380d87c2e','0c2aa356-4192-4976-ba76-b39d04d04db6','57adf0eb-b472-4700-a396-97b7dfad563a'],size=1,snapshot_id=None,source_replicaid=,source_volid=None,status='creating',user_id='6f708f7675eb4c2e9e784fcd51397dd3',volume_type_id=a20b240f-aec6-41ba-83ec-5fe050527bcb)}' {{(pid=86334) _task_receiver /opt/stack/data/venv/lib/python3.12/site-packages/taskflow/listeners/logging.py:218}}
Jul 02 19:44:20 devstack devstack@c-api.service[86334]: DEBUG cinder.volume.api [None req-040ce015-47d0-4eec-b32a-c50efad23356 tempest-ServerActionsTestOtherA-1484119296 tempest-ServerActionsTestOtherA-1484119296-project-member] Task 'cinder.volume.flows.api.create_volume.VolumeCastTask;volume:create' (0fb92fd5-ca6c-4be3-a7d4-2e9f166fb89e) transitioned into state 'RUNNING' from state 'PENDING' {{(pid=86334) _task_receiver /opt/stack/data/venv/lib/python3.12/site-packages/taskflow/listeners/logging.py:242}}
Jul 02 19:44:21 devstack devstack@c-api.service[86334]: DEBUG cinder.volume.api [None req-040ce015-47d0-4eec-b32a-c50efad23356 tempest-ServerActionsTestOtherA-1484119296 tempest-ServerActionsTestOtherA-1484119296-project-member] Task 'cinder.volume.flows.api.create_volume.VolumeCastTask;volume:create' (0fb92fd5-ca6c-4be3-a7d4-2e9f166fb89e) transitioned into state 'SUCCESS' from state 'RUNNING' with result 'None' {{(pid=86334) _task_receiver /opt/stack/data/venv/lib/python3.12/site-packages/taskflow/listeners/logging.py:218}}
