Nov 06 09:23:15 devstack sudo[84822]: quobyte : PWD=/ ; USER=root ; COMMAND=/opt/stack/data/venv/bin/cinder-rootwrap /etc/cinder/rootwrap.conf qemu-img create -f qcow2 -o backing_file=/opt/stack/data/cinder/mnt/228a8b0a3542f42df4ce2f0748a0a49d/volume-1848db9d-6440-4e4a-9373-ba588af85d13.3d7b1e26-cecc-48c0-9783-ab1a0105868c,backing_fmt=qcow2 /opt/stack/data/cinder/mnt/228a8b0a3542f42df4ce2f0748a0a49d/volume-1848db9d-6440-4e4a-9373-ba588af85d13.85dec780-90a6-4282-ab0c-da62b1478e5e 1G
Nov 06 09:23:15 devstack sudo[84822]: pam_unix(sudo:session): session opened for user root(uid=0) by (uid=1000)
Nov 06 09:23:15 devstack sudo[84822]: pam_unix(sudo:session): session closed for user root
Nov 06 09:23:15 devstack cinder-volume[80391]: DEBUG oslo_concurrency.processutils [None req-49f739af-d644-4d33-aab5-66a3807b729a tempest-SnapshotsActionsTest-550296956 None] CMD "sudo cinder-rootwrap /etc/cinder/rootwrap.conf qemu-img create -f qcow2 -o backing_file=/opt/stack/data/cinder/mnt/228a8b0a3542f42df4ce2f0748a0a49d/volume-1848db9d-6440-4e4a-9373-ba588af85d13.3d7b1e26-cecc-48c0-9783-ab1a0105868c,backing_fmt=qcow2 /opt/stack/data/cinder/mnt/228a8b0a3542f42df4ce2f0748a0a49d/volume-1848db9d-6440-4e4a-9373-ba588af85d13.85dec780-90a6-4282-ab0c-da62b1478e5e 1G" returned: 0 in 0.590s {{(pid=80391) execute /opt/stack/data/venv/lib/python3.10/site-packages/oslo_concurrency/processutils.py:372}}
Nov 06 09:23:15 devstack cinder-volume[80391]: DEBUG oslo_concurrency.processutils [None req-49f739af-d644-4d33-aab5-66a3807b729a tempest-SnapshotsActionsTest-550296956 None] Running cmd (subprocess): sudo cinder-rootwrap /etc/cinder/rootwrap.conf qemu-img rebase -u -b volume-1848db9d-6440-4e4a-9373-ba588af85d13.3d7b1e26-cecc-48c0-9783-ab1a0105868c -F qcow2 /opt/stack/data/cinder/mnt/228a8b0a3542f42df4ce2f0748a0a49d/volume-1848db9d-6440-4e4a-9373-ba588af85d13.85dec780-90a6-4282-ab0c-da62b1478e5e {{(pid=80391) execute /opt/stack/data/venv/lib/python3.10/site-packages/oslo_concurrency/processutils.py:349}}
Nov 06 09:23:15 devstack sudo[84827]: quobyte : PWD=/ ; USER=root ; COMMAND=/opt/stack/data/venv/bin/cinder-rootwrap /etc/cinder/rootwrap.conf qemu-img rebase -u -b volume-1848db9d-6440-4e4a-9373-ba588af85d13.3d7b1e26-cecc-48c0-9783-ab1a0105868c -F qcow2 /opt/stack/data/cinder/mnt/228a8b0a3542f42df4ce2f0748a0a49d/volume-1848db9d-6440-4e4a-9373-ba588af85d13.85dec780-90a6-4282-ab0c-da62b1478e5e
Nov 06 09:23:15 devstack sudo[84827]: pam_unix(sudo:session): session opened for user root(uid=0) by (uid=1000)
Nov 06 09:23:16 devstack sudo[84827]: pam_unix(sudo:session): session closed for user root
Nov 06 09:23:16 devstack cinder-volume[80391]: DEBUG oslo_concurrency.processutils [None req-49f739af-d644-4d33-aab5-66a3807b729a tempest-SnapshotsActionsTest-550296956 None] CMD "sudo cinder-rootwrap /etc/cinder/rootwrap.conf qemu-img rebase -u -b volume-1848db9d-6440-4e4a-9373-ba588af85d13.3d7b1e26-cecc-48c0-9783-ab1a0105868c -F qcow2 /opt/stack/data/cinder/mnt/228a8b0a3542f42df4ce2f0748a0a49d/volume-1848db9d-6440-4e4a-9373-ba588af85d13.85dec780-90a6-4282-ab0c-da62b1478e5e" returned: 0 in 0.865s {{(pid=80391) execute /opt/stack/data/venv/lib/python3.10/site-packages/oslo_concurrency/processutils.py:372}}
Nov 06 09:23:16 devstack cinder-volume[80391]: WARNING cinder.volume.drivers.remotefs [None req-49f739af-d644-4d33-aab5-66a3807b729a tempest-SnapshotsActionsTest-550296956 None] /opt/stack/data/cinder/mnt/228a8b0a3542f42df4ce2f0748a0a49d/volume-1848db9d-6440-4e4a-9373-ba588af85d13.85dec780-90a6-4282-ab0c-da62b1478e5e is being set with open permissions: ugo+rw
Nov 06 09:23:16 devstack cinder-volume[80391]: DEBUG oslo_concurrency.processutils [None req-49f739af-d644-4d33-aab5-66a3807b729a tempest-SnapshotsActionsTest-550296956 None] Running cmd (subprocess): sudo cinder-rootwrap /etc/cinder/rootwrap.conf chmod ugo+rw /opt/stack/data/cinder/mnt/228a8b0a3542f42df4ce2f0748a0a49d/volume-1848db9d-6440-4e4a-9373-ba588af85d13.85dec780-90a6-4282-ab0c-da62b1478e5e {{(pid=80391) execute /opt/stack/data/venv/lib/python3.10/site-packages/oslo_concurrency/processutils.py:349}}
Nov 06 09:23:16 devstack sudo[85200]: quobyte : PWD=/ ; USER=root ; COMMAND=/opt/stack/data/venv/bin/cinder-rootwrap /etc/cinder/rootwrap.conf chmod ugo+rw /opt/stack/data/cinder/mnt/228a8b0a3542f42df4ce2f0748a0a49d/volume-1848db9d-6440-4e4a-9373-ba588af85d13.85dec780-90a6-4282-ab0c-da62b1478e5e
Nov 06 09:23:16 devstack sudo[85200]: pam_unix(sudo:session): session opened for user root(uid=0) by (uid=1000)
Nov 06 09:23:17 devstack sudo[85200]: pam_unix(sudo:session): session closed for user root
Nov 06 09:23:17 devstack cinder-volume[80391]: DEBUG oslo_concurrency.processutils [None req-49f739af-d644-4d33-aab5-66a3807b729a tempest-SnapshotsActionsTest-550296956 None] CMD "sudo cinder-rootwrap /etc/cinder/rootwrap.conf chmod ugo+rw /opt/stack/data/cinder/mnt/228a8b0a3542f42df4ce2f0748a0a49d/volume-1848db9d-6440-4e4a-9373-ba588af85d13.85dec780-90a6-4282-ab0c-da62b1478e5e" returned: 0 in 0.513s {{(pid=80391) execute /opt/stack/data/venv/lib/python3.10/site-packages/oslo_concurrency/processutils.py:372}}
Nov 06 09:23:17 devstack cinder-volume[80391]: DEBUG oslo_concurrency.lockutils [None req-49f739af-d644-4d33-aab5-66a3807b729a tempest-SnapshotsActionsTest-550296956 None] Lock "quobyte" "released" by "cinder.volume.drivers.quobyte.QuobyteDriver.create_snapshot" :: held 2.719s {{(pid=80391) inner /opt/stack/data/venv/lib/python3.10/site-packages/oslo_concurrency/lockutils.py:424}}
Nov 06 09:23:17 devstack cinder-volume[80391]: INFO cinder.volume.manager [None req-49f739af-d644-4d33-aab5-66a3807b729a tempest-SnapshotsActionsTest-550296956 None] Create snapshot completed successfully
Nov 06 09:23:17 devstack cinder-volume[80391]: DEBUG cinder.coordination [None req-f0057b93-dae4-4bb7-bbda-2100e0e09888 tempest-SnapshotsActionsTest-1191862166 None] Acquiring lock "cinder-85dec780-90a6-4282-ab0c-da62b1478e5e-delete_snapshot" by "delete_snapshot" {{(pid=80391) __acquire /opt/stack/cinder/cinder/coordination.py:143}}
Nov 06 09:23:17 devstack cinder-volume[80391]: DEBUG cinder.coordination [None req-f0057b93-dae4-4bb7-bbda-2100e0e09888 tempest-SnapshotsActionsTest-1191862166 None] Lock "cinder-85dec780-90a6-4282-ab0c-da62b1478e5e-delete_snapshot" acquired by "delete_snapshot" :: waited 0.018s {{(pid=80391) __acquire /opt/stack/cinder/cinder/coordination.py:146}}
Nov 06 09:23:17 devstack cinder-volume[80391]: WARNING cinder.volume.volume_utils [None req-f0057b93-dae4-4bb7-bbda-2100e0e09888 tempest-SnapshotsActionsTest-1191862166 None] Volume driver (QuobyteDriver 1.1.13) is currently unsupported and may be removed in the next release of OpenStack. Use at your own risk.
Nov 06 09:23:17 devstack cinder-volume[80391]: DEBUG cinder.coordination [None req-f0057b93-dae4-4bb7-bbda-2100e0e09888 tempest-SnapshotsActionsTest-1191862166 None] Acquiring lock "cinder-quobyte-1848db9d-6440-4e4a-9373-ba588af85d13" by "delete_snapshot" {{(pid=80391) __acquire /opt/stack/cinder/cinder/coordination.py:143}}
Nov 06 09:23:17 devstack cinder-volume[80391]: DEBUG cinder.coordination [None req-f0057b93-dae4-4bb7-bbda-2100e0e09888 tempest-SnapshotsActionsTest-1191862166 None] Lock "cinder-quobyte-1848db9d-6440-4e4a-9373-ba588af85d13" acquired by "delete_snapshot" :: waited 0.010s {{(pid=80391) __acquire /opt/stack/cinder/cinder/coordination.py:146}}
Nov 06 09:23:17 devstack cinder-volume[80391]: DEBUG cinder.coordination [None req-f0057b93-dae4-4bb7-bbda-2100e0e09888 tempest-SnapshotsActionsTest-1191862166 None] Acquiring lock "cinder-quobyte-85dec780-90a6-4282-ab0c-da62b1478e5e" by "_delete_snapshot" {{(pid=80391) __acquire /opt/stack/cinder/cinder/coordination.py:143}}
Nov 06 09:23:17 devstack cinder-volume[80391]: DEBUG cinder.coordination [None req-f0057b93-dae4-4bb7-bbda-2100e0e09888 tempest-SnapshotsActionsTest-1191862166 None] Lock "cinder-quobyte-85dec780-90a6-4282-ab0c-da62b1478e5e" acquired by "_delete_snapshot" :: waited 0.010s {{(pid=80391) __acquire /opt/stack/cinder/cinder/coordination.py:146}}
Nov 06 09:23:17 devstack cinder-volume[80391]: DEBUG cinder.volume.drivers.remotefs [None req-f0057b93-dae4-4bb7-bbda-2100e0e09888 tempest-SnapshotsActionsTest-1191862166 None] Deleting offline snapshot 85dec780-90a6-4282-ab0c-da62b1478e5e of volume 1848db9d-6440-4e4a-9373-ba588af85d13 {{(pid=80391) _delete_snapshot /opt/stack/cinder/cinder/volume/drivers/remotefs.py:1289}}
Nov 06 09:23:17 devstack cinder-volume[80391]: DEBUG cinder.volume.drivers.remotefs [None req-f0057b93-dae4-4bb7-bbda-2100e0e09888 tempest-SnapshotsActionsTest-1191862166 None] snapshot_file for this snap is: volume-1848db9d-6440-4e4a-9373-ba588af85d13.85dec780-90a6-4282-ab0c-da62b1478e5e {{(pid=80391) _delete_snapshot /opt/stack/cinder/cinder/volume/drivers/remotefs.py:1318}}
Nov 06 09:23:17 devstack cinder-volume[80391]: DEBUG oslo.privsep.daemon [-] privsep: reply[613081d2-9aa4-4adb-9e1b-b64dc9884078]: (4, 'qcow2') {{(pid=81315) _call_back /opt/stack/data/venv/lib/python3.10/site-packages/oslo_privsep/daemon.py:515}}
Nov 06 09:23:17 devstack cinder-volume[80391]: DEBUG oslo_concurrency.processutils [None req-f0057b93-dae4-4bb7-bbda-2100e0e09888 tempest-SnapshotsActionsTest-1191862166 None] Running cmd (subprocess): /opt/stack/data/venv/bin/python3.10 -m oslo_concurrency.prlimit --as=1073741824 --cpu=60 -- sudo cinder-rootwrap /etc/cinder/rootwrap.conf env LC_ALL=C qemu-img info -f qcow2 --output=json --force-share /opt/stack/data/cinder/mnt/228a8b0a3542f42df4ce2f0748a0a49d/volume-1848db9d-6440-4e4a-9373-ba588af85d13.85dec780-90a6-4282-ab0c-da62b1478e5e {{(pid=80391) execute /opt/stack/data/venv/lib/python3.10/site-packages/oslo_concurrency/processutils.py:349}}
Nov 06 09:23:17 devstack sudo[85204]: quobyte : PWD=/ ; USER=root ; COMMAND=/opt/stack/data/venv/bin/cinder-rootwrap /etc/cinder/rootwrap.conf env LC_ALL=C qemu-img info -f qcow2 --output=json --force-share /opt/stack/data/cinder/mnt/228a8b0a3542f42df4ce2f0748a0a49d/volume-1848db9d-6440-4e4a-9373-ba588af85d13.85dec780-90a6-4282-ab0c-da62b1478e5e
Nov 06 09:23:17 devstack sudo[85204]: pam_unix(sudo:session): session opened for user root(uid=0) by (uid=1000)
Nov 06 09:23:18 devstack sudo[85204]: pam_unix(sudo:session): session closed for user root
Nov 06 09:23:18 devstack cinder-volume[80391]: DEBUG oslo_concurrency.processutils [None req-f0057b93-dae4-4bb7-bbda-2100e0e09888 tempest-SnapshotsActionsTest-1191862166 None] CMD "/opt/stack/data/venv/bin/python3.10 -m oslo_concurrency.prlimit --as=1073741824 --cpu=60 -- sudo cinder-rootwrap /etc/cinder/rootwrap.conf env LC_ALL=C qemu-img info -f qcow2 --output=json --force-share /opt/stack/data/cinder/mnt/228a8b0a3542f42df4ce2f0748a0a49d/volume-1848db9d-6440-4e4a-9373-ba588af85d13.85dec780-90a6-4282-ab0c-da62b1478e5e" returned: 0 in 0.680s {{(pid=80391) execute /opt/stack/data/venv/lib/python3.10/site-packages/oslo_concurrency/processutils.py:372}}
Nov 06 09:23:18 devstack cinder-volume[80391]: DEBUG cinder.volume.drivers.remotefs [None req-f0057b93-dae4-4bb7-bbda-2100e0e09888 tempest-SnapshotsActionsTest-1191862166 None] Fetching qemu-img info with special backing_file_template: (/opt/stack/data/cinder/mnt/[0-9a-f]+/)?(volume-1848db9d-6440-4e4a-9373-ba588af85d13(.(tmp-snap-)?[0-9a-f-]+)?|volume_from_snapshot_cache/(tmp-snap-)?[0-9a-f-]+(.(child-|parent-)[0-9a-f-]+)?)$ {{(pid=80391) _qemu_img_info_base /opt/stack/cinder/cinder/volume/drivers/remotefs.py:897}}
Nov 06 09:23:18 devstack cinder-volume[80391]: DEBUG oslo.privsep.daemon [-] privsep: reply[95367311-dcdc-4ae1-9f81-b2dc630b0b3c]: (4, 'qcow2') {{(pid=81315) _call_back /opt/stack/data/venv/lib/python3.10/site-packages/oslo_privsep/daemon.py:515}}
Nov 06 09:23:18 devstack cinder-volume[80391]: DEBUG oslo_concurrency.processutils [None req-f0057b93-dae4-4bb7-bbda-2100e0e09888 tempest-SnapshotsActionsTest-1191862166 None] Running cmd (subprocess): /opt/stack/data/venv/bin/python3.10 -m oslo_concurrency.prlimit --as=1073741824 --cpu=60 -- sudo cinder-rootwrap /etc/cinder/rootwrap.conf env LC_ALL=C qemu-img info -f qcow2 --output=json --force-share /opt/stack/data/cinder/mnt/228a8b0a3542f42df4ce2f0748a0a49d/volume-1848db9d-6440-4e4a-9373-ba588af85d13.3d7b1e26-cecc-48c0-9783-ab1a0105868c {{(pid=80391) execute /opt/stack/data/venv/lib/python3.10/site-packages/oslo_concurrency/processutils.py:349}}
Nov 06 09:23:18 devstack sudo[85209]: quobyte : PWD=/ ; USER=root ; COMMAND=/opt/stack/data/venv/bin/cinder-rootwrap /etc/cinder/rootwrap.conf env LC_ALL=C qemu-img info -f qcow2 --output=json --force-share /opt/stack/data/cinder/mnt/228a8b0a3542f42df4ce2f0748a0a49d/volume-1848db9d-6440-4e4a-9373-ba588af85d13.3d7b1e26-cecc-48c0-9783-ab1a0105868c
Nov 06 09:23:18 devstack sudo[85209]: pam_unix(sudo:session): session opened for user root(uid=0) by (uid=1000)
Nov 06 09:23:18 devstack sudo[85209]: pam_unix(sudo:session): session closed for user root
Nov 06 09:23:19 devstack cinder-volume[80391]: DEBUG oslo_concurrency.processutils [None req-f0057b93-dae4-4bb7-bbda-2100e0e09888 tempest-SnapshotsActionsTest-1191862166 None] CMD "/opt/stack/data/venv/bin/python3.10 -m oslo_concurrency.prlimit --as=1073741824 --cpu=60 -- sudo cinder-rootwrap /etc/cinder/rootwrap.conf env LC_ALL=C qemu-img info -f qcow2 --output=json --force-share /opt/stack/data/cinder/mnt/228a8b0a3542f42df4ce2f0748a0a49d/volume-1848db9d-6440-4e4a-9373-ba588af85d13.3d7b1e26-cecc-48c0-9783-ab1a0105868c" returned: 0 in 0.652s {{(pid=80391) execute /opt/stack/data/venv/lib/python3.10/site-packages/oslo_concurrency/processutils.py:372}}
Nov 06 09:23:19 devstack cinder-volume[80391]: DEBUG cinder.volume.drivers.remotefs [None req-f0057b93-dae4-4bb7-bbda-2100e0e09888 tempest-SnapshotsActionsTest-1191862166 None] Fetching qemu-img info with special backing_file_template: (/opt/stack/data/cinder/mnt/[0-9a-f]+/)?(volume-1848db9d-6440-4e4a-9373-ba588af85d13(.(tmp-snap-)?[0-9a-f-]+)?|volume_from_snapshot_cache/(tmp-snap-)?[0-9a-f-]+(.(child-|parent-)[0-9a-f-]+)?)$ {{(pid=80391) _qemu_img_info_base /opt/stack/cinder/cinder/volume/drivers/remotefs.py:897}}
Nov 06 09:23:19 devstack cinder-volume[80391]: DEBUG oslo_concurrency.processutils [None req-f0057b93-dae4-4bb7-bbda-2100e0e09888 tempest-SnapshotsActionsTest-1191862166 None] Running cmd (subprocess): sudo cinder-rootwrap /etc/cinder/rootwrap.conf qemu-img commit -d /opt/stack/data/cinder/mnt/228a8b0a3542f42df4ce2f0748a0a49d/volume-1848db9d-6440-4e4a-9373-ba588af85d13.85dec780-90a6-4282-ab0c-da62b1478e5e {{(pid=80391) execute /opt/stack/data/venv/lib/python3.10/site-packages/oslo_concurrency/processutils.py:349}}
Nov 06 09:23:19 devstack sudo[85222]: quobyte : PWD=/ ; USER=root ; COMMAND=/opt/stack/data/venv/bin/cinder-rootwrap /etc/cinder/rootwrap.conf qemu-img commit -d /opt/stack/data/cinder/mnt/228a8b0a3542f42df4ce2f0748a0a49d/volume-1848db9d-6440-4e4a-9373-ba588af85d13.85dec780-90a6-4282-ab0c-da62b1478e5e
Nov 06 09:23:19 devstack sudo[85222]: pam_unix(sudo:session): session opened for user root(uid=0) by (uid=1000)
Nov 06 09:23:19 devstack sudo[85222]: pam_unix(sudo:session): session closed for user root
Nov 06 09:23:19 devstack cinder-volume[80391]: DEBUG oslo_concurrency.processutils [None req-f0057b93-dae4-4bb7-bbda-2100e0e09888 tempest-SnapshotsActionsTest-1191862166 None] CMD "sudo cinder-rootwrap /etc/cinder/rootwrap.conf qemu-img commit -d /opt/stack/data/cinder/mnt/228a8b0a3542f42df4ce2f0748a0a49d/volume-1848db9d-6440-4e4a-9373-ba588af85d13.85dec780-90a6-4282-ab0c-da62b1478e5e" returned: 0 in 0.911s {{(pid=80391) execute /opt/stack/data/venv/lib/python3.10/site-packages/oslo_concurrency/processutils.py:372}}
Nov 06 09:23:19 devstack cinder-volume[80391]: DEBUG oslo_concurrency.processutils [None req-f0057b93-dae4-4bb7-bbda-2100e0e09888 tempest-SnapshotsActionsTest-1191862166 None] Running cmd (subprocess): sudo cinder-rootwrap /etc/cinder/rootwrap.conf rm -f /opt/stack/data/cinder/mnt/228a8b0a3542f42df4ce2f0748a0a49d/volume-1848db9d-6440-4e4a-9373-ba588af85d13.85dec780-90a6-4282-ab0c-da62b1478e5e {{(pid=80391) execute /opt/stack/data/venv/lib/python3.10/site-packages/oslo_concurrency/processutils.py:349}}
Nov 06 09:23:19 devstack sudo[85227]: quobyte : PWD=/ ; USER=root ; COMMAND=/opt/stack/data/venv/bin/cinder-rootwrap /etc/cinder/rootwrap.conf rm -f /opt/stack/data/cinder/mnt/228a8b0a3542f42df4ce2f0748a0a49d/volume-1848db9d-6440-4e4a-9373-ba588af85d13.85dec780-90a6-4282-ab0c-da62b1478e5e
Nov 06 09:23:19 devstack sudo[85227]: pam_unix(sudo:session): session opened for user root(uid=0) by (uid=1000)
Nov 06 09:23:20 devstack sudo[85227]: pam_unix(sudo:session): session closed for user root
Nov 06 09:23:20 devstack cinder-volume[80391]: DEBUG oslo_concurrency.processutils [None req-f0057b93-dae4-4bb7-bbda-2100e0e09888 tempest-SnapshotsActionsTest-1191862166 None] CMD "sudo cinder-rootwrap /etc/cinder/rootwrap.conf rm -f /opt/stack/data/cinder/mnt/228a8b0a3542f42df4ce2f0748a0a49d/volume-1848db9d-6440-4e4a-9373-ba588af85d13.85dec780-90a6-4282-ab0c-da62b1478e5e" returned: 0 in 1.028s {{(pid=80391) execute /opt/stack/data/venv/lib/python3.10/site-packages/oslo_concurrency/processutils.py:372}}
Nov 06 09:23:20 devstack cinder-volume[80391]: DEBUG cinder.coordination [None req-f0057b93-dae4-4bb7-bbda-2100e0e09888 tempest-SnapshotsActionsTest-1191862166 None] Lock "cinder-quobyte-85dec780-90a6-4282-ab0c-da62b1478e5e" released by "_delete_snapshot" :: held 3.374s {{(pid=80391) __release /opt/stack/cinder/cinder/coordination.py:157}}
Nov 06 09:23:20 devstack cinder-volume[80391]: DEBUG cinder.coordination [None req-f0057b93-dae4-4bb7-bbda-2100e0e09888 tempest-SnapshotsActionsTest-1191862166 None] Lock "cinder-quobyte-1848db9d-6440-4e4a-9373-ba588af85d13" released by "delete_snapshot" :: held 3.389s {{(pid=80391) __release /opt/stack/cinder/cinder/coordination.py:157}}
Nov 06 09:23:21 devstack cinder-volume[80391]: DEBUG cinder.quota [None req-f0057b93-dae4-4bb7-bbda-2100e0e09888 tempest-SnapshotsActionsTest-1191862166 None] Created reservations ['4f611aab-ef12-4696-b1d3-00e0c9f2db82', '2886ef7c-0626-4dff-b145-24059861bc0a', 'eccf2d6f-1be4-4544-af86-9c742d76ffbf', 'd2f8c76c-0364-4528-84d0-232ed5a6a071'] {{(pid=80391) reserve /opt/stack/cinder/cinder/quota.py:752}}
Nov 06 09:23:21 devstack cinder-volume[80391]: INFO cinder.volume.manager [None req-f0057b93-dae4-4bb7-bbda-2100e0e09888 tempest-SnapshotsActionsTest-1191862166 None] Delete snapshot completed successfully.
Nov 06 09:23:21 devstack cinder-volume[80391]: DEBUG cinder.coordination [None req-f0057b93-dae4-4bb7-bbda-2100e0e09888 tempest-SnapshotsActionsTest-1191862166 None] Lock "cinder-85dec780-90a6-4282-ab0c-da62b1478e5e-delete_snapshot" released by "delete_snapshot" :: held 3.598s {{(pid=80391) __release /opt/stack/cinder/cinder/coordination.py:157}}
Nov 06 09:23:21 devstack cinder-volume[80391]: DEBUG oslo_concurrency.lockutils [req-8d19ca70-944e-4e4e-ad43-1594eaf22d54 req-636b2cc7-31ed-46d1-a6ec-3f2048032df6 tempest-TaggedBootDevicesTest_v242-1965135904 None] Acquiring lock "quobyte" by "cinder.volume.drivers.quobyte.QuobyteDriver.initialize_connection" {{(pid=80391) inner /opt/stack/data/venv/lib/python3.10/site-packages/oslo_concurrency/lockutils.py:405}}
Nov 06 09:23:21 devstack cinder-volume[80391]: DEBUG oslo_concurrency.lockutils [req-8d19ca70-944e-4e4e-ad43-1594eaf22d54 req-636b2cc7-31ed-46d1-a6ec-3f2048032df6 tempest-TaggedBootDevicesTest_v242-1965135904 None] Lock "quobyte" acquired by "cinder.volume.drivers.quobyte.QuobyteDriver.initialize_connection" :: waited 0.001s {{(pid=80391) inner /opt/stack/data/venv/lib/python3.10/site-packages/oslo_concurrency/lockutils.py:410}}
Nov 06 09:23:21 devstack cinder-volume[80391]: DEBUG oslo.privsep.daemon [-] privsep: reply[cfa1c6a4-56a7-4db0-9c0e-0a1f369ff82a]: (4, 'raw') {{(pid=81315) _call_back /opt/stack/data/venv/lib/python3.10/site-packages/oslo_privsep/daemon.py:515}}
Nov 06 09:23:21 devstack cinder-volume[80391]: DEBUG oslo_concurrency.processutils [req-8d19ca70-944e-4e4e-ad43-1594eaf22d54 req-636b2cc7-31ed-46d1-a6ec-3f2048032df6 tempest-TaggedBootDevicesTest_v242-1965135904 None] Running cmd (subprocess): /opt/stack/data/venv/bin/python3.10 -m oslo_concurrency.prlimit --as=1073741824 --cpu=60 -- sudo cinder-rootwrap /etc/cinder/rootwrap.conf env LC_ALL=C qemu-img info -f raw --output=json --force-share /opt/stack/data/cinder/mnt/228a8b0a3542f42df4ce2f0748a0a49d/volume-b3b83d94-4dae-4dfb-88e8-d24b40f074e7 {{(pid=80391) execute /opt/stack/data/venv/lib/python3.10/site-packages/oslo_concurrency/processutils.py:349}}
Nov 06 09:23:21 devstack sudo[85242]: quobyte : PWD=/ ; USER=root ; COMMAND=/opt/stack/data/venv/bin/cinder-rootwrap /etc/cinder/rootwrap.conf env LC_ALL=C qemu-img info -f raw --output=json --force-share /opt/stack/data/cinder/mnt/228a8b0a3542f42df4ce2f0748a0a49d/volume-b3b83d94-4dae-4dfb-88e8-d24b40f074e7
Nov 06 09:23:21 devstack sudo[85242]: pam_unix(sudo:session): session opened for user root(uid=0) by (uid=1000)
Nov 06 09:23:22 devstack cinder-volume[80391]: WARNING cinder.volume.volume_utils [None req-116e590e-4712-41f2-b11d-96efb8f19615 tempest-SnapshotsActionsTest-550296956 None] Volume driver (QuobyteDriver 1.1.13) is currently unsupported and may be removed in the next release of OpenStack. Use at your own risk.
Nov 06 09:23:22 devstack cinder-volume[80391]: DEBUG oslo_concurrency.lockutils [None req-116e590e-4712-41f2-b11d-96efb8f19615 tempest-SnapshotsActionsTest-550296956 None] Acquiring lock "quobyte" by "cinder.volume.drivers.quobyte.QuobyteDriver.create_snapshot" {{(pid=80391) inner /opt/stack/data/venv/lib/python3.10/site-packages/oslo_concurrency/lockutils.py:405}}
Nov 06 09:23:22 devstack sudo[85242]: pam_unix(sudo:session): session closed for user root
Nov 06 09:23:22 devstack cinder-volume[80391]: DEBUG oslo_concurrency.processutils [req-8d19ca70-944e-4e4e-ad43-1594eaf22d54 req-636b2cc7-31ed-46d1-a6ec-3f2048032df6 tempest-TaggedBootDevicesTest_v242-1965135904 None] CMD "/opt/stack/data/venv/bin/python3.10 -m oslo_concurrency.prlimit --as=1073741824 --cpu=60 -- sudo cinder-rootwrap /etc/cinder/rootwrap.conf env LC_ALL=C qemu-img info -f raw --output=json --force-share /opt/stack/data/cinder/mnt/228a8b0a3542f42df4ce2f0748a0a49d/volume-b3b83d94-4dae-4dfb-88e8-d24b40f074e7" returned: 0 in 0.761s {{(pid=80391) execute /opt/stack/data/venv/lib/python3.10/site-packages/oslo_concurrency/processutils.py:372}}
Nov 06 09:23:22 devstack cinder-volume[80391]: DEBUG oslo_concurrency.processutils [req-8d19ca70-944e-4e4e-ad43-1594eaf22d54 req-636b2cc7-31ed-46d1-a6ec-3f2048032df6 tempest-TaggedBootDevicesTest_v242-1965135904 None] Running cmd (subprocess): /opt/stack/data/venv/bin/python3.10 -m oslo_concurrency.prlimit --as=1073741824 --cpu=60 -- sudo cinder-rootwrap /etc/cinder/rootwrap.conf env LC_ALL=C qemu-img info -f luks --output=json --force-share /opt/stack/data/cinder/mnt/228a8b0a3542f42df4ce2f0748a0a49d/volume-b3b83d94-4dae-4dfb-88e8-d24b40f074e7 {{(pid=80391) execute /opt/stack/data/venv/lib/python3.10/site-packages/oslo_concurrency/processutils.py:349}}
Nov 06 09:23:22 devstack sudo[85246]: quobyte : PWD=/ ; USER=root ; COMMAND=/opt/stack/data/venv/bin/cinder-rootwrap /etc/cinder/rootwrap.conf env LC_ALL=C qemu-img info -f luks --output=json --force-share /opt/stack/data/cinder/mnt/228a8b0a3542f42df4ce2f0748a0a49d/volume-b3b83d94-4dae-4dfb-88e8-d24b40f074e7
Nov 06 09:23:22 devstack sudo[85246]: pam_unix(sudo:session): session opened for user root(uid=0) by (uid=1000)
Nov 06 09:23:23 devstack sudo[85246]: pam_unix(sudo:session): session closed for user root
Nov 06 09:23:23 devstack cinder-volume[80391]: DEBUG oslo_concurrency.processutils [req-8d19ca70-944e-4e4e-ad43-1594eaf22d54 req-636b2cc7-31ed-46d1-a6ec-3f2048032df6 tempest-TaggedBootDevicesTest_v242-1965135904 None] CMD "/opt/stack/data/venv/bin/python3.10 -m oslo_concurrency.prlimit --as=1073741824 --cpu=60 -- sudo cinder-rootwrap /etc/cinder/rootwrap.conf env LC_ALL=C qemu-img info -f luks --output=json --force-share /opt/stack/data/cinder/mnt/228a8b0a3542f42df4ce2f0748a0a49d/volume-b3b83d94-4dae-4dfb-88e8-d24b40f074e7" returned: 1 in 0.654s {{(pid=80391) execute /opt/stack/data/venv/lib/python3.10/site-packages/oslo_concurrency/processutils.py:372}}
Nov 06 09:23:23 devstack cinder-volume[80391]: DEBUG oslo_concurrency.processutils [req-8d19ca70-944e-4e4e-ad43-1594eaf22d54 req-636b2cc7-31ed-46d1-a6ec-3f2048032df6 tempest-TaggedBootDevicesTest_v242-1965135904 None] '/opt/stack/data/venv/bin/python3.10 -m oslo_concurrency.prlimit --as=1073741824 --cpu=60 -- sudo cinder-rootwrap /etc/cinder/rootwrap.conf env LC_ALL=C qemu-img info -f luks --output=json --force-share /opt/stack/data/cinder/mnt/228a8b0a3542f42df4ce2f0748a0a49d/volume-b3b83d94-4dae-4dfb-88e8-d24b40f074e7' failed. Not Retrying. {{(pid=80391) execute /opt/stack/data/venv/lib/python3.10/site-packages/oslo_concurrency/processutils.py:423}}
Nov 06 09:23:23 devstack cinder-volume[80391]: DEBUG oslo_concurrency.lockutils [req-8d19ca70-944e-4e4e-ad43-1594eaf22d54 req-636b2cc7-31ed-46d1-a6ec-3f2048032df6 tempest-TaggedBootDevicesTest_v242-1965135904 None] Lock "quobyte" "released" by "cinder.volume.drivers.quobyte.QuobyteDriver.initialize_connection" :: held 1.465s {{(pid=80391) inner /opt/stack/data/venv/lib/python3.10/site-packages/oslo_concurrency/lockutils.py:424}}
Nov 06 09:23:23 devstack cinder-volume[80391]: DEBUG oslo_concurrency.lockutils [None req-116e590e-4712-41f2-b11d-96efb8f19615 tempest-SnapshotsActionsTest-550296956 None] Lock "quobyte" acquired by "cinder.volume.drivers.quobyte.QuobyteDriver.create_snapshot" :: waited 1.141s {{(pid=80391) inner /opt/stack/data/venv/lib/python3.10/site-packages/oslo_concurrency/lockutils.py:410}}
Nov 06 09:23:23 devstack cinder-volume[80391]: DEBUG cinder.volume.manager [req-8d19ca70-944e-4e4e-ad43-1594eaf22d54 req-636b2cc7-31ed-46d1-a6ec-3f2048032df6 tempest-TaggedBootDevicesTest_v242-1965135904 None] Connection info returned from driver {'export': 'osci02.corp.quobyte.com/cinder-vol-4dd0d2bb-13d8-4573-b857-03ed6b9e0edb', 'name': 'volume-b3b83d94-4dae-4dfb-88e8-d24b40f074e7', 'options': None, 'format': 'raw', 'qos_specs': None, 'access_mode': 'rw', 'encrypted': False, 'cacheable': False, 'driver_volume_type': 'quobyte', 'mount_point_base': '/opt/stack/data/cinder/mnt', 'attachment_id': '95213c27-449d-42ea-baa3-8cc9c168c022', 'enforce_multipath': True} {{(pid=80391) _connection_create /opt/stack/cinder/cinder/volume/manager.py:4892}}
Nov 06 09:23:23 devstack cinder-volume[80391]: WARNING cinder.volume.volume_utils [req-8d19ca70-944e-4e4e-ad43-1594eaf22d54 req-636b2cc7-31ed-46d1-a6ec-3f2048032df6 tempest-TaggedBootDevicesTest_v242-1965135904 None] Volume driver (QuobyteDriver 1.1.13) is currently unsupported and may be removed in the next release of OpenStack. Use at your own risk.
Nov 06 09:23:23 devstack cinder-volume[80391]: DEBUG cinder.volume.drivers.remotefs [None req-116e590e-4712-41f2-b11d-96efb8f19615 tempest-SnapshotsActionsTest-550296956 None] Creating offline snapshot 77a26ad0-e25a-43ca-9165-637a74a577e4 of volume 1848db9d-6440-4e4a-9373-ba588af85d13 {{(pid=80391) _create_snapshot /opt/stack/cinder/cinder/volume/drivers/remotefs.py:1816}}
Nov 06 09:23:23 devstack cinder-volume[80391]: DEBUG oslo.privsep.daemon [-] privsep: reply[66b48fe0-f8d0-4d58-9ce9-d7da7f233fb2]: (4, 'qcow2') {{(pid=81315) _call_back /opt/stack/data/venv/lib/python3.10/site-packages/oslo_privsep/daemon.py:515}}
Nov 06 09:23:23 devstack cinder-volume[80391]: DEBUG oslo_concurrency.processutils [None req-116e590e-4712-41f2-b11d-96efb8f19615 tempest-SnapshotsActionsTest-550296956 None] Running cmd (subprocess): /opt/stack/data/venv/bin/python3.10 -m oslo_concurrency.prlimit --as=1073741824 --cpu=60 -- sudo cinder-rootwrap /etc/cinder/rootwrap.conf env LC_ALL=C qemu-img info -f qcow2 --output=json --force-share /opt/stack/data/cinder/mnt/228a8b0a3542f42df4ce2f0748a0a49d/volume-1848db9d-6440-4e4a-9373-ba588af85d13.3d7b1e26-cecc-48c0-9783-ab1a0105868c {{(pid=80391) execute /opt/stack/data/venv/lib/python3.10/site-packages/oslo_concurrency/processutils.py:349}}
Nov 06 09:23:23 devstack cinder-volume[80391]: INFO cinder.volume.manager [req-8d19ca70-944e-4e4e-ad43-1594eaf22d54 req-636b2cc7-31ed-46d1-a6ec-3f2048032df6 tempest-TaggedBootDevicesTest_v242-1965135904 None] attachment_update completed successfully.
Nov 06 09:23:23 devstack sudo[85251]: quobyte : PWD=/ ; USER=root ; COMMAND=/opt/stack/data/venv/bin/cinder-rootwrap /etc/cinder/rootwrap.conf env LC_ALL=C qemu-img info -f qcow2 --output=json --force-share /opt/stack/data/cinder/mnt/228a8b0a3542f42df4ce2f0748a0a49d/volume-1848db9d-6440-4e4a-9373-ba588af85d13.3d7b1e26-cecc-48c0-9783-ab1a0105868c
Nov 06 09:23:23 devstack sudo[85251]: pam_unix(sudo:session): session opened for user root(uid=0) by (uid=1000)
Nov 06 09:23:23 devstack sudo[85251]: pam_unix(sudo:session): session closed for user root
Nov 06 09:23:23 devstack cinder-volume[80391]: DEBUG oslo_concurrency.processutils [None req-116e590e-4712-41f2-b11d-96efb8f19615 tempest-SnapshotsActionsTest-550296956 None] CMD "/opt/stack/data/venv/bin/python3.10 -m oslo_concurrency.prlimit --as=1073741824 --cpu=60 -- sudo cinder-rootwrap /etc/cinder/rootwrap.conf env LC_ALL=C qemu-img info -f qcow2 --output=json --force-share /opt/stack/data/cinder/mnt/228a8b0a3542f42df4ce2f0748a0a49d/volume-1848db9d-6440-4e4a-9373-ba588af85d13.3d7b1e26-cecc-48c0-9783-ab1a0105868c" returned: 0 in 0.719s {{(pid=80391) execute /opt/stack/data/venv/lib/python3.10/site-packages/oslo_concurrency/processutils.py:372}}
Nov 06 09:23:23 devstack cinder-volume[80391]: DEBUG cinder.volume.drivers.remotefs [None req-116e590e-4712-41f2-b11d-96efb8f19615 tempest-SnapshotsActionsTest-550296956 None] Fetching qemu-img info with special backing_file_template: (/opt/stack/data/cinder/mnt/[0-9a-f]+/)?(volume-1848db9d-6440-4e4a-9373-ba588af85d13(.(tmp-snap-)?[0-9a-f-]+)?|volume_from_snapshot_cache/(tmp-snap-)?[0-9a-f-]+(.(child-|parent-)[0-9a-f-]+)?)$ {{(pid=80391) _qemu_img_info_base /opt/stack/cinder/cinder/volume/drivers/remotefs.py:897}}
Nov 06 09:23:23 devstack cinder-volume[80391]: DEBUG oslo_concurrency.processutils [None req-116e590e-4712-41f2-b11d-96efb8f19615 tempest-SnapshotsActionsTest-550296956 None] Running cmd (subprocess): sudo cinder-rootwrap /etc/cinder/rootwrap.conf qemu-img create -f qcow2 -o backing_file=/opt/stack/data/cinder/mnt/228a8b0a3542f42df4ce2f0748a0a49d/volume-1848db9d-6440-4e4a-9373-ba588af85d13.3d7b1e26-cecc-48c0-9783-ab1a0105868c,backing_fmt=qcow2 /opt/stack/data/cinder/mnt/228a8b0a3542f42df4ce2f0748a0a49d/volume-1848db9d-6440-4e4a-9373-ba588af85d13.77a26ad0-e25a-43ca-9165-637a74a577e4 1G {{(pid=80391) execute /opt/stack/data/venv/lib/python3.10/site-packages/oslo_concurrency/processutils.py:349}}
Nov 06 09:23:23 devstack sudo[85256]: quobyte : PWD=/ ; USER=root ; COMMAND=/opt/stack/data/venv/bin/cinder-rootwrap /etc/cinder/rootwrap.conf qemu-img create -f qcow2 -o backing_file=/opt/stack/data/cinder/mnt/228a8b0a3542f42df4ce2f0748a0a49d/volume-1848db9d-6440-4e4a-9373-ba588af85d13.3d7b1e26-cecc-48c0-9783-ab1a0105868c,backing_fmt=qcow2 /opt/stack/data/cinder/mnt/228a8b0a3542f42df4ce2f0748a0a49d/volume-1848db9d-6440-4e4a-9373-ba588af85d13.77a26ad0-e25a-43ca-9165-637a74a577e4 1G
Nov 06 09:23:23 devstack sudo[85256]: pam_unix(sudo:session): session opened for user root(uid=0) by (uid=1000)
Nov 06 09:23:24 devstack sudo[85256]: pam_unix(sudo:session): session closed for user root
Nov 06 09:23:24 devstack cinder-volume[80391]: DEBUG oslo_concurrency.processutils [None req-116e590e-4712-41f2-b11d-96efb8f19615 tempest-SnapshotsActionsTest-550296956 None] CMD "sudo cinder-rootwrap /etc/cinder/rootwrap.conf qemu-img create -f qcow2 -o backing_file=/opt/stack/data/cinder/mnt/228a8b0a3542f42df4ce2f0748a0a49d/volume-1848db9d-6440-4e4a-9373-ba588af85d13.3d7b1e26-cecc-48c0-9783-ab1a0105868c,backing_fmt=qcow2 /opt/stack/data/cinder/mnt/228a8b0a3542f42df4ce2f0748a0a49d/volume-1848db9d-6440-4e4a-9373-ba588af85d13.77a26ad0-e25a-43ca-9165-637a74a577e4 1G" returned: 0 in 0.702s {{(pid=80391) execute /opt/stack/data/venv/lib/python3.10/site-packages/oslo_concurrency/processutils.py:372}}
Nov 06 09:23:24 devstack cinder-volume[80391]: DEBUG oslo_concurrency.processutils [None req-116e590e-4712-41f2-b11d-96efb8f19615 tempest-SnapshotsActionsTest-550296956 None] Running cmd (subprocess): sudo cinder-rootwrap /etc/cinder/rootwrap.conf qemu-img rebase -u -b volume-1848db9d-6440-4e4a-9373-ba588af85d13.3d7b1e26-cecc-48c0-9783-ab1a0105868c -F qcow2 /opt/stack/data/cinder/mnt/228a8b0a3542f42df4ce2f0748a0a49d/volume-1848db9d-6440-4e4a-9373-ba588af85d13.77a26ad0-e25a-43ca-9165-637a74a577e4 {{(pid=80391) execute /opt/stack/data/venv/lib/python3.10/site-packages/oslo_concurrency/processutils.py:349}}
Nov 06 09:23:24 devstack sudo[85262]: quobyte : PWD=/ ; USER=root ; COMMAND=/opt/stack/data/venv/bin/cinder-rootwrap /etc/cinder/rootwrap.conf qemu-img rebase -u -b volume-1848db9d-6440-4e4a-9373-ba588af85d13.3d7b1e26-cecc-48c0-9783-ab1a0105868c -F qcow2 /opt/stack/data/cinder/mnt/228a8b0a3542f42df4ce2f0748a0a49d/volume-1848db9d-6440-4e4a-9373-ba588af85d13.77a26ad0-e25a-43ca-9165-637a74a577e4
Nov 06 09:23:24 devstack sudo[85262]: pam_unix(sudo:session): session opened for user root(uid=0) by (uid=1000)
Nov 06 09:23:25 devstack cinder-volume[80391]: DEBUG oslo_concurrency.lockutils [req-8d19ca70-944e-4e4e-ad43-1594eaf22d54 req-27388524-ff0b-47e9-b8c0-cb155a1ef469 tempest-TaggedBootDevicesTest_v242-1965135904 None] Acquiring lock "quobyte" by "cinder.volume.drivers.quobyte.QuobyteDriver.initialize_connection" {{(pid=80391) inner /opt/stack/data/venv/lib/python3.10/site-packages/oslo_concurrency/lockutils.py:405}}
Nov 06 09:23:25 devstack sudo[85262]: pam_unix(sudo:session): session closed for user root
Nov 06 09:23:25 devstack cinder-volume[80391]: DEBUG oslo_concurrency.processutils [None req-116e590e-4712-41f2-b11d-96efb8f19615 tempest-SnapshotsActionsTest-550296956 None] CMD "sudo cinder-rootwrap /etc/cinder/rootwrap.conf qemu-img rebase -u -b volume-1848db9d-6440-4e4a-9373-ba588af85d13.3d7b1e26-cecc-48c0-9783-ab1a0105868c -F qcow2 /opt/stack/data/cinder/mnt/228a8b0a3542f42df4ce2f0748a0a49d/volume-1848db9d-6440-4e4a-9373-ba588af85d13.77a26ad0-e25a-43ca-9165-637a74a577e4" returned: 0 in 0.754s {{(pid=80391) execute /opt/stack/data/venv/lib/python3.10/site-packages/oslo_concurrency/processutils.py:372}}
Nov 06 09:23:25 devstack cinder-volume[80391]: WARNING cinder.volume.drivers.remotefs [None req-116e590e-4712-41f2-b11d-96efb8f19615 tempest-SnapshotsActionsTest-550296956 None] /opt/stack/data/cinder/mnt/228a8b0a3542f42df4ce2f0748a0a49d/volume-1848db9d-6440-4e4a-9373-ba588af85d13.77a26ad0-e25a-43ca-9165-637a74a577e4 is being set with open permissions: ugo+rw
Nov 06 09:23:25 devstack cinder-volume[80391]: DEBUG oslo_concurrency.processutils [None req-116e590e-4712-41f2-b11d-96efb8f19615 tempest-SnapshotsActionsTest-550296956 None] Running cmd (subprocess): sudo cinder-rootwrap /etc/cinder/rootwrap.conf chmod ugo+rw /opt/stack/data/cinder/mnt/228a8b0a3542f42df4ce2f0748a0a49d/volume-1848db9d-6440-4e4a-9373-ba588af85d13.77a26ad0-e25a-43ca-9165-637a74a577e4 {{(pid=80391) execute /opt/stack/data/venv/lib/python3.10/site-packages/oslo_concurrency/processutils.py:349}}
Nov 06 09:23:25 devstack sudo[85276]: quobyte : PWD=/ ; USER=root ; COMMAND=/opt/stack/data/venv/bin/cinder-rootwrap /etc/cinder/rootwrap.conf chmod ugo+rw /opt/stack/data/cinder/mnt/228a8b0a3542f42df4ce2f0748a0a49d/volume-1848db9d-6440-4e4a-9373-ba588af85d13.77a26ad0-e25a-43ca-9165-637a74a577e4
Nov 06 09:23:25 devstack sudo[85276]: pam_unix(sudo:session): session opened for user root(uid=0) by (uid=1000)
Nov 06 09:23:25 devstack sudo[85276]: pam_unix(sudo:session): session closed for user root
Nov 06 09:23:25 devstack cinder-volume[80391]: DEBUG oslo_concurrency.processutils [None req-116e590e-4712-41f2-b11d-96efb8f19615 tempest-SnapshotsActionsTest-550296956 None] CMD "sudo cinder-rootwrap /etc/cinder/rootwrap.conf chmod ugo+rw /opt/stack/data/cinder/mnt/228a8b0a3542f42df4ce2f0748a0a49d/volume-1848db9d-6440-4e4a-9373-ba588af85d13.77a26ad0-e25a-43ca-9165-637a74a577e4" returned: 0 in 0.479s {{(pid=80391) execute /opt/stack/data/venv/lib/python3.10/site-packages/oslo_concurrency/processutils.py:372}}
Nov 06 09:23:25 devstack cinder-volume[80391]: DEBUG oslo_concurrency.lockutils [None req-116e590e-4712-41f2-b11d-96efb8f19615 tempest-SnapshotsActionsTest-550296956 None] Lock "quobyte" "released" by "cinder.volume.drivers.quobyte.QuobyteDriver.create_snapshot" :: held 2.771s {{(pid=80391) inner /opt/stack/data/venv/lib/python3.10/site-packages/oslo_concurrency/lockutils.py:424}}
Nov 06 09:23:25 devstack cinder-volume[80391]: DEBUG oslo_concurrency.lockutils [req-8d19ca70-944e-4e4e-ad43-1594eaf22d54 req-27388524-ff0b-47e9-b8c0-cb155a1ef469 tempest-TaggedBootDevicesTest_v242-1965135904 None] Lock "quobyte" acquired by "cinder.volume.drivers.quobyte.QuobyteDriver.initialize_connection" :: waited 0.909s {{(pid=80391) inner /opt/stack/data/venv/lib/python3.10/site-packages/oslo_concurrency/lockutils.py:410}}
Nov 06 09:23:25 devstack cinder-volume[80391]: DEBUG oslo.privsep.daemon [-] privsep: reply[f5b9be9b-3469-44e5-b34f-b033a5e7620a]: (4, 'qcow2') {{(pid=81315) _call_back /opt/stack/data/venv/lib/python3.10/site-packages/oslo_privsep/daemon.py:515}}
Nov 06 09:23:25 devstack cinder-volume[80391]: DEBUG oslo_concurrency.processutils [req-8d19ca70-944e-4e4e-ad43-1594eaf22d54 req-27388524-ff0b-47e9-b8c0-cb155a1ef469 tempest-TaggedBootDevicesTest_v242-1965135904 None] Running cmd (subprocess): /opt/stack/data/venv/bin/python3.10 -m oslo_concurrency.prlimit --as=1073741824 --cpu=60 -- sudo cinder-rootwrap /etc/cinder/rootwrap.conf env LC_ALL=C qemu-img info -f qcow2 --output=json --force-share /opt/stack/data/cinder/mnt/228a8b0a3542f42df4ce2f0748a0a49d/volume-e002e96d-afe6-4500-b7e6-2295d79f68ff {{(pid=80391) execute /opt/stack/data/venv/lib/python3.10/site-packages/oslo_concurrency/processutils.py:349}}
Nov 06 09:23:25 devstack cinder-volume[80391]: INFO cinder.volume.manager [None req-116e590e-4712-41f2-b11d-96efb8f19615 tempest-SnapshotsActionsTest-550296956 None] Create snapshot completed successfully
Nov 06 09:23:26 devstack sudo[85279]: quobyte : PWD=/ ; USER=root ; COMMAND=/opt/stack/data/venv/bin/cinder-rootwrap /etc/cinder/rootwrap.conf env LC_ALL=C qemu-img info -f qcow2 --output=json --force-share /opt/stack/data/cinder/mnt/228a8b0a3542f42df4ce2f0748a0a49d/volume-e002e96d-afe6-4500-b7e6-2295d79f68ff
Nov 06 09:23:26 devstack sudo[85279]: pam_unix(sudo:session): session opened for user root(uid=0) by (uid=1000)
Nov 06 09:23:26 devstack cinder-volume[80391]: DEBUG cinder.coordination [None req-acae8e4e-63e9-4bd0-83bc-111e3e95259d tempest-SnapshotsActionsTest-1191862166 None] Acquiring lock "cinder-77a26ad0-e25a-43ca-9165-637a74a577e4-delete_snapshot" by "delete_snapshot" {{(pid=80391) __acquire /opt/stack/cinder/cinder/coordination.py:143}}
Nov 06 09:23:26 devstack cinder-volume[80391]: DEBUG cinder.coordination [None req-acae8e4e-63e9-4bd0-83bc-111e3e95259d tempest-SnapshotsActionsTest-1191862166 None] Lock "cinder-77a26ad0-e25a-43ca-9165-637a74a577e4-delete_snapshot" acquired by "delete_snapshot" :: waited 0.012s {{(pid=80391) __acquire /opt/stack/cinder/cinder/coordination.py:146}}
Nov 06 09:23:26 devstack cinder-volume[80391]: WARNING cinder.volume.volume_utils [None req-acae8e4e-63e9-4bd0-83bc-111e3e95259d tempest-SnapshotsActionsTest-1191862166 None] Volume driver (QuobyteDriver 1.1.13) is currently unsupported and may be removed in the next release of OpenStack. Use at your own risk.
Nov 06 09:23:26 devstack cinder-volume[80391]: DEBUG cinder.coordination [None req-acae8e4e-63e9-4bd0-83bc-111e3e95259d tempest-SnapshotsActionsTest-1191862166 None] Acquiring lock "cinder-quobyte-1848db9d-6440-4e4a-9373-ba588af85d13" by "delete_snapshot" {{(pid=80391) __acquire /opt/stack/cinder/cinder/coordination.py:143}}
Nov 06 09:23:26 devstack cinder-volume[80391]: DEBUG cinder.coordination [None req-acae8e4e-63e9-4bd0-83bc-111e3e95259d tempest-SnapshotsActionsTest-1191862166 None] Lock "cinder-quobyte-1848db9d-6440-4e4a-9373-ba588af85d13" acquired by "delete_snapshot" :: waited 0.018s {{(pid=80391) __acquire /opt/stack/cinder/cinder/coordination.py:146}}
Nov 06 09:23:26 devstack cinder-volume[80391]: DEBUG cinder.coordination [None req-acae8e4e-63e9-4bd0-83bc-111e3e95259d tempest-SnapshotsActionsTest-1191862166 None] Acquiring lock "cinder-quobyte-77a26ad0-e25a-43ca-9165-637a74a577e4" by "_delete_snapshot" {{(pid=80391) __acquire /opt/stack/cinder/cinder/coordination.py:143}}
Nov 06 09:23:26 devstack cinder-volume[80391]: DEBUG cinder.coordination [None req-acae8e4e-63e9-4bd0-83bc-111e3e95259d tempest-SnapshotsActionsTest-1191862166 None] Lock "cinder-quobyte-77a26ad0-e25a-43ca-9165-637a74a577e4" acquired by "_delete_snapshot" :: waited 0.010s {{(pid=80391) __acquire /opt/stack/cinder/cinder/coordination.py:146}}
Nov 06 09:23:26 devstack cinder-volume[80391]: DEBUG cinder.volume.drivers.remotefs [None req-acae8e4e-63e9-4bd0-83bc-111e3e95259d tempest-SnapshotsActionsTest-1191862166 None] Deleting offline snapshot 77a26ad0-e25a-43ca-9165-637a74a577e4 of volume 1848db9d-6440-4e4a-9373-ba588af85d13 {{(pid=80391) _delete_snapshot /opt/stack/cinder/cinder/volume/drivers/remotefs.py:1289}}
Nov 06 09:23:26 devstack cinder-volume[80391]: DEBUG cinder.volume.drivers.remotefs [None req-acae8e4e-63e9-4bd0-83bc-111e3e95259d tempest-SnapshotsActionsTest-1191862166 None] snapshot_file for this snap is: volume-1848db9d-6440-4e4a-9373-ba588af85d13.77a26ad0-e25a-43ca-9165-637a74a577e4 {{(pid=80391) _delete_snapshot /opt/stack/cinder/cinder/volume/drivers/remotefs.py:1318}}
Nov 06 09:23:26 devstack cinder-volume[80391]: DEBUG oslo.privsep.daemon [-] privsep: reply[560af887-99ce-4a72-948c-892ba43386ae]: (4, 'qcow2') {{(pid=81315) _call_back /opt/stack/data/venv/lib/python3.10/site-packages/oslo_privsep/daemon.py:515}}
Nov 06 09:23:26 devstack cinder-volume[80391]: DEBUG oslo_concurrency.processutils [None req-acae8e4e-63e9-4bd0-83bc-111e3e95259d tempest-SnapshotsActionsTest-1191862166 None] Running cmd (subprocess): /opt/stack/data/venv/bin/python3.10 -m oslo_concurrency.prlimit --as=1073741824 --cpu=60 -- sudo cinder-rootwrap /etc/cinder/rootwrap.conf env LC_ALL=C qemu-img info -f qcow2 --output=json --force-share /opt/stack/data/cinder/mnt/228a8b0a3542f42df4ce2f0748a0a49d/volume-1848db9d-6440-4e4a-9373-ba588af85d13.77a26ad0-e25a-43ca-9165-637a74a577e4 {{(pid=80391) execute /opt/stack/data/venv/lib/python3.10/site-packages/oslo_concurrency/processutils.py:349}}
Nov 06 09:23:26 devstack sudo[85281]: quobyte : PWD=/ ; USER=root ; COMMAND=/opt/stack/data/venv/bin/cinder-rootwrap /etc/cinder/rootwrap.conf env LC_ALL=C qemu-img info -f qcow2 --output=json --force-share /opt/stack/data/cinder/mnt/228a8b0a3542f42df4ce2f0748a0a49d/volume-1848db9d-6440-4e4a-9373-ba588af85d13.77a26ad0-e25a-43ca-9165-637a74a577e4
Nov 06 09:23:26 devstack sudo[85281]: pam_unix(sudo:session): session opened for user root(uid=0) by (uid=1000)
Nov 06 09:23:26 devstack sudo[85279]: pam_unix(sudo:session): session closed for user root
Nov 06 09:23:26 devstack cinder-volume[80391]: DEBUG oslo_concurrency.processutils [req-8d19ca70-944e-4e4e-ad43-1594eaf22d54 req-27388524-ff0b-47e9-b8c0-cb155a1ef469 tempest-TaggedBootDevicesTest_v242-1965135904 None] CMD "/opt/stack/data/venv/bin/python3.10 -m oslo_concurrency.prlimit --as=1073741824 --cpu=60 -- sudo cinder-rootwrap /etc/cinder/rootwrap.conf env LC_ALL=C qemu-img info -f qcow2 --output=json --force-share /opt/stack/data/cinder/mnt/228a8b0a3542f42df4ce2f0748a0a49d/volume-e002e96d-afe6-4500-b7e6-2295d79f68ff" returned: 0 in 0.687s {{(pid=80391) execute /opt/stack/data/venv/lib/python3.10/site-packages/oslo_concurrency/processutils.py:372}}
Nov 06 09:23:26 devstack cinder-volume[80391]: DEBUG oslo_concurrency.lockutils [req-8d19ca70-944e-4e4e-ad43-1594eaf22d54 req-27388524-ff0b-47e9-b8c0-cb155a1ef469 tempest-TaggedBootDevicesTest_v242-1965135904 None] Lock "quobyte" "released" by "cinder.volume.drivers.quobyte.QuobyteDriver.initialize_connection" :: held 0.698s {{(pid=80391) inner /opt/stack/data/venv/lib/python3.10/site-packages/oslo_concurrency/lockutils.py:424}}
Nov 06 09:23:26 devstack cinder-volume[80391]: DEBUG cinder.volume.manager [req-8d19ca70-944e-4e4e-ad43-1594eaf22d54 req-27388524-ff0b-47e9-b8c0-cb155a1ef469 tempest-TaggedBootDevicesTest_v242-1965135904 None] Connection info returned from driver {'export': 'osci02.corp.quobyte.com/cinder-vol-4dd0d2bb-13d8-4573-b857-03ed6b9e0edb', 'name': 'volume-e002e96d-afe6-4500-b7e6-2295d79f68ff', 'options': None, 'format': 'qcow2', 'qos_specs': None, 'access_mode': 'rw', 'encrypted': False, 'cacheable': False, 'driver_volume_type': 'quobyte', 'mount_point_base': '/opt/stack/data/cinder/mnt', 'attachment_id': '7b6d20c1-7d13-45f3-a8fb-bdb686adb5d8', 'enforce_multipath': True} {{(pid=80391) _connection_create /opt/stack/cinder/cinder/volume/manager.py:4892}}
Nov 06 09:23:26 devstack cinder-volume[80391]: WARNING cinder.volume.volume_utils [req-8d19ca70-944e-4e4e-ad43-1594eaf22d54 req-27388524-ff0b-47e9-b8c0-cb155a1ef469 tempest-TaggedBootDevicesTest_v242-1965135904 None] Volume driver (QuobyteDriver 1.1.13) is currently unsupported and may be removed in the next release of OpenStack. Use at your own risk.
Nov 06 09:23:26 devstack cinder-volume[80391]: INFO cinder.volume.manager [req-8d19ca70-944e-4e4e-ad43-1594eaf22d54 req-27388524-ff0b-47e9-b8c0-cb155a1ef469 tempest-TaggedBootDevicesTest_v242-1965135904 None] attachment_update completed successfully.
Nov 06 09:23:27 devstack sudo[85281]: pam_unix(sudo:session): session closed for user root
Nov 06 09:23:27 devstack cinder-volume[80391]: DEBUG oslo_concurrency.processutils [None req-acae8e4e-63e9-4bd0-83bc-111e3e95259d tempest-SnapshotsActionsTest-1191862166 None] CMD "/opt/stack/data/venv/bin/python3.10 -m oslo_concurrency.prlimit --as=1073741824 --cpu=60 -- sudo cinder-rootwrap /etc/cinder/rootwrap.conf env LC_ALL=C qemu-img info -f qcow2 --output=json --force-share /opt/stack/data/cinder/mnt/228a8b0a3542f42df4ce2f0748a0a49d/volume-1848db9d-6440-4e4a-9373-ba588af85d13.77a26ad0-e25a-43ca-9165-637a74a577e4" returned: 0 in 0.759s {{(pid=80391) execute /opt/stack/data/venv/lib/python3.10/site-packages/oslo_concurrency/processutils.py:372}}
Nov 06 09:23:27 devstack cinder-volume[80391]: DEBUG cinder.volume.drivers.remotefs [None req-acae8e4e-63e9-4bd0-83bc-111e3e95259d tempest-SnapshotsActionsTest-1191862166 None] Fetching qemu-img info with special backing_file_template: (/opt/stack/data/cinder/mnt/[0-9a-f]+/)?(volume-1848db9d-6440-4e4a-9373-ba588af85d13(.(tmp-snap-)?[0-9a-f-]+)?|volume_from_snapshot_cache/(tmp-snap-)?[0-9a-f-]+(.(child-|parent-)[0-9a-f-]+)?)$ {{(pid=80391) _qemu_img_info_base /opt/stack/cinder/cinder/volume/drivers/remotefs.py:897}}
Nov 06 09:23:27 devstack cinder-volume[80391]: DEBUG oslo.privsep.daemon [-] privsep: reply[26884434-0b12-4d17-bdf1-a1f23b55e931]: (4, 'qcow2') {{(pid=81315) _call_back /opt/stack/data/venv/lib/python3.10/site-packages/oslo_privsep/daemon.py:515}}
Nov 06 09:23:27 devstack cinder-volume[80391]: DEBUG oslo_concurrency.processutils [None req-acae8e4e-63e9-4bd0-83bc-111e3e95259d tempest-SnapshotsActionsTest-1191862166 None] Running cmd (subprocess): /opt/stack/data/venv/bin/python3.10 -m oslo_concurrency.prlimit --as=1073741824 --cpu=60 -- sudo cinder-rootwrap /etc/cinder/rootwrap.conf env LC_ALL=C qemu-img info -f qcow2 --output=json --force-share /opt/stack/data/cinder/mnt/228a8b0a3542f42df4ce2f0748a0a49d/volume-1848db9d-6440-4e4a-9373-ba588af85d13.3d7b1e26-cecc-48c0-9783-ab1a0105868c {{(pid=80391) execute /opt/stack/data/venv/lib/python3.10/site-packages/oslo_concurrency/processutils.py:349}}
Nov 06 09:23:27 devstack sudo[85290]: quobyte : PWD=/ ; USER=root ; COMMAND=/opt/stack/data/venv/bin/cinder-rootwrap /etc/cinder/rootwrap.conf env LC_ALL=C qemu-img info -f qcow2 --output=json --force-share /opt/stack/data/cinder/mnt/228a8b0a3542f42df4ce2f0748a0a49d/volume-1848db9d-6440-4e4a-9373-ba588af85d13.3d7b1e26-cecc-48c0-9783-ab1a0105868c
Nov 06 09:23:27 devstack sudo[85290]: pam_unix(sudo:session): session opened for user root(uid=0) by (uid=1000)
Nov 06 09:23:27 devstack sudo[85290]: pam_unix(sudo:session): session closed for user root
Nov 06 09:23:27 devstack cinder-volume[80391]: DEBUG oslo_concurrency.processutils [None req-acae8e4e-63e9-4bd0-83bc-111e3e95259d tempest-SnapshotsActionsTest-1191862166 None] CMD "/opt/stack/data/venv/bin/python3.10 -m oslo_concurrency.prlimit --as=1073741824 --cpu=60 -- sudo cinder-rootwrap /etc/cinder/rootwrap.conf env LC_ALL=C qemu-img info -f qcow2 --output=json --force-share /opt/stack/data/cinder/mnt/228a8b0a3542f42df4ce2f0748a0a49d/volume-1848db9d-6440-4e4a-9373-ba588af85d13.3d7b1e26-cecc-48c0-9783-ab1a0105868c" returned: 0 in 0.660s {{(pid=80391) execute /opt/stack/data/venv/lib/python3.10/site-packages/oslo_concurrency/processutils.py:372}}
Nov 06 09:23:27 devstack cinder-volume[80391]: DEBUG cinder.volume.drivers.remotefs [None req-acae8e4e-63e9-4bd0-83bc-111e3e95259d tempest-SnapshotsActionsTest-1191862166 None] Fetching qemu-img info with special backing_file_template: (/opt/stack/data/cinder/mnt/[0-9a-f]+/)?(volume-1848db9d-6440-4e4a-9373-ba588af85d13(.(tmp-snap-)?[0-9a-f-]+)?|volume_from_snapshot_cache/(tmp-snap-)?[0-9a-f-]+(.(child-|parent-)[0-9a-f-]+)?)$ {{(pid=80391) _qemu_img_info_base /opt/stack/cinder/cinder/volume/drivers/remotefs.py:897}}
