Jun 15 20:32:15 devstack cinder-volume[92886]: DEBUG cinder.volume.manager [None req-34680ce7-96b2-42a8-b7ae-ec88577fff9f tempest-VolumesGetTest-53863651 None] Task 'cinder.volume.flows.manager.create_volume.NotifyVolumeActionTask;volume:create, create.start' (041eb8c3-2dc5-4e4c-9bb2-32c128703edb) transitioned into state 'RUNNING' from state 'PENDING' {{(pid=92886) _task_receiver /opt/stack/data/venv/lib/python3.12/site-packages/taskflow/listeners/logging.py:194}}
Jun 15 20:32:15 devstack cinder-volume[92886]: DEBUG cinder.volume.manager [None req-34680ce7-96b2-42a8-b7ae-ec88577fff9f tempest-VolumesGetTest-53863651 None] Task 'cinder.volume.flows.manager.create_volume.NotifyVolumeActionTask;volume:create, create.start' (041eb8c3-2dc5-4e4c-9bb2-32c128703edb) transitioned into state 'SUCCESS' from state 'RUNNING' with result 'None' {{(pid=92886) _task_receiver /opt/stack/data/venv/lib/python3.12/site-packages/taskflow/listeners/logging.py:182}}
Jun 15 20:32:15 devstack cinder-volume[92886]: DEBUG cinder.volume.manager [None req-34680ce7-96b2-42a8-b7ae-ec88577fff9f tempest-VolumesGetTest-53863651 None] Task 'cinder.volume.flows.manager.create_volume.CreateVolumeFromSpecTask;volume:create' (96730a7f-31ed-4a6b-a095-17b70d4a284f) transitioned into state 'RUNNING' from state 'PENDING' {{(pid=92886) _task_receiver /opt/stack/data/venv/lib/python3.12/site-packages/taskflow/listeners/logging.py:194}}
Jun 15 20:32:15 devstack cinder-volume[92886]: INFO cinder.volume.flows.manager.create_volume [None req-34680ce7-96b2-42a8-b7ae-ec88577fff9f tempest-VolumesGetTest-53863651 None] Volume 05757a9e-2d58-4cad-b36e-022b460ddc44: being created as source_vol with specification: {'status': 'creating', 'volume_name': 'volume-05757a9e-2d58-4cad-b36e-022b460ddc44', 'volume_size': 1, 'source_volid': '128d8ce6-df9e-42fa-ad15-208d2d15f4c4', 'source_volstatus': 'available'}
Jun 15 20:32:15 devstack cinder-volume[92886]: DEBUG oslo_concurrency.lockutils [None req-34680ce7-96b2-42a8-b7ae-ec88577fff9f tempest-VolumesGetTest-53863651 None] Acquiring lock "quobyte" by "cinder.volume.drivers.quobyte.QuobyteDriver.create_cloned_volume" {{(pid=92886) inner /opt/stack/data/venv/lib/python3.12/site-packages/oslo_concurrency/lockutils.py:506}}
Jun 15 20:32:15 devstack cinder-volume[92886]: DEBUG oslo_concurrency.lockutils [None req-34680ce7-96b2-42a8-b7ae-ec88577fff9f tempest-VolumesGetTest-53863651 None] Lock "quobyte" acquired by "cinder.volume.drivers.quobyte.QuobyteDriver.create_cloned_volume" :: waited 0.001s {{(pid=92886) inner /opt/stack/data/venv/lib/python3.12/site-packages/oslo_concurrency/lockutils.py:519}}
Jun 15 20:32:15 devstack cinder-volume[92886]: INFO cinder.volume.drivers.remotefs [None req-34680ce7-96b2-42a8-b7ae-ec88577fff9f tempest-VolumesGetTest-53863651 None] Cloning volume 128d8ce6-df9e-42fa-ad15-208d2d15f4c4 to volume 05757a9e-2d58-4cad-b36e-022b460ddc44
Jun 15 20:32:15 devstack cinder-volume[92886]: DEBUG cinder.volume.drivers.remotefs [None req-34680ce7-96b2-42a8-b7ae-ec88577fff9f tempest-VolumesGetTest-53863651 None] Creating offline snapshot a1f18a12-51e8-4a25-9cf9-9c7146b2e027 of volume 128d8ce6-df9e-42fa-ad15-208d2d15f4c4 {{(pid=92886) _create_snapshot /opt/stack/cinder/cinder/volume/drivers/remotefs.py:1816}}
Jun 15 20:32:15 devstack cinder-volume[92886]: DEBUG oslo.privsep.daemon [-] privsep: reply[74f06ad7-0fe4-4fd3-8213-9b1804ddf8fa]: (4, 'qcow2') {{(pid=93754) _call_back /opt/stack/data/venv/lib/python3.12/site-packages/oslo_privsep/daemon.py:573}}
Jun 15 20:32:15 devstack cinder-volume[92886]: DEBUG oslo_concurrency.processutils [None req-34680ce7-96b2-42a8-b7ae-ec88577fff9f tempest-VolumesGetTest-53863651 None] Running cmd (subprocess): /opt/stack/data/venv/bin/python3.12 -m oslo_concurrency.prlimit --as=1073741824 --cpu=60 -- sudo cinder-rootwrap /etc/cinder/rootwrap.conf env LC_ALL=C qemu-img info -f qcow2 --output=json --force-share /opt/stack/data/cinder/mnt/9bce61e6f9fea2d23bb53b024b0700ba/volume-128d8ce6-df9e-42fa-ad15-208d2d15f4c4 {{(pid=92886) execute /opt/stack/data/venv/lib/python3.12/site-packages/oslo_concurrency/processutils.py:440}}
Jun 15 20:32:15 devstack sudo[97284]: quobyte : PWD=/ ; USER=root ; COMMAND=/opt/stack/data/venv/bin/cinder-rootwrap /etc/cinder/rootwrap.conf env LC_ALL=C qemu-img info -f qcow2 --output=json --force-share /opt/stack/data/cinder/mnt/9bce61e6f9fea2d23bb53b024b0700ba/volume-128d8ce6-df9e-42fa-ad15-208d2d15f4c4
Jun 15 20:32:15 devstack sudo[97284]: pam_unix(sudo:session): session opened for user root(uid=0) by (uid=1000)
Jun 15 20:32:16 devstack sudo[97284]: pam_unix(sudo:session): session closed for user root
Jun 15 20:32:16 devstack cinder-volume[92886]: DEBUG oslo_concurrency.processutils [None req-34680ce7-96b2-42a8-b7ae-ec88577fff9f tempest-VolumesGetTest-53863651 None] CMD "/opt/stack/data/venv/bin/python3.12 -m oslo_concurrency.prlimit --as=1073741824 --cpu=60 -- sudo cinder-rootwrap /etc/cinder/rootwrap.conf env LC_ALL=C qemu-img info -f qcow2 --output=json --force-share /opt/stack/data/cinder/mnt/9bce61e6f9fea2d23bb53b024b0700ba/volume-128d8ce6-df9e-42fa-ad15-208d2d15f4c4" returned: 0 in 0.894s {{(pid=92886) execute /opt/stack/data/venv/lib/python3.12/site-packages/oslo_concurrency/processutils.py:468}}
Jun 15 20:32:16 devstack cinder-volume[92886]: DEBUG oslo_concurrency.processutils [None req-34680ce7-96b2-42a8-b7ae-ec88577fff9f tempest-VolumesGetTest-53863651 None] Running cmd (subprocess): sudo cinder-rootwrap /etc/cinder/rootwrap.conf qemu-img create -f qcow2 -o backing_file=/opt/stack/data/cinder/mnt/9bce61e6f9fea2d23bb53b024b0700ba/volume-128d8ce6-df9e-42fa-ad15-208d2d15f4c4,backing_fmt=qcow2 /opt/stack/data/cinder/mnt/9bce61e6f9fea2d23bb53b024b0700ba/volume-128d8ce6-df9e-42fa-ad15-208d2d15f4c4.a1f18a12-51e8-4a25-9cf9-9c7146b2e027 1G {{(pid=92886) execute /opt/stack/data/venv/lib/python3.12/site-packages/oslo_concurrency/processutils.py:440}}
Jun 15 20:32:16 devstack sudo[97289]: quobyte : PWD=/ ; USER=root ; COMMAND=/opt/stack/data/venv/bin/cinder-rootwrap /etc/cinder/rootwrap.conf qemu-img create -f qcow2 -o backing_file=/opt/stack/data/cinder/mnt/9bce61e6f9fea2d23bb53b024b0700ba/volume-128d8ce6-df9e-42fa-ad15-208d2d15f4c4,backing_fmt=qcow2 /opt/stack/data/cinder/mnt/9bce61e6f9fea2d23bb53b024b0700ba/volume-128d8ce6-df9e-42fa-ad15-208d2d15f4c4.a1f18a12-51e8-4a25-9cf9-9c7146b2e027 1G
Jun 15 20:32:16 devstack sudo[97289]: pam_unix(sudo:session): session opened for user root(uid=0) by (uid=1000)
Jun 15 20:32:16 devstack sudo[97289]: pam_unix(sudo:session): session closed for user root
Jun 15 20:32:16 devstack cinder-volume[92886]: DEBUG oslo_concurrency.processutils [None req-34680ce7-96b2-42a8-b7ae-ec88577fff9f tempest-VolumesGetTest-53863651 None] CMD "sudo cinder-rootwrap /etc/cinder/rootwrap.conf qemu-img create -f qcow2 -o backing_file=/opt/stack/data/cinder/mnt/9bce61e6f9fea2d23bb53b024b0700ba/volume-128d8ce6-df9e-42fa-ad15-208d2d15f4c4,backing_fmt=qcow2 /opt/stack/data/cinder/mnt/9bce61e6f9fea2d23bb53b024b0700ba/volume-128d8ce6-df9e-42fa-ad15-208d2d15f4c4.a1f18a12-51e8-4a25-9cf9-9c7146b2e027 1G" returned: 0 in 0.853s {{(pid=92886) execute /opt/stack/data/venv/lib/python3.12/site-packages/oslo_concurrency/processutils.py:468}}
Jun 15 20:32:16 devstack cinder-volume[92886]: DEBUG oslo_concurrency.processutils [None req-34680ce7-96b2-42a8-b7ae-ec88577fff9f tempest-VolumesGetTest-53863651 None] Running cmd (subprocess): sudo cinder-rootwrap /etc/cinder/rootwrap.conf qemu-img rebase -u -b volume-128d8ce6-df9e-42fa-ad15-208d2d15f4c4 -F qcow2 /opt/stack/data/cinder/mnt/9bce61e6f9fea2d23bb53b024b0700ba/volume-128d8ce6-df9e-42fa-ad15-208d2d15f4c4.a1f18a12-51e8-4a25-9cf9-9c7146b2e027 {{(pid=92886) execute /opt/stack/data/venv/lib/python3.12/site-packages/oslo_concurrency/processutils.py:440}}
Jun 15 20:32:17 devstack sudo[97295]: quobyte : PWD=/ ; USER=root ; COMMAND=/opt/stack/data/venv/bin/cinder-rootwrap /etc/cinder/rootwrap.conf qemu-img rebase -u -b volume-128d8ce6-df9e-42fa-ad15-208d2d15f4c4 -F qcow2 /opt/stack/data/cinder/mnt/9bce61e6f9fea2d23bb53b024b0700ba/volume-128d8ce6-df9e-42fa-ad15-208d2d15f4c4.a1f18a12-51e8-4a25-9cf9-9c7146b2e027
Jun 15 20:32:17 devstack sudo[97295]: pam_unix(sudo:session): session opened for user root(uid=0) by (uid=1000)
Jun 15 20:32:17 devstack sudo[97295]: pam_unix(sudo:session): session closed for user root
Jun 15 20:32:17 devstack cinder-volume[92886]: DEBUG oslo_concurrency.processutils [None req-34680ce7-96b2-42a8-b7ae-ec88577fff9f tempest-VolumesGetTest-53863651 None] CMD "sudo cinder-rootwrap /etc/cinder/rootwrap.conf qemu-img rebase -u -b volume-128d8ce6-df9e-42fa-ad15-208d2d15f4c4 -F qcow2 /opt/stack/data/cinder/mnt/9bce61e6f9fea2d23bb53b024b0700ba/volume-128d8ce6-df9e-42fa-ad15-208d2d15f4c4.a1f18a12-51e8-4a25-9cf9-9c7146b2e027" returned: 0 in 0.699s {{(pid=92886) execute /opt/stack/data/venv/lib/python3.12/site-packages/oslo_concurrency/processutils.py:468}}
Jun 15 20:32:17 devstack cinder-volume[92886]: WARNING cinder.volume.drivers.remotefs [None req-34680ce7-96b2-42a8-b7ae-ec88577fff9f tempest-VolumesGetTest-53863651 None] /opt/stack/data/cinder/mnt/9bce61e6f9fea2d23bb53b024b0700ba/volume-128d8ce6-df9e-42fa-ad15-208d2d15f4c4.a1f18a12-51e8-4a25-9cf9-9c7146b2e027 is being set with open permissions: ugo+rw
Jun 15 20:32:17 devstack cinder-volume[92886]: DEBUG oslo_concurrency.processutils [None req-34680ce7-96b2-42a8-b7ae-ec88577fff9f tempest-VolumesGetTest-53863651 None] Running cmd (subprocess): sudo cinder-rootwrap /etc/cinder/rootwrap.conf chmod ugo+rw /opt/stack/data/cinder/mnt/9bce61e6f9fea2d23bb53b024b0700ba/volume-128d8ce6-df9e-42fa-ad15-208d2d15f4c4.a1f18a12-51e8-4a25-9cf9-9c7146b2e027 {{(pid=92886) execute /opt/stack/data/venv/lib/python3.12/site-packages/oslo_concurrency/processutils.py:440}}
Jun 15 20:32:17 devstack sudo[97301]: quobyte : PWD=/ ; USER=root ; COMMAND=/opt/stack/data/venv/bin/cinder-rootwrap /etc/cinder/rootwrap.conf chmod ugo+rw /opt/stack/data/cinder/mnt/9bce61e6f9fea2d23bb53b024b0700ba/volume-128d8ce6-df9e-42fa-ad15-208d2d15f4c4.a1f18a12-51e8-4a25-9cf9-9c7146b2e027
Jun 15 20:32:17 devstack sudo[97301]: pam_unix(sudo:session): session opened for user root(uid=0) by (uid=1000)
Jun 15 20:32:18 devstack sudo[97301]: pam_unix(sudo:session): session closed for user root
Jun 15 20:32:18 devstack cinder-volume[92886]: DEBUG oslo_concurrency.processutils [None req-34680ce7-96b2-42a8-b7ae-ec88577fff9f tempest-VolumesGetTest-53863651 None] CMD "sudo cinder-rootwrap /etc/cinder/rootwrap.conf chmod ugo+rw /opt/stack/data/cinder/mnt/9bce61e6f9fea2d23bb53b024b0700ba/volume-128d8ce6-df9e-42fa-ad15-208d2d15f4c4.a1f18a12-51e8-4a25-9cf9-9c7146b2e027" returned: 0 in 0.647s {{(pid=92886) execute /opt/stack/data/venv/lib/python3.12/site-packages/oslo_concurrency/processutils.py:468}}
Jun 15 20:32:18 devstack cinder-volume[92886]: DEBUG oslo_concurrency.processutils [None req-34680ce7-96b2-42a8-b7ae-ec88577fff9f tempest-VolumesGetTest-53863651 None] Running cmd (subprocess): sudo cinder-rootwrap /etc/cinder/rootwrap.conf truncate -s0 /opt/stack/data/cinder/mnt/9bce61e6f9fea2d23bb53b024b0700ba/volume-128d8ce6-df9e-42fa-ad15-208d2d15f4c4.info {{(pid=92886) execute /opt/stack/data/venv/lib/python3.12/site-packages/oslo_concurrency/processutils.py:440}}
Jun 15 20:32:18 devstack sudo[97304]: quobyte : PWD=/ ; USER=root ; COMMAND=/opt/stack/data/venv/bin/cinder-rootwrap /etc/cinder/rootwrap.conf truncate -s0 /opt/stack/data/cinder/mnt/9bce61e6f9fea2d23bb53b024b0700ba/volume-128d8ce6-df9e-42fa-ad15-208d2d15f4c4.info
Jun 15 20:32:18 devstack sudo[97304]: pam_unix(sudo:session): session opened for user root(uid=0) by (uid=1000)
Jun 15 20:32:19 devstack sudo[97304]: pam_unix(sudo:session): session closed for user root
Jun 15 20:32:19 devstack cinder-volume[92886]: DEBUG oslo_concurrency.processutils [None req-34680ce7-96b2-42a8-b7ae-ec88577fff9f tempest-VolumesGetTest-53863651 None] CMD "sudo cinder-rootwrap /etc/cinder/rootwrap.conf truncate -s0 /opt/stack/data/cinder/mnt/9bce61e6f9fea2d23bb53b024b0700ba/volume-128d8ce6-df9e-42fa-ad15-208d2d15f4c4.info" returned: 0 in 0.770s {{(pid=92886) execute /opt/stack/data/venv/lib/python3.12/site-packages/oslo_concurrency/processutils.py:468}}
Jun 15 20:32:19 devstack cinder-volume[92886]: WARNING cinder.volume.drivers.remotefs [None req-34680ce7-96b2-42a8-b7ae-ec88577fff9f tempest-VolumesGetTest-53863651 None] /opt/stack/data/cinder/mnt/9bce61e6f9fea2d23bb53b024b0700ba/volume-128d8ce6-df9e-42fa-ad15-208d2d15f4c4.info is being set with open permissions: ugo+rw
Jun 15 20:32:19 devstack cinder-volume[92886]: DEBUG oslo_concurrency.processutils [None req-34680ce7-96b2-42a8-b7ae-ec88577fff9f tempest-VolumesGetTest-53863651 None] Running cmd (subprocess): sudo cinder-rootwrap /etc/cinder/rootwrap.conf chmod ugo+rw /opt/stack/data/cinder/mnt/9bce61e6f9fea2d23bb53b024b0700ba/volume-128d8ce6-df9e-42fa-ad15-208d2d15f4c4.info {{(pid=92886) execute /opt/stack/data/venv/lib/python3.12/site-packages/oslo_concurrency/processutils.py:440}}
Jun 15 20:32:19 devstack sudo[97328]: quobyte : PWD=/ ; USER=root ; COMMAND=/opt/stack/data/venv/bin/cinder-rootwrap /etc/cinder/rootwrap.conf chmod ugo+rw /opt/stack/data/cinder/mnt/9bce61e6f9fea2d23bb53b024b0700ba/volume-128d8ce6-df9e-42fa-ad15-208d2d15f4c4.info
Jun 15 20:32:19 devstack sudo[97328]: pam_unix(sudo:session): session opened for user root(uid=0) by (uid=1000)
Jun 15 20:32:19 devstack sudo[97328]: pam_unix(sudo:session): session closed for user root
Jun 15 20:32:19 devstack cinder-volume[92886]: DEBUG oslo_concurrency.processutils [None req-34680ce7-96b2-42a8-b7ae-ec88577fff9f tempest-VolumesGetTest-53863651 None] CMD "sudo cinder-rootwrap /etc/cinder/rootwrap.conf chmod ugo+rw /opt/stack/data/cinder/mnt/9bce61e6f9fea2d23bb53b024b0700ba/volume-128d8ce6-df9e-42fa-ad15-208d2d15f4c4.info" returned: 0 in 0.764s {{(pid=92886) execute /opt/stack/data/venv/lib/python3.12/site-packages/oslo_concurrency/processutils.py:468}}
Jun 15 20:32:19 devstack cinder-volume[92886]: DEBUG cinder.coordination [None req-34680ce7-96b2-42a8-b7ae-ec88577fff9f tempest-VolumesGetTest-53863651 None] Acquiring lock "cinder-quobyte-05757a9e-2d58-4cad-b36e-022b460ddc44" by "_copy_volume_from_snapshot" {{(pid=92886) __acquire /opt/stack/cinder/cinder/coordination.py:138}}
Jun 15 20:32:19 devstack cinder-volume[92886]: DEBUG cinder.coordination [None req-34680ce7-96b2-42a8-b7ae-ec88577fff9f tempest-VolumesGetTest-53863651 None] Lock "cinder-quobyte-05757a9e-2d58-4cad-b36e-022b460ddc44" acquired by "_copy_volume_from_snapshot" :: waited 0.026s {{(pid=92886) __acquire /opt/stack/cinder/cinder/coordination.py:141}}
Jun 15 20:32:19 devstack cinder-volume[92886]: DEBUG cinder.volume.drivers.quobyte [None req-34680ce7-96b2-42a8-b7ae-ec88577fff9f tempest-VolumesGetTest-53863651 None] snapshot: a1f18a12-51e8-4a25-9cf9-9c7146b2e027, volume: 05757a9e-2d58-4cad-b36e-022b460ddc44, {{(pid=92886) _copy_volume_from_snapshot /opt/stack/cinder/cinder/volume/drivers/quobyte.py:401}}
Jun 15 20:32:19 devstack cinder-volume[92886]: DEBUG oslo_concurrency.lockutils [None req-34680ce7-96b2-42a8-b7ae-ec88577fff9f tempest-VolumesGetTest-53863651 None] Acquiring lock "quobyte_ensure" by "cinder.volume.drivers.quobyte.QuobyteDriver._ensure_shares_mounted" {{(pid=92886) inner /opt/stack/data/venv/lib/python3.12/site-packages/oslo_concurrency/lockutils.py:506}}
Jun 15 20:32:19 devstack cinder-volume[92886]: DEBUG oslo_concurrency.lockutils [None req-34680ce7-96b2-42a8-b7ae-ec88577fff9f tempest-VolumesGetTest-53863651 None] Lock "quobyte_ensure" acquired by "cinder.volume.drivers.quobyte.QuobyteDriver._ensure_shares_mounted" :: waited 0.001s {{(pid=92886) inner /opt/stack/data/venv/lib/python3.12/site-packages/oslo_concurrency/lockutils.py:519}}
Jun 15 20:32:19 devstack cinder-volume[92886]: DEBUG cinder.volume.drivers.quobyte [None req-34680ce7-96b2-42a8-b7ae-ec88577fff9f tempest-VolumesGetTest-53863651 None] Quobyte Volume URL set to: {'osci02.corp.quobyte.com/cinder-vol-60cd46e5-c307-451d-a6a8-3cb6b40e6745': None} {{(pid=92886) _load_shares_config /opt/stack/cinder/cinder/volume/drivers/quobyte.py:617}}
Jun 15 20:32:19 devstack cinder-volume[92886]: DEBUG cinder.volume.drivers.quobyte [None req-34680ce7-96b2-42a8-b7ae-ec88577fff9f tempest-VolumesGetTest-53863651 None] Available shares ['osci02.corp.quobyte.com/cinder-vol-60cd46e5-c307-451d-a6a8-3cb6b40e6745'] {{(pid=92886) _ensure_shares_mounted /opt/stack/cinder/cinder/volume/drivers/quobyte.py:647}}
Jun 15 20:32:19 devstack cinder-volume[92886]: DEBUG oslo_concurrency.lockutils [None req-34680ce7-96b2-42a8-b7ae-ec88577fff9f tempest-VolumesGetTest-53863651 None] Lock "quobyte_ensure" "released" by "cinder.volume.drivers.quobyte.QuobyteDriver._ensure_shares_mounted" :: held 0.006s {{(pid=92886) inner /opt/stack/data/venv/lib/python3.12/site-packages/oslo_concurrency/lockutils.py:538}}
Jun 15 20:32:19 devstack cinder-volume[92886]: DEBUG oslo.privsep.daemon [-] privsep: reply[e7492882-8584-4d8c-84dc-621514839ed3]: (4, 'qcow2') {{(pid=93754) _call_back /opt/stack/data/venv/lib/python3.12/site-packages/oslo_privsep/daemon.py:573}}
Jun 15 20:32:19 devstack cinder-volume[92886]: DEBUG oslo_concurrency.processutils [None req-34680ce7-96b2-42a8-b7ae-ec88577fff9f tempest-VolumesGetTest-53863651 None] Running cmd (subprocess): /opt/stack/data/venv/bin/python3.12 -m oslo_concurrency.prlimit --as=1073741824 --cpu=60 -- sudo cinder-rootwrap /etc/cinder/rootwrap.conf env LC_ALL=C qemu-img info -f qcow2 --output=json --force-share /opt/stack/data/cinder/mnt/9bce61e6f9fea2d23bb53b024b0700ba/volume-128d8ce6-df9e-42fa-ad15-208d2d15f4c4.a1f18a12-51e8-4a25-9cf9-9c7146b2e027 {{(pid=92886) execute /opt/stack/data/venv/lib/python3.12/site-packages/oslo_concurrency/processutils.py:440}}
Jun 15 20:32:20 devstack sudo[97331]: quobyte : PWD=/ ; USER=root ; COMMAND=/opt/stack/data/venv/bin/cinder-rootwrap /etc/cinder/rootwrap.conf env LC_ALL=C qemu-img info -f qcow2 --output=json --force-share /opt/stack/data/cinder/mnt/9bce61e6f9fea2d23bb53b024b0700ba/volume-128d8ce6-df9e-42fa-ad15-208d2d15f4c4.a1f18a12-51e8-4a25-9cf9-9c7146b2e027
Jun 15 20:32:20 devstack sudo[97331]: pam_unix(sudo:session): session opened for user root(uid=0) by (uid=1000)
Jun 15 20:32:20 devstack cinder-volume[92886]: DEBUG oslo_service.periodic_task [None req-d55a08b9-0262-4a90-9ee8-c0398154c7f3 None None] Running periodic task VolumeManager.publish_service_capabilities {{(pid=92886) run_periodic_tasks /opt/stack/data/venv/lib/python3.12/site-packages/oslo_service/periodic_task.py:210}}
Jun 15 20:32:20 devstack cinder-volume[92886]: DEBUG oslo_concurrency.lockutils [None req-d55a08b9-0262-4a90-9ee8-c0398154c7f3 None None] Acquiring lock "quobyte_ensure" by "cinder.volume.drivers.quobyte.QuobyteDriver._ensure_shares_mounted" {{(pid=92886) inner /opt/stack/data/venv/lib/python3.12/site-packages/oslo_concurrency/lockutils.py:506}}
Jun 15 20:32:20 devstack cinder-volume[92886]: DEBUG oslo_concurrency.lockutils [None req-d55a08b9-0262-4a90-9ee8-c0398154c7f3 None None] Lock "quobyte_ensure" acquired by "cinder.volume.drivers.quobyte.QuobyteDriver._ensure_shares_mounted" :: waited 0.001s {{(pid=92886) inner /opt/stack/data/venv/lib/python3.12/site-packages/oslo_concurrency/lockutils.py:519}}
Jun 15 20:32:20 devstack cinder-volume[92886]: DEBUG cinder.volume.drivers.quobyte [None req-d55a08b9-0262-4a90-9ee8-c0398154c7f3 None None] Quobyte Volume URL set to: {'osci02.corp.quobyte.com/cinder-vol-60cd46e5-c307-451d-a6a8-3cb6b40e6745': None} {{(pid=92886) _load_shares_config /opt/stack/cinder/cinder/volume/drivers/quobyte.py:617}}
Jun 15 20:32:20 devstack cinder-volume[92886]: DEBUG cinder.volume.drivers.quobyte [None req-d55a08b9-0262-4a90-9ee8-c0398154c7f3 None None] Available shares ['osci02.corp.quobyte.com/cinder-vol-60cd46e5-c307-451d-a6a8-3cb6b40e6745'] {{(pid=92886) _ensure_shares_mounted /opt/stack/cinder/cinder/volume/drivers/quobyte.py:647}}
Jun 15 20:32:20 devstack cinder-volume[92886]: DEBUG oslo_concurrency.lockutils [None req-d55a08b9-0262-4a90-9ee8-c0398154c7f3 None None] Lock "quobyte_ensure" "released" by "cinder.volume.drivers.quobyte.QuobyteDriver._ensure_shares_mounted" :: held 0.016s {{(pid=92886) inner /opt/stack/data/venv/lib/python3.12/site-packages/oslo_concurrency/lockutils.py:538}}
Jun 15 20:32:20 devstack cinder-volume[92886]: DEBUG oslo_concurrency.processutils [None req-d55a08b9-0262-4a90-9ee8-c0398154c7f3 None None] Running cmd (subprocess): sudo cinder-rootwrap /etc/cinder/rootwrap.conf df --portability --block-size 1 /opt/stack/data/cinder/mnt/9bce61e6f9fea2d23bb53b024b0700ba {{(pid=92886) execute /opt/stack/data/venv/lib/python3.12/site-packages/oslo_concurrency/processutils.py:440}}
Jun 15 20:32:20 devstack sudo[97335]: quobyte : PWD=/ ; USER=root ; COMMAND=/opt/stack/data/venv/bin/cinder-rootwrap /etc/cinder/rootwrap.conf df --portability --block-size 1 /opt/stack/data/cinder/mnt/9bce61e6f9fea2d23bb53b024b0700ba
Jun 15 20:32:20 devstack sudo[97335]: pam_unix(sudo:session): session opened for user root(uid=0) by (uid=1000)
Jun 15 20:32:21 devstack sudo[97331]: pam_unix(sudo:session): session closed for user root
Jun 15 20:32:21 devstack cinder-volume[92886]: DEBUG oslo_concurrency.processutils [None req-34680ce7-96b2-42a8-b7ae-ec88577fff9f tempest-VolumesGetTest-53863651 None] CMD "/opt/stack/data/venv/bin/python3.12 -m oslo_concurrency.prlimit --as=1073741824 --cpu=60 -- sudo cinder-rootwrap /etc/cinder/rootwrap.conf env LC_ALL=C qemu-img info -f qcow2 --output=json --force-share /opt/stack/data/cinder/mnt/9bce61e6f9fea2d23bb53b024b0700ba/volume-128d8ce6-df9e-42fa-ad15-208d2d15f4c4.a1f18a12-51e8-4a25-9cf9-9c7146b2e027" returned: 0 in 1.172s {{(pid=92886) execute /opt/stack/data/venv/lib/python3.12/site-packages/oslo_concurrency/processutils.py:468}}
Jun 15 20:32:21 devstack cinder-volume[92886]: DEBUG cinder.volume.drivers.remotefs [None req-34680ce7-96b2-42a8-b7ae-ec88577fff9f tempest-VolumesGetTest-53863651 None] Fetching qemu-img info with special backing_file_template: (/opt/stack/data/cinder/mnt/[0-9a-f]+/)?(volume-128d8ce6-df9e-42fa-ad15-208d2d15f4c4(.(tmp-snap-)?[0-9a-f-]+)?|volume_from_snapshot_cache/(tmp-snap-)?[0-9a-f-]+(.(child-|parent-)[0-9a-f-]+)?)$ {{(pid=92886) _qemu_img_info_base /opt/stack/cinder/cinder/volume/drivers/remotefs.py:896}}
Jun 15 20:32:21 devstack cinder-volume[92886]: DEBUG cinder.volume.drivers.quobyte [None req-34680ce7-96b2-42a8-b7ae-ec88577fff9f tempest-VolumesGetTest-53863651 None] will copy from snapshot at /opt/stack/data/cinder/mnt/9bce61e6f9fea2d23bb53b024b0700ba/volume-128d8ce6-df9e-42fa-ad15-208d2d15f4c4 {{(pid=92886) _copy_volume_from_snapshot /opt/stack/cinder/cinder/volume/drivers/quobyte.py:420}}
Jun 15 20:32:21 devstack cinder-volume[92886]: DEBUG cinder.volume.drivers.quobyte [None req-34680ce7-96b2-42a8-b7ae-ec88577fff9f tempest-VolumesGetTest-53863651 None] Creating direct copy from snapshot {{(pid=92886) _copy_volume_from_snapshot /opt/stack/cinder/cinder/volume/drivers/quobyte.py:428}}
Jun 15 20:32:21 devstack cinder-volume[92886]: DEBUG oslo.privsep.daemon [-] privsep: reply[a1e69133-d01b-4a89-89eb-10c6a65d7e5a]: (4, 'qcow2') {{(pid=93754) _call_back /opt/stack/data/venv/lib/python3.12/site-packages/oslo_privsep/daemon.py:573}}
Jun 15 20:32:21 devstack cinder-volume[92886]: DEBUG oslo_concurrency.processutils [None req-34680ce7-96b2-42a8-b7ae-ec88577fff9f tempest-VolumesGetTest-53863651 None] Running cmd (subprocess): /opt/stack/data/venv/bin/python3.12 -m oslo_concurrency.prlimit --as=1073741824 --cpu=60 -- sudo cinder-rootwrap /etc/cinder/rootwrap.conf env LC_ALL=C qemu-img info -f qcow2 --output=json /opt/stack/data/cinder/mnt/9bce61e6f9fea2d23bb53b024b0700ba/volume-128d8ce6-df9e-42fa-ad15-208d2d15f4c4 {{(pid=92886) execute /opt/stack/data/venv/lib/python3.12/site-packages/oslo_concurrency/processutils.py:440}}
Jun 15 20:32:21 devstack sudo[97356]: quobyte : PWD=/ ; USER=root ; COMMAND=/opt/stack/data/venv/bin/cinder-rootwrap /etc/cinder/rootwrap.conf env LC_ALL=C qemu-img info -f qcow2 --output=json /opt/stack/data/cinder/mnt/9bce61e6f9fea2d23bb53b024b0700ba/volume-128d8ce6-df9e-42fa-ad15-208d2d15f4c4
Jun 15 20:32:21 devstack sudo[97356]: pam_unix(sudo:session): session opened for user root(uid=0) by (uid=1000)
Jun 15 20:32:21 devstack sudo[97335]: pam_unix(sudo:session): session closed for user root
Jun 15 20:32:21 devstack cinder-volume[92886]: DEBUG oslo_concurrency.processutils [None req-d55a08b9-0262-4a90-9ee8-c0398154c7f3 None None] CMD "sudo cinder-rootwrap /etc/cinder/rootwrap.conf df --portability --block-size 1 /opt/stack/data/cinder/mnt/9bce61e6f9fea2d23bb53b024b0700ba" returned: 0 in 1.243s {{(pid=92886) execute /opt/stack/data/venv/lib/python3.12/site-packages/oslo_concurrency/processutils.py:468}}
Jun 15 20:32:21 devstack cinder-volume[92886]: DEBUG cinder.manager [None req-d55a08b9-0262-4a90-9ee8-c0398154c7f3 None None] Notifying Schedulers of capabilities ... {{(pid=92886) _publish_service_capabilities /opt/stack/cinder/cinder/manager.py:219}}
Jun 15 20:32:21 devstack cinder-volume[92886]: DEBUG oslo_service.periodic_task [None req-d55a08b9-0262-4a90-9ee8-c0398154c7f3 None None] Running periodic task VolumeManager._thread_info {{(pid=92886) run_periodic_tasks /opt/stack/data/venv/lib/python3.12/site-packages/oslo_service/periodic_task.py:210}}
Jun 15 20:32:21 devstack cinder-volume[92886]: DEBUG cinder.volume.manager [None req-d55a08b9-0262-4a90-9ee8-c0398154c7f3 None None] thread count: 8 {{(pid=92886) _thread_info /opt/stack/cinder/cinder/volume/manager.py:5472}}
Jun 15 20:32:21 devstack cinder-volume[92886]: DEBUG cinder.volume.manager [None req-d55a08b9-0262-4a90-9ee8-c0398154c7f3 None None] thread info: [<_MainThread(MainThread, started 126855272427648)>, , , , , , , ] {{(pid=92886) _thread_info /opt/stack/cinder/cinder/volume/manager.py:5473}}
Jun 15 20:32:22 devstack sudo[97356]: pam_unix(sudo:session): session closed for user root
Jun 15 20:32:22 devstack cinder-volume[92886]: DEBUG oslo_concurrency.processutils [None req-34680ce7-96b2-42a8-b7ae-ec88577fff9f tempest-VolumesGetTest-53863651 None] CMD "/opt/stack/data/venv/bin/python3.12 -m oslo_concurrency.prlimit --as=1073741824 --cpu=60 -- sudo cinder-rootwrap /etc/cinder/rootwrap.conf env LC_ALL=C qemu-img info -f qcow2 --output=json /opt/stack/data/cinder/mnt/9bce61e6f9fea2d23bb53b024b0700ba/volume-128d8ce6-df9e-42fa-ad15-208d2d15f4c4" returned: 0 in 1.338s {{(pid=92886) execute /opt/stack/data/venv/lib/python3.12/site-packages/oslo_concurrency/processutils.py:468}}
Jun 15 20:32:22 devstack cinder-volume[92886]: DEBUG cinder.utils [None req-34680ce7-96b2-42a8-b7ae-ec88577fff9f tempest-VolumesGetTest-53863651 None] Path /opt/stack/data/cinder/mnt/9bce61e6f9fea2d23bb53b024b0700ba/volume-05757a9e-2d58-4cad-b36e-022b460ddc44 not found in is_blk_device check {{(pid=92886) is_blk_device /opt/stack/cinder/cinder/utils.py:615}}
Jun 15 20:32:22 devstack cinder-volume[92886]: DEBUG oslo_concurrency.processutils [None req-34680ce7-96b2-42a8-b7ae-ec88577fff9f tempest-VolumesGetTest-53863651 None] Running cmd (subprocess): sudo cinder-rootwrap /etc/cinder/rootwrap.conf qemu-img convert -O qcow2 /opt/stack/data/cinder/mnt/9bce61e6f9fea2d23bb53b024b0700ba/volume-128d8ce6-df9e-42fa-ad15-208d2d15f4c4 /opt/stack/data/cinder/mnt/9bce61e6f9fea2d23bb53b024b0700ba/volume-05757a9e-2d58-4cad-b36e-022b460ddc44 {{(pid=92886) execute /opt/stack/data/venv/lib/python3.12/site-packages/oslo_concurrency/processutils.py:440}}
Jun 15 20:32:22 devstack sudo[97417]: quobyte : PWD=/ ; USER=root ; COMMAND=/opt/stack/data/venv/bin/cinder-rootwrap /etc/cinder/rootwrap.conf qemu-img convert -O qcow2 /opt/stack/data/cinder/mnt/9bce61e6f9fea2d23bb53b024b0700ba/volume-128d8ce6-df9e-42fa-ad15-208d2d15f4c4 /opt/stack/data/cinder/mnt/9bce61e6f9fea2d23bb53b024b0700ba/volume-05757a9e-2d58-4cad-b36e-022b460ddc44
Jun 15 20:32:22 devstack sudo[97417]: pam_unix(sudo:session): session opened for user root(uid=0) by (uid=1000)
Jun 15 20:32:28 devstack cinder-volume[92886]: DEBUG dbcounter [-] [92886] Writing DB stats cinder:SELECT=29,cinder:INSERT=11,cinder:UPDATE=44,cinder:DELETE=5 {{(pid=92886) stat_writer /opt/stack/data/venv/lib/python3.12/site-packages/dbcounter.py:115}}
Jun 15 20:32:28 devstack cinder-volume[92886]: DEBUG dbcounter [-] [92886] Writing DB stats cinder:INSERT=11,cinder:UPDATE=45,cinder:SELECT=31,cinder:DELETE=3 {{(pid=92886) stat_writer /opt/stack/data/venv/lib/python3.12/site-packages/dbcounter.py:115}}
Jun 15 20:32:28 devstack sudo[97417]: pam_unix(sudo:session): session closed for user root
Jun 15 20:32:28 devstack cinder-volume[92886]: DEBUG oslo_concurrency.processutils [None req-34680ce7-96b2-42a8-b7ae-ec88577fff9f tempest-VolumesGetTest-53863651 None] CMD "sudo cinder-rootwrap /etc/cinder/rootwrap.conf qemu-img convert -O qcow2 /opt/stack/data/cinder/mnt/9bce61e6f9fea2d23bb53b024b0700ba/volume-128d8ce6-df9e-42fa-ad15-208d2d15f4c4 /opt/stack/data/cinder/mnt/9bce61e6f9fea2d23bb53b024b0700ba/volume-05757a9e-2d58-4cad-b36e-022b460ddc44" returned: 0 in 6.412s {{(pid=92886) execute /opt/stack/data/venv/lib/python3.12/site-packages/oslo_concurrency/processutils.py:468}}
Jun 15 20:32:28 devstack cinder-volume[92886]: DEBUG oslo.privsep.daemon [-] privsep: reply[336fafc7-8302-4faf-bc7f-248486f2ef8d]: (4, 'qcow2') {{(pid=93754) _call_back /opt/stack/data/venv/lib/python3.12/site-packages/oslo_privsep/daemon.py:573}}
Jun 15 20:32:28 devstack cinder-volume[92886]: DEBUG oslo_concurrency.processutils [None req-34680ce7-96b2-42a8-b7ae-ec88577fff9f tempest-VolumesGetTest-53863651 None] Running cmd (subprocess): /opt/stack/data/venv/bin/python3.12 -m oslo_concurrency.prlimit --as=1073741824 --cpu=60 -- sudo cinder-rootwrap /etc/cinder/rootwrap.conf env LC_ALL=C qemu-img info -f qcow2 --output=json /opt/stack/data/cinder/mnt/9bce61e6f9fea2d23bb53b024b0700ba/volume-128d8ce6-df9e-42fa-ad15-208d2d15f4c4 {{(pid=92886) execute /opt/stack/data/venv/lib/python3.12/site-packages/oslo_concurrency/processutils.py:440}}
Jun 15 20:32:29 devstack sudo[97480]: quobyte : PWD=/ ; USER=root ; COMMAND=/opt/stack/data/venv/bin/cinder-rootwrap /etc/cinder/rootwrap.conf env LC_ALL=C qemu-img info -f qcow2 --output=json /opt/stack/data/cinder/mnt/9bce61e6f9fea2d23bb53b024b0700ba/volume-128d8ce6-df9e-42fa-ad15-208d2d15f4c4
Jun 15 20:32:29 devstack sudo[97480]: pam_unix(sudo:session): session opened for user root(uid=0) by (uid=1000)
Jun 15 20:32:30 devstack sudo[97480]: pam_unix(sudo:session): session closed for user root
Jun 15 20:32:30 devstack cinder-volume[92886]: DEBUG oslo_concurrency.processutils [None req-34680ce7-96b2-42a8-b7ae-ec88577fff9f tempest-VolumesGetTest-53863651 None] CMD "/opt/stack/data/venv/bin/python3.12 -m oslo_concurrency.prlimit --as=1073741824 --cpu=60 -- sudo cinder-rootwrap /etc/cinder/rootwrap.conf env LC_ALL=C qemu-img info -f qcow2 --output=json /opt/stack/data/cinder/mnt/9bce61e6f9fea2d23bb53b024b0700ba/volume-128d8ce6-df9e-42fa-ad15-208d2d15f4c4" returned: 0 in 1.129s {{(pid=92886) execute /opt/stack/data/venv/lib/python3.12/site-packages/oslo_concurrency/processutils.py:468}}
Jun 15 20:32:30 devstack cinder-volume[92886]: DEBUG cinder.image.image_utils [None req-34680ce7-96b2-42a8-b7ae-ec88577fff9f tempest-VolumesGetTest-53863651 None] Image conversion details: src /opt/stack/data/cinder/mnt/9bce61e6f9fea2d23bb53b024b0700ba/volume-128d8ce6-df9e-42fa-ad15-208d2d15f4c4, size 1024.00 MB, duration 6.41 sec, destination /opt/stack/data/cinder/mnt/9bce61e6f9fea2d23bb53b024b0700ba/volume-05757a9e-2d58-4cad-b36e-022b460ddc44 {{(pid=92886) _convert_image /opt/stack/cinder/cinder/image/image_utils.py:536}}
Jun 15 20:32:30 devstack cinder-volume[92886]: INFO cinder.image.image_utils [None req-34680ce7-96b2-42a8-b7ae-ec88577fff9f tempest-VolumesGetTest-53863651 None] Converted 1024.00 MB image at 159.67 MB/s
Jun 15 20:32:30 devstack cinder-volume[92886]: WARNING cinder.volume.drivers.remotefs [None req-34680ce7-96b2-42a8-b7ae-ec88577fff9f tempest-VolumesGetTest-53863651 None] /opt/stack/data/cinder/mnt/9bce61e6f9fea2d23bb53b024b0700ba/volume-05757a9e-2d58-4cad-b36e-022b460ddc44 is being set with open permissions: ugo+rw
Jun 15 20:32:30 devstack cinder-volume[92886]: DEBUG oslo_concurrency.processutils [None req-34680ce7-96b2-42a8-b7ae-ec88577fff9f tempest-VolumesGetTest-53863651 None] Running cmd (subprocess): sudo cinder-rootwrap /etc/cinder/rootwrap.conf chmod ugo+rw /opt/stack/data/cinder/mnt/9bce61e6f9fea2d23bb53b024b0700ba/volume-05757a9e-2d58-4cad-b36e-022b460ddc44 {{(pid=92886) execute /opt/stack/data/venv/lib/python3.12/site-packages/oslo_concurrency/processutils.py:440}}
Jun 15 20:32:30 devstack sudo[97503]: quobyte : PWD=/ ; USER=root ; COMMAND=/opt/stack/data/venv/bin/cinder-rootwrap /etc/cinder/rootwrap.conf chmod ugo+rw /opt/stack/data/cinder/mnt/9bce61e6f9fea2d23bb53b024b0700ba/volume-05757a9e-2d58-4cad-b36e-022b460ddc44
Jun 15 20:32:30 devstack sudo[97503]: pam_unix(sudo:session): session opened for user root(uid=0) by (uid=1000)
Jun 15 20:32:30 devstack sudo[97503]: pam_unix(sudo:session): session closed for user root
Jun 15 20:32:30 devstack cinder-volume[92886]: DEBUG oslo_concurrency.processutils [None req-34680ce7-96b2-42a8-b7ae-ec88577fff9f tempest-VolumesGetTest-53863651 None] CMD "sudo cinder-rootwrap /etc/cinder/rootwrap.conf chmod ugo+rw /opt/stack/data/cinder/mnt/9bce61e6f9fea2d23bb53b024b0700ba/volume-05757a9e-2d58-4cad-b36e-022b460ddc44" returned: 0 in 0.629s {{(pid=92886) execute /opt/stack/data/venv/lib/python3.12/site-packages/oslo_concurrency/processutils.py:468}}
Jun 15 20:32:30 devstack cinder-volume[92886]: DEBUG cinder.coordination [None req-34680ce7-96b2-42a8-b7ae-ec88577fff9f tempest-VolumesGetTest-53863651 None] Lock "cinder-quobyte-05757a9e-2d58-4cad-b36e-022b460ddc44" released by "_copy_volume_from_snapshot" :: held 10.797s {{(pid=92886) __release /opt/stack/cinder/cinder/coordination.py:152}}
Jun 15 20:32:30 devstack cinder-volume[92886]: DEBUG cinder.coordination [None req-34680ce7-96b2-42a8-b7ae-ec88577fff9f tempest-VolumesGetTest-53863651 None] Acquiring lock "cinder-quobyte-a1f18a12-51e8-4a25-9cf9-9c7146b2e027" by "_delete_snapshot" {{(pid=92886) __acquire /opt/stack/cinder/cinder/coordination.py:138}}
Jun 15 20:32:30 devstack cinder-volume[92886]: DEBUG cinder.coordination [None req-34680ce7-96b2-42a8-b7ae-ec88577fff9f tempest-VolumesGetTest-53863651 None] Lock "cinder-quobyte-a1f18a12-51e8-4a25-9cf9-9c7146b2e027" acquired by "_delete_snapshot" :: waited 0.021s {{(pid=92886) __acquire /opt/stack/cinder/cinder/coordination.py:141}}
Jun 15 20:32:30 devstack cinder-volume[92886]: DEBUG cinder.volume.drivers.remotefs [None req-34680ce7-96b2-42a8-b7ae-ec88577fff9f tempest-VolumesGetTest-53863651 None] Deleting offline snapshot a1f18a12-51e8-4a25-9cf9-9c7146b2e027 of volume 128d8ce6-df9e-42fa-ad15-208d2d15f4c4 {{(pid=92886) _delete_snapshot /opt/stack/cinder/cinder/volume/drivers/remotefs.py:1288}}
Jun 15 20:32:30 devstack cinder-volume[92886]: DEBUG cinder.volume.drivers.remotefs [None req-34680ce7-96b2-42a8-b7ae-ec88577fff9f tempest-VolumesGetTest-53863651 None] snapshot_file for this snap is: volume-128d8ce6-df9e-42fa-ad15-208d2d15f4c4.a1f18a12-51e8-4a25-9cf9-9c7146b2e027 {{(pid=92886) _delete_snapshot /opt/stack/cinder/cinder/volume/drivers/remotefs.py:1317}}
Jun 15 20:32:30 devstack cinder-volume[92886]: DEBUG oslo.privsep.daemon [-] privsep: reply[fed97408-ae7e-4bd6-8e2a-eaf8fd93cb21]: (4, 'qcow2') {{(pid=93754) _call_back /opt/stack/data/venv/lib/python3.12/site-packages/oslo_privsep/daemon.py:573}}
Jun 15 20:32:30 devstack cinder-volume[92886]: DEBUG oslo_concurrency.processutils [None req-34680ce7-96b2-42a8-b7ae-ec88577fff9f tempest-VolumesGetTest-53863651 None] Running cmd (subprocess): /opt/stack/data/venv/bin/python3.12 -m oslo_concurrency.prlimit --as=1073741824 --cpu=60 -- sudo cinder-rootwrap /etc/cinder/rootwrap.conf env LC_ALL=C qemu-img info -f qcow2 --output=json --force-share /opt/stack/data/cinder/mnt/9bce61e6f9fea2d23bb53b024b0700ba/volume-128d8ce6-df9e-42fa-ad15-208d2d15f4c4.a1f18a12-51e8-4a25-9cf9-9c7146b2e027 {{(pid=92886) execute /opt/stack/data/venv/lib/python3.12/site-packages/oslo_concurrency/processutils.py:440}}
Jun 15 20:32:30 devstack sudo[97506]: quobyte : PWD=/ ; USER=root ; COMMAND=/opt/stack/data/venv/bin/cinder-rootwrap /etc/cinder/rootwrap.conf env LC_ALL=C qemu-img info -f qcow2 --output=json --force-share /opt/stack/data/cinder/mnt/9bce61e6f9fea2d23bb53b024b0700ba/volume-128d8ce6-df9e-42fa-ad15-208d2d15f4c4.a1f18a12-51e8-4a25-9cf9-9c7146b2e027
Jun 15 20:32:30 devstack sudo[97506]: pam_unix(sudo:session): session opened for user root(uid=0) by (uid=1000)
Jun 15 20:32:31 devstack sudo[97506]: pam_unix(sudo:session): session closed for user root
Jun 15 20:32:31 devstack cinder-volume[92886]: DEBUG oslo_concurrency.processutils [None req-34680ce7-96b2-42a8-b7ae-ec88577fff9f tempest-VolumesGetTest-53863651 None] CMD "/opt/stack/data/venv/bin/python3.12 -m oslo_concurrency.prlimit --as=1073741824 --cpu=60 -- sudo cinder-rootwrap /etc/cinder/rootwrap.conf env LC_ALL=C qemu-img info -f qcow2 --output=json --force-share /opt/stack/data/cinder/mnt/9bce61e6f9fea2d23bb53b024b0700ba/volume-128d8ce6-df9e-42fa-ad15-208d2d15f4c4.a1f18a12-51e8-4a25-9cf9-9c7146b2e027" returned: 0 in 0.779s {{(pid=92886) execute /opt/stack/data/venv/lib/python3.12/site-packages/oslo_concurrency/processutils.py:468}}
Jun 15 20:32:31 devstack cinder-volume[92886]: DEBUG cinder.volume.drivers.remotefs [None req-34680ce7-96b2-42a8-b7ae-ec88577fff9f tempest-VolumesGetTest-53863651 None] Fetching qemu-img info with special backing_file_template: (/opt/stack/data/cinder/mnt/[0-9a-f]+/)?(volume-128d8ce6-df9e-42fa-ad15-208d2d15f4c4(.(tmp-snap-)?[0-9a-f-]+)?|volume_from_snapshot_cache/(tmp-snap-)?[0-9a-f-]+(.(child-|parent-)[0-9a-f-]+)?)$ {{(pid=92886) _qemu_img_info_base /opt/stack/cinder/cinder/volume/drivers/remotefs.py:896}}
Jun 15 20:32:31 devstack cinder-volume[92886]: DEBUG oslo.privsep.daemon [-] privsep: reply[bdab0764-46d5-48fa-82ff-0b5f91e682aa]: (4, 'qcow2') {{(pid=93754) _call_back /opt/stack/data/venv/lib/python3.12/site-packages/oslo_privsep/daemon.py:573}}
Jun 15 20:32:31 devstack cinder-volume[92886]: DEBUG oslo_concurrency.processutils [None req-34680ce7-96b2-42a8-b7ae-ec88577fff9f tempest-VolumesGetTest-53863651 None] Running cmd (subprocess): /opt/stack/data/venv/bin/python3.12 -m oslo_concurrency.prlimit --as=1073741824 --cpu=60 -- sudo cinder-rootwrap /etc/cinder/rootwrap.conf env LC_ALL=C qemu-img info -f qcow2 --output=json --force-share /opt/stack/data/cinder/mnt/9bce61e6f9fea2d23bb53b024b0700ba/volume-128d8ce6-df9e-42fa-ad15-208d2d15f4c4 {{(pid=92886) execute /opt/stack/data/venv/lib/python3.12/site-packages/oslo_concurrency/processutils.py:440}}
Jun 15 20:32:31 devstack sudo[97513]: quobyte : PWD=/ ; USER=root ; COMMAND=/opt/stack/data/venv/bin/cinder-rootwrap /etc/cinder/rootwrap.conf env LC_ALL=C qemu-img info -f qcow2 --output=json --force-share /opt/stack/data/cinder/mnt/9bce61e6f9fea2d23bb53b024b0700ba/volume-128d8ce6-df9e-42fa-ad15-208d2d15f4c4
Jun 15 20:32:31 devstack sudo[97513]: pam_unix(sudo:session): session opened for user root(uid=0) by (uid=1000)
Jun 15 20:32:32 devstack sudo[97513]: pam_unix(sudo:session): session closed for user root
Jun 15 20:32:32 devstack cinder-volume[92886]: DEBUG oslo_concurrency.processutils [None req-34680ce7-96b2-42a8-b7ae-ec88577fff9f tempest-VolumesGetTest-53863651 None] CMD "/opt/stack/data/venv/bin/python3.12 -m oslo_concurrency.prlimit --as=1073741824 --cpu=60 -- sudo cinder-rootwrap /etc/cinder/rootwrap.conf env LC_ALL=C qemu-img info -f qcow2 --output=json --force-share /opt/stack/data/cinder/mnt/9bce61e6f9fea2d23bb53b024b0700ba/volume-128d8ce6-df9e-42fa-ad15-208d2d15f4c4" returned: 0 in 0.768s {{(pid=92886) execute /opt/stack/data/venv/lib/python3.12/site-packages/oslo_concurrency/processutils.py:468}}
Jun 15 20:32:32 devstack cinder-volume[92886]: DEBUG oslo_concurrency.processutils [None req-34680ce7-96b2-42a8-b7ae-ec88577fff9f tempest-VolumesGetTest-53863651 None] Running cmd (subprocess): sudo cinder-rootwrap /etc/cinder/rootwrap.conf qemu-img commit -d /opt/stack/data/cinder/mnt/9bce61e6f9fea2d23bb53b024b0700ba/volume-128d8ce6-df9e-42fa-ad15-208d2d15f4c4.a1f18a12-51e8-4a25-9cf9-9c7146b2e027 {{(pid=92886) execute /opt/stack/data/venv/lib/python3.12/site-packages/oslo_concurrency/processutils.py:440}}
Jun 15 20:32:32 devstack sudo[97518]: quobyte : PWD=/ ; USER=root ; COMMAND=/opt/stack/data/venv/bin/cinder-rootwrap /etc/cinder/rootwrap.conf qemu-img commit -d /opt/stack/data/cinder/mnt/9bce61e6f9fea2d23bb53b024b0700ba/volume-128d8ce6-df9e-42fa-ad15-208d2d15f4c4.a1f18a12-51e8-4a25-9cf9-9c7146b2e027
Jun 15 20:32:32 devstack sudo[97518]: pam_unix(sudo:session): session opened for user root(uid=0) by (uid=1000)
Jun 15 20:32:32 devstack cinder-volume[92886]: INFO cinder.volume.manager [req-d8151e22-a550-4e26-8961-64101b3ba4af req-516da72f-38c0-4b37-b4f4-2819cff604b6 tempest-AttachVolumeShelveTestJSON-1081128998 None] Terminate volume connection completed successfully.
Jun 15 20:32:32 devstack cinder-volume[92886]: DEBUG cinder.volume.manager [req-d8151e22-a550-4e26-8961-64101b3ba4af req-516da72f-38c0-4b37-b4f4-2819cff604b6 tempest-AttachVolumeShelveTestJSON-1081128998 None] Deleting attachment 62b329ce-aaf8-4feb-a545-dea485965656. {{(pid=92886) attachment_delete /opt/stack/cinder/cinder/volume/manager.py:5055}}
Jun 15 20:32:33 devstack cinder-volume[92886]: DEBUG oslo_concurrency.processutils [None req-34680ce7-96b2-42a8-b7ae-ec88577fff9f tempest-VolumesGetTest-53863651 None] CMD "sudo cinder-rootwrap /etc/cinder/rootwrap.conf qemu-img commit -d /opt/stack/data/cinder/mnt/9bce61e6f9fea2d23bb53b024b0700ba/volume-128d8ce6-df9e-42fa-ad15-208d2d15f4c4.a1f18a12-51e8-4a25-9cf9-9c7146b2e027" returned: 0 in 0.939s {{(pid=92886) execute /opt/stack/data/venv/lib/python3.12/site-packages/oslo_concurrency/processutils.py:468}}
Jun 15 20:32:33 devstack cinder-volume[92886]: DEBUG oslo_concurrency.processutils [None req-34680ce7-96b2-42a8-b7ae-ec88577fff9f tempest-VolumesGetTest-53863651 None] Running cmd (subprocess): sudo cinder-rootwrap /etc/cinder/rootwrap.conf rm -f /opt/stack/data/cinder/mnt/9bce61e6f9fea2d23bb53b024b0700ba/volume-128d8ce6-df9e-42fa-ad15-208d2d15f4c4.a1f18a12-51e8-4a25-9cf9-9c7146b2e027 {{(pid=92886) execute /opt/stack/data/venv/lib/python3.12/site-packages/oslo_concurrency/processutils.py:440}}
Jun 15 20:32:33 devstack sudo[97518]: pam_unix(sudo:session): session closed for user root
Jun 15 20:32:33 devstack sudo[97551]: quobyte : PWD=/ ; USER=root ; COMMAND=/opt/stack/data/venv/bin/cinder-rootwrap /etc/cinder/rootwrap.conf rm -f /opt/stack/data/cinder/mnt/9bce61e6f9fea2d23bb53b024b0700ba/volume-128d8ce6-df9e-42fa-ad15-208d2d15f4c4.a1f18a12-51e8-4a25-9cf9-9c7146b2e027
Jun 15 20:32:33 devstack sudo[97551]: pam_unix(sudo:session): session opened for user root(uid=0) by (uid=1000)
Jun 15 20:32:34 devstack sudo[97551]: pam_unix(sudo:session): session closed for user root
Jun 15 20:32:34 devstack cinder-volume[92886]: DEBUG oslo_concurrency.processutils [None req-34680ce7-96b2-42a8-b7ae-ec88577fff9f tempest-VolumesGetTest-53863651 None] CMD "sudo cinder-rootwrap /etc/cinder/rootwrap.conf rm -f /opt/stack/data/cinder/mnt/9bce61e6f9fea2d23bb53b024b0700ba/volume-128d8ce6-df9e-42fa-ad15-208d2d15f4c4.a1f18a12-51e8-4a25-9cf9-9c7146b2e027" returned: 0 in 0.764s {{(pid=92886) execute /opt/stack/data/venv/lib/python3.12/site-packages/oslo_concurrency/processutils.py:468}}
Jun 15 20:32:34 devstack cinder-volume[92886]: DEBUG cinder.coordination [None req-34680ce7-96b2-42a8-b7ae-ec88577fff9f tempest-VolumesGetTest-53863651 None] Lock "cinder-quobyte-a1f18a12-51e8-4a25-9cf9-9c7146b2e027" released by "_delete_snapshot" :: held 3.362s {{(pid=92886) __release /opt/stack/cinder/cinder/coordination.py:152}}
Jun 15 20:32:34 devstack cinder-volume[92886]: DEBUG oslo_concurrency.lockutils [None req-34680ce7-96b2-42a8-b7ae-ec88577fff9f tempest-VolumesGetTest-53863651 None] Lock "quobyte" "released" by "cinder.volume.drivers.quobyte.QuobyteDriver.create_cloned_volume" :: held 19.035s {{(pid=92886) inner /opt/stack/data/venv/lib/python3.12/site-packages/oslo_concurrency/lockutils.py:538}}
Jun 15 20:32:34 devstack cinder-volume[92886]: DEBUG cinder.volume.manager [None req-34680ce7-96b2-42a8-b7ae-ec88577fff9f tempest-VolumesGetTest-53863651 None] Task 'cinder.volume.flows.manager.create_volume.CreateVolumeFromSpecTask;volume:create' (96730a7f-31ed-4a6b-a095-17b70d4a284f) transitioned into state 'SUCCESS' from state 'RUNNING' with result '{'status': 'creating', 'volume_name': 'volume-05757a9e-2d58-4cad-b36e-022b460ddc44', 'volume_size': 1, 'source_volid': '128d8ce6-df9e-42fa-ad15-208d2d15f4c4', 'source_volstatus': 'available'}' {{(pid=92886) _task_receiver /opt/stack/data/venv/lib/python3.12/site-packages/taskflow/listeners/logging.py:182}}
Jun 15 20:32:34 devstack cinder-volume[92886]: DEBUG cinder.volume.manager [None req-34680ce7-96b2-42a8-b7ae-ec88577fff9f tempest-VolumesGetTest-53863651 None] Task 'cinder.volume.flows.manager.create_volume.CreateVolumeOnFinishTask;volume:create, create.end' (926d109e-8b8f-4861-9705-af06ea527a96) transitioned into state 'RUNNING' from state 'PENDING' {{(pid=92886) _task_receiver /opt/stack/data/venv/lib/python3.12/site-packages/taskflow/listeners/logging.py:194}}
Jun 15 20:32:34 devstack cinder-volume[92886]: INFO cinder.volume.flows.manager.create_volume [None req-34680ce7-96b2-42a8-b7ae-ec88577fff9f tempest-VolumesGetTest-53863651 None] Volume volume-05757a9e-2d58-4cad-b36e-022b460ddc44 (05757a9e-2d58-4cad-b36e-022b460ddc44): created successfully
Jun 15 20:32:34 devstack cinder-volume[92886]: DEBUG cinder.volume.manager [None req-34680ce7-96b2-42a8-b7ae-ec88577fff9f tempest-VolumesGetTest-53863651 None] Task 'cinder.volume.flows.manager.create_volume.CreateVolumeOnFinishTask;volume:create, create.end' (926d109e-8b8f-4861-9705-af06ea527a96) transitioned into state 'SUCCESS' from state 'RUNNING' with result 'None' {{(pid=92886) _task_receiver /opt/stack/data/venv/lib/python3.12/site-packages/taskflow/listeners/logging.py:182}}
Jun 15 20:32:34 devstack cinder-volume[92886]: DEBUG cinder.volume.manager [None req-34680ce7-96b2-42a8-b7ae-ec88577fff9f tempest-VolumesGetTest-53863651 None] Flow 'volume_create_manager' (d7921bd3-a803-476b-aa7e-e0725a45768d) transitioned into state 'SUCCESS' from state 'RUNNING' {{(pid=92886) _flow_receiver /opt/stack/data/venv/lib/python3.12/site-packages/taskflow/listeners/logging.py:145}}
Jun 15 20:32:34 devstack cinder-volume[92886]: INFO cinder.volume.manager [None req-34680ce7-96b2-42a8-b7ae-ec88577fff9f tempest-VolumesGetTest-53863651 None] Created volume successfully.
Jun 15 20:32:35 devstack cinder-volume[92886]: DEBUG cinder.volume.flows.manager.create_volume [None req-941c355b-a3f4-473c-8744-acb0bbbcbfe9 tempest-VolumesGetTest-53863651 None] Volume reschedule parameters: True retry: {'num_attempts': 1, 'backends': ['devstack@QuobyteHD#QuobyteHD'], 'hosts': ['devstack@QuobyteHD#QuobyteHD']} {{(pid=92886) get_flow /opt/stack/cinder/cinder/volume/flows/manager/create_volume.py:1397}}
Jun 15 20:32:35 devstack cinder-volume[92886]: DEBUG cinder.volume.manager [None req-941c355b-a3f4-473c-8744-acb0bbbcbfe9 tempest-VolumesGetTest-53863651 None] Flow 'volume_create_manager' (17ce5420-45e9-4616-8b8d-4afc2bf986e8) transitioned into state 'RUNNING' from state 'PENDING' {{(pid=92886) _flow_receiver /opt/stack/data/venv/lib/python3.12/site-packages/taskflow/listeners/logging.py:145}}
Jun 15 20:32:35 devstack cinder-volume[92886]: DEBUG cinder.volume.manager [None req-941c355b-a3f4-473c-8744-acb0bbbcbfe9 tempest-VolumesGetTest-53863651 None] Task 'cinder.volume.flows.manager.create_volume.ExtractVolumeRefTask;volume:create' (5553f1f6-5421-44c8-8e45-35eb0c00f249) transitioned into state 'RUNNING' from state 'PENDING' {{(pid=92886) _task_receiver /opt/stack/data/venv/lib/python3.12/site-packages/taskflow/listeners/logging.py:194}}
Jun 15 20:32:35 devstack cinder-volume[92886]: DEBUG cinder.volume.manager [None req-941c355b-a3f4-473c-8744-acb0bbbcbfe9 tempest-VolumesGetTest-53863651 None] Task 'cinder.volume.flows.manager.create_volume.ExtractVolumeRefTask;volume:create' (5553f1f6-5421-44c8-8e45-35eb0c00f249) transitioned into state 'SUCCESS' from state 'RUNNING' with result 'Volume(_name_id=None,admin_metadata=,attach_status='detached',availability_zone='nova',bootable=False,cluster=,cluster_name=None,consistencygroup=,consistencygroup_id=None,created_at=2026-06-15T18:32:35Z,deleted=False,deleted_at=None,display_description='tempest-@#$%^* description-612961927',display_name='tempest-VolumesGetTest-Volume-1245934064',ec2_id=None,encryption_key_id=None,glance_metadata=,group=,group_id=None,host='devstack@QuobyteHD#QuobyteHD',id=f25674d3-722e-4ccd-9568-820266faac33,launched_at=None,metadata={},migration_status=None,multiattach=False,previous_status=None,project_id='52664deabb0e41509c8e071992f45703',provider_auth=None,provider_geometry=None,provider_id=None,provider_location=None,replication_driver_data=None,replication_extended_status=None,replication_status=None,scheduled_at=2026-06-15T18:32:36Z,service_uuid=None,shared_targets=True,size=1,snapshot_id=None,snapshots=,source_volid=None,status='creating',terminated_at=None,updated_at=2026-06-15T18:32:36Z,use_quota=True,user_id='a7b5431e52324465b487404d4d2519ac',volume_attachment=VolumeAttachmentList,volume_type=VolumeType(c0666f20-a57c-4a7a-a855-dc49a62f2b56),volume_type_id=c0666f20-a57c-4a7a-a855-dc49a62f2b56)' {{(pid=92886) _task_receiver /opt/stack/data/venv/lib/python3.12/site-packages/taskflow/listeners/logging.py:182}}
