Jun 23 12:28:17 devstack cinder-volume[93646]: DEBUG oslo_concurrency.processutils [req-1898fb41-04ad-4674-b929-2c897697abef req-d07c3095-a3c7-4350-97d1-c3f132a1290f tempest-VolumesSnapshotsTestJSON-904289799 None] CMD "sudo cinder-rootwrap /etc/cinder/rootwrap.conf rm -f /opt/stack/data/cinder/mnt/ba39b400cdd2228c35e5e84cb2da3c38/volume-5f89cf0a-01ce-472c-9500-a8ef094a2b84" returned: 0 in 0.768s {{(pid=93646) execute /opt/stack/data/venv/lib/python3.12/site-packages/oslo_concurrency/processutils.py:468}}
Jun 23 12:28:17 devstack cinder-volume[93646]: DEBUG cinder.coordination [req-1898fb41-04ad-4674-b929-2c897697abef req-d07c3095-a3c7-4350-97d1-c3f132a1290f tempest-VolumesSnapshotsTestJSON-904289799 None] Lock "cinder-quobyte-5f89cf0a-01ce-472c-9500-a8ef094a2b84" released by "delete_volume" :: held 1.716s {{(pid=93646) __release /opt/stack/cinder/cinder/coordination.py:152}}
Jun 23 12:28:17 devstack cinder-volume[93646]: DEBUG cinder.quota [req-1898fb41-04ad-4674-b929-2c897697abef req-d07c3095-a3c7-4350-97d1-c3f132a1290f tempest-VolumesSnapshotsTestJSON-904289799 None] Created reservations ['0b8cbaf8-4cd4-4b58-b6df-1d9879c011c6', '62d494b4-4ce5-4a7a-8fb7-0ab53e68dd2f', 'd4c432f7-557a-4ca7-a8e4-abfb7db049da', '2f6761d5-709c-485a-857f-58c485a428df'] {{(pid=93646) reserve /opt/stack/cinder/cinder/quota.py:752}}
Jun 23 12:28:17 devstack cinder-volume[93646]: DEBUG oslo_concurrency.lockutils [req-1898fb41-04ad-4674-b929-2c897697abef req-d07c3095-a3c7-4350-97d1-c3f132a1290f tempest-VolumesSnapshotsTestJSON-904289799 None] Acquiring lock "quobyte_ensure" by "cinder.volume.drivers.quobyte.QuobyteDriver._ensure_shares_mounted" {{(pid=93646) inner /opt/stack/data/venv/lib/python3.12/site-packages/oslo_concurrency/lockutils.py:511}}
Jun 23 12:28:17 devstack cinder-volume[93646]: DEBUG oslo_concurrency.lockutils [req-1898fb41-04ad-4674-b929-2c897697abef req-d07c3095-a3c7-4350-97d1-c3f132a1290f tempest-VolumesSnapshotsTestJSON-904289799 None] Lock "quobyte_ensure" acquired by "cinder.volume.drivers.quobyte.QuobyteDriver._ensure_shares_mounted" :: waited 0.001s {{(pid=93646) inner /opt/stack/data/venv/lib/python3.12/site-packages/oslo_concurrency/lockutils.py:524}}
Jun 23 12:28:17 devstack cinder-volume[93646]: DEBUG cinder.volume.drivers.quobyte [req-1898fb41-04ad-4674-b929-2c897697abef req-d07c3095-a3c7-4350-97d1-c3f132a1290f tempest-VolumesSnapshotsTestJSON-904289799 None] Quobyte Volume URL set to: {'osci02.corp.quobyte.com/cinder-vol-ba9358d3-1831-4040-a64d-600b19624af4': None} {{(pid=93646) _load_shares_config /opt/stack/cinder/cinder/volume/drivers/quobyte.py:617}}
Jun 23 12:28:17 devstack cinder-volume[93646]: DEBUG cinder.volume.drivers.quobyte [req-1898fb41-04ad-4674-b929-2c897697abef req-d07c3095-a3c7-4350-97d1-c3f132a1290f tempest-VolumesSnapshotsTestJSON-904289799 None] Available shares ['osci02.corp.quobyte.com/cinder-vol-ba9358d3-1831-4040-a64d-600b19624af4'] {{(pid=93646) _ensure_shares_mounted /opt/stack/cinder/cinder/volume/drivers/quobyte.py:647}}
Jun 23 12:28:17 devstack cinder-volume[93646]: DEBUG oslo_concurrency.lockutils [req-1898fb41-04ad-4674-b929-2c897697abef req-d07c3095-a3c7-4350-97d1-c3f132a1290f tempest-VolumesSnapshotsTestJSON-904289799 None] Lock "quobyte_ensure" "released" by "cinder.volume.drivers.quobyte.QuobyteDriver._ensure_shares_mounted" :: held 0.009s {{(pid=93646) inner /opt/stack/data/venv/lib/python3.12/site-packages/oslo_concurrency/lockutils.py:543}}
Jun 23 12:28:17 devstack cinder-volume[93646]: DEBUG oslo_concurrency.processutils [req-1898fb41-04ad-4674-b929-2c897697abef req-d07c3095-a3c7-4350-97d1-c3f132a1290f tempest-VolumesSnapshotsTestJSON-904289799 None] Running cmd (subprocess): sudo cinder-rootwrap /etc/cinder/rootwrap.conf df --portability --block-size 1 /opt/stack/data/cinder/mnt/ba39b400cdd2228c35e5e84cb2da3c38 {{(pid=93646) execute /opt/stack/data/venv/lib/python3.12/site-packages/oslo_concurrency/processutils.py:440}}
Jun 23 12:28:17 devstack sudo[97465]: quobyte : PWD=/ ; USER=root ; COMMAND=/opt/stack/data/venv/bin/cinder-rootwrap /etc/cinder/rootwrap.conf df --portability --block-size 1 /opt/stack/data/cinder/mnt/ba39b400cdd2228c35e5e84cb2da3c38
Jun 23 12:28:17 devstack sudo[97465]: pam_unix(sudo:session): session opened for user root(uid=0) by (uid=1000)
Jun 23 12:28:17 devstack cinder-volume[93646]: INFO cinder.volume.manager [None req-b2c2c41d-d354-48c1-8ee4-dfe1049f7032 tempest-GroupSnapshotsTest-1622835289 None] Update group completed successfully.
Jun 23 12:28:18 devstack sudo[97463]: pam_unix(sudo:session): session closed for user root
Jun 23 12:28:18 devstack cinder-volume[93646]: DEBUG oslo_concurrency.processutils [None req-0e6d5539-9756-4631-8bee-128c2c51130d None None] CMD "sudo cinder-rootwrap /etc/cinder/rootwrap.conf df --portability --block-size 1 /opt/stack/data/cinder/mnt/ba39b400cdd2228c35e5e84cb2da3c38" returned: 0 in 0.927s {{(pid=93646) execute /opt/stack/data/venv/lib/python3.12/site-packages/oslo_concurrency/processutils.py:468}}
Jun 23 12:28:18 devstack cinder-volume[93646]: DEBUG cinder.manager [None req-0e6d5539-9756-4631-8bee-128c2c51130d None None] Notifying Schedulers of capabilities ... {{(pid=93646) _publish_service_capabilities /opt/stack/cinder/cinder/manager.py:219}}
Jun 23 12:28:18 devstack cinder-volume[93646]: DEBUG oslo_service.periodic_task [None req-0e6d5539-9756-4631-8bee-128c2c51130d None None] Running periodic task VolumeManager._thread_info {{(pid=93646) run_periodic_tasks /opt/stack/data/venv/lib/python3.12/site-packages/oslo_service/periodic_task.py:225}}
Jun 23 12:28:18 devstack cinder-volume[93646]: DEBUG cinder.volume.manager [None req-0e6d5539-9756-4631-8bee-128c2c51130d None None] thread count: 8 {{(pid=93646) _thread_info /opt/stack/cinder/cinder/volume/manager.py:5472}}
Jun 23 12:28:18 devstack cinder-volume[93646]: DEBUG cinder.volume.manager [None req-0e6d5539-9756-4631-8bee-128c2c51130d None None] thread info: [<_MainThread(MainThread, started 138103703691392)>, , , , , , , ] {{(pid=93646) _thread_info /opt/stack/cinder/cinder/volume/manager.py:5473}}
Jun 23 12:28:18 devstack sudo[97465]: pam_unix(sudo:session): session closed for user root
Jun 23 12:28:18 devstack cinder-volume[93646]: DEBUG oslo_concurrency.processutils [req-1898fb41-04ad-4674-b929-2c897697abef req-d07c3095-a3c7-4350-97d1-c3f132a1290f tempest-VolumesSnapshotsTestJSON-904289799 None] CMD "sudo cinder-rootwrap /etc/cinder/rootwrap.conf df --portability --block-size 1 /opt/stack/data/cinder/mnt/ba39b400cdd2228c35e5e84cb2da3c38" returned: 0 in 0.982s {{(pid=93646) execute /opt/stack/data/venv/lib/python3.12/site-packages/oslo_concurrency/processutils.py:468}}
Jun 23 12:28:18 devstack cinder-volume[93646]: DEBUG cinder.manager [req-1898fb41-04ad-4674-b929-2c897697abef req-d07c3095-a3c7-4350-97d1-c3f132a1290f tempest-VolumesSnapshotsTestJSON-904289799 None] Notifying Schedulers of capabilities ... {{(pid=93646) _publish_service_capabilities /opt/stack/cinder/cinder/manager.py:219}}
Jun 23 12:28:18 devstack cinder-volume[93646]: INFO cinder.volume.manager [req-1898fb41-04ad-4674-b929-2c897697abef req-d07c3095-a3c7-4350-97d1-c3f132a1290f tempest-VolumesSnapshotsTestJSON-904289799 None] Deleted volume successfully.
Jun 23 12:28:18 devstack cinder-volume[93646]: DEBUG cinder.coordination [req-1898fb41-04ad-4674-b929-2c897697abef req-d07c3095-a3c7-4350-97d1-c3f132a1290f tempest-VolumesSnapshotsTestJSON-904289799 None] Lock "cinder-5f89cf0a-01ce-472c-9500-a8ef094a2b84-delete_volume" released by "delete_volume" :: held 2.984s {{(pid=93646) __release /opt/stack/cinder/cinder/coordination.py:152}}
Jun 23 12:28:19 devstack cinder-volume[93646]: INFO cinder.volume.manager [None req-51e241be-ecba-45f1-9c32-32c212467444 tempest-GroupSnapshotsTest-1622835289 None] GroupSnapshot d62716c8-c457-4418-89b4-7fa9793e93c7: creating.
Jun 23 12:28:19 devstack cinder-volume[93646]: DEBUG cinder.volume.manager [None req-51e241be-ecba-45f1-9c32-32c212467444 tempest-GroupSnapshotsTest-1622835289 None] Group snapshot d62716c8-c457-4418-89b4-7fa9793e93c7: creating. {{(pid=93646) create_group_snapshot /opt/stack/cinder/cinder/volume/manager.py:4175}}
Jun 23 12:28:19 devstack cinder-volume[93646]: DEBUG oslo_concurrency.lockutils [None req-51e241be-ecba-45f1-9c32-32c212467444 tempest-GroupSnapshotsTest-1622835289 None] Acquiring lock "quobyte" by "cinder.volume.drivers.quobyte.QuobyteDriver.create_snapshot" {{(pid=93646) inner /opt/stack/data/venv/lib/python3.12/site-packages/oslo_concurrency/lockutils.py:511}}
Jun 23 12:28:19 devstack cinder-volume[93646]: DEBUG oslo_concurrency.lockutils [None req-51e241be-ecba-45f1-9c32-32c212467444 tempest-GroupSnapshotsTest-1622835289 None] Lock "quobyte" acquired by "cinder.volume.drivers.quobyte.QuobyteDriver.create_snapshot" :: waited 0.000s {{(pid=93646) inner /opt/stack/data/venv/lib/python3.12/site-packages/oslo_concurrency/lockutils.py:524}}
Jun 23 12:28:19 devstack cinder-volume[93646]: DEBUG cinder.volume.drivers.remotefs [None req-51e241be-ecba-45f1-9c32-32c212467444 tempest-GroupSnapshotsTest-1622835289 None] Creating offline snapshot 6320c78a-aa53-4a02-84e2-84cfc15be157 of volume 570c3c1a-bbea-4f4b-ac16-2f34f85a5b36 {{(pid=93646) _create_snapshot /opt/stack/cinder/cinder/volume/drivers/remotefs.py:1816}}
Jun 23 12:28:19 devstack cinder-volume[93646]: DEBUG oslo.privsep.daemon [-] privsep: reply[9112ca62-dcac-4c42-8e93-84820eb27589]: (4, 'qcow2') {{(pid=95637) _call_back /opt/stack/data/venv/lib/python3.12/site-packages/oslo_privsep/daemon.py:580}}
Jun 23 12:28:19 devstack cinder-volume[93646]: DEBUG oslo_concurrency.processutils [None req-51e241be-ecba-45f1-9c32-32c212467444 tempest-GroupSnapshotsTest-1622835289 None] Running cmd (subprocess): /opt/stack/data/venv/bin/python3.12 -m oslo_concurrency.prlimit --as=1073741824 --cpu=60 -- sudo cinder-rootwrap /etc/cinder/rootwrap.conf env LC_ALL=C qemu-img info -f qcow2 --output=json --force-share /opt/stack/data/cinder/mnt/ba39b400cdd2228c35e5e84cb2da3c38/volume-570c3c1a-bbea-4f4b-ac16-2f34f85a5b36 {{(pid=93646) execute /opt/stack/data/venv/lib/python3.12/site-packages/oslo_concurrency/processutils.py:440}}
Jun 23 12:28:19 devstack sudo[97788]: quobyte : PWD=/ ; USER=root ; COMMAND=/opt/stack/data/venv/bin/cinder-rootwrap /etc/cinder/rootwrap.conf env LC_ALL=C qemu-img info -f qcow2 --output=json --force-share /opt/stack/data/cinder/mnt/ba39b400cdd2228c35e5e84cb2da3c38/volume-570c3c1a-bbea-4f4b-ac16-2f34f85a5b36
Jun 23 12:28:19 devstack sudo[97788]: pam_unix(sudo:session): session opened for user root(uid=0) by (uid=1000)
Jun 23 12:28:20 devstack sudo[97788]: pam_unix(sudo:session): session closed for user root
Jun 23 12:28:20 devstack cinder-volume[93646]: DEBUG oslo_concurrency.processutils [None req-51e241be-ecba-45f1-9c32-32c212467444 tempest-GroupSnapshotsTest-1622835289 None] CMD "/opt/stack/data/venv/bin/python3.12 -m oslo_concurrency.prlimit --as=1073741824 --cpu=60 -- sudo cinder-rootwrap /etc/cinder/rootwrap.conf env LC_ALL=C qemu-img info -f qcow2 --output=json --force-share /opt/stack/data/cinder/mnt/ba39b400cdd2228c35e5e84cb2da3c38/volume-570c3c1a-bbea-4f4b-ac16-2f34f85a5b36" returned: 0 in 0.879s {{(pid=93646) execute /opt/stack/data/venv/lib/python3.12/site-packages/oslo_concurrency/processutils.py:468}}
Jun 23 12:28:20 devstack cinder-volume[93646]: DEBUG oslo_concurrency.processutils [None req-51e241be-ecba-45f1-9c32-32c212467444 tempest-GroupSnapshotsTest-1622835289 None] Running cmd (subprocess): sudo cinder-rootwrap /etc/cinder/rootwrap.conf qemu-img create -f qcow2 -o backing_file=/opt/stack/data/cinder/mnt/ba39b400cdd2228c35e5e84cb2da3c38/volume-570c3c1a-bbea-4f4b-ac16-2f34f85a5b36,backing_fmt=qcow2 /opt/stack/data/cinder/mnt/ba39b400cdd2228c35e5e84cb2da3c38/volume-570c3c1a-bbea-4f4b-ac16-2f34f85a5b36.6320c78a-aa53-4a02-84e2-84cfc15be157 1G {{(pid=93646) execute /opt/stack/data/venv/lib/python3.12/site-packages/oslo_concurrency/processutils.py:440}}
Jun 23 12:28:20 devstack sudo[97793]: quobyte : PWD=/ ; USER=root ; COMMAND=/opt/stack/data/venv/bin/cinder-rootwrap /etc/cinder/rootwrap.conf qemu-img create -f qcow2 -o backing_file=/opt/stack/data/cinder/mnt/ba39b400cdd2228c35e5e84cb2da3c38/volume-570c3c1a-bbea-4f4b-ac16-2f34f85a5b36,backing_fmt=qcow2 /opt/stack/data/cinder/mnt/ba39b400cdd2228c35e5e84cb2da3c38/volume-570c3c1a-bbea-4f4b-ac16-2f34f85a5b36.6320c78a-aa53-4a02-84e2-84cfc15be157 1G
Jun 23 12:28:20 devstack sudo[97793]: pam_unix(sudo:session): session opened for user root(uid=0) by (uid=1000)
Jun 23 12:28:21 devstack sudo[97793]: pam_unix(sudo:session): session closed for user root
Jun 23 12:28:21 devstack cinder-volume[93646]: DEBUG oslo_concurrency.processutils [None req-51e241be-ecba-45f1-9c32-32c212467444 tempest-GroupSnapshotsTest-1622835289 None] CMD "sudo cinder-rootwrap /etc/cinder/rootwrap.conf qemu-img create -f qcow2 -o backing_file=/opt/stack/data/cinder/mnt/ba39b400cdd2228c35e5e84cb2da3c38/volume-570c3c1a-bbea-4f4b-ac16-2f34f85a5b36,backing_fmt=qcow2 /opt/stack/data/cinder/mnt/ba39b400cdd2228c35e5e84cb2da3c38/volume-570c3c1a-bbea-4f4b-ac16-2f34f85a5b36.6320c78a-aa53-4a02-84e2-84cfc15be157 1G" returned: 0 in 0.977s {{(pid=93646) execute /opt/stack/data/venv/lib/python3.12/site-packages/oslo_concurrency/processutils.py:468}}
Jun 23 12:28:21 devstack cinder-volume[93646]: DEBUG oslo_concurrency.processutils [None req-51e241be-ecba-45f1-9c32-32c212467444 tempest-GroupSnapshotsTest-1622835289 None] Running cmd (subprocess): sudo cinder-rootwrap /etc/cinder/rootwrap.conf qemu-img rebase -u -b volume-570c3c1a-bbea-4f4b-ac16-2f34f85a5b36 -F qcow2 /opt/stack/data/cinder/mnt/ba39b400cdd2228c35e5e84cb2da3c38/volume-570c3c1a-bbea-4f4b-ac16-2f34f85a5b36.6320c78a-aa53-4a02-84e2-84cfc15be157 {{(pid=93646) execute /opt/stack/data/venv/lib/python3.12/site-packages/oslo_concurrency/processutils.py:440}}
Jun 23 12:28:21 devstack sudo[97800]: quobyte : PWD=/ ; USER=root ; COMMAND=/opt/stack/data/venv/bin/cinder-rootwrap /etc/cinder/rootwrap.conf qemu-img rebase -u -b volume-570c3c1a-bbea-4f4b-ac16-2f34f85a5b36 -F qcow2 /opt/stack/data/cinder/mnt/ba39b400cdd2228c35e5e84cb2da3c38/volume-570c3c1a-bbea-4f4b-ac16-2f34f85a5b36.6320c78a-aa53-4a02-84e2-84cfc15be157
Jun 23 12:28:21 devstack sudo[97800]: pam_unix(sudo:session): session opened for user root(uid=0) by (uid=1000)
Jun 23 12:28:21 devstack cinder-volume[93646]: DEBUG cinder.volume.flows.manager.create_volume [None req-ac627fe3-08c8-406b-85e8-202c33beb530 tempest-VolumeRetypeWithoutMigrationTest-1205794031 None] Volume reschedule parameters: True retry: {'num_attempts': 1, 'backends': ['devstack@QuobyteHD#QuobyteHD'], 'hosts': ['devstack@QuobyteHD#QuobyteHD']} {{(pid=93646) get_flow /opt/stack/cinder/cinder/volume/flows/manager/create_volume.py:1397}}
Jun 23 12:28:22 devstack cinder-volume[93646]: DEBUG cinder.volume.manager [None req-ac627fe3-08c8-406b-85e8-202c33beb530 tempest-VolumeRetypeWithoutMigrationTest-1205794031 None] Flow 'volume_create_manager' (1e360a53-5685-4074-88dd-0625229184f4) transitioned into state 'RUNNING' from state 'PENDING' {{(pid=93646) _flow_receiver /opt/stack/data/venv/lib/python3.12/site-packages/taskflow/listeners/logging.py:160}}
Jun 23 12:28:22 devstack cinder-volume[93646]: DEBUG cinder.volume.manager [None req-ac627fe3-08c8-406b-85e8-202c33beb530 tempest-VolumeRetypeWithoutMigrationTest-1205794031 None] Task 'cinder.volume.flows.manager.create_volume.ExtractVolumeRefTask;volume:create' (82d49f18-f8f9-4b38-b875-c46dc71ba794) transitioned into state 'RUNNING' from state 'PENDING' {{(pid=93646) _task_receiver /opt/stack/data/venv/lib/python3.12/site-packages/taskflow/listeners/logging.py:242}}
Jun 23 12:28:22 devstack cinder-volume[93646]: DEBUG cinder.volume.manager [None req-ac627fe3-08c8-406b-85e8-202c33beb530 tempest-VolumeRetypeWithoutMigrationTest-1205794031 None] Task 'cinder.volume.flows.manager.create_volume.ExtractVolumeRefTask;volume:create' (82d49f18-f8f9-4b38-b875-c46dc71ba794) transitioned into state 'SUCCESS' from state 'RUNNING' with result 'Volume(_name_id=None,admin_metadata=,attach_status='detached',availability_zone='nova',bootable=False,cluster=,cluster_name=None,consistencygroup=,consistencygroup_id=None,created_at=2026-06-23T10:28:22Z,deleted=False,deleted_at=None,display_description=None,display_name='tempest-VolumeRetypeWithoutMigrationTest-Volume-1003636090',ec2_id=None,encryption_key_id=None,glance_metadata=,group=,group_id=None,host='devstack@QuobyteHD#QuobyteHD',id=cc14411c-ed1d-4335-9ec8-c9ba362b194b,launched_at=None,metadata={},migration_status=None,multiattach=False,previous_status=None,project_id='3d16da5a0e864676b4630f7f71fe1415',provider_auth=None,provider_geometry=None,provider_id=None,provider_location=None,replication_driver_data=None,replication_extended_status=None,replication_status=None,scheduled_at=2026-06-23T10:28:22Z,service_uuid=None,shared_targets=True,size=1,snapshot_id=None,snapshots=,source_volid=None,status='creating',terminated_at=None,updated_at=2026-06-23T10:28:22Z,use_quota=True,user_id='549ffeb9b0d342e5bb265d09b3907372',volume_attachment=VolumeAttachmentList,volume_type=VolumeType(eaac4b7e-1282-413d-bcd7-2f34bad9e9e4),volume_type_id=eaac4b7e-1282-413d-bcd7-2f34bad9e9e4)' {{(pid=93646) _task_receiver /opt/stack/data/venv/lib/python3.12/site-packages/taskflow/listeners/logging.py:218}}
Jun 23 12:28:22 devstack cinder-volume[93646]: DEBUG cinder.volume.manager [None req-ac627fe3-08c8-406b-85e8-202c33beb530 tempest-VolumeRetypeWithoutMigrationTest-1205794031 None] Task 'cinder.volume.flows.manager.create_volume.OnFailureRescheduleTask;volume:create' (d4eb3a95-7413-4840-b154-7d0663b60751) transitioned into state 'RUNNING' from state 'PENDING' {{(pid=93646) _task_receiver /opt/stack/data/venv/lib/python3.12/site-packages/taskflow/listeners/logging.py:242}}
Jun 23 12:28:22 devstack cinder-volume[93646]: DEBUG cinder.volume.manager [None req-ac627fe3-08c8-406b-85e8-202c33beb530 tempest-VolumeRetypeWithoutMigrationTest-1205794031 None] Task 'cinder.volume.flows.manager.create_volume.OnFailureRescheduleTask;volume:create' (d4eb3a95-7413-4840-b154-7d0663b60751) transitioned into state 'SUCCESS' from state 'RUNNING' with result 'None' {{(pid=93646) _task_receiver /opt/stack/data/venv/lib/python3.12/site-packages/taskflow/listeners/logging.py:218}}
Jun 23 12:28:22 devstack cinder-volume[93646]: DEBUG cinder.volume.manager [None req-ac627fe3-08c8-406b-85e8-202c33beb530 tempest-VolumeRetypeWithoutMigrationTest-1205794031 None] Task 'cinder.volume.flows.manager.create_volume.ExtractVolumeSpecTask;volume:create' (a96e05c0-ed44-4c37-87cd-dcde058891b5) transitioned into state 'RUNNING' from state 'PENDING' {{(pid=93646) _task_receiver /opt/stack/data/venv/lib/python3.12/site-packages/taskflow/listeners/logging.py:242}}
Jun 23 12:28:22 devstack cinder-volume[93646]: DEBUG cinder.volume.manager [None req-ac627fe3-08c8-406b-85e8-202c33beb530 tempest-VolumeRetypeWithoutMigrationTest-1205794031 None] Task 'cinder.volume.flows.manager.create_volume.ExtractVolumeSpecTask;volume:create' (a96e05c0-ed44-4c37-87cd-dcde058891b5) transitioned into state 'SUCCESS' from state 'RUNNING' with result '{'status': 'creating', 'type': 'raw', 'volume_id': 'cc14411c-ed1d-4335-9ec8-c9ba362b194b', 'volume_name': 'volume-cc14411c-ed1d-4335-9ec8-c9ba362b194b', 'volume_size': 1}' {{(pid=93646) _task_receiver /opt/stack/data/venv/lib/python3.12/site-packages/taskflow/listeners/logging.py:218}}
Jun 23 12:28:22 devstack cinder-volume[93646]: DEBUG cinder.volume.manager [None req-ac627fe3-08c8-406b-85e8-202c33beb530 tempest-VolumeRetypeWithoutMigrationTest-1205794031 None] Task 'cinder.volume.flows.manager.create_volume.NotifyVolumeActionTask;volume:create, create.start' (b8d3a6f9-c82b-4123-a374-7fb40b25ff3c) transitioned into state 'RUNNING' from state 'PENDING' {{(pid=93646) _task_receiver /opt/stack/data/venv/lib/python3.12/site-packages/taskflow/listeners/logging.py:242}}
Jun 23 12:28:22 devstack cinder-volume[93646]: DEBUG cinder.volume.manager [None req-ac627fe3-08c8-406b-85e8-202c33beb530 tempest-VolumeRetypeWithoutMigrationTest-1205794031 None] Task 'cinder.volume.flows.manager.create_volume.NotifyVolumeActionTask;volume:create, create.start' (b8d3a6f9-c82b-4123-a374-7fb40b25ff3c) transitioned into state 'SUCCESS' from state 'RUNNING' with result 'None' {{(pid=93646) _task_receiver /opt/stack/data/venv/lib/python3.12/site-packages/taskflow/listeners/logging.py:218}}
Jun 23 12:28:22 devstack cinder-volume[93646]: DEBUG cinder.volume.manager [None req-ac627fe3-08c8-406b-85e8-202c33beb530 tempest-VolumeRetypeWithoutMigrationTest-1205794031 None] Task 'cinder.volume.flows.manager.create_volume.CreateVolumeFromSpecTask;volume:create' (f02ee71d-708c-45d7-9c0d-3ab985af6346) transitioned into state 'RUNNING' from state 'PENDING' {{(pid=93646) _task_receiver /opt/stack/data/venv/lib/python3.12/site-packages/taskflow/listeners/logging.py:242}}
Jun 23 12:28:22 devstack cinder-volume[93646]: INFO cinder.volume.flows.manager.create_volume [None req-ac627fe3-08c8-406b-85e8-202c33beb530 tempest-VolumeRetypeWithoutMigrationTest-1205794031 None] Volume cc14411c-ed1d-4335-9ec8-c9ba362b194b: being created as raw with specification: {'status': 'creating', 'volume_name': 'volume-cc14411c-ed1d-4335-9ec8-c9ba362b194b', 'volume_size': 1}
Jun 23 12:28:22 devstack cinder-volume[93646]: DEBUG oslo_concurrency.lockutils [None req-ac627fe3-08c8-406b-85e8-202c33beb530 tempest-VolumeRetypeWithoutMigrationTest-1205794031 None] Acquiring lock "quobyte" by "cinder.volume.drivers.quobyte.QuobyteDriver.create_volume" {{(pid=93646) inner /opt/stack/data/venv/lib/python3.12/site-packages/oslo_concurrency/lockutils.py:511}}
Jun 23 12:28:22 devstack sudo[97800]: pam_unix(sudo:session): session closed for user root
Jun 23 12:28:22 devstack cinder-volume[93646]: DEBUG oslo_concurrency.processutils [None req-51e241be-ecba-45f1-9c32-32c212467444 tempest-GroupSnapshotsTest-1622835289 None] CMD "sudo cinder-rootwrap /etc/cinder/rootwrap.conf qemu-img rebase -u -b volume-570c3c1a-bbea-4f4b-ac16-2f34f85a5b36 -F qcow2 /opt/stack/data/cinder/mnt/ba39b400cdd2228c35e5e84cb2da3c38/volume-570c3c1a-bbea-4f4b-ac16-2f34f85a5b36.6320c78a-aa53-4a02-84e2-84cfc15be157" returned: 0 in 0.947s {{(pid=93646) execute /opt/stack/data/venv/lib/python3.12/site-packages/oslo_concurrency/processutils.py:468}}
Jun 23 12:28:22 devstack cinder-volume[93646]: WARNING cinder.volume.drivers.remotefs [None req-51e241be-ecba-45f1-9c32-32c212467444 tempest-GroupSnapshotsTest-1622835289 None] /opt/stack/data/cinder/mnt/ba39b400cdd2228c35e5e84cb2da3c38/volume-570c3c1a-bbea-4f4b-ac16-2f34f85a5b36.6320c78a-aa53-4a02-84e2-84cfc15be157 is being set with open permissions: ugo+rw: NotImplementedError
Jun 23 12:28:22 devstack cinder-volume[93646]: DEBUG oslo_concurrency.processutils [None req-51e241be-ecba-45f1-9c32-32c212467444 tempest-GroupSnapshotsTest-1622835289 None] Running cmd (subprocess): sudo cinder-rootwrap /etc/cinder/rootwrap.conf chmod ugo+rw /opt/stack/data/cinder/mnt/ba39b400cdd2228c35e5e84cb2da3c38/volume-570c3c1a-bbea-4f4b-ac16-2f34f85a5b36.6320c78a-aa53-4a02-84e2-84cfc15be157 {{(pid=93646) execute /opt/stack/data/venv/lib/python3.12/site-packages/oslo_concurrency/processutils.py:440}}
Jun 23 12:28:22 devstack sudo[97810]: quobyte : PWD=/ ; USER=root ; COMMAND=/opt/stack/data/venv/bin/cinder-rootwrap /etc/cinder/rootwrap.conf chmod ugo+rw /opt/stack/data/cinder/mnt/ba39b400cdd2228c35e5e84cb2da3c38/volume-570c3c1a-bbea-4f4b-ac16-2f34f85a5b36.6320c78a-aa53-4a02-84e2-84cfc15be157
Jun 23 12:28:22 devstack sudo[97810]: pam_unix(sudo:session): session opened for user root(uid=0) by (uid=1000)
Jun 23 12:28:22 devstack sudo[97810]: pam_unix(sudo:session): session closed for user root
Jun 23 12:28:22 devstack cinder-volume[93646]: DEBUG oslo_concurrency.processutils [None req-51e241be-ecba-45f1-9c32-32c212467444 tempest-GroupSnapshotsTest-1622835289 None] CMD "sudo cinder-rootwrap /etc/cinder/rootwrap.conf chmod ugo+rw /opt/stack/data/cinder/mnt/ba39b400cdd2228c35e5e84cb2da3c38/volume-570c3c1a-bbea-4f4b-ac16-2f34f85a5b36.6320c78a-aa53-4a02-84e2-84cfc15be157" returned: 0 in 0.751s {{(pid=93646) execute /opt/stack/data/venv/lib/python3.12/site-packages/oslo_concurrency/processutils.py:468}}
Jun 23 12:28:23 devstack cinder-volume[93646]: DEBUG oslo_concurrency.processutils [None req-51e241be-ecba-45f1-9c32-32c212467444 tempest-GroupSnapshotsTest-1622835289 None] Running cmd (subprocess): sudo cinder-rootwrap /etc/cinder/rootwrap.conf truncate -s0 /opt/stack/data/cinder/mnt/ba39b400cdd2228c35e5e84cb2da3c38/volume-570c3c1a-bbea-4f4b-ac16-2f34f85a5b36.info {{(pid=93646) execute /opt/stack/data/venv/lib/python3.12/site-packages/oslo_concurrency/processutils.py:440}}
Jun 23 12:28:23 devstack sudo[97821]: quobyte : PWD=/ ; USER=root ; COMMAND=/opt/stack/data/venv/bin/cinder-rootwrap /etc/cinder/rootwrap.conf truncate -s0 /opt/stack/data/cinder/mnt/ba39b400cdd2228c35e5e84cb2da3c38/volume-570c3c1a-bbea-4f4b-ac16-2f34f85a5b36.info
Jun 23 12:28:23 devstack sudo[97821]: pam_unix(sudo:session): session opened for user root(uid=0) by (uid=1000)
Jun 23 12:28:23 devstack cinder-volume[93646]: DEBUG cinder.volume.flows.manager.create_volume [req-5785bbb5-f540-4f2c-9811-03865589fb9d req-6fdbc9f1-5c14-4753-b24a-1b507dd3d8b0 tempest-VolumesGetTestJSON-1288553077 None] Volume reschedule parameters: True retry: {'num_attempts': 1, 'backends': ['devstack@QuobyteHD#QuobyteHD'], 'hosts': ['devstack@QuobyteHD#QuobyteHD']} {{(pid=93646) get_flow /opt/stack/cinder/cinder/volume/flows/manager/create_volume.py:1397}}
Jun 23 12:28:23 devstack cinder-volume[93646]: DEBUG cinder.volume.manager [req-5785bbb5-f540-4f2c-9811-03865589fb9d req-6fdbc9f1-5c14-4753-b24a-1b507dd3d8b0 tempest-VolumesGetTestJSON-1288553077 None] Flow 'volume_create_manager' (cd877eef-4c01-40b7-b193-04d30b925dc2) transitioned into state 'RUNNING' from state 'PENDING' {{(pid=93646) _flow_receiver /opt/stack/data/venv/lib/python3.12/site-packages/taskflow/listeners/logging.py:160}}
Jun 23 12:28:23 devstack cinder-volume[93646]: DEBUG cinder.volume.manager [req-5785bbb5-f540-4f2c-9811-03865589fb9d req-6fdbc9f1-5c14-4753-b24a-1b507dd3d8b0 tempest-VolumesGetTestJSON-1288553077 None] Task 'cinder.volume.flows.manager.create_volume.ExtractVolumeRefTask;volume:create' (7bc8798f-8d33-4cad-855c-06ddcacc6244) transitioned into state 'RUNNING' from state 'PENDING' {{(pid=93646) _task_receiver /opt/stack/data/venv/lib/python3.12/site-packages/taskflow/listeners/logging.py:242}}
Jun 23 12:28:23 devstack cinder-volume[93646]: DEBUG cinder.volume.manager [req-5785bbb5-f540-4f2c-9811-03865589fb9d req-6fdbc9f1-5c14-4753-b24a-1b507dd3d8b0 tempest-VolumesGetTestJSON-1288553077 None] Task 'cinder.volume.flows.manager.create_volume.ExtractVolumeRefTask;volume:create' (7bc8798f-8d33-4cad-855c-06ddcacc6244) transitioned into state 'SUCCESS' from state 'RUNNING' with result 'Volume(_name_id=None,admin_metadata=,attach_status='detached',availability_zone='nova',bootable=False,cluster=,cluster_name=None,consistencygroup=,consistencygroup_id=None,created_at=2026-06-23T10:28:23Z,deleted=False,deleted_at=None,display_description=None,display_name='tempest-VolumesGetTestJSON-Volume-1555191970',ec2_id=None,encryption_key_id=None,glance_metadata=,group=,group_id=None,host='devstack@QuobyteHD#QuobyteHD',id=e450a5bb-39e9-4492-8cc9-fe207bb72167,launched_at=None,metadata={Type='work'},migration_status=None,multiattach=False,previous_status=None,project_id='9be74fbec2c04477a6262f1a1831bb1c',provider_auth=None,provider_geometry=None,provider_id=None,provider_location=None,replication_driver_data=None,replication_extended_status=None,replication_status=None,scheduled_at=2026-06-23T10:28:23Z,service_uuid=None,shared_targets=True,size=1,snapshot_id=None,snapshots=,source_volid=None,status='creating',terminated_at=None,updated_at=2026-06-23T10:28:23Z,use_quota=True,user_id='ec9255e597444424a24bab8c5ff10dfd',volume_attachment=VolumeAttachmentList,volume_type=VolumeType(27ef27e2-4374-4691-8b90-da304d529a60),volume_type_id=27ef27e2-4374-4691-8b90-da304d529a60)' {{(pid=93646) _task_receiver /opt/stack/data/venv/lib/python3.12/site-packages/taskflow/listeners/logging.py:218}}
Jun 23 12:28:23 devstack cinder-volume[93646]: DEBUG cinder.volume.manager [req-5785bbb5-f540-4f2c-9811-03865589fb9d req-6fdbc9f1-5c14-4753-b24a-1b507dd3d8b0 tempest-VolumesGetTestJSON-1288553077 None] Task 'cinder.volume.flows.manager.create_volume.OnFailureRescheduleTask;volume:create' (a5b7af46-a87f-4e32-896f-3fad41bbafe3) transitioned into state 'RUNNING' from state 'PENDING' {{(pid=93646) _task_receiver /opt/stack/data/venv/lib/python3.12/site-packages/taskflow/listeners/logging.py:242}}
Jun 23 12:28:23 devstack cinder-volume[93646]: DEBUG cinder.volume.manager [req-5785bbb5-f540-4f2c-9811-03865589fb9d req-6fdbc9f1-5c14-4753-b24a-1b507dd3d8b0 tempest-VolumesGetTestJSON-1288553077 None] Task 'cinder.volume.flows.manager.create_volume.OnFailureRescheduleTask;volume:create' (a5b7af46-a87f-4e32-896f-3fad41bbafe3) transitioned into state 'SUCCESS' from state 'RUNNING' with result 'None' {{(pid=93646) _task_receiver /opt/stack/data/venv/lib/python3.12/site-packages/taskflow/listeners/logging.py:218}}
Jun 23 12:28:23 devstack cinder-volume[93646]: DEBUG cinder.volume.manager [req-5785bbb5-f540-4f2c-9811-03865589fb9d req-6fdbc9f1-5c14-4753-b24a-1b507dd3d8b0 tempest-VolumesGetTestJSON-1288553077 None] Task 'cinder.volume.flows.manager.create_volume.ExtractVolumeSpecTask;volume:create' (41c30c34-b68c-4958-8939-63d09bf7f179) transitioned into state 'RUNNING' from state 'PENDING' {{(pid=93646) _task_receiver /opt/stack/data/venv/lib/python3.12/site-packages/taskflow/listeners/logging.py:242}}
Jun 23 12:28:23 devstack cinder-volume[93646]: DEBUG cinder.volume.manager [req-5785bbb5-f540-4f2c-9811-03865589fb9d req-6fdbc9f1-5c14-4753-b24a-1b507dd3d8b0 tempest-VolumesGetTestJSON-1288553077 None] Task 'cinder.volume.flows.manager.create_volume.ExtractVolumeSpecTask;volume:create' (41c30c34-b68c-4958-8939-63d09bf7f179) transitioned into state 'SUCCESS' from state 'RUNNING' with result '{'status': 'creating', 'type': 'raw', 'volume_id': 'e450a5bb-39e9-4492-8cc9-fe207bb72167', 'volume_name': 'volume-e450a5bb-39e9-4492-8cc9-fe207bb72167', 'volume_size': 1}' {{(pid=93646) _task_receiver /opt/stack/data/venv/lib/python3.12/site-packages/taskflow/listeners/logging.py:218}}
Jun 23 12:28:23 devstack cinder-volume[93646]: DEBUG cinder.volume.manager [req-5785bbb5-f540-4f2c-9811-03865589fb9d req-6fdbc9f1-5c14-4753-b24a-1b507dd3d8b0 tempest-VolumesGetTestJSON-1288553077 None] Task 'cinder.volume.flows.manager.create_volume.NotifyVolumeActionTask;volume:create, create.start' (2f0a03b6-d67c-4b8a-b807-808978da50cb) transitioned into state 'RUNNING' from state 'PENDING' {{(pid=93646) _task_receiver /opt/stack/data/venv/lib/python3.12/site-packages/taskflow/listeners/logging.py:242}}
Jun 23 12:28:23 devstack cinder-volume[93646]: DEBUG cinder.volume.manager [req-5785bbb5-f540-4f2c-9811-03865589fb9d req-6fdbc9f1-5c14-4753-b24a-1b507dd3d8b0 tempest-VolumesGetTestJSON-1288553077 None] Task 'cinder.volume.flows.manager.create_volume.NotifyVolumeActionTask;volume:create, create.start' (2f0a03b6-d67c-4b8a-b807-808978da50cb) transitioned into state 'SUCCESS' from state 'RUNNING' with result 'None' {{(pid=93646) _task_receiver /opt/stack/data/venv/lib/python3.12/site-packages/taskflow/listeners/logging.py:218}}
Jun 23 12:28:23 devstack cinder-volume[93646]: DEBUG cinder.volume.manager [req-5785bbb5-f540-4f2c-9811-03865589fb9d req-6fdbc9f1-5c14-4753-b24a-1b507dd3d8b0 tempest-VolumesGetTestJSON-1288553077 None] Task 'cinder.volume.flows.manager.create_volume.CreateVolumeFromSpecTask;volume:create' (c0358cdc-c6f8-46a1-9ac4-9334497ec26d) transitioned into state 'RUNNING' from state 'PENDING' {{(pid=93646) _task_receiver /opt/stack/data/venv/lib/python3.12/site-packages/taskflow/listeners/logging.py:242}}
Jun 23 12:28:23 devstack cinder-volume[93646]: INFO cinder.volume.flows.manager.create_volume [req-5785bbb5-f540-4f2c-9811-03865589fb9d req-6fdbc9f1-5c14-4753-b24a-1b507dd3d8b0 tempest-VolumesGetTestJSON-1288553077 None] Volume e450a5bb-39e9-4492-8cc9-fe207bb72167: being created as raw with specification: {'status': 'creating', 'volume_name': 'volume-e450a5bb-39e9-4492-8cc9-fe207bb72167', 'volume_size': 1}
Jun 23 12:28:23 devstack cinder-volume[93646]: DEBUG oslo_concurrency.lockutils [req-5785bbb5-f540-4f2c-9811-03865589fb9d req-6fdbc9f1-5c14-4753-b24a-1b507dd3d8b0 tempest-VolumesGetTestJSON-1288553077 None] Acquiring lock "quobyte" by "cinder.volume.drivers.quobyte.QuobyteDriver.create_volume" {{(pid=93646) inner /opt/stack/data/venv/lib/python3.12/site-packages/oslo_concurrency/lockutils.py:511}}
Jun 23 12:28:23 devstack sudo[97821]: pam_unix(sudo:session): session closed for user root
Jun 23 12:28:23 devstack cinder-volume[93646]: DEBUG oslo_concurrency.processutils [None req-51e241be-ecba-45f1-9c32-32c212467444 tempest-GroupSnapshotsTest-1622835289 None] CMD "sudo cinder-rootwrap /etc/cinder/rootwrap.conf truncate -s0 /opt/stack/data/cinder/mnt/ba39b400cdd2228c35e5e84cb2da3c38/volume-570c3c1a-bbea-4f4b-ac16-2f34f85a5b36.info" returned: 0 in 0.658s {{(pid=93646) execute /opt/stack/data/venv/lib/python3.12/site-packages/oslo_concurrency/processutils.py:468}}
Jun 23 12:28:23 devstack cinder-volume[93646]: WARNING cinder.volume.drivers.remotefs [None req-51e241be-ecba-45f1-9c32-32c212467444 tempest-GroupSnapshotsTest-1622835289 None] /opt/stack/data/cinder/mnt/ba39b400cdd2228c35e5e84cb2da3c38/volume-570c3c1a-bbea-4f4b-ac16-2f34f85a5b36.info is being set with open permissions: ugo+rw: NotImplementedError
Jun 23 12:28:23 devstack cinder-volume[93646]: DEBUG oslo_concurrency.processutils [None req-51e241be-ecba-45f1-9c32-32c212467444 tempest-GroupSnapshotsTest-1622835289 None] Running cmd (subprocess): sudo cinder-rootwrap /etc/cinder/rootwrap.conf chmod ugo+rw /opt/stack/data/cinder/mnt/ba39b400cdd2228c35e5e84cb2da3c38/volume-570c3c1a-bbea-4f4b-ac16-2f34f85a5b36.info {{(pid=93646) execute /opt/stack/data/venv/lib/python3.12/site-packages/oslo_concurrency/processutils.py:440}}
Jun 23 12:28:23 devstack sudo[97824]: quobyte : PWD=/ ; USER=root ; COMMAND=/opt/stack/data/venv/bin/cinder-rootwrap /etc/cinder/rootwrap.conf chmod ugo+rw /opt/stack/data/cinder/mnt/ba39b400cdd2228c35e5e84cb2da3c38/volume-570c3c1a-bbea-4f4b-ac16-2f34f85a5b36.info
Jun 23 12:28:23 devstack sudo[97824]: pam_unix(sudo:session): session opened for user root(uid=0) by (uid=1000)
Jun 23 12:28:24 devstack cinder-volume[93646]: INFO cinder.volume.manager [req-dbff9d4c-0cc6-4b03-a551-33d31e613a2c req-8c811b4a-80a6-411e-90ec-c9d9f6066256 tempest-TaggedAttachmentsTest-1350788062 None] Terminate volume connection completed successfully.
Jun 23 12:28:24 devstack cinder-volume[93646]: DEBUG cinder.volume.manager [req-dbff9d4c-0cc6-4b03-a551-33d31e613a2c req-8c811b4a-80a6-411e-90ec-c9d9f6066256 tempest-TaggedAttachmentsTest-1350788062 None] Deleting attachment e7f27fe9-a679-4055-890c-2b4f05fb7acb. {{(pid=93646) attachment_delete /opt/stack/cinder/cinder/volume/manager.py:5055}}
Jun 23 12:28:24 devstack sudo[97824]: pam_unix(sudo:session): session closed for user root
Jun 23 12:28:24 devstack cinder-volume[93646]: DEBUG oslo_concurrency.processutils [None req-51e241be-ecba-45f1-9c32-32c212467444 tempest-GroupSnapshotsTest-1622835289 None] CMD "sudo cinder-rootwrap /etc/cinder/rootwrap.conf chmod ugo+rw /opt/stack/data/cinder/mnt/ba39b400cdd2228c35e5e84cb2da3c38/volume-570c3c1a-bbea-4f4b-ac16-2f34f85a5b36.info" returned: 0 in 0.743s {{(pid=93646) execute /opt/stack/data/venv/lib/python3.12/site-packages/oslo_concurrency/processutils.py:468}}
Jun 23 12:28:24 devstack cinder-volume[93646]: DEBUG oslo_concurrency.lockutils [None req-51e241be-ecba-45f1-9c32-32c212467444 tempest-GroupSnapshotsTest-1622835289 None] Lock "quobyte" "released" by "cinder.volume.drivers.quobyte.QuobyteDriver.create_snapshot" :: held 5.062s {{(pid=93646) inner /opt/stack/data/venv/lib/python3.12/site-packages/oslo_concurrency/lockutils.py:543}}
Jun 23 12:28:24 devstack cinder-volume[93646]: DEBUG oslo_concurrency.lockutils [None req-51e241be-ecba-45f1-9c32-32c212467444 tempest-GroupSnapshotsTest-1622835289 None] Acquiring lock "quobyte" by "cinder.volume.drivers.quobyte.QuobyteDriver.create_snapshot" {{(pid=93646) inner /opt/stack/data/venv/lib/python3.12/site-packages/oslo_concurrency/lockutils.py:511}}
Jun 23 12:28:24 devstack cinder-volume[93646]: DEBUG oslo_concurrency.lockutils [None req-51e241be-ecba-45f1-9c32-32c212467444 tempest-GroupSnapshotsTest-1622835289 None] Lock "quobyte" acquired by "cinder.volume.drivers.quobyte.QuobyteDriver.create_snapshot" :: waited 0.000s {{(pid=93646) inner /opt/stack/data/venv/lib/python3.12/site-packages/oslo_concurrency/lockutils.py:524}}
Jun 23 12:28:24 devstack cinder-volume[93646]: DEBUG cinder.volume.drivers.remotefs [None req-51e241be-ecba-45f1-9c32-32c212467444 tempest-GroupSnapshotsTest-1622835289 None] Creating offline snapshot f76b6627-e5c8-48d7-a25b-c4e70c8558c1 of volume 8926f253-9302-44b3-98ff-f843f6dc6af3 {{(pid=93646) _create_snapshot /opt/stack/cinder/cinder/volume/drivers/remotefs.py:1816}}
Jun 23 12:28:24 devstack cinder-volume[93646]: DEBUG oslo.privsep.daemon [-] privsep: reply[02dcf37f-1cfe-4e22-bbc0-7b4c9c7458f2]: (4, 'qcow2') {{(pid=95637) _call_back /opt/stack/data/venv/lib/python3.12/site-packages/oslo_privsep/daemon.py:580}}
Jun 23 12:28:24 devstack cinder-volume[93646]: DEBUG oslo_concurrency.processutils [None req-51e241be-ecba-45f1-9c32-32c212467444 tempest-GroupSnapshotsTest-1622835289 None] Running cmd (subprocess): /opt/stack/data/venv/bin/python3.12 -m oslo_concurrency.prlimit --as=1073741824 --cpu=60 -- sudo cinder-rootwrap /etc/cinder/rootwrap.conf env LC_ALL=C qemu-img info -f qcow2 --output=json --force-share /opt/stack/data/cinder/mnt/ba39b400cdd2228c35e5e84cb2da3c38/volume-8926f253-9302-44b3-98ff-f843f6dc6af3 {{(pid=93646) execute /opt/stack/data/venv/lib/python3.12/site-packages/oslo_concurrency/processutils.py:440}}
Jun 23 12:28:24 devstack sudo[97858]: quobyte : PWD=/ ; USER=root ; COMMAND=/opt/stack/data/venv/bin/cinder-rootwrap /etc/cinder/rootwrap.conf env LC_ALL=C qemu-img info -f qcow2 --output=json --force-share /opt/stack/data/cinder/mnt/ba39b400cdd2228c35e5e84cb2da3c38/volume-8926f253-9302-44b3-98ff-f843f6dc6af3
Jun 23 12:28:24 devstack sudo[97858]: pam_unix(sudo:session): session opened for user root(uid=0) by (uid=1000)
Jun 23 12:28:25 devstack sudo[97858]: pam_unix(sudo:session): session closed for user root
Jun 23 12:28:25 devstack cinder-volume[93646]: DEBUG oslo_concurrency.processutils [None req-51e241be-ecba-45f1-9c32-32c212467444 tempest-GroupSnapshotsTest-1622835289 None] CMD "/opt/stack/data/venv/bin/python3.12 -m oslo_concurrency.prlimit --as=1073741824 --cpu=60 -- sudo cinder-rootwrap /etc/cinder/rootwrap.conf env LC_ALL=C qemu-img info -f qcow2 --output=json --force-share /opt/stack/data/cinder/mnt/ba39b400cdd2228c35e5e84cb2da3c38/volume-8926f253-9302-44b3-98ff-f843f6dc6af3" returned: 0 in 0.821s {{(pid=93646) execute /opt/stack/data/venv/lib/python3.12/site-packages/oslo_concurrency/processutils.py:468}}
Jun 23 12:28:25 devstack cinder-volume[93646]: DEBUG oslo_concurrency.processutils [None req-51e241be-ecba-45f1-9c32-32c212467444 tempest-GroupSnapshotsTest-1622835289 None] Running cmd (subprocess): sudo cinder-rootwrap /etc/cinder/rootwrap.conf qemu-img create -f qcow2 -o backing_file=/opt/stack/data/cinder/mnt/ba39b400cdd2228c35e5e84cb2da3c38/volume-8926f253-9302-44b3-98ff-f843f6dc6af3,backing_fmt=qcow2 /opt/stack/data/cinder/mnt/ba39b400cdd2228c35e5e84cb2da3c38/volume-8926f253-9302-44b3-98ff-f843f6dc6af3.f76b6627-e5c8-48d7-a25b-c4e70c8558c1 1G {{(pid=93646) execute /opt/stack/data/venv/lib/python3.12/site-packages/oslo_concurrency/processutils.py:440}}
Jun 23 12:28:25 devstack sudo[97871]: quobyte : PWD=/ ; USER=root ; COMMAND=/opt/stack/data/venv/bin/cinder-rootwrap /etc/cinder/rootwrap.conf qemu-img create -f qcow2 -o backing_file=/opt/stack/data/cinder/mnt/ba39b400cdd2228c35e5e84cb2da3c38/volume-8926f253-9302-44b3-98ff-f843f6dc6af3,backing_fmt=qcow2 /opt/stack/data/cinder/mnt/ba39b400cdd2228c35e5e84cb2da3c38/volume-8926f253-9302-44b3-98ff-f843f6dc6af3.f76b6627-e5c8-48d7-a25b-c4e70c8558c1 1G
Jun 23 12:28:25 devstack sudo[97871]: pam_unix(sudo:session): session opened for user root(uid=0) by (uid=1000)
Jun 23 12:28:26 devstack sudo[97871]: pam_unix(sudo:session): session closed for user root
Jun 23 12:28:26 devstack cinder-volume[93646]: DEBUG oslo_concurrency.processutils [None req-51e241be-ecba-45f1-9c32-32c212467444 tempest-GroupSnapshotsTest-1622835289 None] CMD "sudo cinder-rootwrap /etc/cinder/rootwrap.conf qemu-img create -f qcow2 -o backing_file=/opt/stack/data/cinder/mnt/ba39b400cdd2228c35e5e84cb2da3c38/volume-8926f253-9302-44b3-98ff-f843f6dc6af3,backing_fmt=qcow2 /opt/stack/data/cinder/mnt/ba39b400cdd2228c35e5e84cb2da3c38/volume-8926f253-9302-44b3-98ff-f843f6dc6af3.f76b6627-e5c8-48d7-a25b-c4e70c8558c1 1G" returned: 0 in 0.847s {{(pid=93646) execute /opt/stack/data/venv/lib/python3.12/site-packages/oslo_concurrency/processutils.py:468}}
Jun 23 12:28:26 devstack cinder-volume[93646]: DEBUG oslo_concurrency.processutils [None req-51e241be-ecba-45f1-9c32-32c212467444 tempest-GroupSnapshotsTest-1622835289 None] Running cmd (subprocess): sudo cinder-rootwrap /etc/cinder/rootwrap.conf qemu-img rebase -u -b volume-8926f253-9302-44b3-98ff-f843f6dc6af3 -F qcow2 /opt/stack/data/cinder/mnt/ba39b400cdd2228c35e5e84cb2da3c38/volume-8926f253-9302-44b3-98ff-f843f6dc6af3.f76b6627-e5c8-48d7-a25b-c4e70c8558c1 {{(pid=93646) execute /opt/stack/data/venv/lib/python3.12/site-packages/oslo_concurrency/processutils.py:440}}
Jun 23 12:28:26 devstack sudo[97877]: quobyte : PWD=/ ; USER=root ; COMMAND=/opt/stack/data/venv/bin/cinder-rootwrap /etc/cinder/rootwrap.conf qemu-img rebase -u -b volume-8926f253-9302-44b3-98ff-f843f6dc6af3 -F qcow2 /opt/stack/data/cinder/mnt/ba39b400cdd2228c35e5e84cb2da3c38/volume-8926f253-9302-44b3-98ff-f843f6dc6af3.f76b6627-e5c8-48d7-a25b-c4e70c8558c1
Jun 23 12:28:26 devstack sudo[97877]: pam_unix(sudo:session): session opened for user root(uid=0) by (uid=1000)
Jun 23 12:28:26 devstack sudo[97877]: pam_unix(sudo:session): session closed for user root
Jun 23 12:28:26 devstack cinder-volume[93646]: DEBUG oslo_concurrency.processutils [None req-51e241be-ecba-45f1-9c32-32c212467444 tempest-GroupSnapshotsTest-1622835289 None] CMD "sudo cinder-rootwrap /etc/cinder/rootwrap.conf qemu-img rebase -u -b volume-8926f253-9302-44b3-98ff-f843f6dc6af3 -F qcow2 /opt/stack/data/cinder/mnt/ba39b400cdd2228c35e5e84cb2da3c38/volume-8926f253-9302-44b3-98ff-f843f6dc6af3.f76b6627-e5c8-48d7-a25b-c4e70c8558c1" returned: 0 in 0.705s {{(pid=93646) execute /opt/stack/data/venv/lib/python3.12/site-packages/oslo_concurrency/processutils.py:468}}
Jun 23 12:28:26 devstack cinder-volume[93646]: WARNING cinder.volume.drivers.remotefs [None req-51e241be-ecba-45f1-9c32-32c212467444 tempest-GroupSnapshotsTest-1622835289 None] /opt/stack/data/cinder/mnt/ba39b400cdd2228c35e5e84cb2da3c38/volume-8926f253-9302-44b3-98ff-f843f6dc6af3.f76b6627-e5c8-48d7-a25b-c4e70c8558c1 is being set with open permissions: ugo+rw: NotImplementedError
Jun 23 12:28:26 devstack cinder-volume[93646]: DEBUG oslo_concurrency.processutils [None req-51e241be-ecba-45f1-9c32-32c212467444 tempest-GroupSnapshotsTest-1622835289 None] Running cmd (subprocess): sudo cinder-rootwrap /etc/cinder/rootwrap.conf chmod ugo+rw /opt/stack/data/cinder/mnt/ba39b400cdd2228c35e5e84cb2da3c38/volume-8926f253-9302-44b3-98ff-f843f6dc6af3.f76b6627-e5c8-48d7-a25b-c4e70c8558c1 {{(pid=93646) execute /opt/stack/data/venv/lib/python3.12/site-packages/oslo_concurrency/processutils.py:440}}
Jun 23 12:28:26 devstack sudo[97889]: quobyte : PWD=/ ; USER=root ; COMMAND=/opt/stack/data/venv/bin/cinder-rootwrap /etc/cinder/rootwrap.conf chmod ugo+rw /opt/stack/data/cinder/mnt/ba39b400cdd2228c35e5e84cb2da3c38/volume-8926f253-9302-44b3-98ff-f843f6dc6af3.f76b6627-e5c8-48d7-a25b-c4e70c8558c1
Jun 23 12:28:26 devstack sudo[97889]: pam_unix(sudo:session): session opened for user root(uid=0) by (uid=1000)
Jun 23 12:28:27 devstack sudo[97889]: pam_unix(sudo:session): session closed for user root
Jun 23 12:28:27 devstack cinder-volume[93646]: DEBUG oslo_concurrency.processutils [None req-51e241be-ecba-45f1-9c32-32c212467444 tempest-GroupSnapshotsTest-1622835289 None] CMD "sudo cinder-rootwrap /etc/cinder/rootwrap.conf chmod ugo+rw /opt/stack/data/cinder/mnt/ba39b400cdd2228c35e5e84cb2da3c38/volume-8926f253-9302-44b3-98ff-f843f6dc6af3.f76b6627-e5c8-48d7-a25b-c4e70c8558c1" returned: 0 in 0.771s {{(pid=93646) execute /opt/stack/data/venv/lib/python3.12/site-packages/oslo_concurrency/processutils.py:468}}
Jun 23 12:28:27 devstack cinder-volume[93646]: DEBUG oslo_concurrency.processutils [None req-51e241be-ecba-45f1-9c32-32c212467444 tempest-GroupSnapshotsTest-1622835289 None] Running cmd (subprocess): sudo cinder-rootwrap /etc/cinder/rootwrap.conf truncate -s0 /opt/stack/data/cinder/mnt/ba39b400cdd2228c35e5e84cb2da3c38/volume-8926f253-9302-44b3-98ff-f843f6dc6af3.info {{(pid=93646) execute /opt/stack/data/venv/lib/python3.12/site-packages/oslo_concurrency/processutils.py:440}}
Jun 23 12:28:27 devstack sudo[97903]: quobyte : PWD=/ ; USER=root ; COMMAND=/opt/stack/data/venv/bin/cinder-rootwrap /etc/cinder/rootwrap.conf truncate -s0 /opt/stack/data/cinder/mnt/ba39b400cdd2228c35e5e84cb2da3c38/volume-8926f253-9302-44b3-98ff-f843f6dc6af3.info
Jun 23 12:28:27 devstack sudo[97903]: pam_unix(sudo:session): session opened for user root(uid=0) by (uid=1000)
Jun 23 12:28:28 devstack sudo[97903]: pam_unix(sudo:session): session closed for user root
Jun 23 12:28:28 devstack cinder-volume[93646]: DEBUG oslo_concurrency.processutils [None req-51e241be-ecba-45f1-9c32-32c212467444 tempest-GroupSnapshotsTest-1622835289 None] CMD "sudo cinder-rootwrap /etc/cinder/rootwrap.conf truncate -s0 /opt/stack/data/cinder/mnt/ba39b400cdd2228c35e5e84cb2da3c38/volume-8926f253-9302-44b3-98ff-f843f6dc6af3.info" returned: 0 in 0.674s {{(pid=93646) execute /opt/stack/data/venv/lib/python3.12/site-packages/oslo_concurrency/processutils.py:468}}
Jun 23 12:28:28 devstack cinder-volume[93646]: WARNING cinder.volume.drivers.remotefs [None req-51e241be-ecba-45f1-9c32-32c212467444 tempest-GroupSnapshotsTest-1622835289 None] /opt/stack/data/cinder/mnt/ba39b400cdd2228c35e5e84cb2da3c38/volume-8926f253-9302-44b3-98ff-f843f6dc6af3.info is being set with open permissions: ugo+rw: NotImplementedError
Jun 23 12:28:28 devstack cinder-volume[93646]: DEBUG oslo_concurrency.processutils [None req-51e241be-ecba-45f1-9c32-32c212467444 tempest-GroupSnapshotsTest-1622835289 None] Running cmd (subprocess): sudo cinder-rootwrap /etc/cinder/rootwrap.conf chmod ugo+rw /opt/stack/data/cinder/mnt/ba39b400cdd2228c35e5e84cb2da3c38/volume-8926f253-9302-44b3-98ff-f843f6dc6af3.info {{(pid=93646) execute /opt/stack/data/venv/lib/python3.12/site-packages/oslo_concurrency/processutils.py:440}}
Jun 23 12:28:28 devstack sudo[97908]: quobyte : PWD=/ ; USER=root ; COMMAND=/opt/stack/data/venv/bin/cinder-rootwrap /etc/cinder/rootwrap.conf chmod ugo+rw /opt/stack/data/cinder/mnt/ba39b400cdd2228c35e5e84cb2da3c38/volume-8926f253-9302-44b3-98ff-f843f6dc6af3.info
Jun 23 12:28:28 devstack sudo[97908]: pam_unix(sudo:session): session opened for user root(uid=0) by (uid=1000)
Jun 23 12:28:28 devstack sudo[97908]: pam_unix(sudo:session): session closed for user root
Jun 23 12:28:28 devstack cinder-volume[93646]: DEBUG oslo_concurrency.processutils [None req-51e241be-ecba-45f1-9c32-32c212467444 tempest-GroupSnapshotsTest-1622835289 None] CMD "sudo cinder-rootwrap /etc/cinder/rootwrap.conf chmod ugo+rw /opt/stack/data/cinder/mnt/ba39b400cdd2228c35e5e84cb2da3c38/volume-8926f253-9302-44b3-98ff-f843f6dc6af3.info" returned: 0 in 0.624s {{(pid=93646) execute /opt/stack/data/venv/lib/python3.12/site-packages/oslo_concurrency/processutils.py:468}}
Jun 23 12:28:28 devstack cinder-volume[93646]: DEBUG oslo_concurrency.lockutils [None req-51e241be-ecba-45f1-9c32-32c212467444 tempest-GroupSnapshotsTest-1622835289 None] Lock "quobyte" "released" by "cinder.volume.drivers.quobyte.QuobyteDriver.create_snapshot" :: held 4.526s {{(pid=93646) inner /opt/stack/data/venv/lib/python3.12/site-packages/oslo_concurrency/lockutils.py:543}}
Jun 23 12:28:28 devstack cinder-volume[93646]: DEBUG oslo_concurrency.lockutils [req-5785bbb5-f540-4f2c-9811-03865589fb9d req-6fdbc9f1-5c14-4753-b24a-1b507dd3d8b0 tempest-VolumesGetTestJSON-1288553077 None] Lock "quobyte" acquired by "cinder.volume.drivers.quobyte.QuobyteDriver.create_volume" :: waited 5.597s {{(pid=93646) inner /opt/stack/data/venv/lib/python3.12/site-packages/oslo_concurrency/lockutils.py:524}}
