Aug 03 21:27:20 devstack devstack@g-api.service[78808]: DEBUG glance.common.config [None req-b67d27fe-94a3-49c3-a400-1683bc956568 None None] barbican_service_user.certfile = None {{(pid=78808) log_opt_values /opt/stack/data/venv/lib/python3.12/site-packages/oslo_config/cfg.py:3545}}
Aug 03 21:27:20 devstack devstack@g-api.service[78808]: DEBUG glance.common.config [None req-b67d27fe-94a3-49c3-a400-1683bc956568 None None] barbican_service_user.collect_timing = False {{(pid=78808) log_opt_values /opt/stack/data/venv/lib/python3.12/site-packages/oslo_config/cfg.py:3545}}
Aug 03 21:27:20 devstack devstack@g-api.service[78808]: DEBUG glance.common.config [None req-b67d27fe-94a3-49c3-a400-1683bc956568 None None] barbican_service_user.insecure = False {{(pid=78808) log_opt_values /opt/stack/data/venv/lib/python3.12/site-packages/oslo_config/cfg.py:3545}}
Aug 03 21:27:20 devstack devstack@g-api.service[78808]: DEBUG glance.common.config [None req-b67d27fe-94a3-49c3-a400-1683bc956568 None None] barbican_service_user.keyfile = None {{(pid=78808) log_opt_values /opt/stack/data/venv/lib/python3.12/site-packages/oslo_config/cfg.py:3545}}
Aug 03 21:27:20 devstack devstack@g-api.service[78808]: DEBUG glance.common.config [None req-b67d27fe-94a3-49c3-a400-1683bc956568 None None] barbican_service_user.split_loggers = False {{(pid=78808) log_opt_values /opt/stack/data/venv/lib/python3.12/site-packages/oslo_config/cfg.py:3545}}
Aug 03 21:27:20 devstack devstack@g-api.service[78808]: DEBUG glance.common.config [None req-b67d27fe-94a3-49c3-a400-1683bc956568 None None] barbican_service_user.timeout = None {{(pid=78808) log_opt_values /opt/stack/data/venv/lib/python3.12/site-packages/oslo_config/cfg.py:3545}}
Aug 03 21:27:20 devstack devstack@g-api.service[78808]: DEBUG glance.common.config [None req-b67d27fe-94a3-49c3-a400-1683bc956568 None None] database.asyncio_connection = **** {{(pid=78808) log_opt_values /opt/stack/data/venv/lib/python3.12/site-packages/oslo_config/cfg.py:3545}}
Aug 03 21:27:20 devstack devstack@g-api.service[78808]: DEBUG glance.common.config [None req-b67d27fe-94a3-49c3-a400-1683bc956568 None None] database.asyncio_slave_connection = **** {{(pid=78808) log_opt_values /opt/stack/data/venv/lib/python3.12/site-packages/oslo_config/cfg.py:3545}}
Aug 03 21:27:20 devstack devstack@g-api.service[78808]: DEBUG glance.common.config [None req-b67d27fe-94a3-49c3-a400-1683bc956568 None None] database.backend = sqlalchemy {{(pid=78808) log_opt_values /opt/stack/data/venv/lib/python3.12/site-packages/oslo_config/cfg.py:3545}}
Aug 03 21:27:20 devstack devstack@g-api.service[78808]: DEBUG glance.common.config [None req-b67d27fe-94a3-49c3-a400-1683bc956568 None None] database.connection = **** {{(pid=78808) log_opt_values /opt/stack/data/venv/lib/python3.12/site-packages/oslo_config/cfg.py:3545}}
Aug 03 21:27:20 devstack devstack@g-api.service[78808]: DEBUG glance.common.config [None req-b67d27fe-94a3-49c3-a400-1683bc956568 None None] database.connection_debug = 0 {{(pid=78808) log_opt_values /opt/stack/data/venv/lib/python3.12/site-packages/oslo_config/cfg.py:3545}}
Aug 03 21:27:20 devstack devstack@g-api.service[78808]: DEBUG glance.common.config [None req-b67d27fe-94a3-49c3-a400-1683bc956568 None None] database.connection_parameters = {{(pid=78808) log_opt_values /opt/stack/data/venv/lib/python3.12/site-packages/oslo_config/cfg.py:3545}}
Aug 03 21:27:20 devstack devstack@g-api.service[78808]: DEBUG glance.common.config [None req-b67d27fe-94a3-49c3-a400-1683bc956568 None None] database.connection_recycle_time = 3600 {{(pid=78808) log_opt_values /opt/stack/data/venv/lib/python3.12/site-packages/oslo_config/cfg.py:3545}}
Aug 03 21:27:20 devstack devstack@g-api.service[78808]: DEBUG glance.common.config [None req-b67d27fe-94a3-49c3-a400-1683bc956568 None None] database.connection_trace = False {{(pid=78808) log_opt_values /opt/stack/data/venv/lib/python3.12/site-packages/oslo_config/cfg.py:3545}}
Aug 03 21:27:20 devstack devstack@g-api.service[78808]: DEBUG glance.common.config [None req-b67d27fe-94a3-49c3-a400-1683bc956568 None None] database.db_inc_retry_interval = True {{(pid=78808) log_opt_values /opt/stack/data/venv/lib/python3.12/site-packages/oslo_config/cfg.py:3545}}
Aug 03 21:27:20 devstack devstack@g-api.service[78808]: DEBUG glance.common.config [None req-b67d27fe-94a3-49c3-a400-1683bc956568 None None] database.db_max_retries = 20 {{(pid=78808) log_opt_values /opt/stack/data/venv/lib/python3.12/site-packages/oslo_config/cfg.py:3545}}
Aug 03 21:27:20 devstack devstack@g-api.service[78808]: DEBUG glance.common.config [None req-b67d27fe-94a3-49c3-a400-1683bc956568 None None] database.db_max_retry_interval = 10 {{(pid=78808) log_opt_values /opt/stack/data/venv/lib/python3.12/site-packages/oslo_config/cfg.py:3545}}
Aug 03 21:27:20 devstack devstack@g-api.service[78808]: DEBUG glance.common.config [None req-b67d27fe-94a3-49c3-a400-1683bc956568 None None] database.db_retry_interval = 1 {{(pid=78808) log_opt_values /opt/stack/data/venv/lib/python3.12/site-packages/oslo_config/cfg.py:3545}}
Aug 03 21:27:20 devstack devstack@g-api.service[78808]: DEBUG glance.common.config [None req-b67d27fe-94a3-49c3-a400-1683bc956568 None None] database.max_overflow = 50 {{(pid=78808) log_opt_values /opt/stack/data/venv/lib/python3.12/site-packages/oslo_config/cfg.py:3545}}
Aug 03 21:27:20 devstack devstack@g-api.service[78808]: DEBUG glance.common.config [None req-b67d27fe-94a3-49c3-a400-1683bc956568 None None] database.max_pool_size = 5 {{(pid=78808) log_opt_values /opt/stack/data/venv/lib/python3.12/site-packages/oslo_config/cfg.py:3545}}
Aug 03 21:27:20 devstack devstack@g-api.service[78808]: DEBUG glance.common.config [None req-b67d27fe-94a3-49c3-a400-1683bc956568 None None] database.max_retries = 10 {{(pid=78808) log_opt_values /opt/stack/data/venv/lib/python3.12/site-packages/oslo_config/cfg.py:3545}}
Aug 03 21:27:20 devstack devstack@g-api.service[78808]: DEBUG glance.common.config [None req-b67d27fe-94a3-49c3-a400-1683bc956568 None None] database.mysql_sql_mode = TRADITIONAL {{(pid=78808) log_opt_values /opt/stack/data/venv/lib/python3.12/site-packages/oslo_config/cfg.py:3545}}
Aug 03 21:27:20 devstack devstack@g-api.service[78808]: DEBUG glance.common.config [None req-b67d27fe-94a3-49c3-a400-1683bc956568 None None] database.mysql_wsrep_sync_wait = None {{(pid=78808) log_opt_values /opt/stack/data/venv/lib/python3.12/site-packages/oslo_config/cfg.py:3545}}
Aug 03 21:27:20 devstack devstack@g-api.service[78808]: DEBUG glance.common.config [None req-b67d27fe-94a3-49c3-a400-1683bc956568 None None] database.pool_timeout = None {{(pid=78808) log_opt_values /opt/stack/data/venv/lib/python3.12/site-packages/oslo_config/cfg.py:3545}}
Aug 03 21:27:20 devstack devstack@g-api.service[78808]: DEBUG glance.common.config [None req-b67d27fe-94a3-49c3-a400-1683bc956568 None None] database.retry_interval = 10 {{(pid=78808) log_opt_values /opt/stack/data/venv/lib/python3.12/site-packages/oslo_config/cfg.py:3545}}
Aug 03 21:27:20 devstack devstack@g-api.service[78808]: DEBUG glance.common.config [None req-b67d27fe-94a3-49c3-a400-1683bc956568 None None] database.slave_connection = **** {{(pid=78808) log_opt_values /opt/stack/data/venv/lib/python3.12/site-packages/oslo_config/cfg.py:3545}}
Aug 03 21:27:20 devstack devstack@g-api.service[78808]: DEBUG glance.common.config [None req-b67d27fe-94a3-49c3-a400-1683bc956568 None None] database.sqlite_synchronous = True {{(pid=78808) log_opt_values /opt/stack/data/venv/lib/python3.12/site-packages/oslo_config/cfg.py:3545}}
Aug 03 21:27:20 devstack devstack@g-api.service[78808]: DEBUG glance.common.config [None req-b67d27fe-94a3-49c3-a400-1683bc956568 None None] database.synchronous_reader = True {{(pid=78808) log_opt_values /opt/stack/data/venv/lib/python3.12/site-packages/oslo_config/cfg.py:3545}}
Aug 03 21:27:20 devstack devstack@g-api.service[78808]: DEBUG glance.common.config [None req-b67d27fe-94a3-49c3-a400-1683bc956568 None None] database.use_db_reconnect = False {{(pid=78808) log_opt_values /opt/stack/data/venv/lib/python3.12/site-packages/oslo_config/cfg.py:3545}}
Aug 03 21:27:20 devstack devstack@g-api.service[78808]: DEBUG glance.common.config [None req-b67d27fe-94a3-49c3-a400-1683bc956568 None None] healthcheck.allowed_source_ranges = [] {{(pid=78808) log_opt_values /opt/stack/data/venv/lib/python3.12/site-packages/oslo_config/cfg.py:3545}}
Aug 03 21:27:20 devstack devstack@g-api.service[78808]: DEBUG glance.common.config [None req-b67d27fe-94a3-49c3-a400-1683bc956568 None None] healthcheck.backends = ['disable_by_file'] {{(pid=78808) log_opt_values /opt/stack/data/venv/lib/python3.12/site-packages/oslo_config/cfg.py:3545}}
Aug 03 21:27:20 devstack devstack@g-api.service[78808]: DEBUG glance.common.config [None req-b67d27fe-94a3-49c3-a400-1683bc956568 None None] healthcheck.detailed = False {{(pid=78808) log_opt_values /opt/stack/data/venv/lib/python3.12/site-packages/oslo_config/cfg.py:3545}}
Aug 03 21:27:20 devstack devstack@g-api.service[78808]: DEBUG glance.common.config [None req-b67d27fe-94a3-49c3-a400-1683bc956568 None None] healthcheck.disable_by_file_path = None {{(pid=78808) log_opt_values /opt/stack/data/venv/lib/python3.12/site-packages/oslo_config/cfg.py:3545}}
Aug 03 21:27:20 devstack devstack@g-api.service[78808]: DEBUG glance.common.config [None req-b67d27fe-94a3-49c3-a400-1683bc956568 None None] healthcheck.ignore_proxied_requests = False {{(pid=78808) log_opt_values /opt/stack/data/venv/lib/python3.12/site-packages/oslo_config/cfg.py:3545}}
Aug 03 21:27:20 devstack devstack@g-api.service[78808]: DEBUG glance.common.config [None req-b67d27fe-94a3-49c3-a400-1683bc956568 None None] ******************************************************************************** {{(pid=78808) log_opt_values /opt/stack/data/venv/lib/python3.12/site-packages/oslo_config/cfg.py:3552}}
Aug 03 21:27:20 devstack devstack@g-api.service[78808]: WSGI app 0 (mountpoint='') ready in 5 seconds on interpreter 0x78a6e46a4668 pid: 78808 (default app)
Aug 03 21:27:24 devstack devstack@g-api.service[78807]: DEBUG glance.api.middleware.version_negotiation [None req-16a3d749-d6fe-42e6-8889-63e4589a005a None None] Determining version of request: GET / Accept: application/json {{(pid=78807) process_request /opt/stack/glance/glance/api/middleware/version_negotiation.py:44}}
Aug 03 21:27:24 devstack devstack@g-api.service[78807]: DEBUG glance.api.middleware.version_negotiation [None req-16a3d749-d6fe-42e6-8889-63e4589a005a None None] Using url versioning {{(pid=78807) process_request /opt/stack/glance/glance/api/middleware/version_negotiation.py:57}}
Aug 03 21:27:24 devstack devstack@g-api.service[78807]: DEBUG glance.api.middleware.version_negotiation [None req-16a3d749-d6fe-42e6-8889-63e4589a005a None None] Unknown version. Returning version choices. {{(pid=78807) process_request /opt/stack/glance/glance/api/middleware/version_negotiation.py:64}}
Aug 03 21:27:24 devstack devstack@g-api.service[78807]: [pid: 78807|app: 0|req: 2/2] 127.0.0.1 () {34 vars in 519 bytes} [Mon Aug 3 21:27:24 2026] GET / => generated 1571 bytes in 2 msecs (HTTP/1.1 300) 3 headers in 106 bytes (1 switches on core 0)
Aug 03 21:27:24 devstack devstack@g-api.service[78808]: DEBUG glance.api.middleware.version_negotiation [None req-b67d27fe-94a3-49c3-a400-1683bc956568 None None] Determining version of request: POST /v2/images Accept: */* {{(pid=78808) process_request /opt/stack/glance/glance/api/middleware/version_negotiation.py:44}}
Aug 03 21:27:24 devstack devstack@g-api.service[78808]: DEBUG glance.api.middleware.version_negotiation [None req-b67d27fe-94a3-49c3-a400-1683bc956568 None None] Using url versioning {{(pid=78808) process_request /opt/stack/glance/glance/api/middleware/version_negotiation.py:57}}
Aug 03 21:27:24 devstack devstack@g-api.service[78808]: DEBUG glance.api.middleware.version_negotiation [None req-b67d27fe-94a3-49c3-a400-1683bc956568 None None] Matched version: v2 {{(pid=78808) process_request /opt/stack/glance/glance/api/middleware/version_negotiation.py:69}}
Aug 03 21:27:24 devstack devstack@g-api.service[78808]: DEBUG glance.api.middleware.version_negotiation [None req-b67d27fe-94a3-49c3-a400-1683bc956568 None None] new path /v2/images {{(pid=78808) process_request /opt/stack/glance/glance/api/middleware/version_negotiation.py:70}}
Aug 03 21:27:25 devstack devstack@g-api.service[78808]: [pid: 78808|app: 0|req: 1/3] 127.0.0.1 () {40 vars in 782 bytes} [Mon Aug 3 21:27:24 2026] POST /v2/images => generated 807 bytes in 1103 msecs (HTTP/1.1 201) 6 headers in 314 bytes (1 switches on core 0)
Aug 03 21:27:25 devstack devstack@g-api.service[78807]: DEBUG glance.api.middleware.version_negotiation [None req-16a3d749-d6fe-42e6-8889-63e4589a005a None None] Determining version of request: PUT /v2/images/d1d1c9cd-4068-4ab9-84f9-347dd8405034/file Accept: {{(pid=78807) process_request /opt/stack/glance/glance/api/middleware/version_negotiation.py:44}}
Aug 03 21:27:25 devstack devstack@g-api.service[78807]: DEBUG glance.api.middleware.version_negotiation [None req-16a3d749-d6fe-42e6-8889-63e4589a005a None None] Using url versioning {{(pid=78807) process_request /opt/stack/glance/glance/api/middleware/version_negotiation.py:57}}
Aug 03 21:27:25 devstack devstack@g-api.service[78807]: DEBUG glance.api.middleware.version_negotiation [None req-16a3d749-d6fe-42e6-8889-63e4589a005a None None] Matched version: v2 {{(pid=78807) process_request /opt/stack/glance/glance/api/middleware/version_negotiation.py:69}}
Aug 03 21:27:25 devstack devstack@g-api.service[78807]: DEBUG glance.api.middleware.version_negotiation [None req-16a3d749-d6fe-42e6-8889-63e4589a005a None None] new path /v2/images/d1d1c9cd-4068-4ab9-84f9-347dd8405034/file {{(pid=78807) process_request /opt/stack/glance/glance/api/middleware/version_negotiation.py:70}}
Aug 03 21:27:25 devstack devstack@g-api.service[78807]: INFO glance.api.v2.image_data [None req-199105d3-f021-486b-8075-348b5215e557 admin admin] Unable to create trust: no such option collect_timing in group [keystone_authtoken] Use the existing user token.
Aug 03 21:27:26 devstack devstack@g-api.service[78807]: DEBUG glance.location [None req-199105d3-f021-486b-8075-348b5215e557 admin admin] Enabling in-flight format inspection for qcow2 {{(pid=78807) set_data /opt/stack/glance/glance/location.py:596}}
Aug 03 21:27:26 devstack devstack@g-api.service[78807]: DEBUG oslo_utils.imageutils.format_inspector [None req-199105d3-f021-486b-8075-348b5215e557 admin admin] Format inspector for vmdk does not match, excluding from consideration (Signature KDMV not found: b'QFI\xfb') {{(pid=78807) _process_chunk /opt/stack/data/venv/lib/python3.12/site-packages/oslo_utils/imageutils/format_inspector.py:1758}}
Aug 03 21:27:26 devstack devstack@g-api.service[78807]: DEBUG oslo_utils.imageutils.format_inspector [None req-199105d3-f021-486b-8075-348b5215e557 admin admin] Format inspector for vhdx does not match, excluding from consideration (Region signature not found at 30000) {{(pid=78807) _process_chunk /opt/stack/data/venv/lib/python3.12/site-packages/oslo_utils/imageutils/format_inspector.py:1758}}
Aug 03 21:27:26 devstack devstack@g-api.service[78807]: DEBUG glance_store._drivers.filesystem [None req-199105d3-f021-486b-8075-348b5215e557 admin admin] Wrote 21692416 bytes to /opt/stack/data/glance/images/d1d1c9cd-4068-4ab9-84f9-347dd8405034 with checksum 87617e24a5e30cb3b87fda8c0764838f and multihash 9a9bce0083a00939ec17c11febbfc767aa211aaa54f51e75c5a8b271a9b5637c77205a518b7a2007cb391d23cceb01e0e4e8d64832317151bc85b734b92a7be0 {{(pid=78807) add /opt/stack/data/venv/lib/python3.12/site-packages/glance_store/_drivers/filesystem.py:899}}
Aug 03 21:27:26 devstack devstack@g-api.service[78807]: INFO glance.location [None req-199105d3-f021-486b-8075-348b5215e557 admin admin] Image format matched and virtual size computed: 117440512
Aug 03 21:27:27 devstack devstack@g-api.service[78807]: DEBUG glance_store.backend [None req-199105d3-f021-486b-8075-348b5215e557 admin admin] Skipping store.set_acls... not implemented. {{(pid=78807) set_acls /opt/stack/data/venv/lib/python3.12/site-packages/glance_store/backend.py:507}}
Aug 03 21:27:27 devstack devstack@g-api.service[78807]: [pid: 78807|app: 0|req: 3/4] 127.0.0.1 () {42 vars in 914 bytes} [Mon Aug 3 21:27:25 2026] PUT /v2/images/d1d1c9cd-4068-4ab9-84f9-347dd8405034/file => generated 0 bytes in 1807 msecs (HTTP/1.1 204) 4 headers in 171 bytes (1 switches on core 0)
Aug 03 21:27:27 devstack devstack@g-api.service[78808]: DEBUG glance.api.middleware.version_negotiation [None req-5a5267b5-6182-478a-9442-e888055c5faa admin admin] Determining version of request: GET /v2/images/d1d1c9cd-4068-4ab9-84f9-347dd8405034 Accept: */* {{(pid=78808) process_request /opt/stack/glance/glance/api/middleware/version_negotiation.py:44}}
Aug 03 21:27:27 devstack devstack@g-api.service[78808]: DEBUG glance.api.middleware.version_negotiation [None req-5a5267b5-6182-478a-9442-e888055c5faa admin admin] Using url versioning {{(pid=78808) process_request /opt/stack/glance/glance/api/middleware/version_negotiation.py:57}}
Aug 03 21:27:27 devstack devstack@g-api.service[78808]: DEBUG glance.api.middleware.version_negotiation [None req-5a5267b5-6182-478a-9442-e888055c5faa admin admin] Matched version: v2 {{(pid=78808) process_request /opt/stack/glance/glance/api/middleware/version_negotiation.py:69}}
Aug 03 21:27:27 devstack devstack@g-api.service[78808]: DEBUG glance.api.middleware.version_negotiation [None req-5a5267b5-6182-478a-9442-e888055c5faa admin admin] new path /v2/images/d1d1c9cd-4068-4ab9-84f9-347dd8405034 {{(pid=78808) process_request /opt/stack/glance/glance/api/middleware/version_negotiation.py:70}}
Aug 03 21:27:27 devstack devstack@g-api.service[78808]: [pid: 78808|app: 0|req: 2/5] 127.0.0.1 () {36 vars in 802 bytes} [Mon Aug 3 21:27:27 2026] GET /v2/images/d1d1c9cd-4068-4ab9-84f9-347dd8405034 => generated 976 bytes in 23 msecs (HTTP/1.1 200) 4 headers in 157 bytes (1 switches on core 0)
Aug 03 21:27:37 devstack devstack@g-api.service[78807]: DEBUG dbcounter [-] [78807] Writing DB stats glance:INSERT=5,glance:SELECT=16,glance:UPDATE=2 {{(pid=78807) stat_writer /opt/stack/data/venv/lib/python3.12/site-packages/dbcounter.py:115}}
Aug 03 21:27:37 devstack devstack@g-api.service[78808]: DEBUG dbcounter [-] [78808] Writing DB stats glance:INSERT=9,glance:SELECT=6 {{(pid=78808) stat_writer /opt/stack/data/venv/lib/python3.12/site-packages/dbcounter.py:115}}
Aug 03 21:28:09 devstack devstack@g-api.service[78807]: DEBUG glance.api.middleware.version_negotiation [None req-199105d3-f021-486b-8075-348b5215e557 admin admin] Determining version of request: GET / Accept: application/json {{(pid=78807) process_request /opt/stack/glance/glance/api/middleware/version_negotiation.py:44}}
Aug 03 21:28:09 devstack devstack@g-api.service[78807]: DEBUG glance.api.middleware.version_negotiation [None req-199105d3-f021-486b-8075-348b5215e557 admin admin] Using url versioning {{(pid=78807) process_request /opt/stack/glance/glance/api/middleware/version_negotiation.py:57}}
Aug 03 21:28:09 devstack devstack@g-api.service[78807]: DEBUG glance.api.middleware.version_negotiation [None req-199105d3-f021-486b-8075-348b5215e557 admin admin] Unknown version. Returning version choices. {{(pid=78807) process_request /opt/stack/glance/glance/api/middleware/version_negotiation.py:64}}
Aug 03 21:28:09 devstack devstack@g-api.service[78807]: [pid: 78807|app: 0|req: 4/6] 127.0.0.1 () {34 vars in 519 bytes} [Mon Aug 3 21:28:09 2026] GET / => generated 1571 bytes in 2 msecs (HTTP/1.1 300) 3 headers in 106 bytes (1 switches on core 0)
Aug 03 21:28:09 devstack devstack@g-api.service[78808]: DEBUG glance.api.middleware.version_negotiation [None req-20df48eb-e680-4476-839a-42c48dcad5e4 admin admin] Determining version of request: GET /v2/images Accept: application/json {{(pid=78808) process_request /opt/stack/glance/glance/api/middleware/version_negotiation.py:44}}
Aug 03 21:28:09 devstack devstack@g-api.service[78808]: DEBUG glance.api.middleware.version_negotiation [None req-20df48eb-e680-4476-839a-42c48dcad5e4 admin admin] Using url versioning {{(pid=78808) process_request /opt/stack/glance/glance/api/middleware/version_negotiation.py:57}}
Aug 03 21:28:09 devstack devstack@g-api.service[78808]: DEBUG glance.api.middleware.version_negotiation [None req-20df48eb-e680-4476-839a-42c48dcad5e4 admin admin] Matched version: v2 {{(pid=78808) process_request /opt/stack/glance/glance/api/middleware/version_negotiation.py:69}}
Aug 03 21:28:09 devstack devstack@g-api.service[78808]: DEBUG glance.api.middleware.version_negotiation [None req-20df48eb-e680-4476-839a-42c48dcad5e4 admin admin] new path /v2/images {{(pid=78808) process_request /opt/stack/glance/glance/api/middleware/version_negotiation.py:70}}
Aug 03 21:28:09 devstack devstack@g-api.service[78808]: [pid: 78808|app: 0|req: 3/7] 127.0.0.1 () {36 vars in 741 bytes} [Mon Aug 3 21:28:09 2026] GET /v2/images => generated 1045 bytes in 90 msecs (HTTP/1.1 200) 4 headers in 158 bytes (1 switches on core 0)
Aug 03 21:28:19 devstack devstack@g-api.service[78807]: DEBUG glance.api.middleware.version_negotiation [None req-199105d3-f021-486b-8075-348b5215e557 admin admin] Determining version of request: GET / Accept: application/json {{(pid=78807) process_request /opt/stack/glance/glance/api/middleware/version_negotiation.py:44}}
Aug 03 21:28:19 devstack devstack@g-api.service[78807]: DEBUG glance.api.middleware.version_negotiation [None req-199105d3-f021-486b-8075-348b5215e557 admin admin] Using url versioning {{(pid=78807) process_request /opt/stack/glance/glance/api/middleware/version_negotiation.py:57}}
Aug 03 21:28:19 devstack devstack@g-api.service[78807]: DEBUG glance.api.middleware.version_negotiation [None req-199105d3-f021-486b-8075-348b5215e557 admin admin] Unknown version. Returning version choices. {{(pid=78807) process_request /opt/stack/glance/glance/api/middleware/version_negotiation.py:64}}
Aug 03 21:28:19 devstack devstack@g-api.service[78807]: [pid: 78807|app: 0|req: 5/8] 127.0.0.1 () {34 vars in 519 bytes} [Mon Aug 3 21:28:19 2026] GET / => generated 1571 bytes in 2 msecs (HTTP/1.1 300) 3 headers in 106 bytes (1 switches on core 0)
Aug 03 21:28:19 devstack devstack@g-api.service[78808]: DEBUG glance.api.middleware.version_negotiation [None req-81360e1d-40c5-4317-af1f-bf43e316c8b5 admin admin] Determining version of request: GET /v2/images/d1d1c9cd-4068-4ab9-84f9-347dd8405034 Accept: */* {{(pid=78808) process_request /opt/stack/glance/glance/api/middleware/version_negotiation.py:44}}
Aug 03 21:28:19 devstack devstack@g-api.service[78808]: DEBUG glance.api.middleware.version_negotiation [None req-81360e1d-40c5-4317-af1f-bf43e316c8b5 admin admin] Using url versioning {{(pid=78808) process_request /opt/stack/glance/glance/api/middleware/version_negotiation.py:57}}
Aug 03 21:28:19 devstack devstack@g-api.service[78808]: DEBUG glance.api.middleware.version_negotiation [None req-81360e1d-40c5-4317-af1f-bf43e316c8b5 admin admin] Matched version: v2 {{(pid=78808) process_request /opt/stack/glance/glance/api/middleware/version_negotiation.py:69}}
Aug 03 21:28:19 devstack devstack@g-api.service[78808]: DEBUG glance.api.middleware.version_negotiation [None req-81360e1d-40c5-4317-af1f-bf43e316c8b5 admin admin] new path /v2/images/d1d1c9cd-4068-4ab9-84f9-347dd8405034 {{(pid=78808) process_request /opt/stack/glance/glance/api/middleware/version_negotiation.py:70}}
Aug 03 21:28:19 devstack devstack@g-api.service[78808]: [pid: 78808|app: 0|req: 4/9] 127.0.0.1 () {36 vars in 802 bytes} [Mon Aug 3 21:28:19 2026] GET /v2/images/d1d1c9cd-4068-4ab9-84f9-347dd8405034 => generated 976 bytes in 83 msecs (HTTP/1.1 200) 4 headers in 157 bytes (1 switches on core 0)
Aug 03 21:28:25 devstack devstack@g-api.service[78807]: DEBUG glance.api.middleware.version_negotiation [None req-199105d3-f021-486b-8075-348b5215e557 admin admin] Determining version of request: GET / Accept: application/json {{(pid=78807) process_request /opt/stack/glance/glance/api/middleware/version_negotiation.py:44}}
Aug 03 21:28:25 devstack devstack@g-api.service[78807]: DEBUG glance.api.middleware.version_negotiation [None req-199105d3-f021-486b-8075-348b5215e557 admin admin] Using url versioning {{(pid=78807) process_request /opt/stack/glance/glance/api/middleware/version_negotiation.py:57}}
Aug 03 21:28:25 devstack devstack@g-api.service[78807]: DEBUG glance.api.middleware.version_negotiation [None req-199105d3-f021-486b-8075-348b5215e557 admin admin] Unknown version. Returning version choices. {{(pid=78807) process_request /opt/stack/glance/glance/api/middleware/version_negotiation.py:64}}
Aug 03 21:28:25 devstack devstack@g-api.service[78807]: [pid: 78807|app: 0|req: 6/10] 127.0.0.1 () {34 vars in 519 bytes} [Mon Aug 3 21:28:25 2026] GET / => generated 1571 bytes in 3 msecs (HTTP/1.1 300) 3 headers in 106 bytes (1 switches on core 0)
Aug 03 21:28:25 devstack devstack@g-api.service[78808]: DEBUG glance.api.middleware.version_negotiation [None req-4740ab7a-0709-40dc-9df6-2c6d05dbdbd1 admin admin] Determining version of request: GET /v2/images/d1d1c9cd-4068-4ab9-84f9-347dd8405034 Accept: */* {{(pid=78808) process_request /opt/stack/glance/glance/api/middleware/version_negotiation.py:44}}
Aug 03 21:28:25 devstack devstack@g-api.service[78808]: DEBUG glance.api.middleware.version_negotiation [None req-4740ab7a-0709-40dc-9df6-2c6d05dbdbd1 admin admin] Using url versioning {{(pid=78808) process_request /opt/stack/glance/glance/api/middleware/version_negotiation.py:57}}
Aug 03 21:28:25 devstack devstack@g-api.service[78808]: DEBUG glance.api.middleware.version_negotiation [None req-4740ab7a-0709-40dc-9df6-2c6d05dbdbd1 admin admin] Matched version: v2 {{(pid=78808) process_request /opt/stack/glance/glance/api/middleware/version_negotiation.py:69}}
Aug 03 21:28:25 devstack devstack@g-api.service[78808]: DEBUG glance.api.middleware.version_negotiation [None req-4740ab7a-0709-40dc-9df6-2c6d05dbdbd1 admin admin] new path /v2/images/d1d1c9cd-4068-4ab9-84f9-347dd8405034 {{(pid=78808) process_request /opt/stack/glance/glance/api/middleware/version_negotiation.py:70}}
Aug 03 21:28:25 devstack devstack@g-api.service[78808]: [pid: 78808|app: 0|req: 5/11] 127.0.0.1 () {36 vars in 802 bytes} [Mon Aug 3 21:28:25 2026] GET /v2/images/d1d1c9cd-4068-4ab9-84f9-347dd8405034 => generated 976 bytes in 69 msecs (HTTP/1.1 200) 4 headers in 157 bytes (1 switches on core 0)
Aug 03 21:28:35 devstack devstack@g-api.service[78808]: DEBUG dbcounter [-] [78808] Writing DB stats glance:SELECT=5 {{(pid=78808) stat_writer /opt/stack/data/venv/lib/python3.12/site-packages/dbcounter.py:115}}
Aug 03 21:29:41 devstack devstack@g-api.service[78807]: DEBUG glance.api.middleware.version_negotiation [None req-199105d3-f021-486b-8075-348b5215e557 admin admin] Determining version of request: GET / Accept: application/json {{(pid=78807) process_request /opt/stack/glance/glance/api/middleware/version_negotiation.py:44}}
Aug 03 21:29:41 devstack devstack@g-api.service[78807]: DEBUG glance.api.middleware.version_negotiation [None req-199105d3-f021-486b-8075-348b5215e557 admin admin] Using url versioning {{(pid=78807) process_request /opt/stack/glance/glance/api/middleware/version_negotiation.py:57}}
Aug 03 21:29:41 devstack devstack@g-api.service[78807]: DEBUG glance.api.middleware.version_negotiation [None req-199105d3-f021-486b-8075-348b5215e557 admin admin] Unknown version. Returning version choices. {{(pid=78807) process_request /opt/stack/glance/glance/api/middleware/version_negotiation.py:64}}
Aug 03 21:29:41 devstack devstack@g-api.service[78807]: [pid: 78807|app: 0|req: 7/12] 127.0.0.1 () {36 vars in 488 bytes} [Mon Aug 3 21:29:41 2026] GET / => generated 1571 bytes in 2 msecs (HTTP/1.1 300) 3 headers in 106 bytes (1 switches on core 0)
Aug 03 21:32:53 devstack devstack@g-api.service[78808]: DEBUG glance.api.middleware.version_negotiation [None req-916f89fd-0d13-470d-b067-fd7f2a829f83 admin admin] Determining version of request: GET / Accept: application/json {{(pid=78808) process_request /opt/stack/glance/glance/api/middleware/version_negotiation.py:44}}
Aug 03 21:32:53 devstack devstack@g-api.service[78808]: DEBUG glance.api.middleware.version_negotiation [None req-916f89fd-0d13-470d-b067-fd7f2a829f83 admin admin] Using url versioning {{(pid=78808) process_request /opt/stack/glance/glance/api/middleware/version_negotiation.py:57}}
Aug 03 21:32:53 devstack devstack@g-api.service[78808]: DEBUG glance.api.middleware.version_negotiation [None req-916f89fd-0d13-470d-b067-fd7f2a829f83 admin admin] Unknown version. Returning version choices. {{(pid=78808) process_request /opt/stack/glance/glance/api/middleware/version_negotiation.py:64}}
Aug 03 21:32:53 devstack devstack@g-api.service[78808]: [pid: 78808|app: 0|req: 6/13] 127.0.0.1 () {34 vars in 505 bytes} [Mon Aug 3 21:32:53 2026] GET / => generated 1571 bytes in 3 msecs (HTTP/1.1 300) 3 headers in 106 bytes (1 switches on core 0)
Aug 03 21:32:53 devstack devstack@g-api.service[78807]: DEBUG glance.api.middleware.version_negotiation [None req-199105d3-f021-486b-8075-348b5215e557 admin admin] Determining version of request: GET /v2/images/d1d1c9cd-4068-4ab9-84f9-347dd8405034 Accept: */* {{(pid=78807) process_request /opt/stack/glance/glance/api/middleware/version_negotiation.py:44}}
Aug 03 21:32:53 devstack devstack@g-api.service[78807]: DEBUG glance.api.middleware.version_negotiation [None req-199105d3-f021-486b-8075-348b5215e557 admin admin] Using url versioning {{(pid=78807) process_request /opt/stack/glance/glance/api/middleware/version_negotiation.py:57}}
Aug 03 21:32:53 devstack devstack@g-api.service[78807]: DEBUG glance.api.middleware.version_negotiation [None req-199105d3-f021-486b-8075-348b5215e557 admin admin] Matched version: v2 {{(pid=78807) process_request /opt/stack/glance/glance/api/middleware/version_negotiation.py:69}}
Aug 03 21:32:53 devstack devstack@g-api.service[78807]: DEBUG glance.api.middleware.version_negotiation [None req-199105d3-f021-486b-8075-348b5215e557 admin admin] new path /v2/images/d1d1c9cd-4068-4ab9-84f9-347dd8405034 {{(pid=78807) process_request /opt/stack/glance/glance/api/middleware/version_negotiation.py:70}}
Aug 03 21:32:53 devstack devstack@g-api.service[78807]: [pid: 78807|app: 0|req: 8/14] 127.0.0.1 () {42 vars in 1061 bytes} [Mon Aug 3 21:32:53 2026] GET /v2/images/d1d1c9cd-4068-4ab9-84f9-347dd8405034 => generated 976 bytes in 352 msecs (HTTP/1.1 200) 4 headers in 157 bytes (1 switches on core 0)
Aug 03 21:32:53 devstack devstack@g-api.service[78808]: DEBUG glance.api.middleware.version_negotiation [None req-916f89fd-0d13-470d-b067-fd7f2a829f83 admin admin] Determining version of request: GET /v2/schemas/image Accept: */* {{(pid=78808) process_request /opt/stack/glance/glance/api/middleware/version_negotiation.py:44}}
Aug 03 21:32:53 devstack devstack@g-api.service[78808]: DEBUG glance.api.middleware.version_negotiation [None req-916f89fd-0d13-470d-b067-fd7f2a829f83 admin admin] Using url versioning {{(pid=78808) process_request /opt/stack/glance/glance/api/middleware/version_negotiation.py:57}}
Aug 03 21:32:53 devstack devstack@g-api.service[78808]: DEBUG glance.api.middleware.version_negotiation [None req-916f89fd-0d13-470d-b067-fd7f2a829f83 admin admin] Matched version: v2 {{(pid=78808) process_request /opt/stack/glance/glance/api/middleware/version_negotiation.py:69}}
Aug 03 21:32:53 devstack devstack@g-api.service[78808]: DEBUG glance.api.middleware.version_negotiation [None req-916f89fd-0d13-470d-b067-fd7f2a829f83 admin admin] new path /v2/schemas/image {{(pid=78808) process_request /opt/stack/glance/glance/api/middleware/version_negotiation.py:70}}
Aug 03 21:32:53 devstack devstack@g-api.service[78808]: [pid: 78808|app: 0|req: 7/15] 127.0.0.1 () {42 vars in 1001 bytes} [Mon Aug 3 21:32:53 2026] GET /v2/schemas/image => generated 6083 bytes in 8 msecs (HTTP/1.1 200) 4 headers in 158 bytes (1 switches on core 0)
Aug 03 21:33:03 devstack devstack@g-api.service[78807]: DEBUG dbcounter [-] [78807] Writing DB stats glance:SELECT=2 {{(pid=78807) stat_writer /opt/stack/data/venv/lib/python3.12/site-packages/dbcounter.py:115}}
Aug 03 21:33:14 devstack devstack@g-api.service[78807]: DEBUG glance.api.middleware.version_negotiation [None req-f7b098e1-0546-4c1d-8bf8-1c1212352c6f tempest-ServerActionsTestOtherA-206176040 tempest-ServerActionsTestOtherA-206176040-project-member] Determining version of request: GET /v2/images/d1d1c9cd-4068-4ab9-84f9-347dd8405034 Accept: */* {{(pid=78807) process_request /opt/stack/glance/glance/api/middleware/version_negotiation.py:44}}
Aug 03 21:33:14 devstack devstack@g-api.service[78807]: DEBUG glance.api.middleware.version_negotiation [None req-f7b098e1-0546-4c1d-8bf8-1c1212352c6f tempest-ServerActionsTestOtherA-206176040 tempest-ServerActionsTestOtherA-206176040-project-member] Using url versioning {{(pid=78807) process_request /opt/stack/glance/glance/api/middleware/version_negotiation.py:57}}
Aug 03 21:33:14 devstack devstack@g-api.service[78807]: DEBUG glance.api.middleware.version_negotiation [None req-f7b098e1-0546-4c1d-8bf8-1c1212352c6f tempest-ServerActionsTestOtherA-206176040 tempest-ServerActionsTestOtherA-206176040-project-member] Matched version: v2 {{(pid=78807) process_request /opt/stack/glance/glance/api/middleware/version_negotiation.py:69}}
Aug 03 21:33:14 devstack devstack@g-api.service[78807]: DEBUG glance.api.middleware.version_negotiation [None req-f7b098e1-0546-4c1d-8bf8-1c1212352c6f tempest-ServerActionsTestOtherA-206176040 tempest-ServerActionsTestOtherA-206176040-project-member] new path /v2/images/d1d1c9cd-4068-4ab9-84f9-347dd8405034 {{(pid=78807) process_request /opt/stack/glance/glance/api/middleware/version_negotiation.py:70}}
Aug 03 21:33:14 devstack devstack@g-api.service[78807]: [pid: 78807|app: 0|req: 9/16] 127.0.0.1 () {42 vars in 1061 bytes} [Mon Aug 3 21:33:14 2026] GET /v2/images/d1d1c9cd-4068-4ab9-84f9-347dd8405034 => generated 976 bytes in 44 msecs (HTTP/1.1 200) 4 headers in 157 bytes (1 switches on core 0)
Aug 03 21:33:14 devstack devstack@g-api.service[78808]: DEBUG glance.api.middleware.version_negotiation [None req-f7b098e1-0546-4c1d-8bf8-1c1212352c6f tempest-ServerActionsTestOtherA-206176040 tempest-ServerActionsTestOtherA-206176040-project-member] Determining version of request: GET /v2/images/d1d1c9cd-4068-4ab9-84f9-347dd8405034/file Accept: */* {{(pid=78808) process_request /opt/stack/glance/glance/api/middleware/version_negotiation.py:44}}
Aug 03 21:33:14 devstack devstack@g-api.service[78808]: DEBUG glance.api.middleware.version_negotiation [None req-f7b098e1-0546-4c1d-8bf8-1c1212352c6f tempest-ServerActionsTestOtherA-206176040 tempest-ServerActionsTestOtherA-206176040-project-member] Using url versioning {{(pid=78808) process_request /opt/stack/glance/glance/api/middleware/version_negotiation.py:57}}
Aug 03 21:33:14 devstack devstack@g-api.service[78808]: DEBUG glance.api.middleware.version_negotiation [None req-f7b098e1-0546-4c1d-8bf8-1c1212352c6f tempest-ServerActionsTestOtherA-206176040 tempest-ServerActionsTestOtherA-206176040-project-member] Matched version: v2 {{(pid=78808) process_request /opt/stack/glance/glance/api/middleware/version_negotiation.py:69}}
Aug 03 21:33:14 devstack devstack@g-api.service[78808]: DEBUG glance.api.middleware.version_negotiation [None req-f7b098e1-0546-4c1d-8bf8-1c1212352c6f tempest-ServerActionsTestOtherA-206176040 tempest-ServerActionsTestOtherA-206176040-project-member] new path /v2/images/d1d1c9cd-4068-4ab9-84f9-347dd8405034/file {{(pid=78808) process_request /opt/stack/glance/glance/api/middleware/version_negotiation.py:70}}
Aug 03 21:33:14 devstack devstack@g-api.service[78808]: DEBUG glance_store._drivers.filesystem [None req-f7b098e1-0546-4c1d-8bf8-1c1212352c6f tempest-ServerActionsTestOtherA-206176040 tempest-ServerActionsTestOtherA-206176040-project-member] Found image at /opt/stack/data/glance/images/d1d1c9cd-4068-4ab9-84f9-347dd8405034. Returning in ChunkedFile. {{(pid=78808) get /opt/stack/data/venv/lib/python3.12/site-packages/glance_store/_drivers/filesystem.py:724}}
Aug 03 21:33:14 devstack devstack@g-api.service[78808]: DEBUG glance.image_cache [None req-f7b098e1-0546-4c1d-8bf8-1c1212352c6f tempest-ServerActionsTestOtherA-206176040 tempest-ServerActionsTestOtherA-206176040-project-member] Tee'ing image 'd1d1c9cd-4068-4ab9-84f9-347dd8405034' into cache {{(pid=78808) get_caching_iter /opt/stack/glance/glance/image_cache/__init__.py:356}}
Aug 03 21:33:14 devstack devstack@g-api.service[78807]: DEBUG glance.api.middleware.version_negotiation [None req-f7b098e1-0546-4c1d-8bf8-1c1212352c6f tempest-ServerActionsTestOtherA-206176040 tempest-ServerActionsTestOtherA-206176040-project-member] Determining version of request: GET /v2/images/d1d1c9cd-4068-4ab9-84f9-347dd8405034 Accept: */* {{(pid=78807) process_request /opt/stack/glance/glance/api/middleware/version_negotiation.py:44}}
Aug 03 21:33:14 devstack devstack@g-api.service[78807]: DEBUG glance.api.middleware.version_negotiation [None req-f7b098e1-0546-4c1d-8bf8-1c1212352c6f tempest-ServerActionsTestOtherA-206176040 tempest-ServerActionsTestOtherA-206176040-project-member] Using url versioning {{(pid=78807) process_request /opt/stack/glance/glance/api/middleware/version_negotiation.py:57}}
Aug 03 21:33:14 devstack devstack@g-api.service[78807]: DEBUG glance.api.middleware.version_negotiation [None req-f7b098e1-0546-4c1d-8bf8-1c1212352c6f tempest-ServerActionsTestOtherA-206176040 tempest-ServerActionsTestOtherA-206176040-project-member] Matched version: v2 {{(pid=78807) process_request /opt/stack/glance/glance/api/middleware/version_negotiation.py:69}}
Aug 03 21:33:14 devstack devstack@g-api.service[78807]: DEBUG glance.api.middleware.version_negotiation [None req-f7b098e1-0546-4c1d-8bf8-1c1212352c6f tempest-ServerActionsTestOtherA-206176040 tempest-ServerActionsTestOtherA-206176040-project-member] new path /v2/images/d1d1c9cd-4068-4ab9-84f9-347dd8405034 {{(pid=78807) process_request /opt/stack/glance/glance/api/middleware/version_negotiation.py:70}}
Aug 03 21:33:14 devstack devstack@g-api.service[78807]: [pid: 78807|app: 0|req: 10/17] 127.0.0.1 () {42 vars in 1061 bytes} [Mon Aug 3 21:33:14 2026] GET /v2/images/d1d1c9cd-4068-4ab9-84f9-347dd8405034 => generated 976 bytes in 50 msecs (HTTP/1.1 200) 4 headers in 157 bytes (1 switches on core 0)
Aug 03 21:33:14 devstack devstack@g-api.service[78807]: DEBUG glance.api.middleware.version_negotiation [None req-d1520b94-1853-4a0a-8c76-bbc8f072c8cc tempest-VolumesAdminNegativeTest-1128053286 tempest-VolumesAdminNegativeTest-1128053286-project-member] Determining version of request: GET /v2/schemas/image Accept: */* {{(pid=78807) process_request /opt/stack/glance/glance/api/middleware/version_negotiation.py:44}}
Aug 03 21:33:14 devstack devstack@g-api.service[78807]: DEBUG glance.api.middleware.version_negotiation [None req-d1520b94-1853-4a0a-8c76-bbc8f072c8cc tempest-VolumesAdminNegativeTest-1128053286 tempest-VolumesAdminNegativeTest-1128053286-project-member] Using url versioning {{(pid=78807) process_request /opt/stack/glance/glance/api/middleware/version_negotiation.py:57}}
Aug 03 21:33:14 devstack devstack@g-api.service[78807]: DEBUG glance.api.middleware.version_negotiation [None req-d1520b94-1853-4a0a-8c76-bbc8f072c8cc tempest-VolumesAdminNegativeTest-1128053286 tempest-VolumesAdminNegativeTest-1128053286-project-member] Matched version: v2 {{(pid=78807) process_request /opt/stack/glance/glance/api/middleware/version_negotiation.py:69}}
Aug 03 21:33:14 devstack devstack@g-api.service[78807]: DEBUG glance.api.middleware.version_negotiation [None req-d1520b94-1853-4a0a-8c76-bbc8f072c8cc tempest-VolumesAdminNegativeTest-1128053286 tempest-VolumesAdminNegativeTest-1128053286-project-member] new path /v2/schemas/image {{(pid=78807) process_request /opt/stack/glance/glance/api/middleware/version_negotiation.py:70}}
Aug 03 21:33:14 devstack devstack@g-api.service[78807]: [pid: 78807|app: 0|req: 11/18] 127.0.0.1 () {42 vars in 1001 bytes} [Mon Aug 3 21:33:14 2026] GET /v2/schemas/image => generated 6083 bytes in 14 msecs (HTTP/1.1 200) 4 headers in 158 bytes (1 switches on core 0)
Aug 03 21:33:15 devstack devstack@g-api.service[78808]: DEBUG glance.image_cache.drivers.centralized_db [None req-f7b098e1-0546-4c1d-8bf8-1c1212352c6f tempest-ServerActionsTestOtherA-206176040 tempest-ServerActionsTestOtherA-206176040-project-member] Fetch finished, moving '/opt/stack/data/glance/cache/incomplete/d1d1c9cd-4068-4ab9-84f9-347dd8405034' to '/opt/stack/data/glance/cache/d1d1c9cd-4068-4ab9-84f9-347dd8405034' {{(pid=78808) commit /opt/stack/glance/glance/image_cache/drivers/centralized_db.py:243}}
Aug 03 21:33:15 devstack devstack@g-api.service[78808]: DEBUG glance.image_cache.drivers.centralized_db [None req-f7b098e1-0546-4c1d-8bf8-1c1212352c6f tempest-ServerActionsTestOtherA-206176040 tempest-ServerActionsTestOtherA-206176040-project-member] Image cached successfully. {{(pid=78808) commit /opt/stack/glance/glance/image_cache/drivers/centralized_db.py:258}}
Aug 03 21:33:15 devstack devstack@g-api.service[78808]: [pid: 78808|app: 0|req: 8/19] 127.0.0.1 () {42 vars in 1071 bytes} [Mon Aug 3 21:33:14 2026] GET /v2/images/d1d1c9cd-4068-4ab9-84f9-347dd8405034/file => generated 21692416 bytes in 642 msecs (HTTP/1.1 200) 4 headers in 191 bytes (336 switches on core 0)
Aug 03 21:33:15 devstack devstack@g-api.service[78807]: DEBUG glance.api.middleware.version_negotiation [None req-d1520b94-1853-4a0a-8c76-bbc8f072c8cc tempest-VolumesAdminNegativeTest-1128053286 tempest-VolumesAdminNegativeTest-1128053286-project-member] Determining version of request: GET /v2/images/d1d1c9cd-4068-4ab9-84f9-347dd8405034 Accept: */* {{(pid=78807) process_request /opt/stack/glance/glance/api/middleware/version_negotiation.py:44}}
Aug 03 21:33:15 devstack devstack@g-api.service[78807]: DEBUG glance.api.middleware.version_negotiation [None req-d1520b94-1853-4a0a-8c76-bbc8f072c8cc tempest-VolumesAdminNegativeTest-1128053286 tempest-VolumesAdminNegativeTest-1128053286-project-member] Using url versioning {{(pid=78807) process_request /opt/stack/glance/glance/api/middleware/version_negotiation.py:57}}
Aug 03 21:33:15 devstack devstack@g-api.service[78807]: DEBUG glance.api.middleware.version_negotiation [None req-d1520b94-1853-4a0a-8c76-bbc8f072c8cc tempest-VolumesAdminNegativeTest-1128053286 tempest-VolumesAdminNegativeTest-1128053286-project-member] Matched version: v2 {{(pid=78807) process_request /opt/stack/glance/glance/api/middleware/version_negotiation.py:69}}
Aug 03 21:33:15 devstack devstack@g-api.service[78807]: DEBUG glance.api.middleware.version_negotiation [None req-d1520b94-1853-4a0a-8c76-bbc8f072c8cc tempest-VolumesAdminNegativeTest-1128053286 tempest-VolumesAdminNegativeTest-1128053286-project-member] new path /v2/images/d1d1c9cd-4068-4ab9-84f9-347dd8405034 {{(pid=78807) process_request /opt/stack/glance/glance/api/middleware/version_negotiation.py:70}}
Aug 03 21:33:15 devstack devstack@g-api.service[78807]: [pid: 78807|app: 0|req: 12/20] 127.0.0.1 () {42 vars in 1061 bytes} [Mon Aug 3 21:33:15 2026] GET /v2/images/d1d1c9cd-4068-4ab9-84f9-347dd8405034 => generated 976 bytes in 31 msecs (HTTP/1.1 200) 4 headers in 157 bytes (1 switches on core 0)
Aug 03 21:33:15 devstack devstack@g-api.service[78808]: DEBUG glance.api.middleware.version_negotiation [None req-f7b098e1-0546-4c1d-8bf8-1c1212352c6f tempest-ServerActionsTestOtherA-206176040 tempest-ServerActionsTestOtherA-206176040-project-member] Determining version of request: GET /v2/schemas/image Accept: */* {{(pid=78808) process_request /opt/stack/glance/glance/api/middleware/version_negotiation.py:44}}
Aug 03 21:33:15 devstack devstack@g-api.service[78808]: DEBUG glance.api.middleware.version_negotiation [None req-f7b098e1-0546-4c1d-8bf8-1c1212352c6f tempest-ServerActionsTestOtherA-206176040 tempest-ServerActionsTestOtherA-206176040-project-member] Using url versioning {{(pid=78808) process_request /opt/stack/glance/glance/api/middleware/version_negotiation.py:57}}
Aug 03 21:33:15 devstack devstack@g-api.service[78808]: DEBUG glance.api.middleware.version_negotiation [None req-f7b098e1-0546-4c1d-8bf8-1c1212352c6f tempest-ServerActionsTestOtherA-206176040 tempest-ServerActionsTestOtherA-206176040-project-member] Matched version: v2 {{(pid=78808) process_request /opt/stack/glance/glance/api/middleware/version_negotiation.py:69}}
Aug 03 21:33:15 devstack devstack@g-api.service[78808]: DEBUG glance.api.middleware.version_negotiation [None req-f7b098e1-0546-4c1d-8bf8-1c1212352c6f tempest-ServerActionsTestOtherA-206176040 tempest-ServerActionsTestOtherA-206176040-project-member] new path /v2/schemas/image {{(pid=78808) process_request /opt/stack/glance/glance/api/middleware/version_negotiation.py:70}}
Aug 03 21:33:15 devstack devstack@g-api.service[78808]: [pid: 78808|app: 0|req: 9/21] 127.0.0.1 () {42 vars in 1001 bytes} [Mon Aug 3 21:33:15 2026] GET /v2/schemas/image => generated 6083 bytes in 6 msecs (HTTP/1.1 200) 4 headers in 158 bytes (1 switches on core 0)
Aug 03 21:33:21 devstack devstack@g-api.service[78807]: DEBUG glance.api.middleware.version_negotiation [None req-f7b098e1-0546-4c1d-8bf8-1c1212352c6f tempest-ServerActionsTestOtherA-206176040 tempest-ServerActionsTestOtherA-206176040-project-member] Determining version of request: GET / Accept: application/json {{(pid=78807) process_request /opt/stack/glance/glance/api/middleware/version_negotiation.py:44}}
Aug 03 21:33:21 devstack devstack@g-api.service[78807]: DEBUG glance.api.middleware.version_negotiation [None req-f7b098e1-0546-4c1d-8bf8-1c1212352c6f tempest-ServerActionsTestOtherA-206176040 tempest-ServerActionsTestOtherA-206176040-project-member] Using url versioning {{(pid=78807) process_request /opt/stack/glance/glance/api/middleware/version_negotiation.py:57}}
Aug 03 21:33:21 devstack devstack@g-api.service[78807]: DEBUG glance.api.middleware.version_negotiation [None req-f7b098e1-0546-4c1d-8bf8-1c1212352c6f tempest-ServerActionsTestOtherA-206176040 tempest-ServerActionsTestOtherA-206176040-project-member] Unknown version. Returning version choices. {{(pid=78807) process_request /opt/stack/glance/glance/api/middleware/version_negotiation.py:64}}
Aug 03 21:33:21 devstack devstack@g-api.service[78807]: [pid: 78807|app: 0|req: 13/22] 127.0.0.1 () {34 vars in 505 bytes} [Mon Aug 3 21:33:21 2026] GET / => generated 1571 bytes in 4 msecs (HTTP/1.1 300) 3 headers in 106 bytes (1 switches on core 0)
Aug 03 21:33:21 devstack devstack@g-api.service[78808]: DEBUG glance.api.middleware.version_negotiation [None req-f7b098e1-0546-4c1d-8bf8-1c1212352c6f tempest-ServerActionsTestOtherA-206176040 tempest-ServerActionsTestOtherA-206176040-project-member] Determining version of request: GET /v2/images/d1d1c9cd-4068-4ab9-84f9-347dd8405034 Accept: */* {{(pid=78808) process_request /opt/stack/glance/glance/api/middleware/version_negotiation.py:44}}
Aug 03 21:33:21 devstack devstack@g-api.service[78808]: DEBUG glance.api.middleware.version_negotiation [None req-f7b098e1-0546-4c1d-8bf8-1c1212352c6f tempest-ServerActionsTestOtherA-206176040 tempest-ServerActionsTestOtherA-206176040-project-member] Using url versioning {{(pid=78808) process_request /opt/stack/glance/glance/api/middleware/version_negotiation.py:57}}
Aug 03 21:33:21 devstack devstack@g-api.service[78808]: DEBUG glance.api.middleware.version_negotiation [None req-f7b098e1-0546-4c1d-8bf8-1c1212352c6f tempest-ServerActionsTestOtherA-206176040 tempest-ServerActionsTestOtherA-206176040-project-member] Matched version: v2 {{(pid=78808) process_request /opt/stack/glance/glance/api/middleware/version_negotiation.py:69}}
Aug 03 21:33:21 devstack devstack@g-api.service[78808]: DEBUG glance.api.middleware.version_negotiation [None req-f7b098e1-0546-4c1d-8bf8-1c1212352c6f tempest-ServerActionsTestOtherA-206176040 tempest-ServerActionsTestOtherA-206176040-project-member] new path /v2/images/d1d1c9cd-4068-4ab9-84f9-347dd8405034 {{(pid=78808) process_request /opt/stack/glance/glance/api/middleware/version_negotiation.py:70}}
Aug 03 21:33:21 devstack devstack@g-api.service[78808]: [pid: 78808|app: 0|req: 10/23] 127.0.0.1 () {42 vars in 1061 bytes} [Mon Aug 3 21:33:21 2026] GET /v2/images/d1d1c9cd-4068-4ab9-84f9-347dd8405034 => generated 976 bytes in 59 msecs (HTTP/1.1 200) 4 headers in 157 bytes (1 switches on core 0)
Aug 03 21:33:21 devstack devstack@g-api.service[78807]: DEBUG glance.api.middleware.version_negotiation [None req-f7b098e1-0546-4c1d-8bf8-1c1212352c6f tempest-ServerActionsTestOtherA-206176040 tempest-ServerActionsTestOtherA-206176040-project-member] Determining version of request: GET /v2/schemas/image Accept: */* {{(pid=78807) process_request /opt/stack/glance/glance/api/middleware/version_negotiation.py:44}}
Aug 03 21:33:21 devstack devstack@g-api.service[78807]: DEBUG glance.api.middleware.version_negotiation [None req-f7b098e1-0546-4c1d-8bf8-1c1212352c6f tempest-ServerActionsTestOtherA-206176040 tempest-ServerActionsTestOtherA-206176040-project-member] Using url versioning {{(pid=78807) process_request /opt/stack/glance/glance/api/middleware/version_negotiation.py:57}}
Aug 03 21:33:21 devstack devstack@g-api.service[78807]: DEBUG glance.api.middleware.version_negotiation [None req-f7b098e1-0546-4c1d-8bf8-1c1212352c6f tempest-ServerActionsTestOtherA-206176040 tempest-ServerActionsTestOtherA-206176040-project-member] Matched version: v2 {{(pid=78807) process_request /opt/stack/glance/glance/api/middleware/version_negotiation.py:69}}
