Feb 25 15:42:34 devstack cinder-volume[82737]: DEBUG cinder.volume.drivers.remotefs [None req-cc92e152-c642-4bed-b1d6-a4153d717ac4 tempest-SnapshotsActionsTest-1421158152 None] Fetching qemu-img info with special backing_file_template: (/opt/stack/data/cinder/mnt/[0-9a-f]+/)?(volume-213d51b9-6880-48bc-a074-927437d0110a(.(tmp-snap-)?[0-9a-f-]+)?|volume_from_snapshot_cache/(tmp-snap-)?[0-9a-f-]+(.(child-|parent-)[0-9a-f-]+)?)$ {{(pid=82737) _qemu_img_info_base /opt/stack/cinder/cinder/volume/drivers/remotefs.py:896}}
Feb 25 15:42:34 devstack cinder-volume[82737]: DEBUG oslo.privsep.daemon [-] privsep: reply[dfc7d021-d5c0-40a5-a9f7-c0a428064b52]: (4, 'qcow2') {{(pid=83599) _call_back /opt/stack/data/venv/lib/python3.10/site-packages/oslo_privsep/daemon.py:573}}
Feb 25 15:42:34 devstack cinder-volume[82737]: DEBUG oslo_concurrency.processutils [None req-cc92e152-c642-4bed-b1d6-a4153d717ac4 tempest-SnapshotsActionsTest-1421158152 None] Running cmd (subprocess): /opt/stack/data/venv/bin/python3.10 -m oslo_concurrency.prlimit --as=1073741824 --cpu=60 -- sudo cinder-rootwrap /etc/cinder/rootwrap.conf env LC_ALL=C qemu-img info -f qcow2 --output=json --force-share /opt/stack/data/cinder/mnt/972dfec962dd54dafc82e1a986f9812c/volume-213d51b9-6880-48bc-a074-927437d0110a.971b0474-cd9c-4877-bf12-8be30b3eff51 {{(pid=82737) execute /opt/stack/data/venv/lib/python3.10/site-packages/oslo_concurrency/processutils.py:440}}
Feb 25 15:42:34 devstack sudo[84330]: quobyte : PWD=/ ; USER=root ; COMMAND=/opt/stack/data/venv/bin/cinder-rootwrap /etc/cinder/rootwrap.conf env LC_ALL=C qemu-img info -f qcow2 --output=json --force-share /opt/stack/data/cinder/mnt/972dfec962dd54dafc82e1a986f9812c/volume-213d51b9-6880-48bc-a074-927437d0110a.971b0474-cd9c-4877-bf12-8be30b3eff51
Feb 25 15:42:34 devstack sudo[84330]: pam_unix(sudo:session): session opened for user root(uid=0) by (uid=1000)
Feb 25 15:42:34 devstack sudo[84330]: pam_unix(sudo:session): session closed for user root
Feb 25 15:42:34 devstack cinder-volume[82737]: DEBUG oslo_concurrency.processutils [None req-cc92e152-c642-4bed-b1d6-a4153d717ac4 tempest-SnapshotsActionsTest-1421158152 None] CMD "/opt/stack/data/venv/bin/python3.10 -m oslo_concurrency.prlimit --as=1073741824 --cpu=60 -- sudo cinder-rootwrap /etc/cinder/rootwrap.conf env LC_ALL=C qemu-img info -f qcow2 --output=json --force-share /opt/stack/data/cinder/mnt/972dfec962dd54dafc82e1a986f9812c/volume-213d51b9-6880-48bc-a074-927437d0110a.971b0474-cd9c-4877-bf12-8be30b3eff51" returned: 0 in 0.751s {{(pid=82737) execute /opt/stack/data/venv/lib/python3.10/site-packages/oslo_concurrency/processutils.py:468}}
Feb 25 15:42:34 devstack cinder-volume[82737]: DEBUG cinder.volume.drivers.remotefs [None req-cc92e152-c642-4bed-b1d6-a4153d717ac4 tempest-SnapshotsActionsTest-1421158152 None] Fetching qemu-img info with special backing_file_template: (/opt/stack/data/cinder/mnt/[0-9a-f]+/)?(volume-213d51b9-6880-48bc-a074-927437d0110a(.(tmp-snap-)?[0-9a-f-]+)?|volume_from_snapshot_cache/(tmp-snap-)?[0-9a-f-]+(.(child-|parent-)[0-9a-f-]+)?)$ {{(pid=82737) _qemu_img_info_base /opt/stack/cinder/cinder/volume/drivers/remotefs.py:896}}
Feb 25 15:42:34 devstack cinder-volume[82737]: DEBUG oslo_concurrency.processutils [None req-cc92e152-c642-4bed-b1d6-a4153d717ac4 tempest-SnapshotsActionsTest-1421158152 None] Running cmd (subprocess): sudo cinder-rootwrap /etc/cinder/rootwrap.conf qemu-img commit -d /opt/stack/data/cinder/mnt/972dfec962dd54dafc82e1a986f9812c/volume-213d51b9-6880-48bc-a074-927437d0110a.c663caab-5fee-4cab-8368-e79a0f0ce7c1 {{(pid=82737) execute /opt/stack/data/venv/lib/python3.10/site-packages/oslo_concurrency/processutils.py:440}}
Feb 25 15:42:34 devstack sudo[84356]: quobyte : PWD=/ ; USER=root ; COMMAND=/opt/stack/data/venv/bin/cinder-rootwrap /etc/cinder/rootwrap.conf qemu-img commit -d /opt/stack/data/cinder/mnt/972dfec962dd54dafc82e1a986f9812c/volume-213d51b9-6880-48bc-a074-927437d0110a.c663caab-5fee-4cab-8368-e79a0f0ce7c1
Feb 25 15:42:34 devstack sudo[84356]: pam_unix(sudo:session): session opened for user root(uid=0) by (uid=1000)
Feb 25 15:42:35 devstack sudo[84356]: pam_unix(sudo:session): session closed for user root
Feb 25 15:42:35 devstack cinder-volume[82737]: DEBUG oslo_concurrency.processutils [None req-cc92e152-c642-4bed-b1d6-a4153d717ac4 tempest-SnapshotsActionsTest-1421158152 None] CMD "sudo cinder-rootwrap /etc/cinder/rootwrap.conf qemu-img commit -d /opt/stack/data/cinder/mnt/972dfec962dd54dafc82e1a986f9812c/volume-213d51b9-6880-48bc-a074-927437d0110a.c663caab-5fee-4cab-8368-e79a0f0ce7c1" returned: 0 in 0.663s {{(pid=82737) execute /opt/stack/data/venv/lib/python3.10/site-packages/oslo_concurrency/processutils.py:468}}
Feb 25 15:42:35 devstack cinder-volume[82737]: DEBUG oslo_concurrency.processutils [None req-cc92e152-c642-4bed-b1d6-a4153d717ac4 tempest-SnapshotsActionsTest-1421158152 None] Running cmd (subprocess): sudo cinder-rootwrap /etc/cinder/rootwrap.conf rm -f /opt/stack/data/cinder/mnt/972dfec962dd54dafc82e1a986f9812c/volume-213d51b9-6880-48bc-a074-927437d0110a.c663caab-5fee-4cab-8368-e79a0f0ce7c1 {{(pid=82737) execute /opt/stack/data/venv/lib/python3.10/site-packages/oslo_concurrency/processutils.py:440}}
Feb 25 15:42:35 devstack sudo[84362]: quobyte : PWD=/ ; USER=root ; COMMAND=/opt/stack/data/venv/bin/cinder-rootwrap /etc/cinder/rootwrap.conf rm -f /opt/stack/data/cinder/mnt/972dfec962dd54dafc82e1a986f9812c/volume-213d51b9-6880-48bc-a074-927437d0110a.c663caab-5fee-4cab-8368-e79a0f0ce7c1
Feb 25 15:42:35 devstack sudo[84362]: pam_unix(sudo:session): session opened for user root(uid=0) by (uid=1000)
Feb 25 15:42:36 devstack sudo[84362]: pam_unix(sudo:session): session closed for user root
Feb 25 15:42:36 devstack cinder-volume[82737]: DEBUG oslo_concurrency.processutils [None req-cc92e152-c642-4bed-b1d6-a4153d717ac4 tempest-SnapshotsActionsTest-1421158152 None] CMD "sudo cinder-rootwrap /etc/cinder/rootwrap.conf rm -f /opt/stack/data/cinder/mnt/972dfec962dd54dafc82e1a986f9812c/volume-213d51b9-6880-48bc-a074-927437d0110a.c663caab-5fee-4cab-8368-e79a0f0ce7c1" returned: 0 in 0.579s {{(pid=82737) execute /opt/stack/data/venv/lib/python3.10/site-packages/oslo_concurrency/processutils.py:468}}
Feb 25 15:42:36 devstack cinder-volume[82737]: DEBUG cinder.coordination [None req-cc92e152-c642-4bed-b1d6-a4153d717ac4 tempest-SnapshotsActionsTest-1421158152 None] Lock "cinder-quobyte-c663caab-5fee-4cab-8368-e79a0f0ce7c1" released by "_delete_snapshot" :: held 2.706s {{(pid=82737) __release /opt/stack/cinder/cinder/coordination.py:152}}
Feb 25 15:42:36 devstack cinder-volume[82737]: DEBUG cinder.coordination [None req-cc92e152-c642-4bed-b1d6-a4153d717ac4 tempest-SnapshotsActionsTest-1421158152 None] Lock "cinder-quobyte-213d51b9-6880-48bc-a074-927437d0110a" released by "delete_snapshot" :: held 2.719s {{(pid=82737) __release /opt/stack/cinder/cinder/coordination.py:152}}
Feb 25 15:42:36 devstack cinder-volume[82737]: DEBUG cinder.quota [None req-cc92e152-c642-4bed-b1d6-a4153d717ac4 tempest-SnapshotsActionsTest-1421158152 None] Created reservations ['671ce774-53a8-418f-84ca-ebc00b58bbb6', '8c3f158f-bf61-4362-a255-8326eec4df4c', 'cc9dcebb-8ff1-4b98-a2a3-d411a7d2bb76', 'e34b2cfb-3420-4c28-aeda-b23b59c40848'] {{(pid=82737) reserve /opt/stack/cinder/cinder/quota.py:752}}
Feb 25 15:42:36 devstack cinder-volume[82737]: INFO cinder.volume.manager [None req-cc92e152-c642-4bed-b1d6-a4153d717ac4 tempest-SnapshotsActionsTest-1421158152 None] Delete snapshot completed successfully.
Feb 25 15:42:36 devstack cinder-volume[82737]: DEBUG cinder.coordination [None req-cc92e152-c642-4bed-b1d6-a4153d717ac4 tempest-SnapshotsActionsTest-1421158152 None] Lock "cinder-c663caab-5fee-4cab-8368-e79a0f0ce7c1-delete_snapshot" released by "delete_snapshot" :: held 2.876s {{(pid=82737) __release /opt/stack/cinder/cinder/coordination.py:152}}
Feb 25 15:42:36 devstack cinder-volume[82737]: DEBUG oslo_concurrency.lockutils [None req-5699739f-93f5-4e0a-b1aa-8076c11f4ce9 tempest-SnapshotsActionsTest-913957024 None] Acquiring lock "quobyte" by "cinder.volume.drivers.quobyte.QuobyteDriver.create_snapshot" {{(pid=82737) inner /opt/stack/data/venv/lib/python3.10/site-packages/oslo_concurrency/lockutils.py:506}}
Feb 25 15:42:36 devstack cinder-volume[82737]: DEBUG oslo_concurrency.lockutils [None req-5699739f-93f5-4e0a-b1aa-8076c11f4ce9 tempest-SnapshotsActionsTest-913957024 None] Lock "quobyte" acquired by "cinder.volume.drivers.quobyte.QuobyteDriver.create_snapshot" :: waited 0.001s {{(pid=82737) inner /opt/stack/data/venv/lib/python3.10/site-packages/oslo_concurrency/lockutils.py:519}}
Feb 25 15:42:36 devstack cinder-volume[82737]: DEBUG cinder.volume.drivers.remotefs [None req-5699739f-93f5-4e0a-b1aa-8076c11f4ce9 tempest-SnapshotsActionsTest-913957024 None] Creating offline snapshot 6c12e1dd-ea59-4cb7-bb35-3a807a6fa925 of volume 213d51b9-6880-48bc-a074-927437d0110a {{(pid=82737) _create_snapshot /opt/stack/cinder/cinder/volume/drivers/remotefs.py:1815}}
Feb 25 15:42:36 devstack cinder-volume[82737]: DEBUG oslo.privsep.daemon [-] privsep: reply[13872d19-2bf3-450f-b5a5-70e3acb39710]: (4, 'qcow2') {{(pid=83599) _call_back /opt/stack/data/venv/lib/python3.10/site-packages/oslo_privsep/daemon.py:573}}
Feb 25 15:42:36 devstack cinder-volume[82737]: DEBUG oslo_concurrency.processutils [None req-5699739f-93f5-4e0a-b1aa-8076c11f4ce9 tempest-SnapshotsActionsTest-913957024 None] Running cmd (subprocess): /opt/stack/data/venv/bin/python3.10 -m oslo_concurrency.prlimit --as=1073741824 --cpu=60 -- sudo cinder-rootwrap /etc/cinder/rootwrap.conf env LC_ALL=C qemu-img info -f qcow2 --output=json --force-share /opt/stack/data/cinder/mnt/972dfec962dd54dafc82e1a986f9812c/volume-213d51b9-6880-48bc-a074-927437d0110a.971b0474-cd9c-4877-bf12-8be30b3eff51 {{(pid=82737) execute /opt/stack/data/venv/lib/python3.10/site-packages/oslo_concurrency/processutils.py:440}}
Feb 25 15:42:37 devstack sudo[84382]: quobyte : PWD=/ ; USER=root ; COMMAND=/opt/stack/data/venv/bin/cinder-rootwrap /etc/cinder/rootwrap.conf env LC_ALL=C qemu-img info -f qcow2 --output=json --force-share /opt/stack/data/cinder/mnt/972dfec962dd54dafc82e1a986f9812c/volume-213d51b9-6880-48bc-a074-927437d0110a.971b0474-cd9c-4877-bf12-8be30b3eff51
Feb 25 15:42:37 devstack sudo[84382]: pam_unix(sudo:session): session opened for user root(uid=0) by (uid=1000)
Feb 25 15:42:37 devstack cinder-volume[82737]: DEBUG oslo_service.periodic_task [None req-4a1ece67-0690-459e-8a47-d658089b21a5 None None] Running periodic task VolumeManager.publish_service_capabilities {{(pid=82737) run_periodic_tasks /opt/stack/data/venv/lib/python3.10/site-packages/oslo_service/periodic_task.py:210}}
Feb 25 15:42:37 devstack cinder-volume[82737]: DEBUG oslo_concurrency.lockutils [None req-4a1ece67-0690-459e-8a47-d658089b21a5 None None] Acquiring lock "quobyte_ensure" by "cinder.volume.drivers.quobyte.QuobyteDriver._ensure_shares_mounted" {{(pid=82737) inner /opt/stack/data/venv/lib/python3.10/site-packages/oslo_concurrency/lockutils.py:506}}
Feb 25 15:42:37 devstack cinder-volume[82737]: DEBUG oslo_concurrency.lockutils [None req-4a1ece67-0690-459e-8a47-d658089b21a5 None None] Lock "quobyte_ensure" acquired by "cinder.volume.drivers.quobyte.QuobyteDriver._ensure_shares_mounted" :: waited 0.000s {{(pid=82737) inner /opt/stack/data/venv/lib/python3.10/site-packages/oslo_concurrency/lockutils.py:519}}
Feb 25 15:42:37 devstack cinder-volume[82737]: DEBUG cinder.volume.drivers.quobyte [None req-4a1ece67-0690-459e-8a47-d658089b21a5 None None] Quobyte Volume URL set to: {'osci02.corp.quobyte.com/cinder-vol-402d1fac-8e44-44ab-82b5-3a4defbf8540': None} {{(pid=82737) _load_shares_config /opt/stack/cinder/cinder/volume/drivers/quobyte.py:617}}
Feb 25 15:42:37 devstack cinder-volume[82737]: DEBUG cinder.volume.drivers.quobyte [None req-4a1ece67-0690-459e-8a47-d658089b21a5 None None] Available shares ['osci02.corp.quobyte.com/cinder-vol-402d1fac-8e44-44ab-82b5-3a4defbf8540'] {{(pid=82737) _ensure_shares_mounted /opt/stack/cinder/cinder/volume/drivers/quobyte.py:647}}
Feb 25 15:42:37 devstack cinder-volume[82737]: DEBUG oslo_concurrency.lockutils [None req-4a1ece67-0690-459e-8a47-d658089b21a5 None None] Lock "quobyte_ensure" "released" by "cinder.volume.drivers.quobyte.QuobyteDriver._ensure_shares_mounted" :: held 0.013s {{(pid=82737) inner /opt/stack/data/venv/lib/python3.10/site-packages/oslo_concurrency/lockutils.py:538}}
Feb 25 15:42:37 devstack cinder-volume[82737]: DEBUG oslo_concurrency.processutils [None req-4a1ece67-0690-459e-8a47-d658089b21a5 None None] Running cmd (subprocess): sudo cinder-rootwrap /etc/cinder/rootwrap.conf df --portability --block-size 1 /opt/stack/data/cinder/mnt/972dfec962dd54dafc82e1a986f9812c {{(pid=82737) execute /opt/stack/data/venv/lib/python3.10/site-packages/oslo_concurrency/processutils.py:440}}
Feb 25 15:42:37 devstack sudo[84389]: quobyte : PWD=/ ; USER=root ; COMMAND=/opt/stack/data/venv/bin/cinder-rootwrap /etc/cinder/rootwrap.conf df --portability --block-size 1 /opt/stack/data/cinder/mnt/972dfec962dd54dafc82e1a986f9812c
Feb 25 15:42:37 devstack sudo[84389]: pam_unix(sudo:session): session opened for user root(uid=0) by (uid=1000)
Feb 25 15:42:37 devstack sudo[84382]: pam_unix(sudo:session): session closed for user root
Feb 25 15:42:37 devstack cinder-volume[82737]: DEBUG oslo_concurrency.processutils [None req-5699739f-93f5-4e0a-b1aa-8076c11f4ce9 tempest-SnapshotsActionsTest-913957024 None] CMD "/opt/stack/data/venv/bin/python3.10 -m oslo_concurrency.prlimit --as=1073741824 --cpu=60 -- sudo cinder-rootwrap /etc/cinder/rootwrap.conf env LC_ALL=C qemu-img info -f qcow2 --output=json --force-share /opt/stack/data/cinder/mnt/972dfec962dd54dafc82e1a986f9812c/volume-213d51b9-6880-48bc-a074-927437d0110a.971b0474-cd9c-4877-bf12-8be30b3eff51" returned: 0 in 0.680s {{(pid=82737) execute /opt/stack/data/venv/lib/python3.10/site-packages/oslo_concurrency/processutils.py:468}}
Feb 25 15:42:37 devstack cinder-volume[82737]: DEBUG cinder.volume.drivers.remotefs [None req-5699739f-93f5-4e0a-b1aa-8076c11f4ce9 tempest-SnapshotsActionsTest-913957024 None] Fetching qemu-img info with special backing_file_template: (/opt/stack/data/cinder/mnt/[0-9a-f]+/)?(volume-213d51b9-6880-48bc-a074-927437d0110a(.(tmp-snap-)?[0-9a-f-]+)?|volume_from_snapshot_cache/(tmp-snap-)?[0-9a-f-]+(.(child-|parent-)[0-9a-f-]+)?)$ {{(pid=82737) _qemu_img_info_base /opt/stack/cinder/cinder/volume/drivers/remotefs.py:896}}
Feb 25 15:42:37 devstack cinder-volume[82737]: DEBUG oslo_concurrency.processutils [None req-5699739f-93f5-4e0a-b1aa-8076c11f4ce9 tempest-SnapshotsActionsTest-913957024 None] Running cmd (subprocess): sudo cinder-rootwrap /etc/cinder/rootwrap.conf qemu-img create -f qcow2 -o backing_file=/opt/stack/data/cinder/mnt/972dfec962dd54dafc82e1a986f9812c/volume-213d51b9-6880-48bc-a074-927437d0110a.971b0474-cd9c-4877-bf12-8be30b3eff51,backing_fmt=qcow2 /opt/stack/data/cinder/mnt/972dfec962dd54dafc82e1a986f9812c/volume-213d51b9-6880-48bc-a074-927437d0110a.6c12e1dd-ea59-4cb7-bb35-3a807a6fa925 1G {{(pid=82737) execute /opt/stack/data/venv/lib/python3.10/site-packages/oslo_concurrency/processutils.py:440}}
Feb 25 15:42:37 devstack sudo[84394]: quobyte : PWD=/ ; USER=root ; COMMAND=/opt/stack/data/venv/bin/cinder-rootwrap /etc/cinder/rootwrap.conf qemu-img create -f qcow2 -o backing_file=/opt/stack/data/cinder/mnt/972dfec962dd54dafc82e1a986f9812c/volume-213d51b9-6880-48bc-a074-927437d0110a.971b0474-cd9c-4877-bf12-8be30b3eff51,backing_fmt=qcow2 /opt/stack/data/cinder/mnt/972dfec962dd54dafc82e1a986f9812c/volume-213d51b9-6880-48bc-a074-927437d0110a.6c12e1dd-ea59-4cb7-bb35-3a807a6fa925 1G
Feb 25 15:42:37 devstack sudo[84394]: pam_unix(sudo:session): session opened for user root(uid=0) by (uid=1000)
Feb 25 15:42:37 devstack sudo[84389]: pam_unix(sudo:session): session closed for user root
Feb 25 15:42:37 devstack cinder-volume[82737]: DEBUG oslo_concurrency.processutils [None req-4a1ece67-0690-459e-8a47-d658089b21a5 None None] CMD "sudo cinder-rootwrap /etc/cinder/rootwrap.conf df --portability --block-size 1 /opt/stack/data/cinder/mnt/972dfec962dd54dafc82e1a986f9812c" returned: 0 in 0.655s {{(pid=82737) execute /opt/stack/data/venv/lib/python3.10/site-packages/oslo_concurrency/processutils.py:468}}
Feb 25 15:42:37 devstack cinder-volume[82737]: DEBUG cinder.manager [None req-4a1ece67-0690-459e-8a47-d658089b21a5 None None] Notifying Schedulers of capabilities ... {{(pid=82737) _publish_service_capabilities /opt/stack/cinder/cinder/manager.py:202}}
Feb 25 15:42:38 devstack sudo[84394]: pam_unix(sudo:session): session closed for user root
Feb 25 15:42:38 devstack cinder-volume[82737]: DEBUG oslo_concurrency.processutils [None req-5699739f-93f5-4e0a-b1aa-8076c11f4ce9 tempest-SnapshotsActionsTest-913957024 None] CMD "sudo cinder-rootwrap /etc/cinder/rootwrap.conf qemu-img create -f qcow2 -o backing_file=/opt/stack/data/cinder/mnt/972dfec962dd54dafc82e1a986f9812c/volume-213d51b9-6880-48bc-a074-927437d0110a.971b0474-cd9c-4877-bf12-8be30b3eff51,backing_fmt=qcow2 /opt/stack/data/cinder/mnt/972dfec962dd54dafc82e1a986f9812c/volume-213d51b9-6880-48bc-a074-927437d0110a.6c12e1dd-ea59-4cb7-bb35-3a807a6fa925 1G" returned: 0 in 0.754s {{(pid=82737) execute /opt/stack/data/venv/lib/python3.10/site-packages/oslo_concurrency/processutils.py:468}}
Feb 25 15:42:38 devstack cinder-volume[82737]: DEBUG oslo_concurrency.processutils [None req-5699739f-93f5-4e0a-b1aa-8076c11f4ce9 tempest-SnapshotsActionsTest-913957024 None] Running cmd (subprocess): sudo cinder-rootwrap /etc/cinder/rootwrap.conf qemu-img rebase -u -b volume-213d51b9-6880-48bc-a074-927437d0110a.971b0474-cd9c-4877-bf12-8be30b3eff51 -F qcow2 /opt/stack/data/cinder/mnt/972dfec962dd54dafc82e1a986f9812c/volume-213d51b9-6880-48bc-a074-927437d0110a.6c12e1dd-ea59-4cb7-bb35-3a807a6fa925 {{(pid=82737) execute /opt/stack/data/venv/lib/python3.10/site-packages/oslo_concurrency/processutils.py:440}}
Feb 25 15:42:38 devstack sudo[84400]: quobyte : PWD=/ ; USER=root ; COMMAND=/opt/stack/data/venv/bin/cinder-rootwrap /etc/cinder/rootwrap.conf qemu-img rebase -u -b volume-213d51b9-6880-48bc-a074-927437d0110a.971b0474-cd9c-4877-bf12-8be30b3eff51 -F qcow2 /opt/stack/data/cinder/mnt/972dfec962dd54dafc82e1a986f9812c/volume-213d51b9-6880-48bc-a074-927437d0110a.6c12e1dd-ea59-4cb7-bb35-3a807a6fa925
Feb 25 15:42:38 devstack sudo[84400]: pam_unix(sudo:session): session opened for user root(uid=0) by (uid=1000)
Feb 25 15:42:38 devstack sudo[84400]: pam_unix(sudo:session): session closed for user root
Feb 25 15:42:38 devstack cinder-volume[82737]: DEBUG oslo_concurrency.processutils [None req-5699739f-93f5-4e0a-b1aa-8076c11f4ce9 tempest-SnapshotsActionsTest-913957024 None] CMD "sudo cinder-rootwrap /etc/cinder/rootwrap.conf qemu-img rebase -u -b volume-213d51b9-6880-48bc-a074-927437d0110a.971b0474-cd9c-4877-bf12-8be30b3eff51 -F qcow2 /opt/stack/data/cinder/mnt/972dfec962dd54dafc82e1a986f9812c/volume-213d51b9-6880-48bc-a074-927437d0110a.6c12e1dd-ea59-4cb7-bb35-3a807a6fa925" returned: 0 in 0.530s {{(pid=82737) execute /opt/stack/data/venv/lib/python3.10/site-packages/oslo_concurrency/processutils.py:468}}
Feb 25 15:42:38 devstack cinder-volume[82737]: WARNING cinder.volume.drivers.remotefs [None req-5699739f-93f5-4e0a-b1aa-8076c11f4ce9 tempest-SnapshotsActionsTest-913957024 None] /opt/stack/data/cinder/mnt/972dfec962dd54dafc82e1a986f9812c/volume-213d51b9-6880-48bc-a074-927437d0110a.6c12e1dd-ea59-4cb7-bb35-3a807a6fa925 is being set with open permissions: ugo+rw
Feb 25 15:42:38 devstack cinder-volume[82737]: DEBUG oslo_concurrency.processutils [None req-5699739f-93f5-4e0a-b1aa-8076c11f4ce9 tempest-SnapshotsActionsTest-913957024 None] Running cmd (subprocess): sudo cinder-rootwrap /etc/cinder/rootwrap.conf chmod ugo+rw /opt/stack/data/cinder/mnt/972dfec962dd54dafc82e1a986f9812c/volume-213d51b9-6880-48bc-a074-927437d0110a.6c12e1dd-ea59-4cb7-bb35-3a807a6fa925 {{(pid=82737) execute /opt/stack/data/venv/lib/python3.10/site-packages/oslo_concurrency/processutils.py:440}}
Feb 25 15:42:38 devstack sudo[84405]: quobyte : PWD=/ ; USER=root ; COMMAND=/opt/stack/data/venv/bin/cinder-rootwrap /etc/cinder/rootwrap.conf chmod ugo+rw /opt/stack/data/cinder/mnt/972dfec962dd54dafc82e1a986f9812c/volume-213d51b9-6880-48bc-a074-927437d0110a.6c12e1dd-ea59-4cb7-bb35-3a807a6fa925
Feb 25 15:42:38 devstack sudo[84405]: pam_unix(sudo:session): session opened for user root(uid=0) by (uid=1000)
Feb 25 15:42:39 devstack sudo[84405]: pam_unix(sudo:session): session closed for user root
Feb 25 15:42:39 devstack cinder-volume[82737]: DEBUG oslo_concurrency.processutils [None req-5699739f-93f5-4e0a-b1aa-8076c11f4ce9 tempest-SnapshotsActionsTest-913957024 None] CMD "sudo cinder-rootwrap /etc/cinder/rootwrap.conf chmod ugo+rw /opt/stack/data/cinder/mnt/972dfec962dd54dafc82e1a986f9812c/volume-213d51b9-6880-48bc-a074-927437d0110a.6c12e1dd-ea59-4cb7-bb35-3a807a6fa925" returned: 0 in 0.616s {{(pid=82737) execute /opt/stack/data/venv/lib/python3.10/site-packages/oslo_concurrency/processutils.py:468}}
Feb 25 15:42:39 devstack cinder-volume[82737]: DEBUG oslo_concurrency.lockutils [None req-5699739f-93f5-4e0a-b1aa-8076c11f4ce9 tempest-SnapshotsActionsTest-913957024 None] Lock "quobyte" "released" by "cinder.volume.drivers.quobyte.QuobyteDriver.create_snapshot" :: held 2.652s {{(pid=82737) inner /opt/stack/data/venv/lib/python3.10/site-packages/oslo_concurrency/lockutils.py:538}}
Feb 25 15:42:39 devstack cinder-volume[82737]: INFO cinder.volume.manager [None req-5699739f-93f5-4e0a-b1aa-8076c11f4ce9 tempest-SnapshotsActionsTest-913957024 None] Create snapshot completed successfully
Feb 25 15:42:40 devstack cinder-volume[82737]: DEBUG cinder.coordination [None req-2544f14d-8145-47c1-a494-2c03cd252273 tempest-SnapshotsActionsTest-1421158152 None] Acquiring lock "cinder-6c12e1dd-ea59-4cb7-bb35-3a807a6fa925-delete_snapshot" by "delete_snapshot" {{(pid=82737) __acquire /opt/stack/cinder/cinder/coordination.py:138}}
Feb 25 15:42:40 devstack cinder-volume[82737]: DEBUG cinder.coordination [None req-2544f14d-8145-47c1-a494-2c03cd252273 tempest-SnapshotsActionsTest-1421158152 None] Lock "cinder-6c12e1dd-ea59-4cb7-bb35-3a807a6fa925-delete_snapshot" acquired by "delete_snapshot" :: waited 0.012s {{(pid=82737) __acquire /opt/stack/cinder/cinder/coordination.py:141}}
Feb 25 15:42:40 devstack cinder-volume[82737]: DEBUG cinder.coordination [None req-2544f14d-8145-47c1-a494-2c03cd252273 tempest-SnapshotsActionsTest-1421158152 None] Acquiring lock "cinder-quobyte-213d51b9-6880-48bc-a074-927437d0110a" by "delete_snapshot" {{(pid=82737) __acquire /opt/stack/cinder/cinder/coordination.py:138}}
Feb 25 15:42:40 devstack cinder-volume[82737]: DEBUG cinder.coordination [None req-2544f14d-8145-47c1-a494-2c03cd252273 tempest-SnapshotsActionsTest-1421158152 None] Lock "cinder-quobyte-213d51b9-6880-48bc-a074-927437d0110a" acquired by "delete_snapshot" :: waited 0.010s {{(pid=82737) __acquire /opt/stack/cinder/cinder/coordination.py:141}}
Feb 25 15:42:40 devstack cinder-volume[82737]: DEBUG cinder.coordination [None req-2544f14d-8145-47c1-a494-2c03cd252273 tempest-SnapshotsActionsTest-1421158152 None] Acquiring lock "cinder-quobyte-6c12e1dd-ea59-4cb7-bb35-3a807a6fa925" by "_delete_snapshot" {{(pid=82737) __acquire /opt/stack/cinder/cinder/coordination.py:138}}
Feb 25 15:42:40 devstack cinder-volume[82737]: DEBUG cinder.coordination [None req-2544f14d-8145-47c1-a494-2c03cd252273 tempest-SnapshotsActionsTest-1421158152 None] Lock "cinder-quobyte-6c12e1dd-ea59-4cb7-bb35-3a807a6fa925" acquired by "_delete_snapshot" :: waited 0.010s {{(pid=82737) __acquire /opt/stack/cinder/cinder/coordination.py:141}}
Feb 25 15:42:40 devstack cinder-volume[82737]: DEBUG cinder.volume.drivers.remotefs [None req-2544f14d-8145-47c1-a494-2c03cd252273 tempest-SnapshotsActionsTest-1421158152 None] Deleting offline snapshot 6c12e1dd-ea59-4cb7-bb35-3a807a6fa925 of volume 213d51b9-6880-48bc-a074-927437d0110a {{(pid=82737) _delete_snapshot /opt/stack/cinder/cinder/volume/drivers/remotefs.py:1288}}
Feb 25 15:42:40 devstack cinder-volume[82737]: DEBUG cinder.volume.drivers.remotefs [None req-2544f14d-8145-47c1-a494-2c03cd252273 tempest-SnapshotsActionsTest-1421158152 None] snapshot_file for this snap is: volume-213d51b9-6880-48bc-a074-927437d0110a.6c12e1dd-ea59-4cb7-bb35-3a807a6fa925 {{(pid=82737) _delete_snapshot /opt/stack/cinder/cinder/volume/drivers/remotefs.py:1317}}
Feb 25 15:42:40 devstack cinder-volume[82737]: DEBUG oslo.privsep.daemon [-] privsep: reply[c302aa2a-a2d7-4867-a9fc-ebc772e039c2]: (4, 'qcow2') {{(pid=83599) _call_back /opt/stack/data/venv/lib/python3.10/site-packages/oslo_privsep/daemon.py:573}}
Feb 25 15:42:40 devstack cinder-volume[82737]: DEBUG oslo_concurrency.processutils [None req-2544f14d-8145-47c1-a494-2c03cd252273 tempest-SnapshotsActionsTest-1421158152 None] Running cmd (subprocess): /opt/stack/data/venv/bin/python3.10 -m oslo_concurrency.prlimit --as=1073741824 --cpu=60 -- sudo cinder-rootwrap /etc/cinder/rootwrap.conf env LC_ALL=C qemu-img info -f qcow2 --output=json --force-share /opt/stack/data/cinder/mnt/972dfec962dd54dafc82e1a986f9812c/volume-213d51b9-6880-48bc-a074-927437d0110a.6c12e1dd-ea59-4cb7-bb35-3a807a6fa925 {{(pid=82737) execute /opt/stack/data/venv/lib/python3.10/site-packages/oslo_concurrency/processutils.py:440}}
Feb 25 15:42:40 devstack sudo[84408]: quobyte : PWD=/ ; USER=root ; COMMAND=/opt/stack/data/venv/bin/cinder-rootwrap /etc/cinder/rootwrap.conf env LC_ALL=C qemu-img info -f qcow2 --output=json --force-share /opt/stack/data/cinder/mnt/972dfec962dd54dafc82e1a986f9812c/volume-213d51b9-6880-48bc-a074-927437d0110a.6c12e1dd-ea59-4cb7-bb35-3a807a6fa925
Feb 25 15:42:40 devstack sudo[84408]: pam_unix(sudo:session): session opened for user root(uid=0) by (uid=1000)
Feb 25 15:42:40 devstack sudo[84408]: pam_unix(sudo:session): session closed for user root
Feb 25 15:42:40 devstack cinder-volume[82737]: DEBUG oslo_concurrency.processutils [None req-2544f14d-8145-47c1-a494-2c03cd252273 tempest-SnapshotsActionsTest-1421158152 None] CMD "/opt/stack/data/venv/bin/python3.10 -m oslo_concurrency.prlimit --as=1073741824 --cpu=60 -- sudo cinder-rootwrap /etc/cinder/rootwrap.conf env LC_ALL=C qemu-img info -f qcow2 --output=json --force-share /opt/stack/data/cinder/mnt/972dfec962dd54dafc82e1a986f9812c/volume-213d51b9-6880-48bc-a074-927437d0110a.6c12e1dd-ea59-4cb7-bb35-3a807a6fa925" returned: 0 in 0.568s {{(pid=82737) execute /opt/stack/data/venv/lib/python3.10/site-packages/oslo_concurrency/processutils.py:468}}
Feb 25 15:42:40 devstack cinder-volume[82737]: DEBUG cinder.volume.drivers.remotefs [None req-2544f14d-8145-47c1-a494-2c03cd252273 tempest-SnapshotsActionsTest-1421158152 None] Fetching qemu-img info with special backing_file_template: (/opt/stack/data/cinder/mnt/[0-9a-f]+/)?(volume-213d51b9-6880-48bc-a074-927437d0110a(.(tmp-snap-)?[0-9a-f-]+)?|volume_from_snapshot_cache/(tmp-snap-)?[0-9a-f-]+(.(child-|parent-)[0-9a-f-]+)?)$ {{(pid=82737) _qemu_img_info_base /opt/stack/cinder/cinder/volume/drivers/remotefs.py:896}}
Feb 25 15:42:40 devstack cinder-volume[82737]: DEBUG oslo.privsep.daemon [-] privsep: reply[032aedd5-0340-4b02-b378-a40efcf85e7a]: (4, 'qcow2') {{(pid=83599) _call_back /opt/stack/data/venv/lib/python3.10/site-packages/oslo_privsep/daemon.py:573}}
Feb 25 15:42:40 devstack cinder-volume[82737]: DEBUG oslo_concurrency.processutils [None req-2544f14d-8145-47c1-a494-2c03cd252273 tempest-SnapshotsActionsTest-1421158152 None] Running cmd (subprocess): /opt/stack/data/venv/bin/python3.10 -m oslo_concurrency.prlimit --as=1073741824 --cpu=60 -- sudo cinder-rootwrap /etc/cinder/rootwrap.conf env LC_ALL=C qemu-img info -f qcow2 --output=json --force-share /opt/stack/data/cinder/mnt/972dfec962dd54dafc82e1a986f9812c/volume-213d51b9-6880-48bc-a074-927437d0110a.971b0474-cd9c-4877-bf12-8be30b3eff51 {{(pid=82737) execute /opt/stack/data/venv/lib/python3.10/site-packages/oslo_concurrency/processutils.py:440}}
Feb 25 15:42:40 devstack sudo[84416]: quobyte : PWD=/ ; USER=root ; COMMAND=/opt/stack/data/venv/bin/cinder-rootwrap /etc/cinder/rootwrap.conf env LC_ALL=C qemu-img info -f qcow2 --output=json --force-share /opt/stack/data/cinder/mnt/972dfec962dd54dafc82e1a986f9812c/volume-213d51b9-6880-48bc-a074-927437d0110a.971b0474-cd9c-4877-bf12-8be30b3eff51
Feb 25 15:42:40 devstack sudo[84416]: pam_unix(sudo:session): session opened for user root(uid=0) by (uid=1000)
Feb 25 15:42:41 devstack sudo[84416]: pam_unix(sudo:session): session closed for user root
Feb 25 15:42:41 devstack cinder-volume[82737]: DEBUG oslo_concurrency.processutils [None req-2544f14d-8145-47c1-a494-2c03cd252273 tempest-SnapshotsActionsTest-1421158152 None] CMD "/opt/stack/data/venv/bin/python3.10 -m oslo_concurrency.prlimit --as=1073741824 --cpu=60 -- sudo cinder-rootwrap /etc/cinder/rootwrap.conf env LC_ALL=C qemu-img info -f qcow2 --output=json --force-share /opt/stack/data/cinder/mnt/972dfec962dd54dafc82e1a986f9812c/volume-213d51b9-6880-48bc-a074-927437d0110a.971b0474-cd9c-4877-bf12-8be30b3eff51" returned: 0 in 0.635s {{(pid=82737) execute /opt/stack/data/venv/lib/python3.10/site-packages/oslo_concurrency/processutils.py:468}}
Feb 25 15:42:41 devstack cinder-volume[82737]: DEBUG cinder.volume.drivers.remotefs [None req-2544f14d-8145-47c1-a494-2c03cd252273 tempest-SnapshotsActionsTest-1421158152 None] Fetching qemu-img info with special backing_file_template: (/opt/stack/data/cinder/mnt/[0-9a-f]+/)?(volume-213d51b9-6880-48bc-a074-927437d0110a(.(tmp-snap-)?[0-9a-f-]+)?|volume_from_snapshot_cache/(tmp-snap-)?[0-9a-f-]+(.(child-|parent-)[0-9a-f-]+)?)$ {{(pid=82737) _qemu_img_info_base /opt/stack/cinder/cinder/volume/drivers/remotefs.py:896}}
Feb 25 15:42:41 devstack cinder-volume[82737]: DEBUG oslo_concurrency.processutils [None req-2544f14d-8145-47c1-a494-2c03cd252273 tempest-SnapshotsActionsTest-1421158152 None] Running cmd (subprocess): sudo cinder-rootwrap /etc/cinder/rootwrap.conf qemu-img commit -d /opt/stack/data/cinder/mnt/972dfec962dd54dafc82e1a986f9812c/volume-213d51b9-6880-48bc-a074-927437d0110a.6c12e1dd-ea59-4cb7-bb35-3a807a6fa925 {{(pid=82737) execute /opt/stack/data/venv/lib/python3.10/site-packages/oslo_concurrency/processutils.py:440}}
Feb 25 15:42:41 devstack sudo[84443]: quobyte : PWD=/ ; USER=root ; COMMAND=/opt/stack/data/venv/bin/cinder-rootwrap /etc/cinder/rootwrap.conf qemu-img commit -d /opt/stack/data/cinder/mnt/972dfec962dd54dafc82e1a986f9812c/volume-213d51b9-6880-48bc-a074-927437d0110a.6c12e1dd-ea59-4cb7-bb35-3a807a6fa925
Feb 25 15:42:41 devstack sudo[84443]: pam_unix(sudo:session): session opened for user root(uid=0) by (uid=1000)
Feb 25 15:42:42 devstack sudo[84443]: pam_unix(sudo:session): session closed for user root
Feb 25 15:42:42 devstack cinder-volume[82737]: DEBUG oslo_concurrency.processutils [None req-2544f14d-8145-47c1-a494-2c03cd252273 tempest-SnapshotsActionsTest-1421158152 None] CMD "sudo cinder-rootwrap /etc/cinder/rootwrap.conf qemu-img commit -d /opt/stack/data/cinder/mnt/972dfec962dd54dafc82e1a986f9812c/volume-213d51b9-6880-48bc-a074-927437d0110a.6c12e1dd-ea59-4cb7-bb35-3a807a6fa925" returned: 0 in 0.717s {{(pid=82737) execute /opt/stack/data/venv/lib/python3.10/site-packages/oslo_concurrency/processutils.py:468}}
Feb 25 15:42:42 devstack cinder-volume[82737]: DEBUG oslo_concurrency.processutils [None req-2544f14d-8145-47c1-a494-2c03cd252273 tempest-SnapshotsActionsTest-1421158152 None] Running cmd (subprocess): sudo cinder-rootwrap /etc/cinder/rootwrap.conf rm -f /opt/stack/data/cinder/mnt/972dfec962dd54dafc82e1a986f9812c/volume-213d51b9-6880-48bc-a074-927437d0110a.6c12e1dd-ea59-4cb7-bb35-3a807a6fa925 {{(pid=82737) execute /opt/stack/data/venv/lib/python3.10/site-packages/oslo_concurrency/processutils.py:440}}
Feb 25 15:42:42 devstack sudo[84452]: quobyte : PWD=/ ; USER=root ; COMMAND=/opt/stack/data/venv/bin/cinder-rootwrap /etc/cinder/rootwrap.conf rm -f /opt/stack/data/cinder/mnt/972dfec962dd54dafc82e1a986f9812c/volume-213d51b9-6880-48bc-a074-927437d0110a.6c12e1dd-ea59-4cb7-bb35-3a807a6fa925
Feb 25 15:42:42 devstack sudo[84452]: pam_unix(sudo:session): session opened for user root(uid=0) by (uid=1000)
Feb 25 15:42:42 devstack sudo[84452]: pam_unix(sudo:session): session closed for user root
Feb 25 15:42:42 devstack cinder-volume[82737]: DEBUG oslo_concurrency.processutils [None req-2544f14d-8145-47c1-a494-2c03cd252273 tempest-SnapshotsActionsTest-1421158152 None] CMD "sudo cinder-rootwrap /etc/cinder/rootwrap.conf rm -f /opt/stack/data/cinder/mnt/972dfec962dd54dafc82e1a986f9812c/volume-213d51b9-6880-48bc-a074-927437d0110a.6c12e1dd-ea59-4cb7-bb35-3a807a6fa925" returned: 0 in 0.497s {{(pid=82737) execute /opt/stack/data/venv/lib/python3.10/site-packages/oslo_concurrency/processutils.py:468}}
Feb 25 15:42:42 devstack cinder-volume[82737]: DEBUG cinder.coordination [None req-2544f14d-8145-47c1-a494-2c03cd252273 tempest-SnapshotsActionsTest-1421158152 None] Lock "cinder-quobyte-6c12e1dd-ea59-4cb7-bb35-3a807a6fa925" released by "_delete_snapshot" :: held 2.474s {{(pid=82737) __release /opt/stack/cinder/cinder/coordination.py:152}}
Feb 25 15:42:42 devstack cinder-volume[82737]: DEBUG cinder.coordination [None req-2544f14d-8145-47c1-a494-2c03cd252273 tempest-SnapshotsActionsTest-1421158152 None] Lock "cinder-quobyte-213d51b9-6880-48bc-a074-927437d0110a" released by "delete_snapshot" :: held 2.490s {{(pid=82737) __release /opt/stack/cinder/cinder/coordination.py:152}}
Feb 25 15:42:42 devstack cinder-volume[82737]: DEBUG cinder.quota [None req-2544f14d-8145-47c1-a494-2c03cd252273 tempest-SnapshotsActionsTest-1421158152 None] Created reservations ['974804b8-250e-45ea-979f-d0ef04ac4241', '363c2b69-f382-4b9c-ab4d-1030f788cbc1', '5ecf9f19-9fac-46b9-b4b1-8ff802ab25da', 'd7199d4b-9de8-41a3-8a8c-682d0154d80a'] {{(pid=82737) reserve /opt/stack/cinder/cinder/quota.py:752}}
Feb 25 15:42:42 devstack cinder-volume[82737]: INFO cinder.volume.manager [None req-2544f14d-8145-47c1-a494-2c03cd252273 tempest-SnapshotsActionsTest-1421158152 None] Delete snapshot completed successfully.
Feb 25 15:42:42 devstack cinder-volume[82737]: DEBUG cinder.coordination [None req-2544f14d-8145-47c1-a494-2c03cd252273 tempest-SnapshotsActionsTest-1421158152 None] Lock "cinder-6c12e1dd-ea59-4cb7-bb35-3a807a6fa925-delete_snapshot" released by "delete_snapshot" :: held 2.604s {{(pid=82737) __release /opt/stack/cinder/cinder/coordination.py:152}}
Feb 25 15:42:43 devstack cinder-volume[82737]: DEBUG oslo_concurrency.lockutils [None req-604908f3-2c5c-4beb-9055-4ccdb0a28229 tempest-SnapshotsActionsTest-913957024 None] Acquiring lock "quobyte" by "cinder.volume.drivers.quobyte.QuobyteDriver.create_snapshot" {{(pid=82737) inner /opt/stack/data/venv/lib/python3.10/site-packages/oslo_concurrency/lockutils.py:506}}
Feb 25 15:42:43 devstack cinder-volume[82737]: DEBUG oslo_concurrency.lockutils [None req-604908f3-2c5c-4beb-9055-4ccdb0a28229 tempest-SnapshotsActionsTest-913957024 None] Lock "quobyte" acquired by "cinder.volume.drivers.quobyte.QuobyteDriver.create_snapshot" :: waited 0.001s {{(pid=82737) inner /opt/stack/data/venv/lib/python3.10/site-packages/oslo_concurrency/lockutils.py:519}}
Feb 25 15:42:43 devstack cinder-volume[82737]: DEBUG cinder.volume.drivers.remotefs [None req-604908f3-2c5c-4beb-9055-4ccdb0a28229 tempest-SnapshotsActionsTest-913957024 None] Creating offline snapshot 4b07a0db-aeb4-43b7-8236-343c7ac83c86 of volume 213d51b9-6880-48bc-a074-927437d0110a {{(pid=82737) _create_snapshot /opt/stack/cinder/cinder/volume/drivers/remotefs.py:1815}}
Feb 25 15:42:43 devstack cinder-volume[82737]: DEBUG oslo.privsep.daemon [-] privsep: reply[80f2a2fe-3525-4021-a19d-3bd8bb523f0b]: (4, 'qcow2') {{(pid=83599) _call_back /opt/stack/data/venv/lib/python3.10/site-packages/oslo_privsep/daemon.py:573}}
Feb 25 15:42:43 devstack cinder-volume[82737]: DEBUG oslo_concurrency.processutils [None req-604908f3-2c5c-4beb-9055-4ccdb0a28229 tempest-SnapshotsActionsTest-913957024 None] Running cmd (subprocess): /opt/stack/data/venv/bin/python3.10 -m oslo_concurrency.prlimit --as=1073741824 --cpu=60 -- sudo cinder-rootwrap /etc/cinder/rootwrap.conf env LC_ALL=C qemu-img info -f qcow2 --output=json --force-share /opt/stack/data/cinder/mnt/972dfec962dd54dafc82e1a986f9812c/volume-213d51b9-6880-48bc-a074-927437d0110a.971b0474-cd9c-4877-bf12-8be30b3eff51 {{(pid=82737) execute /opt/stack/data/venv/lib/python3.10/site-packages/oslo_concurrency/processutils.py:440}}
Feb 25 15:42:43 devstack sudo[84480]: quobyte : PWD=/ ; USER=root ; COMMAND=/opt/stack/data/venv/bin/cinder-rootwrap /etc/cinder/rootwrap.conf env LC_ALL=C qemu-img info -f qcow2 --output=json --force-share /opt/stack/data/cinder/mnt/972dfec962dd54dafc82e1a986f9812c/volume-213d51b9-6880-48bc-a074-927437d0110a.971b0474-cd9c-4877-bf12-8be30b3eff51
Feb 25 15:42:43 devstack sudo[84480]: pam_unix(sudo:session): session opened for user root(uid=0) by (uid=1000)
Feb 25 15:42:44 devstack sudo[84480]: pam_unix(sudo:session): session closed for user root
Feb 25 15:42:44 devstack cinder-volume[82737]: DEBUG oslo_concurrency.processutils [None req-604908f3-2c5c-4beb-9055-4ccdb0a28229 tempest-SnapshotsActionsTest-913957024 None] CMD "/opt/stack/data/venv/bin/python3.10 -m oslo_concurrency.prlimit --as=1073741824 --cpu=60 -- sudo cinder-rootwrap /etc/cinder/rootwrap.conf env LC_ALL=C qemu-img info -f qcow2 --output=json --force-share /opt/stack/data/cinder/mnt/972dfec962dd54dafc82e1a986f9812c/volume-213d51b9-6880-48bc-a074-927437d0110a.971b0474-cd9c-4877-bf12-8be30b3eff51" returned: 0 in 0.766s {{(pid=82737) execute /opt/stack/data/venv/lib/python3.10/site-packages/oslo_concurrency/processutils.py:468}}
Feb 25 15:42:44 devstack cinder-volume[82737]: DEBUG cinder.volume.drivers.remotefs [None req-604908f3-2c5c-4beb-9055-4ccdb0a28229 tempest-SnapshotsActionsTest-913957024 None] Fetching qemu-img info with special backing_file_template: (/opt/stack/data/cinder/mnt/[0-9a-f]+/)?(volume-213d51b9-6880-48bc-a074-927437d0110a(.(tmp-snap-)?[0-9a-f-]+)?|volume_from_snapshot_cache/(tmp-snap-)?[0-9a-f-]+(.(child-|parent-)[0-9a-f-]+)?)$ {{(pid=82737) _qemu_img_info_base /opt/stack/cinder/cinder/volume/drivers/remotefs.py:896}}
Feb 25 15:42:44 devstack cinder-volume[82737]: DEBUG oslo_concurrency.processutils [None req-604908f3-2c5c-4beb-9055-4ccdb0a28229 tempest-SnapshotsActionsTest-913957024 None] Running cmd (subprocess): sudo cinder-rootwrap /etc/cinder/rootwrap.conf qemu-img create -f qcow2 -o backing_file=/opt/stack/data/cinder/mnt/972dfec962dd54dafc82e1a986f9812c/volume-213d51b9-6880-48bc-a074-927437d0110a.971b0474-cd9c-4877-bf12-8be30b3eff51,backing_fmt=qcow2 /opt/stack/data/cinder/mnt/972dfec962dd54dafc82e1a986f9812c/volume-213d51b9-6880-48bc-a074-927437d0110a.4b07a0db-aeb4-43b7-8236-343c7ac83c86 1G {{(pid=82737) execute /opt/stack/data/venv/lib/python3.10/site-packages/oslo_concurrency/processutils.py:440}}
Feb 25 15:42:44 devstack sudo[84486]: quobyte : PWD=/ ; USER=root ; COMMAND=/opt/stack/data/venv/bin/cinder-rootwrap /etc/cinder/rootwrap.conf qemu-img create -f qcow2 -o backing_file=/opt/stack/data/cinder/mnt/972dfec962dd54dafc82e1a986f9812c/volume-213d51b9-6880-48bc-a074-927437d0110a.971b0474-cd9c-4877-bf12-8be30b3eff51,backing_fmt=qcow2 /opt/stack/data/cinder/mnt/972dfec962dd54dafc82e1a986f9812c/volume-213d51b9-6880-48bc-a074-927437d0110a.4b07a0db-aeb4-43b7-8236-343c7ac83c86 1G
Feb 25 15:42:44 devstack sudo[84486]: pam_unix(sudo:session): session opened for user root(uid=0) by (uid=1000)
Feb 25 15:42:45 devstack sudo[84486]: pam_unix(sudo:session): session closed for user root
Feb 25 15:42:45 devstack cinder-volume[82737]: DEBUG oslo_concurrency.processutils [None req-604908f3-2c5c-4beb-9055-4ccdb0a28229 tempest-SnapshotsActionsTest-913957024 None] CMD "sudo cinder-rootwrap /etc/cinder/rootwrap.conf qemu-img create -f qcow2 -o backing_file=/opt/stack/data/cinder/mnt/972dfec962dd54dafc82e1a986f9812c/volume-213d51b9-6880-48bc-a074-927437d0110a.971b0474-cd9c-4877-bf12-8be30b3eff51,backing_fmt=qcow2 /opt/stack/data/cinder/mnt/972dfec962dd54dafc82e1a986f9812c/volume-213d51b9-6880-48bc-a074-927437d0110a.4b07a0db-aeb4-43b7-8236-343c7ac83c86 1G" returned: 0 in 0.757s {{(pid=82737) execute /opt/stack/data/venv/lib/python3.10/site-packages/oslo_concurrency/processutils.py:468}}
Feb 25 15:42:45 devstack cinder-volume[82737]: DEBUG oslo_concurrency.processutils [None req-604908f3-2c5c-4beb-9055-4ccdb0a28229 tempest-SnapshotsActionsTest-913957024 None] Running cmd (subprocess): sudo cinder-rootwrap /etc/cinder/rootwrap.conf qemu-img rebase -u -b volume-213d51b9-6880-48bc-a074-927437d0110a.971b0474-cd9c-4877-bf12-8be30b3eff51 -F qcow2 /opt/stack/data/cinder/mnt/972dfec962dd54dafc82e1a986f9812c/volume-213d51b9-6880-48bc-a074-927437d0110a.4b07a0db-aeb4-43b7-8236-343c7ac83c86 {{(pid=82737) execute /opt/stack/data/venv/lib/python3.10/site-packages/oslo_concurrency/processutils.py:440}}
Feb 25 15:42:45 devstack sudo[84491]: quobyte : PWD=/ ; USER=root ; COMMAND=/opt/stack/data/venv/bin/cinder-rootwrap /etc/cinder/rootwrap.conf qemu-img rebase -u -b volume-213d51b9-6880-48bc-a074-927437d0110a.971b0474-cd9c-4877-bf12-8be30b3eff51 -F qcow2 /opt/stack/data/cinder/mnt/972dfec962dd54dafc82e1a986f9812c/volume-213d51b9-6880-48bc-a074-927437d0110a.4b07a0db-aeb4-43b7-8236-343c7ac83c86
Feb 25 15:42:45 devstack sudo[84491]: pam_unix(sudo:session): session opened for user root(uid=0) by (uid=1000)
Feb 25 15:42:45 devstack sudo[84491]: pam_unix(sudo:session): session closed for user root
Feb 25 15:42:45 devstack cinder-volume[82737]: DEBUG oslo_concurrency.processutils [None req-604908f3-2c5c-4beb-9055-4ccdb0a28229 tempest-SnapshotsActionsTest-913957024 None] CMD "sudo cinder-rootwrap /etc/cinder/rootwrap.conf qemu-img rebase -u -b volume-213d51b9-6880-48bc-a074-927437d0110a.971b0474-cd9c-4877-bf12-8be30b3eff51 -F qcow2 /opt/stack/data/cinder/mnt/972dfec962dd54dafc82e1a986f9812c/volume-213d51b9-6880-48bc-a074-927437d0110a.4b07a0db-aeb4-43b7-8236-343c7ac83c86" returned: 0 in 0.590s {{(pid=82737) execute /opt/stack/data/venv/lib/python3.10/site-packages/oslo_concurrency/processutils.py:468}}
Feb 25 15:42:45 devstack cinder-volume[82737]: WARNING cinder.volume.drivers.remotefs [None req-604908f3-2c5c-4beb-9055-4ccdb0a28229 tempest-SnapshotsActionsTest-913957024 None] /opt/stack/data/cinder/mnt/972dfec962dd54dafc82e1a986f9812c/volume-213d51b9-6880-48bc-a074-927437d0110a.4b07a0db-aeb4-43b7-8236-343c7ac83c86 is being set with open permissions: ugo+rw
Feb 25 15:42:45 devstack cinder-volume[82737]: DEBUG oslo_concurrency.processutils [None req-604908f3-2c5c-4beb-9055-4ccdb0a28229 tempest-SnapshotsActionsTest-913957024 None] Running cmd (subprocess): sudo cinder-rootwrap /etc/cinder/rootwrap.conf chmod ugo+rw /opt/stack/data/cinder/mnt/972dfec962dd54dafc82e1a986f9812c/volume-213d51b9-6880-48bc-a074-927437d0110a.4b07a0db-aeb4-43b7-8236-343c7ac83c86 {{(pid=82737) execute /opt/stack/data/venv/lib/python3.10/site-packages/oslo_concurrency/processutils.py:440}}
Feb 25 15:42:45 devstack sudo[84496]: quobyte : PWD=/ ; USER=root ; COMMAND=/opt/stack/data/venv/bin/cinder-rootwrap /etc/cinder/rootwrap.conf chmod ugo+rw /opt/stack/data/cinder/mnt/972dfec962dd54dafc82e1a986f9812c/volume-213d51b9-6880-48bc-a074-927437d0110a.4b07a0db-aeb4-43b7-8236-343c7ac83c86
Feb 25 15:42:45 devstack sudo[84496]: pam_unix(sudo:session): session opened for user root(uid=0) by (uid=1000)
Feb 25 15:42:46 devstack cinder-volume[82737]: DEBUG dbcounter [-] [82737] Writing DB stats cinder:SELECT=56,cinder:UPDATE=63,cinder:INSERT=17,cinder:DELETE=5 {{(pid=82737) stat_writer /opt/stack/data/venv/lib/python3.10/site-packages/dbcounter.py:115}}
Feb 25 15:42:46 devstack cinder-volume[82737]: DEBUG dbcounter [-] [82737] Writing DB stats cinder:UPDATE=62,cinder:SELECT=57,cinder:INSERT=13,cinder:DELETE=7 {{(pid=82737) stat_writer /opt/stack/data/venv/lib/python3.10/site-packages/dbcounter.py:115}}
Feb 25 15:42:46 devstack sudo[84496]: pam_unix(sudo:session): session closed for user root
Feb 25 15:42:46 devstack cinder-volume[82737]: DEBUG oslo_concurrency.processutils [None req-604908f3-2c5c-4beb-9055-4ccdb0a28229 tempest-SnapshotsActionsTest-913957024 None] CMD "sudo cinder-rootwrap /etc/cinder/rootwrap.conf chmod ugo+rw /opt/stack/data/cinder/mnt/972dfec962dd54dafc82e1a986f9812c/volume-213d51b9-6880-48bc-a074-927437d0110a.4b07a0db-aeb4-43b7-8236-343c7ac83c86" returned: 0 in 0.722s {{(pid=82737) execute /opt/stack/data/venv/lib/python3.10/site-packages/oslo_concurrency/processutils.py:468}}
Feb 25 15:42:46 devstack cinder-volume[82737]: DEBUG oslo_concurrency.lockutils [None req-604908f3-2c5c-4beb-9055-4ccdb0a28229 tempest-SnapshotsActionsTest-913957024 None] Lock "quobyte" "released" by "cinder.volume.drivers.quobyte.QuobyteDriver.create_snapshot" :: held 2.983s {{(pid=82737) inner /opt/stack/data/venv/lib/python3.10/site-packages/oslo_concurrency/lockutils.py:538}}
Feb 25 15:42:46 devstack cinder-volume[82737]: INFO cinder.volume.manager [None req-604908f3-2c5c-4beb-9055-4ccdb0a28229 tempest-SnapshotsActionsTest-913957024 None] Create snapshot completed successfully
Feb 25 15:42:46 devstack cinder-volume[82737]: DEBUG cinder.coordination [None req-96ca4186-43ea-4264-b11b-c34fd8223952 tempest-SnapshotsActionsTest-1421158152 None] Acquiring lock "cinder-4b07a0db-aeb4-43b7-8236-343c7ac83c86-delete_snapshot" by "delete_snapshot" {{(pid=82737) __acquire /opt/stack/cinder/cinder/coordination.py:138}}
Feb 25 15:42:46 devstack cinder-volume[82737]: DEBUG cinder.coordination [None req-96ca4186-43ea-4264-b11b-c34fd8223952 tempest-SnapshotsActionsTest-1421158152 None] Lock "cinder-4b07a0db-aeb4-43b7-8236-343c7ac83c86-delete_snapshot" acquired by "delete_snapshot" :: waited 0.013s {{(pid=82737) __acquire /opt/stack/cinder/cinder/coordination.py:141}}
Feb 25 15:42:46 devstack cinder-volume[82737]: DEBUG cinder.coordination [None req-96ca4186-43ea-4264-b11b-c34fd8223952 tempest-SnapshotsActionsTest-1421158152 None] Acquiring lock "cinder-quobyte-213d51b9-6880-48bc-a074-927437d0110a" by "delete_snapshot" {{(pid=82737) __acquire /opt/stack/cinder/cinder/coordination.py:138}}
Feb 25 15:42:46 devstack cinder-volume[82737]: DEBUG cinder.coordination [None req-96ca4186-43ea-4264-b11b-c34fd8223952 tempest-SnapshotsActionsTest-1421158152 None] Lock "cinder-quobyte-213d51b9-6880-48bc-a074-927437d0110a" acquired by "delete_snapshot" :: waited 0.017s {{(pid=82737) __acquire /opt/stack/cinder/cinder/coordination.py:141}}
Feb 25 15:42:46 devstack cinder-volume[82737]: DEBUG cinder.coordination [None req-96ca4186-43ea-4264-b11b-c34fd8223952 tempest-SnapshotsActionsTest-1421158152 None] Acquiring lock "cinder-quobyte-4b07a0db-aeb4-43b7-8236-343c7ac83c86" by "_delete_snapshot" {{(pid=82737) __acquire /opt/stack/cinder/cinder/coordination.py:138}}
Feb 25 15:42:46 devstack cinder-volume[82737]: DEBUG cinder.coordination [None req-96ca4186-43ea-4264-b11b-c34fd8223952 tempest-SnapshotsActionsTest-1421158152 None] Lock "cinder-quobyte-4b07a0db-aeb4-43b7-8236-343c7ac83c86" acquired by "_delete_snapshot" :: waited 0.012s {{(pid=82737) __acquire /opt/stack/cinder/cinder/coordination.py:141}}
Feb 25 15:42:46 devstack cinder-volume[82737]: DEBUG cinder.volume.drivers.remotefs [None req-96ca4186-43ea-4264-b11b-c34fd8223952 tempest-SnapshotsActionsTest-1421158152 None] Deleting offline snapshot 4b07a0db-aeb4-43b7-8236-343c7ac83c86 of volume 213d51b9-6880-48bc-a074-927437d0110a {{(pid=82737) _delete_snapshot /opt/stack/cinder/cinder/volume/drivers/remotefs.py:1288}}
Feb 25 15:42:47 devstack cinder-volume[82737]: DEBUG cinder.volume.drivers.remotefs [None req-96ca4186-43ea-4264-b11b-c34fd8223952 tempest-SnapshotsActionsTest-1421158152 None] snapshot_file for this snap is: volume-213d51b9-6880-48bc-a074-927437d0110a.4b07a0db-aeb4-43b7-8236-343c7ac83c86 {{(pid=82737) _delete_snapshot /opt/stack/cinder/cinder/volume/drivers/remotefs.py:1317}}
Feb 25 15:42:47 devstack cinder-volume[82737]: DEBUG oslo.privsep.daemon [-] privsep: reply[5a722e99-ab58-4dea-b11b-cb5ffa539e7c]: (4, 'qcow2') {{(pid=83599) _call_back /opt/stack/data/venv/lib/python3.10/site-packages/oslo_privsep/daemon.py:573}}
Feb 25 15:42:47 devstack cinder-volume[82737]: DEBUG oslo_concurrency.processutils [None req-96ca4186-43ea-4264-b11b-c34fd8223952 tempest-SnapshotsActionsTest-1421158152 None] Running cmd (subprocess): /opt/stack/data/venv/bin/python3.10 -m oslo_concurrency.prlimit --as=1073741824 --cpu=60 -- sudo cinder-rootwrap /etc/cinder/rootwrap.conf env LC_ALL=C qemu-img info -f qcow2 --output=json --force-share /opt/stack/data/cinder/mnt/972dfec962dd54dafc82e1a986f9812c/volume-213d51b9-6880-48bc-a074-927437d0110a.4b07a0db-aeb4-43b7-8236-343c7ac83c86 {{(pid=82737) execute /opt/stack/data/venv/lib/python3.10/site-packages/oslo_concurrency/processutils.py:440}}
Feb 25 15:42:47 devstack sudo[84546]: quobyte : PWD=/ ; USER=root ; COMMAND=/opt/stack/data/venv/bin/cinder-rootwrap /etc/cinder/rootwrap.conf env LC_ALL=C qemu-img info -f qcow2 --output=json --force-share /opt/stack/data/cinder/mnt/972dfec962dd54dafc82e1a986f9812c/volume-213d51b9-6880-48bc-a074-927437d0110a.4b07a0db-aeb4-43b7-8236-343c7ac83c86
Feb 25 15:42:47 devstack sudo[84546]: pam_unix(sudo:session): session opened for user root(uid=0) by (uid=1000)
Feb 25 15:42:47 devstack cinder-volume[82737]: DEBUG cinder.volume.flows.manager.create_volume [req-9565a33f-4d49-40fd-9dbb-a5dc07397a9c req-8fa37d32-1f29-4442-9e62-64eedffaef65 tempest-VolumesGetTestJSON-706374347 None] Volume reschedule parameters: True retry: {'num_attempts': 1, 'backends': ['devstack@QuobyteHD#QuobyteHD'], 'hosts': ['devstack@QuobyteHD#QuobyteHD']} {{(pid=82737) get_flow /opt/stack/cinder/cinder/volume/flows/manager/create_volume.py:1388}}
