Jul 10 04:26:31 devstack devstack@g-api.service[77068]: DEBUG glance.common.config [None req-b3813242-b379-47e4-82f0-ac673bf00908 None None] barbican_service_user.timeout = None {{(pid=77068) log_opt_values /opt/stack/data/venv/lib/python3.12/site-packages/oslo_config/cfg.py:3253}}
Jul 10 04:26:31 devstack devstack@g-api.service[77068]: DEBUG glance.common.config [None req-b3813242-b379-47e4-82f0-ac673bf00908 None None] database.asyncio_connection = **** {{(pid=77068) log_opt_values /opt/stack/data/venv/lib/python3.12/site-packages/oslo_config/cfg.py:3253}}
Jul 10 04:26:31 devstack devstack@g-api.service[77068]: DEBUG glance.common.config [None req-b3813242-b379-47e4-82f0-ac673bf00908 None None] database.asyncio_slave_connection = **** {{(pid=77068) log_opt_values /opt/stack/data/venv/lib/python3.12/site-packages/oslo_config/cfg.py:3253}}
Jul 10 04:26:31 devstack devstack@g-api.service[77068]: DEBUG glance.common.config [None req-b3813242-b379-47e4-82f0-ac673bf00908 None None] database.backend = sqlalchemy {{(pid=77068) log_opt_values /opt/stack/data/venv/lib/python3.12/site-packages/oslo_config/cfg.py:3253}}
Jul 10 04:26:31 devstack devstack@g-api.service[77068]: DEBUG glance.common.config [None req-b3813242-b379-47e4-82f0-ac673bf00908 None None] database.connection = **** {{(pid=77068) log_opt_values /opt/stack/data/venv/lib/python3.12/site-packages/oslo_config/cfg.py:3253}}
Jul 10 04:26:31 devstack devstack@g-api.service[77068]: DEBUG glance.common.config [None req-b3813242-b379-47e4-82f0-ac673bf00908 None None] database.connection_debug = 0 {{(pid=77068) log_opt_values /opt/stack/data/venv/lib/python3.12/site-packages/oslo_config/cfg.py:3253}}
Jul 10 04:26:31 devstack devstack@g-api.service[77068]: DEBUG glance.common.config [None req-b3813242-b379-47e4-82f0-ac673bf00908 None None] database.connection_parameters = {{(pid=77068) log_opt_values /opt/stack/data/venv/lib/python3.12/site-packages/oslo_config/cfg.py:3253}}
Jul 10 04:26:31 devstack devstack@g-api.service[77068]: DEBUG glance.common.config [None req-b3813242-b379-47e4-82f0-ac673bf00908 None None] database.connection_recycle_time = 3600 {{(pid=77068) log_opt_values /opt/stack/data/venv/lib/python3.12/site-packages/oslo_config/cfg.py:3253}}
Jul 10 04:26:31 devstack devstack@g-api.service[77068]: DEBUG glance.common.config [None req-b3813242-b379-47e4-82f0-ac673bf00908 None None] database.connection_trace = False {{(pid=77068) log_opt_values /opt/stack/data/venv/lib/python3.12/site-packages/oslo_config/cfg.py:3253}}
Jul 10 04:26:31 devstack devstack@g-api.service[77068]: DEBUG glance.common.config [None req-b3813242-b379-47e4-82f0-ac673bf00908 None None] database.db_inc_retry_interval = True {{(pid=77068) log_opt_values /opt/stack/data/venv/lib/python3.12/site-packages/oslo_config/cfg.py:3253}}
Jul 10 04:26:31 devstack devstack@g-api.service[77068]: DEBUG glance.common.config [None req-b3813242-b379-47e4-82f0-ac673bf00908 None None] database.db_max_retries = 20 {{(pid=77068) log_opt_values /opt/stack/data/venv/lib/python3.12/site-packages/oslo_config/cfg.py:3253}}
Jul 10 04:26:31 devstack devstack@g-api.service[77068]: DEBUG glance.common.config [None req-b3813242-b379-47e4-82f0-ac673bf00908 None None] database.db_max_retry_interval = 10 {{(pid=77068) log_opt_values /opt/stack/data/venv/lib/python3.12/site-packages/oslo_config/cfg.py:3253}}
Jul 10 04:26:31 devstack devstack@g-api.service[77068]: DEBUG glance.common.config [None req-b3813242-b379-47e4-82f0-ac673bf00908 None None] database.db_retry_interval = 1 {{(pid=77068) log_opt_values /opt/stack/data/venv/lib/python3.12/site-packages/oslo_config/cfg.py:3253}}
Jul 10 04:26:31 devstack devstack@g-api.service[77068]: DEBUG glance.common.config [None req-b3813242-b379-47e4-82f0-ac673bf00908 None None] database.max_overflow = 50 {{(pid=77068) log_opt_values /opt/stack/data/venv/lib/python3.12/site-packages/oslo_config/cfg.py:3253}}
Jul 10 04:26:31 devstack devstack@g-api.service[77068]: DEBUG glance.common.config [None req-b3813242-b379-47e4-82f0-ac673bf00908 None None] database.max_pool_size = 5 {{(pid=77068) log_opt_values /opt/stack/data/venv/lib/python3.12/site-packages/oslo_config/cfg.py:3253}}
Jul 10 04:26:31 devstack devstack@g-api.service[77068]: DEBUG glance.common.config [None req-b3813242-b379-47e4-82f0-ac673bf00908 None None] database.max_retries = 10 {{(pid=77068) log_opt_values /opt/stack/data/venv/lib/python3.12/site-packages/oslo_config/cfg.py:3253}}
Jul 10 04:26:31 devstack devstack@g-api.service[77068]: DEBUG glance.common.config [None req-b3813242-b379-47e4-82f0-ac673bf00908 None None] database.mysql_sql_mode = TRADITIONAL {{(pid=77068) log_opt_values /opt/stack/data/venv/lib/python3.12/site-packages/oslo_config/cfg.py:3253}}
Jul 10 04:26:31 devstack devstack@g-api.service[77068]: DEBUG glance.common.config [None req-b3813242-b379-47e4-82f0-ac673bf00908 None None] database.mysql_wsrep_sync_wait = None {{(pid=77068) log_opt_values /opt/stack/data/venv/lib/python3.12/site-packages/oslo_config/cfg.py:3253}}
Jul 10 04:26:31 devstack devstack@g-api.service[77068]: DEBUG glance.common.config [None req-b3813242-b379-47e4-82f0-ac673bf00908 None None] database.pool_timeout = None {{(pid=77068) log_opt_values /opt/stack/data/venv/lib/python3.12/site-packages/oslo_config/cfg.py:3253}}
Jul 10 04:26:31 devstack devstack@g-api.service[77068]: DEBUG glance.common.config [None req-b3813242-b379-47e4-82f0-ac673bf00908 None None] database.retry_interval = 10 {{(pid=77068) log_opt_values /opt/stack/data/venv/lib/python3.12/site-packages/oslo_config/cfg.py:3253}}
Jul 10 04:26:31 devstack devstack@g-api.service[77068]: DEBUG glance.common.config [None req-b3813242-b379-47e4-82f0-ac673bf00908 None None] database.slave_connection = **** {{(pid=77068) log_opt_values /opt/stack/data/venv/lib/python3.12/site-packages/oslo_config/cfg.py:3253}}
Jul 10 04:26:31 devstack devstack@g-api.service[77068]: DEBUG glance.common.config [None req-b3813242-b379-47e4-82f0-ac673bf00908 None None] database.sqlite_synchronous = True {{(pid=77068) log_opt_values /opt/stack/data/venv/lib/python3.12/site-packages/oslo_config/cfg.py:3253}}
Jul 10 04:26:31 devstack devstack@g-api.service[77068]: DEBUG glance.common.config [None req-b3813242-b379-47e4-82f0-ac673bf00908 None None] database.synchronous_reader = True {{(pid=77068) log_opt_values /opt/stack/data/venv/lib/python3.12/site-packages/oslo_config/cfg.py:3253}}
Jul 10 04:26:31 devstack devstack@g-api.service[77068]: DEBUG glance.common.config [None req-b3813242-b379-47e4-82f0-ac673bf00908 None None] database.use_db_reconnect = False {{(pid=77068) log_opt_values /opt/stack/data/venv/lib/python3.12/site-packages/oslo_config/cfg.py:3253}}
Jul 10 04:26:31 devstack devstack@g-api.service[77068]: DEBUG glance.common.config [None req-b3813242-b379-47e4-82f0-ac673bf00908 None None] healthcheck.allowed_source_ranges = [] {{(pid=77068) log_opt_values /opt/stack/data/venv/lib/python3.12/site-packages/oslo_config/cfg.py:3253}}
Jul 10 04:26:31 devstack devstack@g-api.service[77068]: DEBUG glance.common.config [None req-b3813242-b379-47e4-82f0-ac673bf00908 None None] healthcheck.backends = ['disable_by_file'] {{(pid=77068) log_opt_values /opt/stack/data/venv/lib/python3.12/site-packages/oslo_config/cfg.py:3253}}
Jul 10 04:26:31 devstack devstack@g-api.service[77068]: DEBUG glance.common.config [None req-b3813242-b379-47e4-82f0-ac673bf00908 None None] healthcheck.detailed = False {{(pid=77068) log_opt_values /opt/stack/data/venv/lib/python3.12/site-packages/oslo_config/cfg.py:3253}}
Jul 10 04:26:31 devstack devstack@g-api.service[77068]: DEBUG glance.common.config [None req-b3813242-b379-47e4-82f0-ac673bf00908 None None] healthcheck.disable_by_file_path = None {{(pid=77068) log_opt_values /opt/stack/data/venv/lib/python3.12/site-packages/oslo_config/cfg.py:3253}}
Jul 10 04:26:31 devstack devstack@g-api.service[77068]: DEBUG glance.common.config [None req-b3813242-b379-47e4-82f0-ac673bf00908 None None] healthcheck.ignore_proxied_requests = False {{(pid=77068) log_opt_values /opt/stack/data/venv/lib/python3.12/site-packages/oslo_config/cfg.py:3253}}
Jul 10 04:26:31 devstack devstack@g-api.service[77068]: DEBUG glance.common.config [None req-b3813242-b379-47e4-82f0-ac673bf00908 None None] ******************************************************************************** {{(pid=77068) log_opt_values /opt/stack/data/venv/lib/python3.12/site-packages/oslo_config/cfg.py:3260}}
Jul 10 04:26:31 devstack devstack@g-api.service[77068]: WSGI app 0 (mountpoint='') ready in 6 seconds on interpreter 0x71c65c4a4668 pid: 77068 (default app)
Jul 10 04:26:35 devstack devstack@g-api.service[77067]: DEBUG glance.api.middleware.version_negotiation [None req-29612307-0630-4c6e-bc34-e801e68fb638 None None] Determining version of request: GET / Accept: application/json {{(pid=77067) process_request /opt/stack/glance/glance/api/middleware/version_negotiation.py:44}}
Jul 10 04:26:35 devstack devstack@g-api.service[77067]: DEBUG glance.api.middleware.version_negotiation [None req-29612307-0630-4c6e-bc34-e801e68fb638 None None] Using url versioning {{(pid=77067) process_request /opt/stack/glance/glance/api/middleware/version_negotiation.py:57}}
Jul 10 04:26:35 devstack devstack@g-api.service[77067]: DEBUG glance.api.middleware.version_negotiation [None req-29612307-0630-4c6e-bc34-e801e68fb638 None None] Unknown version. Returning version choices. {{(pid=77067) process_request /opt/stack/glance/glance/api/middleware/version_negotiation.py:64}}
Jul 10 04:26:35 devstack devstack@g-api.service[77067]: [pid: 77067|app: 0|req: 2/2] 127.0.0.1 () {34 vars in 519 bytes} [Fri Jul 10 04:26:35 2026] GET / => generated 1571 bytes in 2 msecs (HTTP/1.1 300) 3 headers in 106 bytes (1 switches on core 0)
Jul 10 04:26:35 devstack devstack@g-api.service[77068]: DEBUG glance.api.middleware.version_negotiation [None req-b3813242-b379-47e4-82f0-ac673bf00908 None None] Determining version of request: POST /v2/images Accept: */* {{(pid=77068) process_request /opt/stack/glance/glance/api/middleware/version_negotiation.py:44}}
Jul 10 04:26:35 devstack devstack@g-api.service[77068]: DEBUG glance.api.middleware.version_negotiation [None req-b3813242-b379-47e4-82f0-ac673bf00908 None None] Using url versioning {{(pid=77068) process_request /opt/stack/glance/glance/api/middleware/version_negotiation.py:57}}
Jul 10 04:26:35 devstack devstack@g-api.service[77068]: DEBUG glance.api.middleware.version_negotiation [None req-b3813242-b379-47e4-82f0-ac673bf00908 None None] Matched version: v2 {{(pid=77068) process_request /opt/stack/glance/glance/api/middleware/version_negotiation.py:69}}
Jul 10 04:26:35 devstack devstack@g-api.service[77068]: DEBUG glance.api.middleware.version_negotiation [None req-b3813242-b379-47e4-82f0-ac673bf00908 None None] new path /v2/images {{(pid=77068) process_request /opt/stack/glance/glance/api/middleware/version_negotiation.py:70}}
Jul 10 04:26:36 devstack devstack@g-api.service[77068]: [pid: 77068|app: 0|req: 1/3] 127.0.0.1 () {40 vars in 782 bytes} [Fri Jul 10 04:26:35 2026] POST /v2/images => generated 807 bytes in 1197 msecs (HTTP/1.1 201) 6 headers in 314 bytes (1 switches on core 0)
Jul 10 04:26:36 devstack devstack@g-api.service[77067]: DEBUG glance.api.middleware.version_negotiation [None req-29612307-0630-4c6e-bc34-e801e68fb638 None None] Determining version of request: PUT /v2/images/5ac2ee4b-64bc-499a-b553-ae96ba343fc0/file Accept: {{(pid=77067) process_request /opt/stack/glance/glance/api/middleware/version_negotiation.py:44}}
Jul 10 04:26:36 devstack devstack@g-api.service[77067]: DEBUG glance.api.middleware.version_negotiation [None req-29612307-0630-4c6e-bc34-e801e68fb638 None None] Using url versioning {{(pid=77067) process_request /opt/stack/glance/glance/api/middleware/version_negotiation.py:57}}
Jul 10 04:26:36 devstack devstack@g-api.service[77067]: DEBUG glance.api.middleware.version_negotiation [None req-29612307-0630-4c6e-bc34-e801e68fb638 None None] Matched version: v2 {{(pid=77067) process_request /opt/stack/glance/glance/api/middleware/version_negotiation.py:69}}
Jul 10 04:26:36 devstack devstack@g-api.service[77067]: DEBUG glance.api.middleware.version_negotiation [None req-29612307-0630-4c6e-bc34-e801e68fb638 None None] new path /v2/images/5ac2ee4b-64bc-499a-b553-ae96ba343fc0/file {{(pid=77067) process_request /opt/stack/glance/glance/api/middleware/version_negotiation.py:70}}
Jul 10 04:26:37 devstack devstack@g-api.service[77067]: INFO glance.api.v2.image_data [None req-a1fcf91b-2c8d-40c6-bdcc-6320e2cc9a33 admin admin] Unable to create trust: no such option collect_timing in group [keystone_authtoken] Use the existing user token.
Jul 10 04:26:38 devstack devstack@g-api.service[77067]: DEBUG glance.location [None req-a1fcf91b-2c8d-40c6-bdcc-6320e2cc9a33 admin admin] Enabling in-flight format inspection for qcow2 {{(pid=77067) set_data /opt/stack/glance/glance/location.py:596}}
Jul 10 04:26:38 devstack devstack@g-api.service[77067]: DEBUG oslo_utils.imageutils.format_inspector [None req-a1fcf91b-2c8d-40c6-bdcc-6320e2cc9a33 admin admin] Format inspector for vmdk does not match, excluding from consideration (Signature KDMV not found: b'QFI\xfb') {{(pid=77067) _process_chunk /opt/stack/data/venv/lib/python3.12/site-packages/oslo_utils/imageutils/format_inspector.py:1758}}
Jul 10 04:26:38 devstack devstack@g-api.service[77067]: DEBUG oslo_utils.imageutils.format_inspector [None req-a1fcf91b-2c8d-40c6-bdcc-6320e2cc9a33 admin admin] Format inspector for vhdx does not match, excluding from consideration (Region signature not found at 30000) {{(pid=77067) _process_chunk /opt/stack/data/venv/lib/python3.12/site-packages/oslo_utils/imageutils/format_inspector.py:1758}}
Jul 10 04:26:38 devstack devstack@g-api.service[77067]: DEBUG glance_store._drivers.filesystem [None req-a1fcf91b-2c8d-40c6-bdcc-6320e2cc9a33 admin admin] Wrote 21692416 bytes to /opt/stack/data/glance/images/5ac2ee4b-64bc-499a-b553-ae96ba343fc0 with checksum 87617e24a5e30cb3b87fda8c0764838f and multihash 9a9bce0083a00939ec17c11febbfc767aa211aaa54f51e75c5a8b271a9b5637c77205a518b7a2007cb391d23cceb01e0e4e8d64832317151bc85b734b92a7be0 {{(pid=77067) add /opt/stack/data/venv/lib/python3.12/site-packages/glance_store/_drivers/filesystem.py:899}}
Jul 10 04:26:38 devstack devstack@g-api.service[77067]: INFO glance.location [None req-a1fcf91b-2c8d-40c6-bdcc-6320e2cc9a33 admin admin] Image format matched and virtual size computed: 117440512
Jul 10 04:26:38 devstack devstack@g-api.service[77067]: DEBUG glance_store.backend [None req-a1fcf91b-2c8d-40c6-bdcc-6320e2cc9a33 admin admin] Skipping store.set_acls... not implemented. {{(pid=77067) set_acls /opt/stack/data/venv/lib/python3.12/site-packages/glance_store/backend.py:507}}
Jul 10 04:26:38 devstack devstack@g-api.service[77067]: [pid: 77067|app: 0|req: 3/4] 127.0.0.1 () {40 vars in 875 bytes} [Fri Jul 10 04:26:36 2026] PUT /v2/images/5ac2ee4b-64bc-499a-b553-ae96ba343fc0/file => generated 0 bytes in 1894 msecs (HTTP/1.1 204) 4 headers in 171 bytes (1 switches on core 0)
Jul 10 04:26:38 devstack devstack@g-api.service[77068]: DEBUG glance.api.middleware.version_negotiation [None req-663ce033-4200-42f4-9acb-631bebfd9660 admin admin] Determining version of request: GET /v2/images/5ac2ee4b-64bc-499a-b553-ae96ba343fc0 Accept: */* {{(pid=77068) process_request /opt/stack/glance/glance/api/middleware/version_negotiation.py:44}}
Jul 10 04:26:38 devstack devstack@g-api.service[77068]: DEBUG glance.api.middleware.version_negotiation [None req-663ce033-4200-42f4-9acb-631bebfd9660 admin admin] Using url versioning {{(pid=77068) process_request /opt/stack/glance/glance/api/middleware/version_negotiation.py:57}}
Jul 10 04:26:38 devstack devstack@g-api.service[77068]: DEBUG glance.api.middleware.version_negotiation [None req-663ce033-4200-42f4-9acb-631bebfd9660 admin admin] Matched version: v2 {{(pid=77068) process_request /opt/stack/glance/glance/api/middleware/version_negotiation.py:69}}
Jul 10 04:26:38 devstack devstack@g-api.service[77068]: DEBUG glance.api.middleware.version_negotiation [None req-663ce033-4200-42f4-9acb-631bebfd9660 admin admin] new path /v2/images/5ac2ee4b-64bc-499a-b553-ae96ba343fc0 {{(pid=77068) process_request /opt/stack/glance/glance/api/middleware/version_negotiation.py:70}}
Jul 10 04:26:38 devstack devstack@g-api.service[77068]: [pid: 77068|app: 0|req: 2/5] 127.0.0.1 () {36 vars in 802 bytes} [Fri Jul 10 04:26:38 2026] GET /v2/images/5ac2ee4b-64bc-499a-b553-ae96ba343fc0 => generated 976 bytes in 20 msecs (HTTP/1.1 200) 4 headers in 157 bytes (1 switches on core 0)
Jul 10 04:26:48 devstack devstack@g-api.service[77067]: DEBUG dbcounter [-] [77067] Writing DB stats glance:INSERT=5,glance:SELECT=16,glance:UPDATE=2 {{(pid=77067) stat_writer /opt/stack/data/venv/lib/python3.12/site-packages/dbcounter.py:115}}
Jul 10 04:26:48 devstack devstack@g-api.service[77068]: DEBUG dbcounter [-] [77068] Writing DB stats glance:INSERT=9,glance:SELECT=6 {{(pid=77068) stat_writer /opt/stack/data/venv/lib/python3.12/site-packages/dbcounter.py:115}}
Jul 10 04:27:24 devstack devstack@g-api.service[77067]: DEBUG glance.api.middleware.version_negotiation [None req-a1fcf91b-2c8d-40c6-bdcc-6320e2cc9a33 admin admin] Determining version of request: GET / Accept: application/json {{(pid=77067) process_request /opt/stack/glance/glance/api/middleware/version_negotiation.py:44}}
Jul 10 04:27:24 devstack devstack@g-api.service[77067]: DEBUG glance.api.middleware.version_negotiation [None req-a1fcf91b-2c8d-40c6-bdcc-6320e2cc9a33 admin admin] Using url versioning {{(pid=77067) process_request /opt/stack/glance/glance/api/middleware/version_negotiation.py:57}}
Jul 10 04:27:24 devstack devstack@g-api.service[77067]: DEBUG glance.api.middleware.version_negotiation [None req-a1fcf91b-2c8d-40c6-bdcc-6320e2cc9a33 admin admin] Unknown version. Returning version choices. {{(pid=77067) process_request /opt/stack/glance/glance/api/middleware/version_negotiation.py:64}}
Jul 10 04:27:24 devstack devstack@g-api.service[77067]: [pid: 77067|app: 0|req: 4/6] 127.0.0.1 () {34 vars in 519 bytes} [Fri Jul 10 04:27:24 2026] GET / => generated 1571 bytes in 3 msecs (HTTP/1.1 300) 3 headers in 106 bytes (1 switches on core 0)
Jul 10 04:27:24 devstack devstack@g-api.service[77068]: DEBUG glance.api.middleware.version_negotiation [None req-17fede81-1711-4b8b-8856-a165f8f6b941 admin admin] Determining version of request: GET /v2/images Accept: application/json {{(pid=77068) process_request /opt/stack/glance/glance/api/middleware/version_negotiation.py:44}}
Jul 10 04:27:24 devstack devstack@g-api.service[77068]: DEBUG glance.api.middleware.version_negotiation [None req-17fede81-1711-4b8b-8856-a165f8f6b941 admin admin] Using url versioning {{(pid=77068) process_request /opt/stack/glance/glance/api/middleware/version_negotiation.py:57}}
Jul 10 04:27:24 devstack devstack@g-api.service[77068]: DEBUG glance.api.middleware.version_negotiation [None req-17fede81-1711-4b8b-8856-a165f8f6b941 admin admin] Matched version: v2 {{(pid=77068) process_request /opt/stack/glance/glance/api/middleware/version_negotiation.py:69}}
Jul 10 04:27:24 devstack devstack@g-api.service[77068]: DEBUG glance.api.middleware.version_negotiation [None req-17fede81-1711-4b8b-8856-a165f8f6b941 admin admin] new path /v2/images {{(pid=77068) process_request /opt/stack/glance/glance/api/middleware/version_negotiation.py:70}}
Jul 10 04:27:24 devstack devstack@g-api.service[77068]: [pid: 77068|app: 0|req: 3/7] 127.0.0.1 () {36 vars in 741 bytes} [Fri Jul 10 04:27:24 2026] GET /v2/images => generated 1045 bytes in 91 msecs (HTTP/1.1 200) 4 headers in 158 bytes (1 switches on core 0)
Jul 10 04:27:34 devstack devstack@g-api.service[77068]: DEBUG dbcounter [-] [77068] Writing DB stats glance:SELECT=1 {{(pid=77068) stat_writer /opt/stack/data/venv/lib/python3.12/site-packages/dbcounter.py:115}}
Jul 10 04:27:34 devstack devstack@g-api.service[77067]: DEBUG glance.api.middleware.version_negotiation [None req-a1fcf91b-2c8d-40c6-bdcc-6320e2cc9a33 admin admin] Determining version of request: GET / Accept: application/json {{(pid=77067) process_request /opt/stack/glance/glance/api/middleware/version_negotiation.py:44}}
Jul 10 04:27:34 devstack devstack@g-api.service[77067]: DEBUG glance.api.middleware.version_negotiation [None req-a1fcf91b-2c8d-40c6-bdcc-6320e2cc9a33 admin admin] Using url versioning {{(pid=77067) process_request /opt/stack/glance/glance/api/middleware/version_negotiation.py:57}}
Jul 10 04:27:34 devstack devstack@g-api.service[77067]: DEBUG glance.api.middleware.version_negotiation [None req-a1fcf91b-2c8d-40c6-bdcc-6320e2cc9a33 admin admin] Unknown version. Returning version choices. {{(pid=77067) process_request /opt/stack/glance/glance/api/middleware/version_negotiation.py:64}}
Jul 10 04:27:34 devstack devstack@g-api.service[77067]: [pid: 77067|app: 0|req: 5/8] 127.0.0.1 () {34 vars in 519 bytes} [Fri Jul 10 04:27:34 2026] GET / => generated 1571 bytes in 3 msecs (HTTP/1.1 300) 3 headers in 106 bytes (1 switches on core 0)
Jul 10 04:27:34 devstack devstack@g-api.service[77068]: DEBUG glance.api.middleware.version_negotiation [None req-36a349f2-c019-45cc-9973-0a2a08efd8a2 admin admin] Determining version of request: GET /v2/images/5ac2ee4b-64bc-499a-b553-ae96ba343fc0 Accept: */* {{(pid=77068) process_request /opt/stack/glance/glance/api/middleware/version_negotiation.py:44}}
Jul 10 04:27:34 devstack devstack@g-api.service[77068]: DEBUG glance.api.middleware.version_negotiation [None req-36a349f2-c019-45cc-9973-0a2a08efd8a2 admin admin] Using url versioning {{(pid=77068) process_request /opt/stack/glance/glance/api/middleware/version_negotiation.py:57}}
Jul 10 04:27:34 devstack devstack@g-api.service[77068]: DEBUG glance.api.middleware.version_negotiation [None req-36a349f2-c019-45cc-9973-0a2a08efd8a2 admin admin] Matched version: v2 {{(pid=77068) process_request /opt/stack/glance/glance/api/middleware/version_negotiation.py:69}}
Jul 10 04:27:34 devstack devstack@g-api.service[77068]: DEBUG glance.api.middleware.version_negotiation [None req-36a349f2-c019-45cc-9973-0a2a08efd8a2 admin admin] new path /v2/images/5ac2ee4b-64bc-499a-b553-ae96ba343fc0 {{(pid=77068) process_request /opt/stack/glance/glance/api/middleware/version_negotiation.py:70}}
Jul 10 04:27:34 devstack devstack@g-api.service[77068]: [pid: 77068|app: 0|req: 4/9] 127.0.0.1 () {36 vars in 802 bytes} [Fri Jul 10 04:27:34 2026] GET /v2/images/5ac2ee4b-64bc-499a-b553-ae96ba343fc0 => generated 976 bytes in 71 msecs (HTTP/1.1 200) 4 headers in 157 bytes (1 switches on core 0)
Jul 10 04:27:41 devstack devstack@g-api.service[77067]: DEBUG glance.api.middleware.version_negotiation [None req-a1fcf91b-2c8d-40c6-bdcc-6320e2cc9a33 admin admin] Determining version of request: GET / Accept: application/json {{(pid=77067) process_request /opt/stack/glance/glance/api/middleware/version_negotiation.py:44}}
Jul 10 04:27:41 devstack devstack@g-api.service[77067]: DEBUG glance.api.middleware.version_negotiation [None req-a1fcf91b-2c8d-40c6-bdcc-6320e2cc9a33 admin admin] Using url versioning {{(pid=77067) process_request /opt/stack/glance/glance/api/middleware/version_negotiation.py:57}}
Jul 10 04:27:41 devstack devstack@g-api.service[77067]: DEBUG glance.api.middleware.version_negotiation [None req-a1fcf91b-2c8d-40c6-bdcc-6320e2cc9a33 admin admin] Unknown version. Returning version choices. {{(pid=77067) process_request /opt/stack/glance/glance/api/middleware/version_negotiation.py:64}}
Jul 10 04:27:41 devstack devstack@g-api.service[77067]: [pid: 77067|app: 0|req: 6/10] 127.0.0.1 () {34 vars in 519 bytes} [Fri Jul 10 04:27:41 2026] GET / => generated 1571 bytes in 2 msecs (HTTP/1.1 300) 3 headers in 106 bytes (1 switches on core 0)
Jul 10 04:27:41 devstack devstack@g-api.service[77068]: DEBUG glance.api.middleware.version_negotiation [None req-0608d0b9-59b9-4acd-99d3-1cab45de8e1a admin admin] Determining version of request: GET /v2/images/5ac2ee4b-64bc-499a-b553-ae96ba343fc0 Accept: */* {{(pid=77068) process_request /opt/stack/glance/glance/api/middleware/version_negotiation.py:44}}
Jul 10 04:27:41 devstack devstack@g-api.service[77068]: DEBUG glance.api.middleware.version_negotiation [None req-0608d0b9-59b9-4acd-99d3-1cab45de8e1a admin admin] Using url versioning {{(pid=77068) process_request /opt/stack/glance/glance/api/middleware/version_negotiation.py:57}}
Jul 10 04:27:41 devstack devstack@g-api.service[77068]: DEBUG glance.api.middleware.version_negotiation [None req-0608d0b9-59b9-4acd-99d3-1cab45de8e1a admin admin] Matched version: v2 {{(pid=77068) process_request /opt/stack/glance/glance/api/middleware/version_negotiation.py:69}}
Jul 10 04:27:41 devstack devstack@g-api.service[77068]: DEBUG glance.api.middleware.version_negotiation [None req-0608d0b9-59b9-4acd-99d3-1cab45de8e1a admin admin] new path /v2/images/5ac2ee4b-64bc-499a-b553-ae96ba343fc0 {{(pid=77068) process_request /opt/stack/glance/glance/api/middleware/version_negotiation.py:70}}
Jul 10 04:27:41 devstack devstack@g-api.service[77068]: [pid: 77068|app: 0|req: 5/11] 127.0.0.1 () {36 vars in 802 bytes} [Fri Jul 10 04:27:41 2026] GET /v2/images/5ac2ee4b-64bc-499a-b553-ae96ba343fc0 => generated 976 bytes in 71 msecs (HTTP/1.1 200) 4 headers in 157 bytes (1 switches on core 0)
Jul 10 04:27:51 devstack devstack@g-api.service[77068]: DEBUG dbcounter [-] [77068] Writing DB stats glance:SELECT=4 {{(pid=77068) stat_writer /opt/stack/data/venv/lib/python3.12/site-packages/dbcounter.py:115}}
Jul 10 04:28:57 devstack devstack@g-api.service[77067]: DEBUG glance.api.middleware.version_negotiation [None req-a1fcf91b-2c8d-40c6-bdcc-6320e2cc9a33 admin admin] Determining version of request: GET / Accept: application/json {{(pid=77067) process_request /opt/stack/glance/glance/api/middleware/version_negotiation.py:44}}
Jul 10 04:28:57 devstack devstack@g-api.service[77067]: DEBUG glance.api.middleware.version_negotiation [None req-a1fcf91b-2c8d-40c6-bdcc-6320e2cc9a33 admin admin] Using url versioning {{(pid=77067) process_request /opt/stack/glance/glance/api/middleware/version_negotiation.py:57}}
Jul 10 04:28:57 devstack devstack@g-api.service[77067]: DEBUG glance.api.middleware.version_negotiation [None req-a1fcf91b-2c8d-40c6-bdcc-6320e2cc9a33 admin admin] Unknown version. Returning version choices. {{(pid=77067) process_request /opt/stack/glance/glance/api/middleware/version_negotiation.py:64}}
Jul 10 04:28:57 devstack devstack@g-api.service[77067]: [pid: 77067|app: 0|req: 7/12] 127.0.0.1 () {36 vars in 488 bytes} [Fri Jul 10 04:28:57 2026] GET / => generated 1571 bytes in 3 msecs (HTTP/1.1 300) 3 headers in 106 bytes (1 switches on core 0)
Jul 10 04:31:51 devstack devstack@g-api.service[77068]: DEBUG glance.api.middleware.version_negotiation [None req-49634488-87b1-4ff5-b06b-8b9adaacf15b admin admin] Determining version of request: GET / Accept: application/json {{(pid=77068) process_request /opt/stack/glance/glance/api/middleware/version_negotiation.py:44}}
Jul 10 04:31:51 devstack devstack@g-api.service[77068]: DEBUG glance.api.middleware.version_negotiation [None req-49634488-87b1-4ff5-b06b-8b9adaacf15b admin admin] Using url versioning {{(pid=77068) process_request /opt/stack/glance/glance/api/middleware/version_negotiation.py:57}}
Jul 10 04:31:51 devstack devstack@g-api.service[77068]: DEBUG glance.api.middleware.version_negotiation [None req-49634488-87b1-4ff5-b06b-8b9adaacf15b admin admin] Unknown version. Returning version choices. {{(pid=77068) process_request /opt/stack/glance/glance/api/middleware/version_negotiation.py:64}}
Jul 10 04:31:51 devstack devstack@g-api.service[77068]: [pid: 77068|app: 0|req: 6/13] 127.0.0.1 () {34 vars in 505 bytes} [Fri Jul 10 04:31:51 2026] GET / => generated 1571 bytes in 5 msecs (HTTP/1.1 300) 3 headers in 106 bytes (1 switches on core 0)
Jul 10 04:31:52 devstack devstack@g-api.service[77067]: DEBUG glance.api.middleware.version_negotiation [None req-a1fcf91b-2c8d-40c6-bdcc-6320e2cc9a33 admin admin] Determining version of request: GET /v2/images/5ac2ee4b-64bc-499a-b553-ae96ba343fc0 Accept: */* {{(pid=77067) process_request /opt/stack/glance/glance/api/middleware/version_negotiation.py:44}}
Jul 10 04:31:52 devstack devstack@g-api.service[77067]: DEBUG glance.api.middleware.version_negotiation [None req-a1fcf91b-2c8d-40c6-bdcc-6320e2cc9a33 admin admin] Using url versioning {{(pid=77067) process_request /opt/stack/glance/glance/api/middleware/version_negotiation.py:57}}
Jul 10 04:31:52 devstack devstack@g-api.service[77067]: DEBUG glance.api.middleware.version_negotiation [None req-a1fcf91b-2c8d-40c6-bdcc-6320e2cc9a33 admin admin] Matched version: v2 {{(pid=77067) process_request /opt/stack/glance/glance/api/middleware/version_negotiation.py:69}}
Jul 10 04:31:52 devstack devstack@g-api.service[77067]: DEBUG glance.api.middleware.version_negotiation [None req-a1fcf91b-2c8d-40c6-bdcc-6320e2cc9a33 admin admin] new path /v2/images/5ac2ee4b-64bc-499a-b553-ae96ba343fc0 {{(pid=77067) process_request /opt/stack/glance/glance/api/middleware/version_negotiation.py:70}}
Jul 10 04:31:52 devstack devstack@g-api.service[77067]: [pid: 77067|app: 0|req: 8/14] 127.0.0.1 () {42 vars in 1061 bytes} [Fri Jul 10 04:31:52 2026] GET /v2/images/5ac2ee4b-64bc-499a-b553-ae96ba343fc0 => generated 976 bytes in 324 msecs (HTTP/1.1 200) 4 headers in 157 bytes (1 switches on core 0)
Jul 10 04:31:52 devstack devstack@g-api.service[77068]: DEBUG glance.api.middleware.version_negotiation [None req-49634488-87b1-4ff5-b06b-8b9adaacf15b admin admin] Determining version of request: GET /v2/schemas/image Accept: */* {{(pid=77068) process_request /opt/stack/glance/glance/api/middleware/version_negotiation.py:44}}
Jul 10 04:31:52 devstack devstack@g-api.service[77068]: DEBUG glance.api.middleware.version_negotiation [None req-49634488-87b1-4ff5-b06b-8b9adaacf15b admin admin] Using url versioning {{(pid=77068) process_request /opt/stack/glance/glance/api/middleware/version_negotiation.py:57}}
Jul 10 04:31:52 devstack devstack@g-api.service[77068]: DEBUG glance.api.middleware.version_negotiation [None req-49634488-87b1-4ff5-b06b-8b9adaacf15b admin admin] Matched version: v2 {{(pid=77068) process_request /opt/stack/glance/glance/api/middleware/version_negotiation.py:69}}
Jul 10 04:31:52 devstack devstack@g-api.service[77068]: DEBUG glance.api.middleware.version_negotiation [None req-49634488-87b1-4ff5-b06b-8b9adaacf15b admin admin] new path /v2/schemas/image {{(pid=77068) process_request /opt/stack/glance/glance/api/middleware/version_negotiation.py:70}}
Jul 10 04:31:52 devstack devstack@g-api.service[77068]: [pid: 77068|app: 0|req: 7/15] 127.0.0.1 () {42 vars in 1001 bytes} [Fri Jul 10 04:31:52 2026] GET /v2/schemas/image => generated 6083 bytes in 9 msecs (HTTP/1.1 200) 4 headers in 158 bytes (1 switches on core 0)
Jul 10 04:32:02 devstack devstack@g-api.service[77067]: DEBUG dbcounter [-] [77067] Writing DB stats glance:SELECT=2 {{(pid=77067) stat_writer /opt/stack/data/venv/lib/python3.12/site-packages/dbcounter.py:115}}
Jul 10 04:32:17 devstack devstack@g-api.service[77067]: DEBUG glance.api.middleware.version_negotiation [None req-9ab10f34-3da1-4a3e-ae6c-adec14274aeb tempest-ServersNegativeTestJSON-1088789983 tempest-ServersNegativeTestJSON-1088789983-project-member] Determining version of request: GET /v2/images/5ac2ee4b-64bc-499a-b553-ae96ba343fc0 Accept: */* {{(pid=77067) process_request /opt/stack/glance/glance/api/middleware/version_negotiation.py:44}}
Jul 10 04:32:17 devstack devstack@g-api.service[77067]: DEBUG glance.api.middleware.version_negotiation [None req-9ab10f34-3da1-4a3e-ae6c-adec14274aeb tempest-ServersNegativeTestJSON-1088789983 tempest-ServersNegativeTestJSON-1088789983-project-member] Using url versioning {{(pid=77067) process_request /opt/stack/glance/glance/api/middleware/version_negotiation.py:57}}
Jul 10 04:32:17 devstack devstack@g-api.service[77067]: DEBUG glance.api.middleware.version_negotiation [None req-9ab10f34-3da1-4a3e-ae6c-adec14274aeb tempest-ServersNegativeTestJSON-1088789983 tempest-ServersNegativeTestJSON-1088789983-project-member] Matched version: v2 {{(pid=77067) process_request /opt/stack/glance/glance/api/middleware/version_negotiation.py:69}}
Jul 10 04:32:17 devstack devstack@g-api.service[77067]: DEBUG glance.api.middleware.version_negotiation [None req-9ab10f34-3da1-4a3e-ae6c-adec14274aeb tempest-ServersNegativeTestJSON-1088789983 tempest-ServersNegativeTestJSON-1088789983-project-member] new path /v2/images/5ac2ee4b-64bc-499a-b553-ae96ba343fc0 {{(pid=77067) process_request /opt/stack/glance/glance/api/middleware/version_negotiation.py:70}}
Jul 10 04:32:17 devstack devstack@g-api.service[77067]: [pid: 77067|app: 0|req: 9/16] 127.0.0.1 () {42 vars in 1061 bytes} [Fri Jul 10 04:32:17 2026] GET /v2/images/5ac2ee4b-64bc-499a-b553-ae96ba343fc0 => generated 976 bytes in 34 msecs (HTTP/1.1 200) 4 headers in 157 bytes (1 switches on core 0)
Jul 10 04:32:17 devstack devstack@g-api.service[77068]: DEBUG glance.api.middleware.version_negotiation [None req-9ab10f34-3da1-4a3e-ae6c-adec14274aeb tempest-ServersNegativeTestJSON-1088789983 tempest-ServersNegativeTestJSON-1088789983-project-member] Determining version of request: GET /v2/images/5ac2ee4b-64bc-499a-b553-ae96ba343fc0/file Accept: */* {{(pid=77068) process_request /opt/stack/glance/glance/api/middleware/version_negotiation.py:44}}
Jul 10 04:32:17 devstack devstack@g-api.service[77068]: DEBUG glance.api.middleware.version_negotiation [None req-9ab10f34-3da1-4a3e-ae6c-adec14274aeb tempest-ServersNegativeTestJSON-1088789983 tempest-ServersNegativeTestJSON-1088789983-project-member] Using url versioning {{(pid=77068) process_request /opt/stack/glance/glance/api/middleware/version_negotiation.py:57}}
Jul 10 04:32:17 devstack devstack@g-api.service[77068]: DEBUG glance.api.middleware.version_negotiation [None req-9ab10f34-3da1-4a3e-ae6c-adec14274aeb tempest-ServersNegativeTestJSON-1088789983 tempest-ServersNegativeTestJSON-1088789983-project-member] Matched version: v2 {{(pid=77068) process_request /opt/stack/glance/glance/api/middleware/version_negotiation.py:69}}
Jul 10 04:32:17 devstack devstack@g-api.service[77068]: DEBUG glance.api.middleware.version_negotiation [None req-9ab10f34-3da1-4a3e-ae6c-adec14274aeb tempest-ServersNegativeTestJSON-1088789983 tempest-ServersNegativeTestJSON-1088789983-project-member] new path /v2/images/5ac2ee4b-64bc-499a-b553-ae96ba343fc0/file {{(pid=77068) process_request /opt/stack/glance/glance/api/middleware/version_negotiation.py:70}}
Jul 10 04:32:17 devstack devstack@g-api.service[77068]: DEBUG glance_store._drivers.filesystem [None req-9ab10f34-3da1-4a3e-ae6c-adec14274aeb tempest-ServersNegativeTestJSON-1088789983 tempest-ServersNegativeTestJSON-1088789983-project-member] Found image at /opt/stack/data/glance/images/5ac2ee4b-64bc-499a-b553-ae96ba343fc0. Returning in ChunkedFile. {{(pid=77068) get /opt/stack/data/venv/lib/python3.12/site-packages/glance_store/_drivers/filesystem.py:724}}
Jul 10 04:32:17 devstack devstack@g-api.service[77068]: DEBUG glance.image_cache [None req-9ab10f34-3da1-4a3e-ae6c-adec14274aeb tempest-ServersNegativeTestJSON-1088789983 tempest-ServersNegativeTestJSON-1088789983-project-member] Tee'ing image '5ac2ee4b-64bc-499a-b553-ae96ba343fc0' into cache {{(pid=77068) get_caching_iter /opt/stack/glance/glance/image_cache/__init__.py:356}}
Jul 10 04:32:18 devstack devstack@g-api.service[77068]: DEBUG glance.image_cache.drivers.centralized_db [None req-9ab10f34-3da1-4a3e-ae6c-adec14274aeb tempest-ServersNegativeTestJSON-1088789983 tempest-ServersNegativeTestJSON-1088789983-project-member] Fetch finished, moving '/opt/stack/data/glance/cache/incomplete/5ac2ee4b-64bc-499a-b553-ae96ba343fc0' to '/opt/stack/data/glance/cache/5ac2ee4b-64bc-499a-b553-ae96ba343fc0' {{(pid=77068) commit /opt/stack/glance/glance/image_cache/drivers/centralized_db.py:243}}
Jul 10 04:32:18 devstack devstack@g-api.service[77068]: DEBUG glance.image_cache.drivers.centralized_db [None req-9ab10f34-3da1-4a3e-ae6c-adec14274aeb tempest-ServersNegativeTestJSON-1088789983 tempest-ServersNegativeTestJSON-1088789983-project-member] Image cached successfully. {{(pid=77068) commit /opt/stack/glance/glance/image_cache/drivers/centralized_db.py:258}}
Jul 10 04:32:18 devstack devstack@g-api.service[77068]: [pid: 77068|app: 0|req: 8/17] 127.0.0.1 () {42 vars in 1071 bytes} [Fri Jul 10 04:32:17 2026] GET /v2/images/5ac2ee4b-64bc-499a-b553-ae96ba343fc0/file => generated 21692416 bytes in 552 msecs (HTTP/1.1 200) 4 headers in 191 bytes (336 switches on core 0)
Jul 10 04:32:18 devstack devstack@g-api.service[77067]: DEBUG glance.api.middleware.version_negotiation [None req-9ab10f34-3da1-4a3e-ae6c-adec14274aeb tempest-ServersNegativeTestJSON-1088789983 tempest-ServersNegativeTestJSON-1088789983-project-member] Determining version of request: GET /v2/images/5ac2ee4b-64bc-499a-b553-ae96ba343fc0 Accept: */* {{(pid=77067) process_request /opt/stack/glance/glance/api/middleware/version_negotiation.py:44}}
Jul 10 04:32:18 devstack devstack@g-api.service[77067]: DEBUG glance.api.middleware.version_negotiation [None req-9ab10f34-3da1-4a3e-ae6c-adec14274aeb tempest-ServersNegativeTestJSON-1088789983 tempest-ServersNegativeTestJSON-1088789983-project-member] Using url versioning {{(pid=77067) process_request /opt/stack/glance/glance/api/middleware/version_negotiation.py:57}}
Jul 10 04:32:18 devstack devstack@g-api.service[77067]: DEBUG glance.api.middleware.version_negotiation [None req-9ab10f34-3da1-4a3e-ae6c-adec14274aeb tempest-ServersNegativeTestJSON-1088789983 tempest-ServersNegativeTestJSON-1088789983-project-member] Matched version: v2 {{(pid=77067) process_request /opt/stack/glance/glance/api/middleware/version_negotiation.py:69}}
Jul 10 04:32:18 devstack devstack@g-api.service[77067]: DEBUG glance.api.middleware.version_negotiation [None req-9ab10f34-3da1-4a3e-ae6c-adec14274aeb tempest-ServersNegativeTestJSON-1088789983 tempest-ServersNegativeTestJSON-1088789983-project-member] new path /v2/images/5ac2ee4b-64bc-499a-b553-ae96ba343fc0 {{(pid=77067) process_request /opt/stack/glance/glance/api/middleware/version_negotiation.py:70}}
Jul 10 04:32:18 devstack devstack@g-api.service[77067]: [pid: 77067|app: 0|req: 10/18] 127.0.0.1 () {42 vars in 1061 bytes} [Fri Jul 10 04:32:18 2026] GET /v2/images/5ac2ee4b-64bc-499a-b553-ae96ba343fc0 => generated 976 bytes in 37 msecs (HTTP/1.1 200) 4 headers in 157 bytes (1 switches on core 0)
Jul 10 04:32:18 devstack devstack@g-api.service[77068]: DEBUG glance.api.middleware.version_negotiation [None req-9ab10f34-3da1-4a3e-ae6c-adec14274aeb tempest-ServersNegativeTestJSON-1088789983 tempest-ServersNegativeTestJSON-1088789983-project-member] Determining version of request: GET /v2/schemas/image Accept: */* {{(pid=77068) process_request /opt/stack/glance/glance/api/middleware/version_negotiation.py:44}}
Jul 10 04:32:18 devstack devstack@g-api.service[77068]: DEBUG glance.api.middleware.version_negotiation [None req-9ab10f34-3da1-4a3e-ae6c-adec14274aeb tempest-ServersNegativeTestJSON-1088789983 tempest-ServersNegativeTestJSON-1088789983-project-member] Using url versioning {{(pid=77068) process_request /opt/stack/glance/glance/api/middleware/version_negotiation.py:57}}
Jul 10 04:32:18 devstack devstack@g-api.service[77068]: DEBUG glance.api.middleware.version_negotiation [None req-9ab10f34-3da1-4a3e-ae6c-adec14274aeb tempest-ServersNegativeTestJSON-1088789983 tempest-ServersNegativeTestJSON-1088789983-project-member] Matched version: v2 {{(pid=77068) process_request /opt/stack/glance/glance/api/middleware/version_negotiation.py:69}}
Jul 10 04:32:18 devstack devstack@g-api.service[77068]: DEBUG glance.api.middleware.version_negotiation [None req-9ab10f34-3da1-4a3e-ae6c-adec14274aeb tempest-ServersNegativeTestJSON-1088789983 tempest-ServersNegativeTestJSON-1088789983-project-member] new path /v2/schemas/image {{(pid=77068) process_request /opt/stack/glance/glance/api/middleware/version_negotiation.py:70}}
Jul 10 04:32:18 devstack devstack@g-api.service[77068]: [pid: 77068|app: 0|req: 9/19] 127.0.0.1 () {42 vars in 1001 bytes} [Fri Jul 10 04:32:18 2026] GET /v2/schemas/image => generated 6083 bytes in 19 msecs (HTTP/1.1 200) 4 headers in 158 bytes (1 switches on core 0)
Jul 10 04:32:26 devstack devstack@g-api.service[77067]: DEBUG glance.api.middleware.version_negotiation [None req-9ab10f34-3da1-4a3e-ae6c-adec14274aeb tempest-ServersNegativeTestJSON-1088789983 tempest-ServersNegativeTestJSON-1088789983-project-member] Determining version of request: GET / Accept: application/json {{(pid=77067) process_request /opt/stack/glance/glance/api/middleware/version_negotiation.py:44}}
Jul 10 04:32:26 devstack devstack@g-api.service[77067]: DEBUG glance.api.middleware.version_negotiation [None req-9ab10f34-3da1-4a3e-ae6c-adec14274aeb tempest-ServersNegativeTestJSON-1088789983 tempest-ServersNegativeTestJSON-1088789983-project-member] Using url versioning {{(pid=77067) process_request /opt/stack/glance/glance/api/middleware/version_negotiation.py:57}}
Jul 10 04:32:26 devstack devstack@g-api.service[77067]: DEBUG glance.api.middleware.version_negotiation [None req-9ab10f34-3da1-4a3e-ae6c-adec14274aeb tempest-ServersNegativeTestJSON-1088789983 tempest-ServersNegativeTestJSON-1088789983-project-member] Unknown version. Returning version choices. {{(pid=77067) process_request /opt/stack/glance/glance/api/middleware/version_negotiation.py:64}}
Jul 10 04:32:26 devstack devstack@g-api.service[77067]: [pid: 77067|app: 0|req: 11/20] 127.0.0.1 () {34 vars in 505 bytes} [Fri Jul 10 04:32:26 2026] GET / => generated 1571 bytes in 5 msecs (HTTP/1.1 300) 3 headers in 106 bytes (1 switches on core 0)
Jul 10 04:32:26 devstack devstack@g-api.service[77068]: DEBUG glance.api.middleware.version_negotiation [None req-9ab10f34-3da1-4a3e-ae6c-adec14274aeb tempest-ServersNegativeTestJSON-1088789983 tempest-ServersNegativeTestJSON-1088789983-project-member] Determining version of request: GET /v2/images/5ac2ee4b-64bc-499a-b553-ae96ba343fc0 Accept: */* {{(pid=77068) process_request /opt/stack/glance/glance/api/middleware/version_negotiation.py:44}}
Jul 10 04:32:26 devstack devstack@g-api.service[77068]: DEBUG glance.api.middleware.version_negotiation [None req-9ab10f34-3da1-4a3e-ae6c-adec14274aeb tempest-ServersNegativeTestJSON-1088789983 tempest-ServersNegativeTestJSON-1088789983-project-member] Using url versioning {{(pid=77068) process_request /opt/stack/glance/glance/api/middleware/version_negotiation.py:57}}
Jul 10 04:32:26 devstack devstack@g-api.service[77068]: DEBUG glance.api.middleware.version_negotiation [None req-9ab10f34-3da1-4a3e-ae6c-adec14274aeb tempest-ServersNegativeTestJSON-1088789983 tempest-ServersNegativeTestJSON-1088789983-project-member] Matched version: v2 {{(pid=77068) process_request /opt/stack/glance/glance/api/middleware/version_negotiation.py:69}}
Jul 10 04:32:26 devstack devstack@g-api.service[77068]: DEBUG glance.api.middleware.version_negotiation [None req-9ab10f34-3da1-4a3e-ae6c-adec14274aeb tempest-ServersNegativeTestJSON-1088789983 tempest-ServersNegativeTestJSON-1088789983-project-member] new path /v2/images/5ac2ee4b-64bc-499a-b553-ae96ba343fc0 {{(pid=77068) process_request /opt/stack/glance/glance/api/middleware/version_negotiation.py:70}}
Jul 10 04:32:26 devstack devstack@g-api.service[77068]: [pid: 77068|app: 0|req: 10/21] 127.0.0.1 () {42 vars in 1061 bytes} [Fri Jul 10 04:32:26 2026] GET /v2/images/5ac2ee4b-64bc-499a-b553-ae96ba343fc0 => generated 976 bytes in 21 msecs (HTTP/1.1 200) 4 headers in 157 bytes (1 switches on core 0)
Jul 10 04:32:26 devstack devstack@g-api.service[77067]: DEBUG glance.api.middleware.version_negotiation [None req-9ab10f34-3da1-4a3e-ae6c-adec14274aeb tempest-ServersNegativeTestJSON-1088789983 tempest-ServersNegativeTestJSON-1088789983-project-member] Determining version of request: GET /v2/schemas/image Accept: */* {{(pid=77067) process_request /opt/stack/glance/glance/api/middleware/version_negotiation.py:44}}
Jul 10 04:32:26 devstack devstack@g-api.service[77067]: DEBUG glance.api.middleware.version_negotiation [None req-9ab10f34-3da1-4a3e-ae6c-adec14274aeb tempest-ServersNegativeTestJSON-1088789983 tempest-ServersNegativeTestJSON-1088789983-project-member] Using url versioning {{(pid=77067) process_request /opt/stack/glance/glance/api/middleware/version_negotiation.py:57}}
Jul 10 04:32:26 devstack devstack@g-api.service[77067]: DEBUG glance.api.middleware.version_negotiation [None req-9ab10f34-3da1-4a3e-ae6c-adec14274aeb tempest-ServersNegativeTestJSON-1088789983 tempest-ServersNegativeTestJSON-1088789983-project-member] Matched version: v2 {{(pid=77067) process_request /opt/stack/glance/glance/api/middleware/version_negotiation.py:69}}
Jul 10 04:32:26 devstack devstack@g-api.service[77067]: DEBUG glance.api.middleware.version_negotiation [None req-9ab10f34-3da1-4a3e-ae6c-adec14274aeb tempest-ServersNegativeTestJSON-1088789983 tempest-ServersNegativeTestJSON-1088789983-project-member] new path /v2/schemas/image {{(pid=77067) process_request /opt/stack/glance/glance/api/middleware/version_negotiation.py:70}}
Jul 10 04:32:26 devstack devstack@g-api.service[77067]: [pid: 77067|app: 0|req: 12/22] 127.0.0.1 () {42 vars in 1001 bytes} [Fri Jul 10 04:32:26 2026] GET /v2/schemas/image => generated 6083 bytes in 11 msecs (HTTP/1.1 200) 4 headers in 158 bytes (1 switches on core 0)
Jul 10 04:32:28 devstack devstack@g-api.service[77067]: DEBUG dbcounter [-] [77067] Writing DB stats glance:SELECT=4 {{(pid=77067) stat_writer /opt/stack/data/venv/lib/python3.12/site-packages/dbcounter.py:115}}
Jul 10 04:32:30 devstack devstack@g-api.service[77068]: DEBUG glance.api.middleware.version_negotiation [None req-d0179a73-aef4-4909-9e5b-76475162eed1 tempest-VolumesAdminNegativeTest-1924235173 tempest-VolumesAdminNegativeTest-1924235173-project-member] Determining version of request: GET /v2/images/5ac2ee4b-64bc-499a-b553-ae96ba343fc0 Accept: */* {{(pid=77068) process_request /opt/stack/glance/glance/api/middleware/version_negotiation.py:44}}
Jul 10 04:32:30 devstack devstack@g-api.service[77068]: DEBUG glance.api.middleware.version_negotiation [None req-d0179a73-aef4-4909-9e5b-76475162eed1 tempest-VolumesAdminNegativeTest-1924235173 tempest-VolumesAdminNegativeTest-1924235173-project-member] Using url versioning {{(pid=77068) process_request /opt/stack/glance/glance/api/middleware/version_negotiation.py:57}}
Jul 10 04:32:30 devstack devstack@g-api.service[77068]: DEBUG glance.api.middleware.version_negotiation [None req-d0179a73-aef4-4909-9e5b-76475162eed1 tempest-VolumesAdminNegativeTest-1924235173 tempest-VolumesAdminNegativeTest-1924235173-project-member] Matched version: v2 {{(pid=77068) process_request /opt/stack/glance/glance/api/middleware/version_negotiation.py:69}}
Jul 10 04:32:30 devstack devstack@g-api.service[77068]: DEBUG glance.api.middleware.version_negotiation [None req-d0179a73-aef4-4909-9e5b-76475162eed1 tempest-VolumesAdminNegativeTest-1924235173 tempest-VolumesAdminNegativeTest-1924235173-project-member] new path /v2/images/5ac2ee4b-64bc-499a-b553-ae96ba343fc0 {{(pid=77068) process_request /opt/stack/glance/glance/api/middleware/version_negotiation.py:70}}
Jul 10 04:32:30 devstack devstack@g-api.service[77068]: [pid: 77068|app: 0|req: 11/23] 127.0.0.1 () {42 vars in 1061 bytes} [Fri Jul 10 04:32:30 2026] GET /v2/images/5ac2ee4b-64bc-499a-b553-ae96ba343fc0 => generated 976 bytes in 45 msecs (HTTP/1.1 200) 4 headers in 157 bytes (1 switches on core 0)
Jul 10 04:32:30 devstack devstack@g-api.service[77067]: DEBUG glance.api.middleware.version_negotiation [None req-d0179a73-aef4-4909-9e5b-76475162eed1 tempest-VolumesAdminNegativeTest-1924235173 tempest-VolumesAdminNegativeTest-1924235173-project-member] Determining version of request: GET /v2/schemas/image Accept: */* {{(pid=77067) process_request /opt/stack/glance/glance/api/middleware/version_negotiation.py:44}}
Jul 10 04:32:30 devstack devstack@g-api.service[77067]: DEBUG glance.api.middleware.version_negotiation [None req-d0179a73-aef4-4909-9e5b-76475162eed1 tempest-VolumesAdminNegativeTest-1924235173 tempest-VolumesAdminNegativeTest-1924235173-project-member] Using url versioning {{(pid=77067) process_request /opt/stack/glance/glance/api/middleware/version_negotiation.py:57}}
Jul 10 04:32:30 devstack devstack@g-api.service[77067]: DEBUG glance.api.middleware.version_negotiation [None req-d0179a73-aef4-4909-9e5b-76475162eed1 tempest-VolumesAdminNegativeTest-1924235173 tempest-VolumesAdminNegativeTest-1924235173-project-member] Matched version: v2 {{(pid=77067) process_request /opt/stack/glance/glance/api/middleware/version_negotiation.py:69}}
Jul 10 04:32:30 devstack devstack@g-api.service[77067]: DEBUG glance.api.middleware.version_negotiation [None req-d0179a73-aef4-4909-9e5b-76475162eed1 tempest-VolumesAdminNegativeTest-1924235173 tempest-VolumesAdminNegativeTest-1924235173-project-member] new path /v2/schemas/image {{(pid=77067) process_request /opt/stack/glance/glance/api/middleware/version_negotiation.py:70}}
Jul 10 04:32:30 devstack devstack@g-api.service[77067]: [pid: 77067|app: 0|req: 13/24] 127.0.0.1 () {42 vars in 1001 bytes} [Fri Jul 10 04:32:30 2026] GET /v2/schemas/image => generated 6083 bytes in 13 msecs (HTTP/1.1 200) 4 headers in 158 bytes (1 switches on core 0)
Jul 10 04:32:40 devstack devstack@g-api.service[77068]: DEBUG dbcounter [-] [77068] Writing DB stats glance:SELECT=9,glance:INSERT=1 {{(pid=77068) stat_writer /opt/stack/data/venv/lib/python3.12/site-packages/dbcounter.py:115}}
