Apr 28 15:14:27 devstack cinder-volume[84270]: DEBUG cinder.volume.drivers.quobyte [None req-8021675a-e5ac-4400-bd1d-7474b44b2977 tempest-VolumesCloneTest-795630154 None] Quobyte Volume URL set to: {'osci02.corp.quobyte.com/cinder-vol-5cbe9e19-fd2d-4d19-ae4c-c29a88e47353': None} {{(pid=84270) _load_shares_config /opt/stack/cinder/cinder/volume/drivers/quobyte.py:617}}
Apr 28 15:14:27 devstack cinder-volume[84270]: DEBUG cinder.volume.drivers.quobyte [None req-8021675a-e5ac-4400-bd1d-7474b44b2977 tempest-VolumesCloneTest-795630154 None] Available shares ['osci02.corp.quobyte.com/cinder-vol-5cbe9e19-fd2d-4d19-ae4c-c29a88e47353'] {{(pid=84270) _ensure_shares_mounted /opt/stack/cinder/cinder/volume/drivers/quobyte.py:647}}
Apr 28 15:14:27 devstack cinder-volume[84270]: DEBUG oslo_concurrency.lockutils [None req-8021675a-e5ac-4400-bd1d-7474b44b2977 tempest-VolumesCloneTest-795630154 None] Lock "quobyte_ensure" "released" by "cinder.volume.drivers.quobyte.QuobyteDriver._ensure_shares_mounted" :: held 0.008s {{(pid=84270) inner /opt/stack/data/venv/lib/python3.12/site-packages/oslo_concurrency/lockutils.py:538}}
Apr 28 15:14:27 devstack cinder-volume[84270]: DEBUG cinder.volume.drivers.quobyte [None req-8021675a-e5ac-4400-bd1d-7474b44b2977 tempest-VolumesCloneTest-795630154 None] Selected osci02.corp.quobyte.com/cinder-vol-5cbe9e19-fd2d-4d19-ae4c-c29a88e47353 as target Quobyte volume. {{(pid=84270) _find_share /opt/stack/cinder/cinder/volume/drivers/quobyte.py:668}}
Apr 28 15:14:27 devstack cinder-volume[84270]: INFO cinder.volume.drivers.remotefs [None req-8021675a-e5ac-4400-bd1d-7474b44b2977 tempest-VolumesCloneTest-795630154 None] casted to osci02.corp.quobyte.com/cinder-vol-5cbe9e19-fd2d-4d19-ae4c-c29a88e47353
Apr 28 15:14:27 devstack cinder-volume[84270]: DEBUG oslo_concurrency.processutils [None req-8021675a-e5ac-4400-bd1d-7474b44b2977 tempest-VolumesCloneTest-795630154 None] Running cmd (subprocess): sudo cinder-rootwrap /etc/cinder/rootwrap.conf qemu-img create -f qcow2 -o preallocation=metadata /opt/stack/data/cinder/mnt/1f06dd97cb432942b0e7fb71ed838e63/volume-62ceb0ac-866d-4732-8424-9b08cd49afa6 1073741824 {{(pid=84270) execute /opt/stack/data/venv/lib/python3.12/site-packages/oslo_concurrency/processutils.py:440}}
Apr 28 15:14:27 devstack sudo[86461]: pam_unix(sudo:session): session closed for user root
Apr 28 15:14:27 devstack cinder-volume[84270]: DEBUG oslo_concurrency.processutils [None req-19cb0554-8a64-4630-ada3-532bf110fd88 tempest-DeleteServersTestJSON-1558335672 None] CMD "/opt/stack/data/venv/bin/python3.12 -m oslo_concurrency.prlimit --as=1073741824 --cpu=60 -- sudo cinder-rootwrap /etc/cinder/rootwrap.conf env LC_ALL=C qemu-img info -f qcow2 --output=json --force-share /opt/stack/data/cinder/mnt/1f06dd97cb432942b0e7fb71ed838e63/volume-9358dae1-6689-4e55-ba81-8321092ce4ba" returned: 0 in 0.807s {{(pid=84270) execute /opt/stack/data/venv/lib/python3.12/site-packages/oslo_concurrency/processutils.py:468}}
Apr 28 15:14:27 devstack cinder-volume[84270]: DEBUG oslo_concurrency.processutils [None req-19cb0554-8a64-4630-ada3-532bf110fd88 tempest-DeleteServersTestJSON-1558335672 None] Running cmd (subprocess): sudo cinder-rootwrap /etc/cinder/rootwrap.conf rm -f /opt/stack/data/cinder/mnt/1f06dd97cb432942b0e7fb71ed838e63/volume-9358dae1-6689-4e55-ba81-8321092ce4ba {{(pid=84270) execute /opt/stack/data/venv/lib/python3.12/site-packages/oslo_concurrency/processutils.py:440}}
Apr 28 15:14:27 devstack sudo[86467]: quobyte : PWD=/ ; USER=root ; COMMAND=/opt/stack/data/venv/bin/cinder-rootwrap /etc/cinder/rootwrap.conf qemu-img create -f qcow2 -o preallocation=metadata /opt/stack/data/cinder/mnt/1f06dd97cb432942b0e7fb71ed838e63/volume-62ceb0ac-866d-4732-8424-9b08cd49afa6 1073741824
Apr 28 15:14:27 devstack sudo[86467]: pam_unix(sudo:session): session opened for user root(uid=0) by (uid=1000)
Apr 28 15:14:27 devstack sudo[86469]: quobyte : PWD=/ ; USER=root ; COMMAND=/opt/stack/data/venv/bin/cinder-rootwrap /etc/cinder/rootwrap.conf rm -f /opt/stack/data/cinder/mnt/1f06dd97cb432942b0e7fb71ed838e63/volume-9358dae1-6689-4e55-ba81-8321092ce4ba
Apr 28 15:14:27 devstack sudo[86469]: pam_unix(sudo:session): session opened for user root(uid=0) by (uid=1000)
Apr 28 15:14:28 devstack cinder-volume[84270]: INFO cinder.volume.manager [None req-d6aa9f77-3ae6-45f3-8f3a-854d67bd61e4 tempest-GroupSnapshotsTest-1328565825 None] Update group completed successfully.
Apr 28 15:14:28 devstack sudo[86469]: pam_unix(sudo:session): session closed for user root
Apr 28 15:14:28 devstack cinder-volume[84270]: DEBUG oslo_concurrency.processutils [None req-19cb0554-8a64-4630-ada3-532bf110fd88 tempest-DeleteServersTestJSON-1558335672 None] CMD "sudo cinder-rootwrap /etc/cinder/rootwrap.conf rm -f /opt/stack/data/cinder/mnt/1f06dd97cb432942b0e7fb71ed838e63/volume-9358dae1-6689-4e55-ba81-8321092ce4ba" returned: 0 in 0.944s {{(pid=84270) execute /opt/stack/data/venv/lib/python3.12/site-packages/oslo_concurrency/processutils.py:468}}
Apr 28 15:14:28 devstack cinder-volume[84270]: DEBUG cinder.coordination [None req-19cb0554-8a64-4630-ada3-532bf110fd88 tempest-DeleteServersTestJSON-1558335672 None] Lock "cinder-quobyte-9358dae1-6689-4e55-ba81-8321092ce4ba" released by "delete_volume" :: held 1.798s {{(pid=84270) __release /opt/stack/cinder/cinder/coordination.py:152}}
Apr 28 15:14:28 devstack cinder-volume[84270]: DEBUG cinder.quota [None req-19cb0554-8a64-4630-ada3-532bf110fd88 tempest-DeleteServersTestJSON-1558335672 None] Created reservations ['49b03617-bfe7-489a-bd15-4d6450636b72', 'ef647cad-14a4-4c94-8caf-637a289d1443', '4e5980f2-3cd6-49b2-a35c-5fae3882da1c', 'fb4bb95d-0ef2-44bb-94ce-f4b16cad57b5'] {{(pid=84270) reserve /opt/stack/cinder/cinder/quota.py:752}}
Apr 28 15:14:28 devstack cinder-volume[84270]: DEBUG oslo_concurrency.lockutils [None req-19cb0554-8a64-4630-ada3-532bf110fd88 tempest-DeleteServersTestJSON-1558335672 None] Acquiring lock "quobyte_ensure" by "cinder.volume.drivers.quobyte.QuobyteDriver._ensure_shares_mounted" {{(pid=84270) inner /opt/stack/data/venv/lib/python3.12/site-packages/oslo_concurrency/lockutils.py:506}}
Apr 28 15:14:28 devstack cinder-volume[84270]: DEBUG oslo_concurrency.lockutils [None req-19cb0554-8a64-4630-ada3-532bf110fd88 tempest-DeleteServersTestJSON-1558335672 None] Lock "quobyte_ensure" acquired by "cinder.volume.drivers.quobyte.QuobyteDriver._ensure_shares_mounted" :: waited 0.001s {{(pid=84270) inner /opt/stack/data/venv/lib/python3.12/site-packages/oslo_concurrency/lockutils.py:519}}
Apr 28 15:14:28 devstack cinder-volume[84270]: DEBUG cinder.volume.drivers.quobyte [None req-19cb0554-8a64-4630-ada3-532bf110fd88 tempest-DeleteServersTestJSON-1558335672 None] Quobyte Volume URL set to: {'osci02.corp.quobyte.com/cinder-vol-5cbe9e19-fd2d-4d19-ae4c-c29a88e47353': None} {{(pid=84270) _load_shares_config /opt/stack/cinder/cinder/volume/drivers/quobyte.py:617}}
Apr 28 15:14:28 devstack cinder-volume[84270]: DEBUG cinder.volume.drivers.quobyte [None req-19cb0554-8a64-4630-ada3-532bf110fd88 tempest-DeleteServersTestJSON-1558335672 None] Available shares ['osci02.corp.quobyte.com/cinder-vol-5cbe9e19-fd2d-4d19-ae4c-c29a88e47353'] {{(pid=84270) _ensure_shares_mounted /opt/stack/cinder/cinder/volume/drivers/quobyte.py:647}}
Apr 28 15:14:28 devstack cinder-volume[84270]: DEBUG oslo_concurrency.lockutils [None req-19cb0554-8a64-4630-ada3-532bf110fd88 tempest-DeleteServersTestJSON-1558335672 None] Lock "quobyte_ensure" "released" by "cinder.volume.drivers.quobyte.QuobyteDriver._ensure_shares_mounted" :: held 0.015s {{(pid=84270) inner /opt/stack/data/venv/lib/python3.12/site-packages/oslo_concurrency/lockutils.py:538}}
Apr 28 15:14:28 devstack cinder-volume[84270]: DEBUG oslo_concurrency.processutils [None req-19cb0554-8a64-4630-ada3-532bf110fd88 tempest-DeleteServersTestJSON-1558335672 None] Running cmd (subprocess): sudo cinder-rootwrap /etc/cinder/rootwrap.conf df --portability --block-size 1 /opt/stack/data/cinder/mnt/1f06dd97cb432942b0e7fb71ed838e63 {{(pid=84270) execute /opt/stack/data/venv/lib/python3.12/site-packages/oslo_concurrency/processutils.py:440}}
Apr 28 15:14:28 devstack sudo[86467]: pam_unix(sudo:session): session closed for user root
Apr 28 15:14:28 devstack cinder-volume[84270]: DEBUG oslo_concurrency.processutils [None req-8021675a-e5ac-4400-bd1d-7474b44b2977 tempest-VolumesCloneTest-795630154 None] CMD "sudo cinder-rootwrap /etc/cinder/rootwrap.conf qemu-img create -f qcow2 -o preallocation=metadata /opt/stack/data/cinder/mnt/1f06dd97cb432942b0e7fb71ed838e63/volume-62ceb0ac-866d-4732-8424-9b08cd49afa6 1073741824" returned: 0 in 1.154s {{(pid=84270) execute /opt/stack/data/venv/lib/python3.12/site-packages/oslo_concurrency/processutils.py:468}}
Apr 28 15:14:28 devstack sudo[86537]: quobyte : PWD=/ ; USER=root ; COMMAND=/opt/stack/data/venv/bin/cinder-rootwrap /etc/cinder/rootwrap.conf df --portability --block-size 1 /opt/stack/data/cinder/mnt/1f06dd97cb432942b0e7fb71ed838e63
Apr 28 15:14:28 devstack sudo[86537]: pam_unix(sudo:session): session opened for user root(uid=0) by (uid=1000)
Apr 28 15:14:28 devstack cinder-volume[84270]: DEBUG oslo_concurrency.processutils [None req-8021675a-e5ac-4400-bd1d-7474b44b2977 tempest-VolumesCloneTest-795630154 None] Running cmd (subprocess): sudo cinder-rootwrap /etc/cinder/rootwrap.conf chmod ugo+rw /opt/stack/data/cinder/mnt/1f06dd97cb432942b0e7fb71ed838e63/volume-62ceb0ac-866d-4732-8424-9b08cd49afa6 {{(pid=84270) execute /opt/stack/data/venv/lib/python3.12/site-packages/oslo_concurrency/processutils.py:440}}
Apr 28 15:14:28 devstack sudo[86539]: quobyte : PWD=/ ; USER=root ; COMMAND=/opt/stack/data/venv/bin/cinder-rootwrap /etc/cinder/rootwrap.conf chmod ugo+rw /opt/stack/data/cinder/mnt/1f06dd97cb432942b0e7fb71ed838e63/volume-62ceb0ac-866d-4732-8424-9b08cd49afa6
Apr 28 15:14:28 devstack sudo[86539]: pam_unix(sudo:session): session opened for user root(uid=0) by (uid=1000)
Apr 28 15:14:29 devstack sudo[86537]: pam_unix(sudo:session): session closed for user root
Apr 28 15:14:29 devstack cinder-volume[84270]: DEBUG oslo_concurrency.processutils [None req-19cb0554-8a64-4630-ada3-532bf110fd88 tempest-DeleteServersTestJSON-1558335672 None] CMD "sudo cinder-rootwrap /etc/cinder/rootwrap.conf df --portability --block-size 1 /opt/stack/data/cinder/mnt/1f06dd97cb432942b0e7fb71ed838e63" returned: 0 in 0.746s {{(pid=84270) execute /opt/stack/data/venv/lib/python3.12/site-packages/oslo_concurrency/processutils.py:468}}
Apr 28 15:14:29 devstack cinder-volume[84270]: DEBUG cinder.manager [None req-19cb0554-8a64-4630-ada3-532bf110fd88 tempest-DeleteServersTestJSON-1558335672 None] Notifying Schedulers of capabilities ... {{(pid=84270) _publish_service_capabilities /opt/stack/cinder/cinder/manager.py:202}}
Apr 28 15:14:29 devstack cinder-volume[84270]: INFO cinder.volume.manager [None req-19cb0554-8a64-4630-ada3-532bf110fd88 tempest-DeleteServersTestJSON-1558335672 None] Deleted volume successfully.
Apr 28 15:14:29 devstack cinder-volume[84270]: DEBUG cinder.coordination [None req-19cb0554-8a64-4630-ada3-532bf110fd88 tempest-DeleteServersTestJSON-1558335672 None] Lock "cinder-9358dae1-6689-4e55-ba81-8321092ce4ba-delete_volume" released by "delete_volume" :: held 2.917s {{(pid=84270) __release /opt/stack/cinder/cinder/coordination.py:152}}
Apr 28 15:14:29 devstack sudo[86539]: pam_unix(sudo:session): session closed for user root
Apr 28 15:14:29 devstack cinder-volume[84270]: DEBUG oslo_concurrency.processutils [None req-8021675a-e5ac-4400-bd1d-7474b44b2977 tempest-VolumesCloneTest-795630154 None] CMD "sudo cinder-rootwrap /etc/cinder/rootwrap.conf chmod ugo+rw /opt/stack/data/cinder/mnt/1f06dd97cb432942b0e7fb71ed838e63/volume-62ceb0ac-866d-4732-8424-9b08cd49afa6" returned: 0 in 0.974s {{(pid=84270) execute /opt/stack/data/venv/lib/python3.12/site-packages/oslo_concurrency/processutils.py:468}}
Apr 28 15:14:29 devstack cinder-volume[84270]: DEBUG cinder.volume.drivers.quobyte [None req-8021675a-e5ac-4400-bd1d-7474b44b2977 tempest-VolumesCloneTest-795630154 None] <== create_volume: return (2198ms) {'provider_location': 'osci02.corp.quobyte.com/cinder-vol-5cbe9e19-fd2d-4d19-ae4c-c29a88e47353'} {{(pid=84270) trace_logging_wrapper /opt/stack/cinder/cinder/volume/volume_utils.py:1523}}
Apr 28 15:14:29 devstack cinder-volume[84270]: DEBUG oslo_concurrency.lockutils [None req-8021675a-e5ac-4400-bd1d-7474b44b2977 tempest-VolumesCloneTest-795630154 None] Lock "quobyte" "released" by "cinder.volume.drivers.quobyte.QuobyteDriver.create_volume" :: held 2.203s {{(pid=84270) inner /opt/stack/data/venv/lib/python3.12/site-packages/oslo_concurrency/lockutils.py:538}}
Apr 28 15:14:29 devstack cinder-volume[84270]: DEBUG cinder.volume.manager [None req-8021675a-e5ac-4400-bd1d-7474b44b2977 tempest-VolumesCloneTest-795630154 None] Task 'cinder.volume.flows.manager.create_volume.CreateVolumeFromSpecTask;volume:create' (ac37d359-f8a6-4eb9-93e9-dd61482a753c) transitioned into state 'SUCCESS' from state 'RUNNING' with result '{'status': 'creating', 'volume_name': 'volume-62ceb0ac-866d-4732-8424-9b08cd49afa6', 'volume_size': 1}' {{(pid=84270) _task_receiver /opt/stack/data/venv/lib/python3.12/site-packages/taskflow/listeners/logging.py:182}}
Apr 28 15:14:29 devstack cinder-volume[84270]: DEBUG cinder.volume.manager [None req-8021675a-e5ac-4400-bd1d-7474b44b2977 tempest-VolumesCloneTest-795630154 None] Task 'cinder.volume.flows.manager.create_volume.CreateVolumeOnFinishTask;volume:create, create.end' (238180be-99b3-499e-9213-3ee5fdd64689) transitioned into state 'RUNNING' from state 'PENDING' {{(pid=84270) _task_receiver /opt/stack/data/venv/lib/python3.12/site-packages/taskflow/listeners/logging.py:194}}
Apr 28 15:14:29 devstack cinder-volume[84270]: INFO cinder.volume.flows.manager.create_volume [None req-8021675a-e5ac-4400-bd1d-7474b44b2977 tempest-VolumesCloneTest-795630154 None] Volume volume-62ceb0ac-866d-4732-8424-9b08cd49afa6 (62ceb0ac-866d-4732-8424-9b08cd49afa6): created successfully
Apr 28 15:14:29 devstack cinder-volume[84270]: DEBUG cinder.volume.manager [None req-8021675a-e5ac-4400-bd1d-7474b44b2977 tempest-VolumesCloneTest-795630154 None] Task 'cinder.volume.flows.manager.create_volume.CreateVolumeOnFinishTask;volume:create, create.end' (238180be-99b3-499e-9213-3ee5fdd64689) transitioned into state 'SUCCESS' from state 'RUNNING' with result 'None' {{(pid=84270) _task_receiver /opt/stack/data/venv/lib/python3.12/site-packages/taskflow/listeners/logging.py:182}}
Apr 28 15:14:29 devstack cinder-volume[84270]: DEBUG cinder.volume.manager [None req-8021675a-e5ac-4400-bd1d-7474b44b2977 tempest-VolumesCloneTest-795630154 None] Flow 'volume_create_manager' (684319d5-f592-473d-bd63-afba336c733e) transitioned into state 'SUCCESS' from state 'RUNNING' {{(pid=84270) _flow_receiver /opt/stack/data/venv/lib/python3.12/site-packages/taskflow/listeners/logging.py:145}}
Apr 28 15:14:29 devstack cinder-volume[84270]: INFO cinder.volume.manager [None req-8021675a-e5ac-4400-bd1d-7474b44b2977 tempest-VolumesCloneTest-795630154 None] Created volume successfully.
Apr 28 15:14:30 devstack cinder-volume[84270]: INFO cinder.volume.manager [None req-236d360d-e5b5-4fa6-81cf-832a2fc7c4aa tempest-GroupSnapshotsTest-1328565825 None] GroupSnapshot bdda61d1-03c2-44ea-a2ae-0b536fb0ec31: creating.
Apr 28 15:14:30 devstack cinder-volume[84270]: DEBUG cinder.volume.manager [None req-236d360d-e5b5-4fa6-81cf-832a2fc7c4aa tempest-GroupSnapshotsTest-1328565825 None] Group snapshot bdda61d1-03c2-44ea-a2ae-0b536fb0ec31: creating. {{(pid=84270) create_group_snapshot /opt/stack/cinder/cinder/volume/manager.py:4175}}
Apr 28 15:14:30 devstack cinder-volume[84270]: DEBUG oslo_concurrency.lockutils [None req-236d360d-e5b5-4fa6-81cf-832a2fc7c4aa tempest-GroupSnapshotsTest-1328565825 None] Acquiring lock "quobyte" by "cinder.volume.drivers.quobyte.QuobyteDriver.create_snapshot" {{(pid=84270) inner /opt/stack/data/venv/lib/python3.12/site-packages/oslo_concurrency/lockutils.py:506}}
Apr 28 15:14:30 devstack cinder-volume[84270]: DEBUG oslo_concurrency.lockutils [None req-236d360d-e5b5-4fa6-81cf-832a2fc7c4aa tempest-GroupSnapshotsTest-1328565825 None] Lock "quobyte" acquired by "cinder.volume.drivers.quobyte.QuobyteDriver.create_snapshot" :: waited 0.001s {{(pid=84270) inner /opt/stack/data/venv/lib/python3.12/site-packages/oslo_concurrency/lockutils.py:519}}
Apr 28 15:14:30 devstack cinder-volume[84270]: DEBUG cinder.volume.drivers.remotefs [None req-236d360d-e5b5-4fa6-81cf-832a2fc7c4aa tempest-GroupSnapshotsTest-1328565825 None] Creating offline snapshot 26f11443-81e5-4625-ba24-4e033b498d87 of volume 0b3229d4-4e4c-4d6b-b5d3-03669ac09233 {{(pid=84270) _create_snapshot /opt/stack/cinder/cinder/volume/drivers/remotefs.py:1816}}
Apr 28 15:14:30 devstack cinder-volume[84270]: DEBUG oslo.privsep.daemon [-] privsep: reply[e2e3c4ef-1c2d-41c2-ac91-ae5e2ea5e530]: (4, 'qcow2') {{(pid=84876) _call_back /opt/stack/data/venv/lib/python3.12/site-packages/oslo_privsep/daemon.py:573}}
Apr 28 15:14:30 devstack cinder-volume[84270]: DEBUG oslo_concurrency.processutils [None req-236d360d-e5b5-4fa6-81cf-832a2fc7c4aa tempest-GroupSnapshotsTest-1328565825 None] Running cmd (subprocess): /opt/stack/data/venv/bin/python3.12 -m oslo_concurrency.prlimit --as=1073741824 --cpu=60 -- sudo cinder-rootwrap /etc/cinder/rootwrap.conf env LC_ALL=C qemu-img info -f qcow2 --output=json --force-share /opt/stack/data/cinder/mnt/1f06dd97cb432942b0e7fb71ed838e63/volume-0b3229d4-4e4c-4d6b-b5d3-03669ac09233 {{(pid=84270) execute /opt/stack/data/venv/lib/python3.12/site-packages/oslo_concurrency/processutils.py:440}}
Apr 28 15:14:30 devstack sudo[86545]: quobyte : PWD=/ ; USER=root ; COMMAND=/opt/stack/data/venv/bin/cinder-rootwrap /etc/cinder/rootwrap.conf env LC_ALL=C qemu-img info -f qcow2 --output=json --force-share /opt/stack/data/cinder/mnt/1f06dd97cb432942b0e7fb71ed838e63/volume-0b3229d4-4e4c-4d6b-b5d3-03669ac09233
Apr 28 15:14:30 devstack sudo[86545]: pam_unix(sudo:session): session opened for user root(uid=0) by (uid=1000)
Apr 28 15:14:31 devstack sudo[86545]: pam_unix(sudo:session): session closed for user root
Apr 28 15:14:31 devstack cinder-volume[84270]: DEBUG oslo_concurrency.processutils [None req-236d360d-e5b5-4fa6-81cf-832a2fc7c4aa tempest-GroupSnapshotsTest-1328565825 None] CMD "/opt/stack/data/venv/bin/python3.12 -m oslo_concurrency.prlimit --as=1073741824 --cpu=60 -- sudo cinder-rootwrap /etc/cinder/rootwrap.conf env LC_ALL=C qemu-img info -f qcow2 --output=json --force-share /opt/stack/data/cinder/mnt/1f06dd97cb432942b0e7fb71ed838e63/volume-0b3229d4-4e4c-4d6b-b5d3-03669ac09233" returned: 0 in 0.887s {{(pid=84270) execute /opt/stack/data/venv/lib/python3.12/site-packages/oslo_concurrency/processutils.py:468}}
Apr 28 15:14:31 devstack cinder-volume[84270]: DEBUG oslo_concurrency.processutils [None req-236d360d-e5b5-4fa6-81cf-832a2fc7c4aa tempest-GroupSnapshotsTest-1328565825 None] Running cmd (subprocess): sudo cinder-rootwrap /etc/cinder/rootwrap.conf qemu-img create -f qcow2 -o backing_file=/opt/stack/data/cinder/mnt/1f06dd97cb432942b0e7fb71ed838e63/volume-0b3229d4-4e4c-4d6b-b5d3-03669ac09233,backing_fmt=qcow2 /opt/stack/data/cinder/mnt/1f06dd97cb432942b0e7fb71ed838e63/volume-0b3229d4-4e4c-4d6b-b5d3-03669ac09233.26f11443-81e5-4625-ba24-4e033b498d87 1G {{(pid=84270) execute /opt/stack/data/venv/lib/python3.12/site-packages/oslo_concurrency/processutils.py:440}}
Apr 28 15:14:31 devstack sudo[86551]: quobyte : PWD=/ ; USER=root ; COMMAND=/opt/stack/data/venv/bin/cinder-rootwrap /etc/cinder/rootwrap.conf qemu-img create -f qcow2 -o backing_file=/opt/stack/data/cinder/mnt/1f06dd97cb432942b0e7fb71ed838e63/volume-0b3229d4-4e4c-4d6b-b5d3-03669ac09233,backing_fmt=qcow2 /opt/stack/data/cinder/mnt/1f06dd97cb432942b0e7fb71ed838e63/volume-0b3229d4-4e4c-4d6b-b5d3-03669ac09233.26f11443-81e5-4625-ba24-4e033b498d87 1G
Apr 28 15:14:31 devstack sudo[86551]: pam_unix(sudo:session): session opened for user root(uid=0) by (uid=1000)
Apr 28 15:14:31 devstack cinder-volume[84270]: DEBUG cinder.volume.flows.manager.create_volume [None req-a44d11df-cd1b-4908-aea1-ed9f2547d9da tempest-VolumesCloneTest-795630154 None] Volume reschedule parameters: True retry: {'num_attempts': 1, 'backends': ['devstack@QuobyteHD#QuobyteHD'], 'hosts': ['devstack@QuobyteHD#QuobyteHD']} {{(pid=84270) get_flow /opt/stack/cinder/cinder/volume/flows/manager/create_volume.py:1395}}
Apr 28 15:14:31 devstack cinder-volume[84270]: DEBUG cinder.volume.manager [None req-a44d11df-cd1b-4908-aea1-ed9f2547d9da tempest-VolumesCloneTest-795630154 None] Flow 'volume_create_manager' (205f2537-bbed-456c-a8e5-87402ee77732) transitioned into state 'RUNNING' from state 'PENDING' {{(pid=84270) _flow_receiver /opt/stack/data/venv/lib/python3.12/site-packages/taskflow/listeners/logging.py:145}}
Apr 28 15:14:31 devstack cinder-volume[84270]: DEBUG cinder.volume.manager [None req-a44d11df-cd1b-4908-aea1-ed9f2547d9da tempest-VolumesCloneTest-795630154 None] Task 'cinder.volume.flows.manager.create_volume.ExtractVolumeRefTask;volume:create' (ff7b2d2f-2e51-4eca-8536-736e3a3ec543) transitioned into state 'RUNNING' from state 'PENDING' {{(pid=84270) _task_receiver /opt/stack/data/venv/lib/python3.12/site-packages/taskflow/listeners/logging.py:194}}
Apr 28 15:14:31 devstack cinder-volume[84270]: DEBUG cinder.volume.manager [None req-a44d11df-cd1b-4908-aea1-ed9f2547d9da tempest-VolumesCloneTest-795630154 None] Task 'cinder.volume.flows.manager.create_volume.ExtractVolumeRefTask;volume:create' (ff7b2d2f-2e51-4eca-8536-736e3a3ec543) transitioned into state 'SUCCESS' from state 'RUNNING' with result 'Volume(_name_id=None,admin_metadata=,attach_status='detached',availability_zone='nova',bootable=False,cluster=,cluster_name=None,consistencygroup=,consistencygroup_id=None,created_at=2026-04-28T13:14:31Z,deleted=False,deleted_at=None,display_description=None,display_name='tempest-VolumesCloneTest-Volume-1775329216',ec2_id=None,encryption_key_id=None,glance_metadata=,group=,group_id=None,host='devstack@QuobyteHD#QuobyteHD',id=db679a93-ffcc-48bb-881f-e5e083843d87,launched_at=None,metadata={},migration_status=None,multiattach=False,previous_status=None,project_id='7ab0d219b8ad4c84b5c0dec490092afa',provider_auth=None,provider_geometry=None,provider_id=None,provider_location=None,replication_driver_data=None,replication_extended_status=None,replication_status=None,scheduled_at=2026-04-28T13:14:32Z,service_uuid=None,shared_targets=True,size=2,snapshot_id=None,snapshots=,source_volid=62ceb0ac-866d-4732-8424-9b08cd49afa6,status='creating',terminated_at=None,updated_at=2026-04-28T13:14:32Z,use_quota=True,user_id='768311767d7445f7a41b901a2415b15e',volume_attachment=VolumeAttachmentList,volume_type=VolumeType(99be8ad9-09f2-409a-899b-ae0b34326023),volume_type_id=99be8ad9-09f2-409a-899b-ae0b34326023)' {{(pid=84270) _task_receiver /opt/stack/data/venv/lib/python3.12/site-packages/taskflow/listeners/logging.py:182}}
Apr 28 15:14:31 devstack cinder-volume[84270]: DEBUG cinder.volume.manager [None req-a44d11df-cd1b-4908-aea1-ed9f2547d9da tempest-VolumesCloneTest-795630154 None] Task 'cinder.volume.flows.manager.create_volume.OnFailureRescheduleTask;volume:create' (9d40554d-920e-412c-87bb-18fd11831865) transitioned into state 'RUNNING' from state 'PENDING' {{(pid=84270) _task_receiver /opt/stack/data/venv/lib/python3.12/site-packages/taskflow/listeners/logging.py:194}}
Apr 28 15:14:31 devstack cinder-volume[84270]: DEBUG cinder.volume.manager [None req-a44d11df-cd1b-4908-aea1-ed9f2547d9da tempest-VolumesCloneTest-795630154 None] Task 'cinder.volume.flows.manager.create_volume.OnFailureRescheduleTask;volume:create' (9d40554d-920e-412c-87bb-18fd11831865) transitioned into state 'SUCCESS' from state 'RUNNING' with result 'None' {{(pid=84270) _task_receiver /opt/stack/data/venv/lib/python3.12/site-packages/taskflow/listeners/logging.py:182}}
Apr 28 15:14:31 devstack cinder-volume[84270]: DEBUG cinder.volume.manager [None req-a44d11df-cd1b-4908-aea1-ed9f2547d9da tempest-VolumesCloneTest-795630154 None] Task 'cinder.volume.flows.manager.create_volume.ExtractVolumeSpecTask;volume:create' (b97ee672-d9c4-48ae-b6c4-a38cd3e69be6) transitioned into state 'RUNNING' from state 'PENDING' {{(pid=84270) _task_receiver /opt/stack/data/venv/lib/python3.12/site-packages/taskflow/listeners/logging.py:194}}
Apr 28 15:14:32 devstack cinder-volume[84270]: DEBUG cinder.volume.manager [None req-a44d11df-cd1b-4908-aea1-ed9f2547d9da tempest-VolumesCloneTest-795630154 None] Task 'cinder.volume.flows.manager.create_volume.ExtractVolumeSpecTask;volume:create' (b97ee672-d9c4-48ae-b6c4-a38cd3e69be6) transitioned into state 'SUCCESS' from state 'RUNNING' with result '{'status': 'creating', 'type': 'source_vol', 'volume_id': 'db679a93-ffcc-48bb-881f-e5e083843d87', 'volume_name': 'volume-db679a93-ffcc-48bb-881f-e5e083843d87', 'volume_size': 2, 'source_volid': '62ceb0ac-866d-4732-8424-9b08cd49afa6', 'source_volstatus': 'available'}' {{(pid=84270) _task_receiver /opt/stack/data/venv/lib/python3.12/site-packages/taskflow/listeners/logging.py:182}}
Apr 28 15:14:32 devstack cinder-volume[84270]: DEBUG cinder.volume.manager [None req-a44d11df-cd1b-4908-aea1-ed9f2547d9da tempest-VolumesCloneTest-795630154 None] Task 'cinder.volume.flows.manager.create_volume.NotifyVolumeActionTask;volume:create, create.start' (0d686841-bf59-4ba3-b46d-a87288ef79b9) transitioned into state 'RUNNING' from state 'PENDING' {{(pid=84270) _task_receiver /opt/stack/data/venv/lib/python3.12/site-packages/taskflow/listeners/logging.py:194}}
Apr 28 15:14:32 devstack cinder-volume[84270]: DEBUG cinder.volume.manager [None req-a44d11df-cd1b-4908-aea1-ed9f2547d9da tempest-VolumesCloneTest-795630154 None] Task 'cinder.volume.flows.manager.create_volume.NotifyVolumeActionTask;volume:create, create.start' (0d686841-bf59-4ba3-b46d-a87288ef79b9) transitioned into state 'SUCCESS' from state 'RUNNING' with result 'None' {{(pid=84270) _task_receiver /opt/stack/data/venv/lib/python3.12/site-packages/taskflow/listeners/logging.py:182}}
Apr 28 15:14:32 devstack cinder-volume[84270]: DEBUG cinder.volume.manager [None req-a44d11df-cd1b-4908-aea1-ed9f2547d9da tempest-VolumesCloneTest-795630154 None] Task 'cinder.volume.flows.manager.create_volume.CreateVolumeFromSpecTask;volume:create' (bb8d3639-5f84-4fd6-ad9f-bd1bd06d28ef) transitioned into state 'RUNNING' from state 'PENDING' {{(pid=84270) _task_receiver /opt/stack/data/venv/lib/python3.12/site-packages/taskflow/listeners/logging.py:194}}
Apr 28 15:14:32 devstack cinder-volume[84270]: INFO cinder.volume.flows.manager.create_volume [None req-a44d11df-cd1b-4908-aea1-ed9f2547d9da tempest-VolumesCloneTest-795630154 None] Volume db679a93-ffcc-48bb-881f-e5e083843d87: being created as source_vol with specification: {'status': 'creating', 'volume_name': 'volume-db679a93-ffcc-48bb-881f-e5e083843d87', 'volume_size': 2, 'source_volid': '62ceb0ac-866d-4732-8424-9b08cd49afa6', 'source_volstatus': 'available'}
Apr 28 15:14:32 devstack cinder-volume[84270]: DEBUG oslo_concurrency.lockutils [None req-a44d11df-cd1b-4908-aea1-ed9f2547d9da tempest-VolumesCloneTest-795630154 None] Acquiring lock "quobyte" by "cinder.volume.drivers.quobyte.QuobyteDriver.create_cloned_volume" {{(pid=84270) inner /opt/stack/data/venv/lib/python3.12/site-packages/oslo_concurrency/lockutils.py:506}}
Apr 28 15:14:32 devstack sudo[86551]: pam_unix(sudo:session): session closed for user root
Apr 28 15:14:32 devstack cinder-volume[84270]: DEBUG oslo_concurrency.processutils [None req-236d360d-e5b5-4fa6-81cf-832a2fc7c4aa tempest-GroupSnapshotsTest-1328565825 None] CMD "sudo cinder-rootwrap /etc/cinder/rootwrap.conf qemu-img create -f qcow2 -o backing_file=/opt/stack/data/cinder/mnt/1f06dd97cb432942b0e7fb71ed838e63/volume-0b3229d4-4e4c-4d6b-b5d3-03669ac09233,backing_fmt=qcow2 /opt/stack/data/cinder/mnt/1f06dd97cb432942b0e7fb71ed838e63/volume-0b3229d4-4e4c-4d6b-b5d3-03669ac09233.26f11443-81e5-4625-ba24-4e033b498d87 1G" returned: 0 in 1.469s {{(pid=84270) execute /opt/stack/data/venv/lib/python3.12/site-packages/oslo_concurrency/processutils.py:468}}
Apr 28 15:14:32 devstack cinder-volume[84270]: DEBUG oslo_concurrency.processutils [None req-236d360d-e5b5-4fa6-81cf-832a2fc7c4aa tempest-GroupSnapshotsTest-1328565825 None] Running cmd (subprocess): sudo cinder-rootwrap /etc/cinder/rootwrap.conf qemu-img rebase -u -b volume-0b3229d4-4e4c-4d6b-b5d3-03669ac09233 -F qcow2 /opt/stack/data/cinder/mnt/1f06dd97cb432942b0e7fb71ed838e63/volume-0b3229d4-4e4c-4d6b-b5d3-03669ac09233.26f11443-81e5-4625-ba24-4e033b498d87 {{(pid=84270) execute /opt/stack/data/venv/lib/python3.12/site-packages/oslo_concurrency/processutils.py:440}}
Apr 28 15:14:32 devstack sudo[86594]: quobyte : PWD=/ ; USER=root ; COMMAND=/opt/stack/data/venv/bin/cinder-rootwrap /etc/cinder/rootwrap.conf qemu-img rebase -u -b volume-0b3229d4-4e4c-4d6b-b5d3-03669ac09233 -F qcow2 /opt/stack/data/cinder/mnt/1f06dd97cb432942b0e7fb71ed838e63/volume-0b3229d4-4e4c-4d6b-b5d3-03669ac09233.26f11443-81e5-4625-ba24-4e033b498d87
Apr 28 15:14:32 devstack sudo[86594]: pam_unix(sudo:session): session opened for user root(uid=0) by (uid=1000)
Apr 28 15:14:33 devstack sudo[86594]: pam_unix(sudo:session): session closed for user root
Apr 28 15:14:33 devstack cinder-volume[84270]: DEBUG oslo_concurrency.processutils [None req-236d360d-e5b5-4fa6-81cf-832a2fc7c4aa tempest-GroupSnapshotsTest-1328565825 None] CMD "sudo cinder-rootwrap /etc/cinder/rootwrap.conf qemu-img rebase -u -b volume-0b3229d4-4e4c-4d6b-b5d3-03669ac09233 -F qcow2 /opt/stack/data/cinder/mnt/1f06dd97cb432942b0e7fb71ed838e63/volume-0b3229d4-4e4c-4d6b-b5d3-03669ac09233.26f11443-81e5-4625-ba24-4e033b498d87" returned: 0 in 1.032s {{(pid=84270) execute /opt/stack/data/venv/lib/python3.12/site-packages/oslo_concurrency/processutils.py:468}}
Apr 28 15:14:33 devstack cinder-volume[84270]: WARNING cinder.volume.drivers.remotefs [None req-236d360d-e5b5-4fa6-81cf-832a2fc7c4aa tempest-GroupSnapshotsTest-1328565825 None] /opt/stack/data/cinder/mnt/1f06dd97cb432942b0e7fb71ed838e63/volume-0b3229d4-4e4c-4d6b-b5d3-03669ac09233.26f11443-81e5-4625-ba24-4e033b498d87 is being set with open permissions: ugo+rw: NotImplementedError
Apr 28 15:14:33 devstack cinder-volume[84270]: DEBUG oslo_concurrency.processutils [None req-236d360d-e5b5-4fa6-81cf-832a2fc7c4aa tempest-GroupSnapshotsTest-1328565825 None] Running cmd (subprocess): sudo cinder-rootwrap /etc/cinder/rootwrap.conf chmod ugo+rw /opt/stack/data/cinder/mnt/1f06dd97cb432942b0e7fb71ed838e63/volume-0b3229d4-4e4c-4d6b-b5d3-03669ac09233.26f11443-81e5-4625-ba24-4e033b498d87 {{(pid=84270) execute /opt/stack/data/venv/lib/python3.12/site-packages/oslo_concurrency/processutils.py:440}}
Apr 28 15:14:33 devstack sudo[86599]: quobyte : PWD=/ ; USER=root ; COMMAND=/opt/stack/data/venv/bin/cinder-rootwrap /etc/cinder/rootwrap.conf chmod ugo+rw /opt/stack/data/cinder/mnt/1f06dd97cb432942b0e7fb71ed838e63/volume-0b3229d4-4e4c-4d6b-b5d3-03669ac09233.26f11443-81e5-4625-ba24-4e033b498d87
Apr 28 15:14:33 devstack sudo[86599]: pam_unix(sudo:session): session opened for user root(uid=0) by (uid=1000)
Apr 28 15:14:34 devstack sudo[86599]: pam_unix(sudo:session): session closed for user root
Apr 28 15:14:34 devstack cinder-volume[84270]: DEBUG oslo_concurrency.processutils [None req-236d360d-e5b5-4fa6-81cf-832a2fc7c4aa tempest-GroupSnapshotsTest-1328565825 None] CMD "sudo cinder-rootwrap /etc/cinder/rootwrap.conf chmod ugo+rw /opt/stack/data/cinder/mnt/1f06dd97cb432942b0e7fb71ed838e63/volume-0b3229d4-4e4c-4d6b-b5d3-03669ac09233.26f11443-81e5-4625-ba24-4e033b498d87" returned: 0 in 0.836s {{(pid=84270) execute /opt/stack/data/venv/lib/python3.12/site-packages/oslo_concurrency/processutils.py:468}}
Apr 28 15:14:34 devstack cinder-volume[84270]: DEBUG oslo_concurrency.processutils [None req-236d360d-e5b5-4fa6-81cf-832a2fc7c4aa tempest-GroupSnapshotsTest-1328565825 None] Running cmd (subprocess): sudo cinder-rootwrap /etc/cinder/rootwrap.conf truncate -s0 /opt/stack/data/cinder/mnt/1f06dd97cb432942b0e7fb71ed838e63/volume-0b3229d4-4e4c-4d6b-b5d3-03669ac09233.info {{(pid=84270) execute /opt/stack/data/venv/lib/python3.12/site-packages/oslo_concurrency/processutils.py:440}}
Apr 28 15:14:34 devstack sudo[86603]: quobyte : PWD=/ ; USER=root ; COMMAND=/opt/stack/data/venv/bin/cinder-rootwrap /etc/cinder/rootwrap.conf truncate -s0 /opt/stack/data/cinder/mnt/1f06dd97cb432942b0e7fb71ed838e63/volume-0b3229d4-4e4c-4d6b-b5d3-03669ac09233.info
Apr 28 15:14:34 devstack sudo[86603]: pam_unix(sudo:session): session opened for user root(uid=0) by (uid=1000)
Apr 28 15:14:35 devstack sudo[86603]: pam_unix(sudo:session): session closed for user root
Apr 28 15:14:35 devstack cinder-volume[84270]: DEBUG oslo_concurrency.processutils [None req-236d360d-e5b5-4fa6-81cf-832a2fc7c4aa tempest-GroupSnapshotsTest-1328565825 None] CMD "sudo cinder-rootwrap /etc/cinder/rootwrap.conf truncate -s0 /opt/stack/data/cinder/mnt/1f06dd97cb432942b0e7fb71ed838e63/volume-0b3229d4-4e4c-4d6b-b5d3-03669ac09233.info" returned: 0 in 0.966s {{(pid=84270) execute /opt/stack/data/venv/lib/python3.12/site-packages/oslo_concurrency/processutils.py:468}}
Apr 28 15:14:35 devstack cinder-volume[84270]: WARNING cinder.volume.drivers.remotefs [None req-236d360d-e5b5-4fa6-81cf-832a2fc7c4aa tempest-GroupSnapshotsTest-1328565825 None] /opt/stack/data/cinder/mnt/1f06dd97cb432942b0e7fb71ed838e63/volume-0b3229d4-4e4c-4d6b-b5d3-03669ac09233.info is being set with open permissions: ugo+rw: NotImplementedError
Apr 28 15:14:35 devstack cinder-volume[84270]: DEBUG oslo_concurrency.processutils [None req-236d360d-e5b5-4fa6-81cf-832a2fc7c4aa tempest-GroupSnapshotsTest-1328565825 None] Running cmd (subprocess): sudo cinder-rootwrap /etc/cinder/rootwrap.conf chmod ugo+rw /opt/stack/data/cinder/mnt/1f06dd97cb432942b0e7fb71ed838e63/volume-0b3229d4-4e4c-4d6b-b5d3-03669ac09233.info {{(pid=84270) execute /opt/stack/data/venv/lib/python3.12/site-packages/oslo_concurrency/processutils.py:440}}
Apr 28 15:14:35 devstack sudo[86640]: quobyte : PWD=/ ; USER=root ; COMMAND=/opt/stack/data/venv/bin/cinder-rootwrap /etc/cinder/rootwrap.conf chmod ugo+rw /opt/stack/data/cinder/mnt/1f06dd97cb432942b0e7fb71ed838e63/volume-0b3229d4-4e4c-4d6b-b5d3-03669ac09233.info
Apr 28 15:14:35 devstack sudo[86640]: pam_unix(sudo:session): session opened for user root(uid=0) by (uid=1000)
Apr 28 15:14:36 devstack sudo[86640]: pam_unix(sudo:session): session closed for user root
Apr 28 15:14:36 devstack cinder-volume[84270]: DEBUG oslo_concurrency.processutils [None req-236d360d-e5b5-4fa6-81cf-832a2fc7c4aa tempest-GroupSnapshotsTest-1328565825 None] CMD "sudo cinder-rootwrap /etc/cinder/rootwrap.conf chmod ugo+rw /opt/stack/data/cinder/mnt/1f06dd97cb432942b0e7fb71ed838e63/volume-0b3229d4-4e4c-4d6b-b5d3-03669ac09233.info" returned: 0 in 0.778s {{(pid=84270) execute /opt/stack/data/venv/lib/python3.12/site-packages/oslo_concurrency/processutils.py:468}}
Apr 28 15:14:36 devstack cinder-volume[84270]: DEBUG oslo_concurrency.lockutils [None req-236d360d-e5b5-4fa6-81cf-832a2fc7c4aa tempest-GroupSnapshotsTest-1328565825 None] Lock "quobyte" "released" by "cinder.volume.drivers.quobyte.QuobyteDriver.create_snapshot" :: held 6.092s {{(pid=84270) inner /opt/stack/data/venv/lib/python3.12/site-packages/oslo_concurrency/lockutils.py:538}}
Apr 28 15:14:36 devstack cinder-volume[84270]: DEBUG oslo_concurrency.lockutils [None req-236d360d-e5b5-4fa6-81cf-832a2fc7c4aa tempest-GroupSnapshotsTest-1328565825 None] Acquiring lock "quobyte" by "cinder.volume.drivers.quobyte.QuobyteDriver.create_snapshot" {{(pid=84270) inner /opt/stack/data/venv/lib/python3.12/site-packages/oslo_concurrency/lockutils.py:506}}
Apr 28 15:14:36 devstack cinder-volume[84270]: DEBUG oslo_concurrency.lockutils [None req-236d360d-e5b5-4fa6-81cf-832a2fc7c4aa tempest-GroupSnapshotsTest-1328565825 None] Lock "quobyte" acquired by "cinder.volume.drivers.quobyte.QuobyteDriver.create_snapshot" :: waited 0.000s {{(pid=84270) inner /opt/stack/data/venv/lib/python3.12/site-packages/oslo_concurrency/lockutils.py:519}}
Apr 28 15:14:36 devstack cinder-volume[84270]: DEBUG cinder.volume.drivers.remotefs [None req-236d360d-e5b5-4fa6-81cf-832a2fc7c4aa tempest-GroupSnapshotsTest-1328565825 None] Creating offline snapshot 76536074-b439-4083-9d3f-86f0f160be2f of volume 6f58f532-9ded-47d4-8621-b5a4564b33dd {{(pid=84270) _create_snapshot /opt/stack/cinder/cinder/volume/drivers/remotefs.py:1816}}
Apr 28 15:14:36 devstack cinder-volume[84270]: DEBUG oslo.privsep.daemon [-] privsep: reply[b05ec2b5-c46f-4e92-b109-3507a59e9136]: (4, 'qcow2') {{(pid=84876) _call_back /opt/stack/data/venv/lib/python3.12/site-packages/oslo_privsep/daemon.py:573}}
Apr 28 15:14:36 devstack cinder-volume[84270]: DEBUG oslo_concurrency.processutils [None req-236d360d-e5b5-4fa6-81cf-832a2fc7c4aa tempest-GroupSnapshotsTest-1328565825 None] Running cmd (subprocess): /opt/stack/data/venv/bin/python3.12 -m oslo_concurrency.prlimit --as=1073741824 --cpu=60 -- sudo cinder-rootwrap /etc/cinder/rootwrap.conf env LC_ALL=C qemu-img info -f qcow2 --output=json --force-share /opt/stack/data/cinder/mnt/1f06dd97cb432942b0e7fb71ed838e63/volume-6f58f532-9ded-47d4-8621-b5a4564b33dd {{(pid=84270) execute /opt/stack/data/venv/lib/python3.12/site-packages/oslo_concurrency/processutils.py:440}}
Apr 28 15:14:36 devstack sudo[86670]: quobyte : PWD=/ ; USER=root ; COMMAND=/opt/stack/data/venv/bin/cinder-rootwrap /etc/cinder/rootwrap.conf env LC_ALL=C qemu-img info -f qcow2 --output=json --force-share /opt/stack/data/cinder/mnt/1f06dd97cb432942b0e7fb71ed838e63/volume-6f58f532-9ded-47d4-8621-b5a4564b33dd
Apr 28 15:14:36 devstack sudo[86670]: pam_unix(sudo:session): session opened for user root(uid=0) by (uid=1000)
Apr 28 15:14:37 devstack sudo[86670]: pam_unix(sudo:session): session closed for user root
Apr 28 15:14:37 devstack cinder-volume[84270]: DEBUG oslo_concurrency.processutils [None req-236d360d-e5b5-4fa6-81cf-832a2fc7c4aa tempest-GroupSnapshotsTest-1328565825 None] CMD "/opt/stack/data/venv/bin/python3.12 -m oslo_concurrency.prlimit --as=1073741824 --cpu=60 -- sudo cinder-rootwrap /etc/cinder/rootwrap.conf env LC_ALL=C qemu-img info -f qcow2 --output=json --force-share /opt/stack/data/cinder/mnt/1f06dd97cb432942b0e7fb71ed838e63/volume-6f58f532-9ded-47d4-8621-b5a4564b33dd" returned: 0 in 1.048s {{(pid=84270) execute /opt/stack/data/venv/lib/python3.12/site-packages/oslo_concurrency/processutils.py:468}}
Apr 28 15:14:37 devstack cinder-volume[84270]: DEBUG oslo_concurrency.processutils [None req-236d360d-e5b5-4fa6-81cf-832a2fc7c4aa tempest-GroupSnapshotsTest-1328565825 None] Running cmd (subprocess): sudo cinder-rootwrap /etc/cinder/rootwrap.conf qemu-img create -f qcow2 -o backing_file=/opt/stack/data/cinder/mnt/1f06dd97cb432942b0e7fb71ed838e63/volume-6f58f532-9ded-47d4-8621-b5a4564b33dd,backing_fmt=qcow2 /opt/stack/data/cinder/mnt/1f06dd97cb432942b0e7fb71ed838e63/volume-6f58f532-9ded-47d4-8621-b5a4564b33dd.76536074-b439-4083-9d3f-86f0f160be2f 1G {{(pid=84270) execute /opt/stack/data/venv/lib/python3.12/site-packages/oslo_concurrency/processutils.py:440}}
Apr 28 15:14:37 devstack sudo[86683]: quobyte : PWD=/ ; USER=root ; COMMAND=/opt/stack/data/venv/bin/cinder-rootwrap /etc/cinder/rootwrap.conf qemu-img create -f qcow2 -o backing_file=/opt/stack/data/cinder/mnt/1f06dd97cb432942b0e7fb71ed838e63/volume-6f58f532-9ded-47d4-8621-b5a4564b33dd,backing_fmt=qcow2 /opt/stack/data/cinder/mnt/1f06dd97cb432942b0e7fb71ed838e63/volume-6f58f532-9ded-47d4-8621-b5a4564b33dd.76536074-b439-4083-9d3f-86f0f160be2f 1G
Apr 28 15:14:37 devstack sudo[86683]: pam_unix(sudo:session): session opened for user root(uid=0) by (uid=1000)
Apr 28 15:14:38 devstack sudo[86683]: pam_unix(sudo:session): session closed for user root
Apr 28 15:14:38 devstack cinder-volume[84270]: DEBUG oslo_concurrency.processutils [None req-236d360d-e5b5-4fa6-81cf-832a2fc7c4aa tempest-GroupSnapshotsTest-1328565825 None] CMD "sudo cinder-rootwrap /etc/cinder/rootwrap.conf qemu-img create -f qcow2 -o backing_file=/opt/stack/data/cinder/mnt/1f06dd97cb432942b0e7fb71ed838e63/volume-6f58f532-9ded-47d4-8621-b5a4564b33dd,backing_fmt=qcow2 /opt/stack/data/cinder/mnt/1f06dd97cb432942b0e7fb71ed838e63/volume-6f58f532-9ded-47d4-8621-b5a4564b33dd.76536074-b439-4083-9d3f-86f0f160be2f 1G" returned: 0 in 0.910s {{(pid=84270) execute /opt/stack/data/venv/lib/python3.12/site-packages/oslo_concurrency/processutils.py:468}}
Apr 28 15:14:38 devstack cinder-volume[84270]: DEBUG oslo_concurrency.processutils [None req-236d360d-e5b5-4fa6-81cf-832a2fc7c4aa tempest-GroupSnapshotsTest-1328565825 None] Running cmd (subprocess): sudo cinder-rootwrap /etc/cinder/rootwrap.conf qemu-img rebase -u -b volume-6f58f532-9ded-47d4-8621-b5a4564b33dd -F qcow2 /opt/stack/data/cinder/mnt/1f06dd97cb432942b0e7fb71ed838e63/volume-6f58f532-9ded-47d4-8621-b5a4564b33dd.76536074-b439-4083-9d3f-86f0f160be2f {{(pid=84270) execute /opt/stack/data/venv/lib/python3.12/site-packages/oslo_concurrency/processutils.py:440}}
Apr 28 15:14:38 devstack sudo[86690]: quobyte : PWD=/ ; USER=root ; COMMAND=/opt/stack/data/venv/bin/cinder-rootwrap /etc/cinder/rootwrap.conf qemu-img rebase -u -b volume-6f58f532-9ded-47d4-8621-b5a4564b33dd -F qcow2 /opt/stack/data/cinder/mnt/1f06dd97cb432942b0e7fb71ed838e63/volume-6f58f532-9ded-47d4-8621-b5a4564b33dd.76536074-b439-4083-9d3f-86f0f160be2f
Apr 28 15:14:38 devstack sudo[86690]: pam_unix(sudo:session): session opened for user root(uid=0) by (uid=1000)
Apr 28 15:14:39 devstack sudo[86690]: pam_unix(sudo:session): session closed for user root
Apr 28 15:14:39 devstack cinder-volume[84270]: DEBUG oslo_concurrency.processutils [None req-236d360d-e5b5-4fa6-81cf-832a2fc7c4aa tempest-GroupSnapshotsTest-1328565825 None] CMD "sudo cinder-rootwrap /etc/cinder/rootwrap.conf qemu-img rebase -u -b volume-6f58f532-9ded-47d4-8621-b5a4564b33dd -F qcow2 /opt/stack/data/cinder/mnt/1f06dd97cb432942b0e7fb71ed838e63/volume-6f58f532-9ded-47d4-8621-b5a4564b33dd.76536074-b439-4083-9d3f-86f0f160be2f" returned: 0 in 0.762s {{(pid=84270) execute /opt/stack/data/venv/lib/python3.12/site-packages/oslo_concurrency/processutils.py:468}}
Apr 28 15:14:39 devstack cinder-volume[84270]: WARNING cinder.volume.drivers.remotefs [None req-236d360d-e5b5-4fa6-81cf-832a2fc7c4aa tempest-GroupSnapshotsTest-1328565825 None] /opt/stack/data/cinder/mnt/1f06dd97cb432942b0e7fb71ed838e63/volume-6f58f532-9ded-47d4-8621-b5a4564b33dd.76536074-b439-4083-9d3f-86f0f160be2f is being set with open permissions: ugo+rw: NotImplementedError
Apr 28 15:14:39 devstack cinder-volume[84270]: DEBUG oslo_concurrency.processutils [None req-236d360d-e5b5-4fa6-81cf-832a2fc7c4aa tempest-GroupSnapshotsTest-1328565825 None] Running cmd (subprocess): sudo cinder-rootwrap /etc/cinder/rootwrap.conf chmod ugo+rw /opt/stack/data/cinder/mnt/1f06dd97cb432942b0e7fb71ed838e63/volume-6f58f532-9ded-47d4-8621-b5a4564b33dd.76536074-b439-4083-9d3f-86f0f160be2f {{(pid=84270) execute /opt/stack/data/venv/lib/python3.12/site-packages/oslo_concurrency/processutils.py:440}}
Apr 28 15:14:39 devstack sudo[86696]: quobyte : PWD=/ ; USER=root ; COMMAND=/opt/stack/data/venv/bin/cinder-rootwrap /etc/cinder/rootwrap.conf chmod ugo+rw /opt/stack/data/cinder/mnt/1f06dd97cb432942b0e7fb71ed838e63/volume-6f58f532-9ded-47d4-8621-b5a4564b33dd.76536074-b439-4083-9d3f-86f0f160be2f
Apr 28 15:14:39 devstack sudo[86696]: pam_unix(sudo:session): session opened for user root(uid=0) by (uid=1000)
Apr 28 15:14:39 devstack sudo[86696]: pam_unix(sudo:session): session closed for user root
Apr 28 15:14:39 devstack cinder-volume[84270]: DEBUG oslo_concurrency.processutils [None req-236d360d-e5b5-4fa6-81cf-832a2fc7c4aa tempest-GroupSnapshotsTest-1328565825 None] CMD "sudo cinder-rootwrap /etc/cinder/rootwrap.conf chmod ugo+rw /opt/stack/data/cinder/mnt/1f06dd97cb432942b0e7fb71ed838e63/volume-6f58f532-9ded-47d4-8621-b5a4564b33dd.76536074-b439-4083-9d3f-86f0f160be2f" returned: 0 in 0.789s {{(pid=84270) execute /opt/stack/data/venv/lib/python3.12/site-packages/oslo_concurrency/processutils.py:468}}
Apr 28 15:14:39 devstack cinder-volume[84270]: DEBUG oslo_concurrency.processutils [None req-236d360d-e5b5-4fa6-81cf-832a2fc7c4aa tempest-GroupSnapshotsTest-1328565825 None] Running cmd (subprocess): sudo cinder-rootwrap /etc/cinder/rootwrap.conf truncate -s0 /opt/stack/data/cinder/mnt/1f06dd97cb432942b0e7fb71ed838e63/volume-6f58f532-9ded-47d4-8621-b5a4564b33dd.info {{(pid=84270) execute /opt/stack/data/venv/lib/python3.12/site-packages/oslo_concurrency/processutils.py:440}}
Apr 28 15:14:40 devstack sudo[86701]: quobyte : PWD=/ ; USER=root ; COMMAND=/opt/stack/data/venv/bin/cinder-rootwrap /etc/cinder/rootwrap.conf truncate -s0 /opt/stack/data/cinder/mnt/1f06dd97cb432942b0e7fb71ed838e63/volume-6f58f532-9ded-47d4-8621-b5a4564b33dd.info
Apr 28 15:14:40 devstack sudo[86701]: pam_unix(sudo:session): session opened for user root(uid=0) by (uid=1000)
Apr 28 15:14:40 devstack sudo[86701]: pam_unix(sudo:session): session closed for user root
Apr 28 15:14:40 devstack cinder-volume[84270]: DEBUG oslo_concurrency.processutils [None req-236d360d-e5b5-4fa6-81cf-832a2fc7c4aa tempest-GroupSnapshotsTest-1328565825 None] CMD "sudo cinder-rootwrap /etc/cinder/rootwrap.conf truncate -s0 /opt/stack/data/cinder/mnt/1f06dd97cb432942b0e7fb71ed838e63/volume-6f58f532-9ded-47d4-8621-b5a4564b33dd.info" returned: 0 in 0.670s {{(pid=84270) execute /opt/stack/data/venv/lib/python3.12/site-packages/oslo_concurrency/processutils.py:468}}
Apr 28 15:14:40 devstack cinder-volume[84270]: WARNING cinder.volume.drivers.remotefs [None req-236d360d-e5b5-4fa6-81cf-832a2fc7c4aa tempest-GroupSnapshotsTest-1328565825 None] /opt/stack/data/cinder/mnt/1f06dd97cb432942b0e7fb71ed838e63/volume-6f58f532-9ded-47d4-8621-b5a4564b33dd.info is being set with open permissions: ugo+rw: NotImplementedError
Apr 28 15:14:40 devstack cinder-volume[84270]: DEBUG oslo_concurrency.processutils [None req-236d360d-e5b5-4fa6-81cf-832a2fc7c4aa tempest-GroupSnapshotsTest-1328565825 None] Running cmd (subprocess): sudo cinder-rootwrap /etc/cinder/rootwrap.conf chmod ugo+rw /opt/stack/data/cinder/mnt/1f06dd97cb432942b0e7fb71ed838e63/volume-6f58f532-9ded-47d4-8621-b5a4564b33dd.info {{(pid=84270) execute /opt/stack/data/venv/lib/python3.12/site-packages/oslo_concurrency/processutils.py:440}}
Apr 28 15:14:40 devstack sudo[86705]: quobyte : PWD=/ ; USER=root ; COMMAND=/opt/stack/data/venv/bin/cinder-rootwrap /etc/cinder/rootwrap.conf chmod ugo+rw /opt/stack/data/cinder/mnt/1f06dd97cb432942b0e7fb71ed838e63/volume-6f58f532-9ded-47d4-8621-b5a4564b33dd.info
Apr 28 15:14:40 devstack sudo[86705]: pam_unix(sudo:session): session opened for user root(uid=0) by (uid=1000)
Apr 28 15:14:41 devstack sudo[86705]: pam_unix(sudo:session): session closed for user root
Apr 28 15:14:41 devstack cinder-volume[84270]: DEBUG oslo_concurrency.processutils [None req-236d360d-e5b5-4fa6-81cf-832a2fc7c4aa tempest-GroupSnapshotsTest-1328565825 None] CMD "sudo cinder-rootwrap /etc/cinder/rootwrap.conf chmod ugo+rw /opt/stack/data/cinder/mnt/1f06dd97cb432942b0e7fb71ed838e63/volume-6f58f532-9ded-47d4-8621-b5a4564b33dd.info" returned: 0 in 0.648s {{(pid=84270) execute /opt/stack/data/venv/lib/python3.12/site-packages/oslo_concurrency/processutils.py:468}}
Apr 28 15:14:41 devstack cinder-volume[84270]: DEBUG oslo_concurrency.lockutils [None req-236d360d-e5b5-4fa6-81cf-832a2fc7c4aa tempest-GroupSnapshotsTest-1328565825 None] Lock "quobyte" "released" by "cinder.volume.drivers.quobyte.QuobyteDriver.create_snapshot" :: held 4.983s {{(pid=84270) inner /opt/stack/data/venv/lib/python3.12/site-packages/oslo_concurrency/lockutils.py:538}}
Apr 28 15:14:41 devstack cinder-volume[84270]: DEBUG oslo_concurrency.lockutils [None req-a44d11df-cd1b-4908-aea1-ed9f2547d9da tempest-VolumesCloneTest-795630154 None] Lock "quobyte" acquired by "cinder.volume.drivers.quobyte.QuobyteDriver.create_cloned_volume" :: waited 9.226s {{(pid=84270) inner /opt/stack/data/venv/lib/python3.12/site-packages/oslo_concurrency/lockutils.py:519}}
Apr 28 15:14:41 devstack cinder-volume[84270]: INFO cinder.volume.drivers.remotefs [None req-a44d11df-cd1b-4908-aea1-ed9f2547d9da tempest-VolumesCloneTest-795630154 None] Cloning volume 62ceb0ac-866d-4732-8424-9b08cd49afa6 to volume db679a93-ffcc-48bb-881f-e5e083843d87
Apr 28 15:14:41 devstack cinder-volume[84270]: DEBUG cinder.volume.drivers.remotefs [None req-a44d11df-cd1b-4908-aea1-ed9f2547d9da tempest-VolumesCloneTest-795630154 None] Creating offline snapshot ff981b84-d921-46a9-b696-35b844a0408e of volume 62ceb0ac-866d-4732-8424-9b08cd49afa6 {{(pid=84270) _create_snapshot /opt/stack/cinder/cinder/volume/drivers/remotefs.py:1816}}
Apr 28 15:14:41 devstack cinder-volume[84270]: DEBUG oslo.privsep.daemon [-] privsep: reply[65ac2a40-447a-4252-afe2-c90375892631]: (4, 'qcow2') {{(pid=84876) _call_back /opt/stack/data/venv/lib/python3.12/site-packages/oslo_privsep/daemon.py:573}}
Apr 28 15:14:41 devstack cinder-volume[84270]: DEBUG oslo_concurrency.processutils [None req-a44d11df-cd1b-4908-aea1-ed9f2547d9da tempest-VolumesCloneTest-795630154 None] Running cmd (subprocess): /opt/stack/data/venv/bin/python3.12 -m oslo_concurrency.prlimit --as=1073741824 --cpu=60 -- sudo cinder-rootwrap /etc/cinder/rootwrap.conf env LC_ALL=C qemu-img info -f qcow2 --output=json --force-share /opt/stack/data/cinder/mnt/1f06dd97cb432942b0e7fb71ed838e63/volume-62ceb0ac-866d-4732-8424-9b08cd49afa6 {{(pid=84270) execute /opt/stack/data/venv/lib/python3.12/site-packages/oslo_concurrency/processutils.py:440}}
Apr 28 15:14:41 devstack cinder-volume[84270]: INFO cinder.volume.manager [None req-236d360d-e5b5-4fa6-81cf-832a2fc7c4aa tempest-GroupSnapshotsTest-1328565825 None] group_snapshot bdda61d1-03c2-44ea-a2ae-0b536fb0ec31: created successfully
