Sep 05 20:52:13 devstack cinder-volume[87802]: DEBUG oslo.privsep.daemon [-] privsep: reply[5d581248-0d42-430d-a477-9a8c6d02aadd]: (4, 'qcow2') {{(pid=88769) _call_back /opt/stack/data/venv/lib/python3.12/site-packages/oslo_privsep/daemon.py:580}}
Sep 05 20:52:13 devstack cinder-volume[87802]: DEBUG oslo_concurrency.processutils [None req-edace4b5-1384-4dbd-b429-3dfcac148594 tempest-GroupSnapshotsTest-888304146 None] Running cmd (subprocess): /opt/stack/data/venv/bin/python3.12 -m oslo_concurrency.prlimit --as=1073741824 --cpu=60 -- sudo cinder-rootwrap /etc/cinder/rootwrap.conf env LC_ALL=C qemu-img info -f qcow2 --output=json --force-share /opt/stack/data/cinder/mnt/5af5bb7cad4265642fb2cf20f06886f2/volume-67485993-b49a-4e74-9c77-ef85f31eba80 {{(pid=87802) execute /opt/stack/data/venv/lib/python3.12/site-packages/oslo_concurrency/processutils.py:440}}
Sep 05 20:52:13 devstack sudo[93346]: quobyte : PWD=/ ; USER=root ; COMMAND=/opt/stack/data/venv/bin/cinder-rootwrap /etc/cinder/rootwrap.conf env LC_ALL=C qemu-img info -f qcow2 --output=json --force-share /opt/stack/data/cinder/mnt/5af5bb7cad4265642fb2cf20f06886f2/volume-67485993-b49a-4e74-9c77-ef85f31eba80
Sep 05 20:52:13 devstack sudo[93346]: pam_unix(sudo:session): session opened for user root(uid=0) by (uid=1000)
Sep 05 20:52:13 devstack sudo[93346]: pam_unix(sudo:session): session closed for user root
Sep 05 20:52:13 devstack cinder-volume[87802]: DEBUG oslo_concurrency.processutils [None req-edace4b5-1384-4dbd-b429-3dfcac148594 tempest-GroupSnapshotsTest-888304146 None] CMD "/opt/stack/data/venv/bin/python3.12 -m oslo_concurrency.prlimit --as=1073741824 --cpu=60 -- sudo cinder-rootwrap /etc/cinder/rootwrap.conf env LC_ALL=C qemu-img info -f qcow2 --output=json --force-share /opt/stack/data/cinder/mnt/5af5bb7cad4265642fb2cf20f06886f2/volume-67485993-b49a-4e74-9c77-ef85f31eba80" returned: 0 in 0.659s {{(pid=87802) execute /opt/stack/data/venv/lib/python3.12/site-packages/oslo_concurrency/processutils.py:468}}
Sep 05 20:52:13 devstack cinder-volume[87802]: DEBUG oslo_concurrency.processutils [None req-edace4b5-1384-4dbd-b429-3dfcac148594 tempest-GroupSnapshotsTest-888304146 None] Running cmd (subprocess): sudo cinder-rootwrap /etc/cinder/rootwrap.conf qemu-img create -f qcow2 -o backing_file=/opt/stack/data/cinder/mnt/5af5bb7cad4265642fb2cf20f06886f2/volume-67485993-b49a-4e74-9c77-ef85f31eba80,backing_fmt=qcow2 /opt/stack/data/cinder/mnt/5af5bb7cad4265642fb2cf20f06886f2/volume-67485993-b49a-4e74-9c77-ef85f31eba80.7df16ac1-6494-4386-80d1-c321641e8104 1G {{(pid=87802) execute /opt/stack/data/venv/lib/python3.12/site-packages/oslo_concurrency/processutils.py:440}}
Sep 05 20:52:13 devstack sudo[93351]: quobyte : PWD=/ ; USER=root ; COMMAND=/opt/stack/data/venv/bin/cinder-rootwrap /etc/cinder/rootwrap.conf qemu-img create -f qcow2 -o backing_file=/opt/stack/data/cinder/mnt/5af5bb7cad4265642fb2cf20f06886f2/volume-67485993-b49a-4e74-9c77-ef85f31eba80,backing_fmt=qcow2 /opt/stack/data/cinder/mnt/5af5bb7cad4265642fb2cf20f06886f2/volume-67485993-b49a-4e74-9c77-ef85f31eba80.7df16ac1-6494-4386-80d1-c321641e8104 1G
Sep 05 20:52:13 devstack sudo[93351]: pam_unix(sudo:session): session opened for user root(uid=0) by (uid=1000)
Sep 05 20:52:14 devstack sudo[93351]: pam_unix(sudo:session): session closed for user root
Sep 05 20:52:14 devstack cinder-volume[87802]: DEBUG oslo_concurrency.processutils [None req-edace4b5-1384-4dbd-b429-3dfcac148594 tempest-GroupSnapshotsTest-888304146 None] CMD "sudo cinder-rootwrap /etc/cinder/rootwrap.conf qemu-img create -f qcow2 -o backing_file=/opt/stack/data/cinder/mnt/5af5bb7cad4265642fb2cf20f06886f2/volume-67485993-b49a-4e74-9c77-ef85f31eba80,backing_fmt=qcow2 /opt/stack/data/cinder/mnt/5af5bb7cad4265642fb2cf20f06886f2/volume-67485993-b49a-4e74-9c77-ef85f31eba80.7df16ac1-6494-4386-80d1-c321641e8104 1G" returned: 0 in 0.733s {{(pid=87802) execute /opt/stack/data/venv/lib/python3.12/site-packages/oslo_concurrency/processutils.py:468}}
Sep 05 20:52:14 devstack cinder-volume[87802]: DEBUG oslo_concurrency.processutils [None req-edace4b5-1384-4dbd-b429-3dfcac148594 tempest-GroupSnapshotsTest-888304146 None] Running cmd (subprocess): sudo cinder-rootwrap /etc/cinder/rootwrap.conf qemu-img rebase -u -b volume-67485993-b49a-4e74-9c77-ef85f31eba80 -F qcow2 /opt/stack/data/cinder/mnt/5af5bb7cad4265642fb2cf20f06886f2/volume-67485993-b49a-4e74-9c77-ef85f31eba80.7df16ac1-6494-4386-80d1-c321641e8104 {{(pid=87802) execute /opt/stack/data/venv/lib/python3.12/site-packages/oslo_concurrency/processutils.py:440}}
Sep 05 20:52:14 devstack sudo[93360]: quobyte : PWD=/ ; USER=root ; COMMAND=/opt/stack/data/venv/bin/cinder-rootwrap /etc/cinder/rootwrap.conf qemu-img rebase -u -b volume-67485993-b49a-4e74-9c77-ef85f31eba80 -F qcow2 /opt/stack/data/cinder/mnt/5af5bb7cad4265642fb2cf20f06886f2/volume-67485993-b49a-4e74-9c77-ef85f31eba80.7df16ac1-6494-4386-80d1-c321641e8104
Sep 05 20:52:14 devstack sudo[93360]: pam_unix(sudo:session): session opened for user root(uid=0) by (uid=1000)
Sep 05 20:52:15 devstack sudo[93360]: pam_unix(sudo:session): session closed for user root
Sep 05 20:52:15 devstack cinder-volume[87802]: DEBUG oslo_concurrency.processutils [None req-edace4b5-1384-4dbd-b429-3dfcac148594 tempest-GroupSnapshotsTest-888304146 None] CMD "sudo cinder-rootwrap /etc/cinder/rootwrap.conf qemu-img rebase -u -b volume-67485993-b49a-4e74-9c77-ef85f31eba80 -F qcow2 /opt/stack/data/cinder/mnt/5af5bb7cad4265642fb2cf20f06886f2/volume-67485993-b49a-4e74-9c77-ef85f31eba80.7df16ac1-6494-4386-80d1-c321641e8104" returned: 0 in 0.442s {{(pid=87802) execute /opt/stack/data/venv/lib/python3.12/site-packages/oslo_concurrency/processutils.py:468}}
Sep 05 20:52:15 devstack cinder-volume[87802]: WARNING cinder.volume.drivers.remotefs [None req-edace4b5-1384-4dbd-b429-3dfcac148594 tempest-GroupSnapshotsTest-888304146 None] /opt/stack/data/cinder/mnt/5af5bb7cad4265642fb2cf20f06886f2/volume-67485993-b49a-4e74-9c77-ef85f31eba80.7df16ac1-6494-4386-80d1-c321641e8104 is being set with open permissions: ugo+rw: NotImplementedError
Sep 05 20:52:15 devstack cinder-volume[87802]: DEBUG oslo_concurrency.processutils [None req-edace4b5-1384-4dbd-b429-3dfcac148594 tempest-GroupSnapshotsTest-888304146 None] Running cmd (subprocess): sudo cinder-rootwrap /etc/cinder/rootwrap.conf chmod ugo+rw /opt/stack/data/cinder/mnt/5af5bb7cad4265642fb2cf20f06886f2/volume-67485993-b49a-4e74-9c77-ef85f31eba80.7df16ac1-6494-4386-80d1-c321641e8104 {{(pid=87802) execute /opt/stack/data/venv/lib/python3.12/site-packages/oslo_concurrency/processutils.py:440}}
Sep 05 20:52:15 devstack sudo[93365]: quobyte : PWD=/ ; USER=root ; COMMAND=/opt/stack/data/venv/bin/cinder-rootwrap /etc/cinder/rootwrap.conf chmod ugo+rw /opt/stack/data/cinder/mnt/5af5bb7cad4265642fb2cf20f06886f2/volume-67485993-b49a-4e74-9c77-ef85f31eba80.7df16ac1-6494-4386-80d1-c321641e8104
Sep 05 20:52:15 devstack sudo[93365]: pam_unix(sudo:session): session opened for user root(uid=0) by (uid=1000)
Sep 05 20:52:15 devstack cinder-volume[87802]: DEBUG cinder.volume.flows.manager.create_volume [None req-8743ba4b-1b32-4e8d-b0cf-c60fb560a0ce tempest-ServersNegativeTestJSON-1663735209 None] Volume reschedule parameters: True retry: {'num_attempts': 1, 'backends': ['devstack@QuobyteHD#QuobyteHD'], 'hosts': ['devstack@QuobyteHD#QuobyteHD']} {{(pid=87802) get_flow /opt/stack/cinder/cinder/volume/flows/manager/create_volume.py:1397}}
Sep 05 20:52:15 devstack cinder-volume[87802]: DEBUG cinder.volume.manager [None req-8743ba4b-1b32-4e8d-b0cf-c60fb560a0ce tempest-ServersNegativeTestJSON-1663735209 None] Flow 'volume_create_manager' (5846bad1-c0ee-4820-96cf-a52f60b1e57b) transitioned into state 'RUNNING' from state 'PENDING' {{(pid=87802) _flow_receiver /opt/stack/data/venv/lib/python3.12/site-packages/taskflow/listeners/logging.py:160}}
Sep 05 20:52:15 devstack cinder-volume[87802]: DEBUG cinder.volume.manager [None req-8743ba4b-1b32-4e8d-b0cf-c60fb560a0ce tempest-ServersNegativeTestJSON-1663735209 None] Task 'cinder.volume.flows.manager.create_volume.ExtractVolumeRefTask;volume:create' (3b8444c4-fd0e-4119-88d4-45cc222b1488) transitioned into state 'RUNNING' from state 'PENDING' {{(pid=87802) _task_receiver /opt/stack/data/venv/lib/python3.12/site-packages/taskflow/listeners/logging.py:242}}
Sep 05 20:52:15 devstack cinder-volume[87802]: DEBUG cinder.volume.manager [None req-8743ba4b-1b32-4e8d-b0cf-c60fb560a0ce tempest-ServersNegativeTestJSON-1663735209 None] Task 'cinder.volume.flows.manager.create_volume.ExtractVolumeRefTask;volume:create' (3b8444c4-fd0e-4119-88d4-45cc222b1488) transitioned into state 'SUCCESS' from state 'RUNNING' with result 'Volume(_name_id=None,admin_metadata=,attach_status='detached',availability_zone='nova',bootable=False,cluster=,cluster_name=None,consistencygroup=,consistencygroup_id=None,created_at=2026-09-05T18:52:15Z,deleted=False,deleted_at=None,display_description=None,display_name='tempest-ServersNegativeTestJSON-volume-248967481',ec2_id=None,encryption_key_id=None,glance_metadata=,group=,group_id=None,host='devstack@QuobyteHD#QuobyteHD',id=a3b12e1e-81ea-4e49-8391-07d6613d2c07,launched_at=None,metadata={},migration_status=None,multiattach=False,previous_status=None,project_id='dee157033eef4ee6a49450925c1a9fba',provider_auth=None,provider_geometry=None,provider_id=None,provider_location=None,replication_driver_data=None,replication_extended_status=None,replication_status=None,scheduled_at=2026-09-05T18:52:15Z,service_uuid=None,shared_targets=True,size=1,snapshot_id=None,snapshots=,source_volid=None,status='creating',terminated_at=None,updated_at=2026-09-05T18:52:15Z,use_quota=True,user_id='7ffda631b731494d9d9250c05e972709',volume_attachment=VolumeAttachmentList,volume_type=VolumeType(bbfd0a89-b804-4340-983c-a3751955fbf2),volume_type_id=bbfd0a89-b804-4340-983c-a3751955fbf2)' {{(pid=87802) _task_receiver /opt/stack/data/venv/lib/python3.12/site-packages/taskflow/listeners/logging.py:218}}
Sep 05 20:52:15 devstack cinder-volume[87802]: DEBUG cinder.volume.manager [None req-8743ba4b-1b32-4e8d-b0cf-c60fb560a0ce tempest-ServersNegativeTestJSON-1663735209 None] Task 'cinder.volume.flows.manager.create_volume.OnFailureRescheduleTask;volume:create' (d7218242-1e4c-4b50-acfd-9719be477e54) transitioned into state 'RUNNING' from state 'PENDING' {{(pid=87802) _task_receiver /opt/stack/data/venv/lib/python3.12/site-packages/taskflow/listeners/logging.py:242}}
Sep 05 20:52:15 devstack cinder-volume[87802]: DEBUG cinder.volume.manager [None req-8743ba4b-1b32-4e8d-b0cf-c60fb560a0ce tempest-ServersNegativeTestJSON-1663735209 None] Task 'cinder.volume.flows.manager.create_volume.OnFailureRescheduleTask;volume:create' (d7218242-1e4c-4b50-acfd-9719be477e54) transitioned into state 'SUCCESS' from state 'RUNNING' with result 'None' {{(pid=87802) _task_receiver /opt/stack/data/venv/lib/python3.12/site-packages/taskflow/listeners/logging.py:218}}
Sep 05 20:52:15 devstack cinder-volume[87802]: DEBUG cinder.volume.manager [None req-8743ba4b-1b32-4e8d-b0cf-c60fb560a0ce tempest-ServersNegativeTestJSON-1663735209 None] Task 'cinder.volume.flows.manager.create_volume.ExtractVolumeSpecTask;volume:create' (4f2ed299-1366-4b63-94b2-f4c1534df03d) transitioned into state 'RUNNING' from state 'PENDING' {{(pid=87802) _task_receiver /opt/stack/data/venv/lib/python3.12/site-packages/taskflow/listeners/logging.py:242}}
Sep 05 20:52:15 devstack cinder-volume[87802]: DEBUG cinder.volume.manager [None req-8743ba4b-1b32-4e8d-b0cf-c60fb560a0ce tempest-ServersNegativeTestJSON-1663735209 None] Task 'cinder.volume.flows.manager.create_volume.ExtractVolumeSpecTask;volume:create' (4f2ed299-1366-4b63-94b2-f4c1534df03d) transitioned into state 'SUCCESS' from state 'RUNNING' with result '{'status': 'creating', 'type': 'raw', 'volume_id': 'a3b12e1e-81ea-4e49-8391-07d6613d2c07', 'volume_name': 'volume-a3b12e1e-81ea-4e49-8391-07d6613d2c07', 'volume_size': 1}' {{(pid=87802) _task_receiver /opt/stack/data/venv/lib/python3.12/site-packages/taskflow/listeners/logging.py:218}}
Sep 05 20:52:15 devstack cinder-volume[87802]: DEBUG cinder.volume.manager [None req-8743ba4b-1b32-4e8d-b0cf-c60fb560a0ce tempest-ServersNegativeTestJSON-1663735209 None] Task 'cinder.volume.flows.manager.create_volume.NotifyVolumeActionTask;volume:create, create.start' (9a9c2a28-0aa6-410b-a2d3-dd65b983ce52) transitioned into state 'RUNNING' from state 'PENDING' {{(pid=87802) _task_receiver /opt/stack/data/venv/lib/python3.12/site-packages/taskflow/listeners/logging.py:242}}
Sep 05 20:52:15 devstack cinder-volume[87802]: DEBUG cinder.volume.manager [None req-8743ba4b-1b32-4e8d-b0cf-c60fb560a0ce tempest-ServersNegativeTestJSON-1663735209 None] Task 'cinder.volume.flows.manager.create_volume.NotifyVolumeActionTask;volume:create, create.start' (9a9c2a28-0aa6-410b-a2d3-dd65b983ce52) transitioned into state 'SUCCESS' from state 'RUNNING' with result 'None' {{(pid=87802) _task_receiver /opt/stack/data/venv/lib/python3.12/site-packages/taskflow/listeners/logging.py:218}}
Sep 05 20:52:15 devstack cinder-volume[87802]: DEBUG cinder.volume.manager [None req-8743ba4b-1b32-4e8d-b0cf-c60fb560a0ce tempest-ServersNegativeTestJSON-1663735209 None] Task 'cinder.volume.flows.manager.create_volume.CreateVolumeFromSpecTask;volume:create' (324213cd-edcd-4b6d-a339-928059e9bdb3) transitioned into state 'RUNNING' from state 'PENDING' {{(pid=87802) _task_receiver /opt/stack/data/venv/lib/python3.12/site-packages/taskflow/listeners/logging.py:242}}
Sep 05 20:52:15 devstack cinder-volume[87802]: INFO cinder.volume.flows.manager.create_volume [None req-8743ba4b-1b32-4e8d-b0cf-c60fb560a0ce tempest-ServersNegativeTestJSON-1663735209 None] Volume a3b12e1e-81ea-4e49-8391-07d6613d2c07: being created as raw with specification: {'status': 'creating', 'volume_name': 'volume-a3b12e1e-81ea-4e49-8391-07d6613d2c07', 'volume_size': 1}
Sep 05 20:52:15 devstack cinder-volume[87802]: DEBUG oslo_concurrency.lockutils [None req-8743ba4b-1b32-4e8d-b0cf-c60fb560a0ce tempest-ServersNegativeTestJSON-1663735209 None] Acquiring lock "quobyte" by "cinder.volume.drivers.quobyte.QuobyteDriver.create_volume" {{(pid=87802) inner /opt/stack/data/venv/lib/python3.12/site-packages/oslo_concurrency/lockutils.py:512}}
Sep 05 20:52:15 devstack sudo[93365]: pam_unix(sudo:session): session closed for user root
Sep 05 20:52:15 devstack cinder-volume[87802]: DEBUG oslo_concurrency.processutils [None req-edace4b5-1384-4dbd-b429-3dfcac148594 tempest-GroupSnapshotsTest-888304146 None] CMD "sudo cinder-rootwrap /etc/cinder/rootwrap.conf chmod ugo+rw /opt/stack/data/cinder/mnt/5af5bb7cad4265642fb2cf20f06886f2/volume-67485993-b49a-4e74-9c77-ef85f31eba80.7df16ac1-6494-4386-80d1-c321641e8104" returned: 0 in 0.388s {{(pid=87802) execute /opt/stack/data/venv/lib/python3.12/site-packages/oslo_concurrency/processutils.py:468}}
Sep 05 20:52:15 devstack cinder-volume[87802]: DEBUG oslo_concurrency.processutils [None req-edace4b5-1384-4dbd-b429-3dfcac148594 tempest-GroupSnapshotsTest-888304146 None] Running cmd (subprocess): sudo cinder-rootwrap /etc/cinder/rootwrap.conf truncate -s0 /opt/stack/data/cinder/mnt/5af5bb7cad4265642fb2cf20f06886f2/volume-67485993-b49a-4e74-9c77-ef85f31eba80.info {{(pid=87802) execute /opt/stack/data/venv/lib/python3.12/site-packages/oslo_concurrency/processutils.py:440}}
Sep 05 20:52:15 devstack sudo[93369]: quobyte : PWD=/ ; USER=root ; COMMAND=/opt/stack/data/venv/bin/cinder-rootwrap /etc/cinder/rootwrap.conf truncate -s0 /opt/stack/data/cinder/mnt/5af5bb7cad4265642fb2cf20f06886f2/volume-67485993-b49a-4e74-9c77-ef85f31eba80.info
Sep 05 20:52:15 devstack sudo[93369]: pam_unix(sudo:session): session opened for user root(uid=0) by (uid=1000)
Sep 05 20:52:15 devstack sudo[93369]: pam_unix(sudo:session): session closed for user root
Sep 05 20:52:15 devstack cinder-volume[87802]: DEBUG oslo_concurrency.processutils [None req-edace4b5-1384-4dbd-b429-3dfcac148594 tempest-GroupSnapshotsTest-888304146 None] CMD "sudo cinder-rootwrap /etc/cinder/rootwrap.conf truncate -s0 /opt/stack/data/cinder/mnt/5af5bb7cad4265642fb2cf20f06886f2/volume-67485993-b49a-4e74-9c77-ef85f31eba80.info" returned: 0 in 0.331s {{(pid=87802) execute /opt/stack/data/venv/lib/python3.12/site-packages/oslo_concurrency/processutils.py:468}}
Sep 05 20:52:15 devstack cinder-volume[87802]: WARNING cinder.volume.drivers.remotefs [None req-edace4b5-1384-4dbd-b429-3dfcac148594 tempest-GroupSnapshotsTest-888304146 None] /opt/stack/data/cinder/mnt/5af5bb7cad4265642fb2cf20f06886f2/volume-67485993-b49a-4e74-9c77-ef85f31eba80.info is being set with open permissions: ugo+rw: NotImplementedError
Sep 05 20:52:15 devstack cinder-volume[87802]: DEBUG oslo_concurrency.processutils [None req-edace4b5-1384-4dbd-b429-3dfcac148594 tempest-GroupSnapshotsTest-888304146 None] Running cmd (subprocess): sudo cinder-rootwrap /etc/cinder/rootwrap.conf chmod ugo+rw /opt/stack/data/cinder/mnt/5af5bb7cad4265642fb2cf20f06886f2/volume-67485993-b49a-4e74-9c77-ef85f31eba80.info {{(pid=87802) execute /opt/stack/data/venv/lib/python3.12/site-packages/oslo_concurrency/processutils.py:440}}
Sep 05 20:52:15 devstack sudo[93373]: quobyte : PWD=/ ; USER=root ; COMMAND=/opt/stack/data/venv/bin/cinder-rootwrap /etc/cinder/rootwrap.conf chmod ugo+rw /opt/stack/data/cinder/mnt/5af5bb7cad4265642fb2cf20f06886f2/volume-67485993-b49a-4e74-9c77-ef85f31eba80.info
Sep 05 20:52:15 devstack sudo[93373]: pam_unix(sudo:session): session opened for user root(uid=0) by (uid=1000)
Sep 05 20:52:16 devstack sudo[93373]: pam_unix(sudo:session): session closed for user root
Sep 05 20:52:16 devstack cinder-volume[87802]: DEBUG oslo_concurrency.processutils [None req-edace4b5-1384-4dbd-b429-3dfcac148594 tempest-GroupSnapshotsTest-888304146 None] CMD "sudo cinder-rootwrap /etc/cinder/rootwrap.conf chmod ugo+rw /opt/stack/data/cinder/mnt/5af5bb7cad4265642fb2cf20f06886f2/volume-67485993-b49a-4e74-9c77-ef85f31eba80.info" returned: 0 in 0.312s {{(pid=87802) execute /opt/stack/data/venv/lib/python3.12/site-packages/oslo_concurrency/processutils.py:468}}
Sep 05 20:52:16 devstack cinder-volume[87802]: DEBUG oslo_concurrency.lockutils [None req-edace4b5-1384-4dbd-b429-3dfcac148594 tempest-GroupSnapshotsTest-888304146 None] Lock "quobyte" "released" by "cinder.volume.drivers.quobyte.QuobyteDriver.create_snapshot" :: held 3.025s {{(pid=87802) inner /opt/stack/data/venv/lib/python3.12/site-packages/oslo_concurrency/lockutils.py:544}}
Sep 05 20:52:16 devstack cinder-volume[87802]: DEBUG oslo_concurrency.lockutils [None req-edace4b5-1384-4dbd-b429-3dfcac148594 tempest-GroupSnapshotsTest-888304146 None] Acquiring lock "quobyte" by "cinder.volume.drivers.quobyte.QuobyteDriver.create_snapshot" {{(pid=87802) inner /opt/stack/data/venv/lib/python3.12/site-packages/oslo_concurrency/lockutils.py:512}}
Sep 05 20:52:16 devstack cinder-volume[87802]: DEBUG oslo_concurrency.lockutils [None req-edace4b5-1384-4dbd-b429-3dfcac148594 tempest-GroupSnapshotsTest-888304146 None] Lock "quobyte" acquired by "cinder.volume.drivers.quobyte.QuobyteDriver.create_snapshot" :: waited 0.001s {{(pid=87802) inner /opt/stack/data/venv/lib/python3.12/site-packages/oslo_concurrency/lockutils.py:525}}
Sep 05 20:52:16 devstack cinder-volume[87802]: DEBUG cinder.volume.drivers.remotefs [None req-edace4b5-1384-4dbd-b429-3dfcac148594 tempest-GroupSnapshotsTest-888304146 None] Creating offline snapshot 9518f42c-3d62-44c1-90d8-a3ccd23070f0 of volume a51f6799-62d9-4b8f-81bf-b40f40180927 {{(pid=87802) _create_snapshot /opt/stack/cinder/cinder/volume/drivers/remotefs.py:1816}}
Sep 05 20:52:16 devstack cinder-volume[87802]: DEBUG oslo.privsep.daemon [-] privsep: reply[629f0d3f-0c71-42aa-844b-41793fca6676]: (4, 'qcow2') {{(pid=88769) _call_back /opt/stack/data/venv/lib/python3.12/site-packages/oslo_privsep/daemon.py:580}}
Sep 05 20:52:16 devstack cinder-volume[87802]: DEBUG oslo_concurrency.processutils [None req-edace4b5-1384-4dbd-b429-3dfcac148594 tempest-GroupSnapshotsTest-888304146 None] Running cmd (subprocess): /opt/stack/data/venv/bin/python3.12 -m oslo_concurrency.prlimit --as=1073741824 --cpu=60 -- sudo cinder-rootwrap /etc/cinder/rootwrap.conf env LC_ALL=C qemu-img info -f qcow2 --output=json --force-share /opt/stack/data/cinder/mnt/5af5bb7cad4265642fb2cf20f06886f2/volume-a51f6799-62d9-4b8f-81bf-b40f40180927 {{(pid=87802) execute /opt/stack/data/venv/lib/python3.12/site-packages/oslo_concurrency/processutils.py:440}}
Sep 05 20:52:16 devstack sudo[93376]: quobyte : PWD=/ ; USER=root ; COMMAND=/opt/stack/data/venv/bin/cinder-rootwrap /etc/cinder/rootwrap.conf env LC_ALL=C qemu-img info -f qcow2 --output=json --force-share /opt/stack/data/cinder/mnt/5af5bb7cad4265642fb2cf20f06886f2/volume-a51f6799-62d9-4b8f-81bf-b40f40180927
Sep 05 20:52:16 devstack sudo[93376]: pam_unix(sudo:session): session opened for user root(uid=0) by (uid=1000)
Sep 05 20:52:16 devstack sudo[93376]: pam_unix(sudo:session): session closed for user root
Sep 05 20:52:16 devstack cinder-volume[87802]: DEBUG oslo_concurrency.processutils [None req-edace4b5-1384-4dbd-b429-3dfcac148594 tempest-GroupSnapshotsTest-888304146 None] CMD "/opt/stack/data/venv/bin/python3.12 -m oslo_concurrency.prlimit --as=1073741824 --cpu=60 -- sudo cinder-rootwrap /etc/cinder/rootwrap.conf env LC_ALL=C qemu-img info -f qcow2 --output=json --force-share /opt/stack/data/cinder/mnt/5af5bb7cad4265642fb2cf20f06886f2/volume-a51f6799-62d9-4b8f-81bf-b40f40180927" returned: 0 in 0.542s {{(pid=87802) execute /opt/stack/data/venv/lib/python3.12/site-packages/oslo_concurrency/processutils.py:468}}
Sep 05 20:52:16 devstack cinder-volume[87802]: DEBUG oslo_concurrency.processutils [None req-edace4b5-1384-4dbd-b429-3dfcac148594 tempest-GroupSnapshotsTest-888304146 None] Running cmd (subprocess): sudo cinder-rootwrap /etc/cinder/rootwrap.conf qemu-img create -f qcow2 -o backing_file=/opt/stack/data/cinder/mnt/5af5bb7cad4265642fb2cf20f06886f2/volume-a51f6799-62d9-4b8f-81bf-b40f40180927,backing_fmt=qcow2 /opt/stack/data/cinder/mnt/5af5bb7cad4265642fb2cf20f06886f2/volume-a51f6799-62d9-4b8f-81bf-b40f40180927.9518f42c-3d62-44c1-90d8-a3ccd23070f0 1G {{(pid=87802) execute /opt/stack/data/venv/lib/python3.12/site-packages/oslo_concurrency/processutils.py:440}}
Sep 05 20:52:16 devstack sudo[93382]: quobyte : PWD=/ ; USER=root ; COMMAND=/opt/stack/data/venv/bin/cinder-rootwrap /etc/cinder/rootwrap.conf qemu-img create -f qcow2 -o backing_file=/opt/stack/data/cinder/mnt/5af5bb7cad4265642fb2cf20f06886f2/volume-a51f6799-62d9-4b8f-81bf-b40f40180927,backing_fmt=qcow2 /opt/stack/data/cinder/mnt/5af5bb7cad4265642fb2cf20f06886f2/volume-a51f6799-62d9-4b8f-81bf-b40f40180927.9518f42c-3d62-44c1-90d8-a3ccd23070f0 1G
Sep 05 20:52:16 devstack sudo[93382]: pam_unix(sudo:session): session opened for user root(uid=0) by (uid=1000)
Sep 05 20:52:17 devstack sudo[93382]: pam_unix(sudo:session): session closed for user root
Sep 05 20:52:17 devstack cinder-volume[87802]: DEBUG oslo_concurrency.processutils [None req-edace4b5-1384-4dbd-b429-3dfcac148594 tempest-GroupSnapshotsTest-888304146 None] CMD "sudo cinder-rootwrap /etc/cinder/rootwrap.conf qemu-img create -f qcow2 -o backing_file=/opt/stack/data/cinder/mnt/5af5bb7cad4265642fb2cf20f06886f2/volume-a51f6799-62d9-4b8f-81bf-b40f40180927,backing_fmt=qcow2 /opt/stack/data/cinder/mnt/5af5bb7cad4265642fb2cf20f06886f2/volume-a51f6799-62d9-4b8f-81bf-b40f40180927.9518f42c-3d62-44c1-90d8-a3ccd23070f0 1G" returned: 0 in 0.705s {{(pid=87802) execute /opt/stack/data/venv/lib/python3.12/site-packages/oslo_concurrency/processutils.py:468}}
Sep 05 20:52:17 devstack cinder-volume[87802]: DEBUG oslo_concurrency.processutils [None req-edace4b5-1384-4dbd-b429-3dfcac148594 tempest-GroupSnapshotsTest-888304146 None] Running cmd (subprocess): sudo cinder-rootwrap /etc/cinder/rootwrap.conf qemu-img rebase -u -b volume-a51f6799-62d9-4b8f-81bf-b40f40180927 -F qcow2 /opt/stack/data/cinder/mnt/5af5bb7cad4265642fb2cf20f06886f2/volume-a51f6799-62d9-4b8f-81bf-b40f40180927.9518f42c-3d62-44c1-90d8-a3ccd23070f0 {{(pid=87802) execute /opt/stack/data/venv/lib/python3.12/site-packages/oslo_concurrency/processutils.py:440}}
Sep 05 20:52:17 devstack sudo[93402]: quobyte : PWD=/ ; USER=root ; COMMAND=/opt/stack/data/venv/bin/cinder-rootwrap /etc/cinder/rootwrap.conf qemu-img rebase -u -b volume-a51f6799-62d9-4b8f-81bf-b40f40180927 -F qcow2 /opt/stack/data/cinder/mnt/5af5bb7cad4265642fb2cf20f06886f2/volume-a51f6799-62d9-4b8f-81bf-b40f40180927.9518f42c-3d62-44c1-90d8-a3ccd23070f0
Sep 05 20:52:17 devstack sudo[93402]: pam_unix(sudo:session): session opened for user root(uid=0) by (uid=1000)
Sep 05 20:52:17 devstack sudo[93402]: pam_unix(sudo:session): session closed for user root
Sep 05 20:52:17 devstack cinder-volume[87802]: DEBUG oslo_concurrency.processutils [None req-edace4b5-1384-4dbd-b429-3dfcac148594 tempest-GroupSnapshotsTest-888304146 None] CMD "sudo cinder-rootwrap /etc/cinder/rootwrap.conf qemu-img rebase -u -b volume-a51f6799-62d9-4b8f-81bf-b40f40180927 -F qcow2 /opt/stack/data/cinder/mnt/5af5bb7cad4265642fb2cf20f06886f2/volume-a51f6799-62d9-4b8f-81bf-b40f40180927.9518f42c-3d62-44c1-90d8-a3ccd23070f0" returned: 0 in 0.385s {{(pid=87802) execute /opt/stack/data/venv/lib/python3.12/site-packages/oslo_concurrency/processutils.py:468}}
Sep 05 20:52:17 devstack cinder-volume[87802]: WARNING cinder.volume.drivers.remotefs [None req-edace4b5-1384-4dbd-b429-3dfcac148594 tempest-GroupSnapshotsTest-888304146 None] /opt/stack/data/cinder/mnt/5af5bb7cad4265642fb2cf20f06886f2/volume-a51f6799-62d9-4b8f-81bf-b40f40180927.9518f42c-3d62-44c1-90d8-a3ccd23070f0 is being set with open permissions: ugo+rw: NotImplementedError
Sep 05 20:52:17 devstack cinder-volume[87802]: DEBUG oslo_concurrency.processutils [None req-edace4b5-1384-4dbd-b429-3dfcac148594 tempest-GroupSnapshotsTest-888304146 None] Running cmd (subprocess): sudo cinder-rootwrap /etc/cinder/rootwrap.conf chmod ugo+rw /opt/stack/data/cinder/mnt/5af5bb7cad4265642fb2cf20f06886f2/volume-a51f6799-62d9-4b8f-81bf-b40f40180927.9518f42c-3d62-44c1-90d8-a3ccd23070f0 {{(pid=87802) execute /opt/stack/data/venv/lib/python3.12/site-packages/oslo_concurrency/processutils.py:440}}
Sep 05 20:52:17 devstack sudo[93410]: quobyte : PWD=/ ; USER=root ; COMMAND=/opt/stack/data/venv/bin/cinder-rootwrap /etc/cinder/rootwrap.conf chmod ugo+rw /opt/stack/data/cinder/mnt/5af5bb7cad4265642fb2cf20f06886f2/volume-a51f6799-62d9-4b8f-81bf-b40f40180927.9518f42c-3d62-44c1-90d8-a3ccd23070f0
Sep 05 20:52:17 devstack sudo[93410]: pam_unix(sudo:session): session opened for user root(uid=0) by (uid=1000)
Sep 05 20:52:18 devstack sudo[93410]: pam_unix(sudo:session): session closed for user root
Sep 05 20:52:18 devstack cinder-volume[87802]: DEBUG oslo_concurrency.processutils [None req-edace4b5-1384-4dbd-b429-3dfcac148594 tempest-GroupSnapshotsTest-888304146 None] CMD "sudo cinder-rootwrap /etc/cinder/rootwrap.conf chmod ugo+rw /opt/stack/data/cinder/mnt/5af5bb7cad4265642fb2cf20f06886f2/volume-a51f6799-62d9-4b8f-81bf-b40f40180927.9518f42c-3d62-44c1-90d8-a3ccd23070f0" returned: 0 in 0.327s {{(pid=87802) execute /opt/stack/data/venv/lib/python3.12/site-packages/oslo_concurrency/processutils.py:468}}
Sep 05 20:52:18 devstack cinder-volume[87802]: DEBUG oslo_concurrency.processutils [None req-edace4b5-1384-4dbd-b429-3dfcac148594 tempest-GroupSnapshotsTest-888304146 None] Running cmd (subprocess): sudo cinder-rootwrap /etc/cinder/rootwrap.conf truncate -s0 /opt/stack/data/cinder/mnt/5af5bb7cad4265642fb2cf20f06886f2/volume-a51f6799-62d9-4b8f-81bf-b40f40180927.info {{(pid=87802) execute /opt/stack/data/venv/lib/python3.12/site-packages/oslo_concurrency/processutils.py:440}}
Sep 05 20:52:18 devstack sudo[93413]: quobyte : PWD=/ ; USER=root ; COMMAND=/opt/stack/data/venv/bin/cinder-rootwrap /etc/cinder/rootwrap.conf truncate -s0 /opt/stack/data/cinder/mnt/5af5bb7cad4265642fb2cf20f06886f2/volume-a51f6799-62d9-4b8f-81bf-b40f40180927.info
Sep 05 20:52:18 devstack sudo[93413]: pam_unix(sudo:session): session opened for user root(uid=0) by (uid=1000)
Sep 05 20:52:18 devstack sudo[93413]: pam_unix(sudo:session): session closed for user root
Sep 05 20:52:18 devstack cinder-volume[87802]: DEBUG oslo_concurrency.processutils [None req-edace4b5-1384-4dbd-b429-3dfcac148594 tempest-GroupSnapshotsTest-888304146 None] CMD "sudo cinder-rootwrap /etc/cinder/rootwrap.conf truncate -s0 /opt/stack/data/cinder/mnt/5af5bb7cad4265642fb2cf20f06886f2/volume-a51f6799-62d9-4b8f-81bf-b40f40180927.info" returned: 0 in 0.414s {{(pid=87802) execute /opt/stack/data/venv/lib/python3.12/site-packages/oslo_concurrency/processutils.py:468}}
Sep 05 20:52:18 devstack cinder-volume[87802]: WARNING cinder.volume.drivers.remotefs [None req-edace4b5-1384-4dbd-b429-3dfcac148594 tempest-GroupSnapshotsTest-888304146 None] /opt/stack/data/cinder/mnt/5af5bb7cad4265642fb2cf20f06886f2/volume-a51f6799-62d9-4b8f-81bf-b40f40180927.info is being set with open permissions: ugo+rw: NotImplementedError
Sep 05 20:52:18 devstack cinder-volume[87802]: DEBUG oslo_concurrency.processutils [None req-edace4b5-1384-4dbd-b429-3dfcac148594 tempest-GroupSnapshotsTest-888304146 None] Running cmd (subprocess): sudo cinder-rootwrap /etc/cinder/rootwrap.conf chmod ugo+rw /opt/stack/data/cinder/mnt/5af5bb7cad4265642fb2cf20f06886f2/volume-a51f6799-62d9-4b8f-81bf-b40f40180927.info {{(pid=87802) execute /opt/stack/data/venv/lib/python3.12/site-packages/oslo_concurrency/processutils.py:440}}
Sep 05 20:52:18 devstack sudo[93416]: quobyte : PWD=/ ; USER=root ; COMMAND=/opt/stack/data/venv/bin/cinder-rootwrap /etc/cinder/rootwrap.conf chmod ugo+rw /opt/stack/data/cinder/mnt/5af5bb7cad4265642fb2cf20f06886f2/volume-a51f6799-62d9-4b8f-81bf-b40f40180927.info
Sep 05 20:52:18 devstack sudo[93416]: pam_unix(sudo:session): session opened for user root(uid=0) by (uid=1000)
Sep 05 20:52:18 devstack sudo[93416]: pam_unix(sudo:session): session closed for user root
Sep 05 20:52:18 devstack cinder-volume[87802]: DEBUG oslo_concurrency.processutils [None req-edace4b5-1384-4dbd-b429-3dfcac148594 tempest-GroupSnapshotsTest-888304146 None] CMD "sudo cinder-rootwrap /etc/cinder/rootwrap.conf chmod ugo+rw /opt/stack/data/cinder/mnt/5af5bb7cad4265642fb2cf20f06886f2/volume-a51f6799-62d9-4b8f-81bf-b40f40180927.info" returned: 0 in 0.306s {{(pid=87802) execute /opt/stack/data/venv/lib/python3.12/site-packages/oslo_concurrency/processutils.py:468}}
Sep 05 20:52:18 devstack cinder-volume[87802]: DEBUG oslo_concurrency.lockutils [None req-edace4b5-1384-4dbd-b429-3dfcac148594 tempest-GroupSnapshotsTest-888304146 None] Lock "quobyte" "released" by "cinder.volume.drivers.quobyte.QuobyteDriver.create_snapshot" :: held 2.807s {{(pid=87802) inner /opt/stack/data/venv/lib/python3.12/site-packages/oslo_concurrency/lockutils.py:544}}
Sep 05 20:52:18 devstack cinder-volume[87802]: DEBUG oslo_concurrency.lockutils [None req-8743ba4b-1b32-4e8d-b0cf-c60fb560a0ce tempest-ServersNegativeTestJSON-1663735209 None] Lock "quobyte" acquired by "cinder.volume.drivers.quobyte.QuobyteDriver.create_volume" :: waited 3.597s {{(pid=87802) inner /opt/stack/data/venv/lib/python3.12/site-packages/oslo_concurrency/lockutils.py:525}}
Sep 05 20:52:18 devstack cinder-volume[87802]: DEBUG cinder.volume.drivers.quobyte [None req-8743ba4b-1b32-4e8d-b0cf-c60fb560a0ce tempest-ServersNegativeTestJSON-1663735209 None] ==> create_volume: call "{'self': , 'volume': Volume(_name_id=None,admin_metadata=,attach_status='detached',availability_zone='nova',bootable=False,cluster=,cluster_name=None,consistencygroup=,consistencygroup_id=None,created_at=2026-09-05T18:52:15Z,deleted=False,deleted_at=None,display_description=None,display_name='tempest-ServersNegativeTestJSON-volume-248967481',ec2_id=None,encryption_key_id=None,glance_metadata=,group=,group_id=None,host='devstack@QuobyteHD#QuobyteHD',id=a3b12e1e-81ea-4e49-8391-07d6613d2c07,launched_at=None,metadata={},migration_status=None,multiattach=False,previous_status=None,project_id='dee157033eef4ee6a49450925c1a9fba',provider_auth=None,provider_geometry=None,provider_id=None,provider_location=None,replication_driver_data=None,replication_extended_status=None,replication_status=None,scheduled_at=2026-09-05T18:52:15Z,service_uuid=None,shared_targets=True,size=1,snapshot_id=None,snapshots=,source_volid=None,status='creating',terminated_at=None,updated_at=2026-09-05T18:52:15Z,use_quota=True,user_id='7ffda631b731494d9d9250c05e972709',volume_attachment=VolumeAttachmentList,volume_type=VolumeType(bbfd0a89-b804-4340-983c-a3751955fbf2),volume_type_id=bbfd0a89-b804-4340-983c-a3751955fbf2)}" {{(pid=87802) trace_logging_wrapper /opt/stack/cinder/cinder/volume/volume_utils.py:1497}}
Sep 05 20:52:18 devstack cinder-volume[87802]: DEBUG cinder.volume.drivers.remotefs [None req-8743ba4b-1b32-4e8d-b0cf-c60fb560a0ce tempest-ServersNegativeTestJSON-1663735209 None] Creating volume a3b12e1e-81ea-4e49-8391-07d6613d2c07 {{(pid=87802) create_volume /opt/stack/cinder/cinder/volume/drivers/remotefs.py:292}}
Sep 05 20:52:18 devstack cinder-volume[87802]: DEBUG oslo_concurrency.lockutils [None req-8743ba4b-1b32-4e8d-b0cf-c60fb560a0ce tempest-ServersNegativeTestJSON-1663735209 None] Acquiring lock "quobyte_ensure" by "cinder.volume.drivers.quobyte.QuobyteDriver._ensure_shares_mounted" {{(pid=87802) inner /opt/stack/data/venv/lib/python3.12/site-packages/oslo_concurrency/lockutils.py:512}}
Sep 05 20:52:18 devstack cinder-volume[87802]: DEBUG oslo_concurrency.lockutils [None req-8743ba4b-1b32-4e8d-b0cf-c60fb560a0ce tempest-ServersNegativeTestJSON-1663735209 None] Lock "quobyte_ensure" acquired by "cinder.volume.drivers.quobyte.QuobyteDriver._ensure_shares_mounted" :: waited 0.000s {{(pid=87802) inner /opt/stack/data/venv/lib/python3.12/site-packages/oslo_concurrency/lockutils.py:525}}
Sep 05 20:52:18 devstack cinder-volume[87802]: DEBUG cinder.volume.drivers.quobyte [None req-8743ba4b-1b32-4e8d-b0cf-c60fb560a0ce tempest-ServersNegativeTestJSON-1663735209 None] Quobyte Volume URL set to: {'osci02.corp.quobyte.com/cinder-vol-794ee8e6-bbd4-4423-8f73-48aa6912955c': None} {{(pid=87802) _load_shares_config /opt/stack/cinder/cinder/volume/drivers/quobyte.py:662}}
Sep 05 20:52:18 devstack cinder-volume[87802]: DEBUG cinder.volume.drivers.quobyte [None req-8743ba4b-1b32-4e8d-b0cf-c60fb560a0ce tempest-ServersNegativeTestJSON-1663735209 None] Available shares ['osci02.corp.quobyte.com/cinder-vol-794ee8e6-bbd4-4423-8f73-48aa6912955c'] {{(pid=87802) _ensure_shares_mounted /opt/stack/cinder/cinder/volume/drivers/quobyte.py:692}}
Sep 05 20:52:18 devstack cinder-volume[87802]: DEBUG oslo_concurrency.lockutils [None req-8743ba4b-1b32-4e8d-b0cf-c60fb560a0ce tempest-ServersNegativeTestJSON-1663735209 None] Lock "quobyte_ensure" "released" by "cinder.volume.drivers.quobyte.QuobyteDriver._ensure_shares_mounted" :: held 0.005s {{(pid=87802) inner /opt/stack/data/venv/lib/python3.12/site-packages/oslo_concurrency/lockutils.py:544}}
Sep 05 20:52:19 devstack cinder-volume[87802]: DEBUG cinder.volume.drivers.quobyte [None req-8743ba4b-1b32-4e8d-b0cf-c60fb560a0ce tempest-ServersNegativeTestJSON-1663735209 None] Selected osci02.corp.quobyte.com/cinder-vol-794ee8e6-bbd4-4423-8f73-48aa6912955c as target Quobyte volume. {{(pid=87802) _find_share /opt/stack/cinder/cinder/volume/drivers/quobyte.py:713}}
Sep 05 20:52:19 devstack cinder-volume[87802]: INFO cinder.volume.drivers.remotefs [None req-8743ba4b-1b32-4e8d-b0cf-c60fb560a0ce tempest-ServersNegativeTestJSON-1663735209 None] casted to osci02.corp.quobyte.com/cinder-vol-794ee8e6-bbd4-4423-8f73-48aa6912955c
Sep 05 20:52:19 devstack cinder-volume[87802]: DEBUG oslo_concurrency.processutils [None req-8743ba4b-1b32-4e8d-b0cf-c60fb560a0ce tempest-ServersNegativeTestJSON-1663735209 None] Running cmd (subprocess): sudo cinder-rootwrap /etc/cinder/rootwrap.conf qemu-img create -f qcow2 -o preallocation=metadata /opt/stack/data/cinder/mnt/5af5bb7cad4265642fb2cf20f06886f2/volume-a3b12e1e-81ea-4e49-8391-07d6613d2c07 1073741824 {{(pid=87802) execute /opt/stack/data/venv/lib/python3.12/site-packages/oslo_concurrency/processutils.py:440}}
Sep 05 20:52:19 devstack sudo[93419]: quobyte : PWD=/ ; USER=root ; COMMAND=/opt/stack/data/venv/bin/cinder-rootwrap /etc/cinder/rootwrap.conf qemu-img create -f qcow2 -o preallocation=metadata /opt/stack/data/cinder/mnt/5af5bb7cad4265642fb2cf20f06886f2/volume-a3b12e1e-81ea-4e49-8391-07d6613d2c07 1073741824
Sep 05 20:52:19 devstack sudo[93419]: pam_unix(sudo:session): session opened for user root(uid=0) by (uid=1000)
Sep 05 20:52:19 devstack cinder-volume[87802]: INFO cinder.volume.manager [None req-edace4b5-1384-4dbd-b429-3dfcac148594 tempest-GroupSnapshotsTest-888304146 None] group_snapshot 2dbf80c4-7727-4509-ad32-c0e86ecbbd4d: created successfully
Sep 05 20:52:19 devstack cinder-volume[87802]: INFO cinder.volume.manager [None req-4c56f9d6-a378-4210-8d1c-518cc2fa2121 tempest-GroupsTest-1117240337 None] Group tempest-Group1-518649533: creating
Sep 05 20:52:19 devstack cinder-volume[87802]: INFO cinder.volume.manager [None req-4c56f9d6-a378-4210-8d1c-518cc2fa2121 tempest-GroupsTest-1117240337 None] Group tempest-Group1-518649533: created successfully
Sep 05 20:52:19 devstack cinder-volume[87802]: INFO cinder.volume.manager [None req-4c56f9d6-a378-4210-8d1c-518cc2fa2121 tempest-GroupsTest-1117240337 None] Create group completed successfully.
Sep 05 20:52:19 devstack sudo[93419]: pam_unix(sudo:session): session closed for user root
Sep 05 20:52:19 devstack cinder-volume[87802]: DEBUG oslo_concurrency.processutils [None req-8743ba4b-1b32-4e8d-b0cf-c60fb560a0ce tempest-ServersNegativeTestJSON-1663735209 None] CMD "sudo cinder-rootwrap /etc/cinder/rootwrap.conf qemu-img create -f qcow2 -o preallocation=metadata /opt/stack/data/cinder/mnt/5af5bb7cad4265642fb2cf20f06886f2/volume-a3b12e1e-81ea-4e49-8391-07d6613d2c07 1073741824" returned: 0 in 0.607s {{(pid=87802) execute /opt/stack/data/venv/lib/python3.12/site-packages/oslo_concurrency/processutils.py:468}}
Sep 05 20:52:19 devstack cinder-volume[87802]: DEBUG oslo_concurrency.processutils [None req-8743ba4b-1b32-4e8d-b0cf-c60fb560a0ce tempest-ServersNegativeTestJSON-1663735209 None] Running cmd (subprocess): sudo cinder-rootwrap /etc/cinder/rootwrap.conf chmod ugo+rw /opt/stack/data/cinder/mnt/5af5bb7cad4265642fb2cf20f06886f2/volume-a3b12e1e-81ea-4e49-8391-07d6613d2c07 {{(pid=87802) execute /opt/stack/data/venv/lib/python3.12/site-packages/oslo_concurrency/processutils.py:440}}
Sep 05 20:52:19 devstack sudo[93424]: quobyte : PWD=/ ; USER=root ; COMMAND=/opt/stack/data/venv/bin/cinder-rootwrap /etc/cinder/rootwrap.conf chmod ugo+rw /opt/stack/data/cinder/mnt/5af5bb7cad4265642fb2cf20f06886f2/volume-a3b12e1e-81ea-4e49-8391-07d6613d2c07
Sep 05 20:52:19 devstack sudo[93424]: pam_unix(sudo:session): session opened for user root(uid=0) by (uid=1000)
Sep 05 20:52:19 devstack cinder-volume[87802]: INFO cinder.volume.manager [None req-c73ff93d-bf3b-4a02-8d64-d40368c403d1 tempest-GroupSnapshotsTest-888304146 None] group_snapshot 2dbf80c4-7727-4509-ad32-c0e86ecbbd4d: deleting
Sep 05 20:52:19 devstack cinder-volume[87802]: DEBUG cinder.volume.manager [None req-c73ff93d-bf3b-4a02-8d64-d40368c403d1 tempest-GroupSnapshotsTest-888304146 None] group_snapshot 2dbf80c4-7727-4509-ad32-c0e86ecbbd4d: deleting {{(pid=87802) delete_group_snapshot /opt/stack/cinder/cinder/volume/manager.py:4350}}
Sep 05 20:52:19 devstack cinder-volume[87802]: DEBUG cinder.coordination [None req-c73ff93d-bf3b-4a02-8d64-d40368c403d1 tempest-GroupSnapshotsTest-888304146 None] Acquiring lock "cinder-quobyte-67485993-b49a-4e74-9c77-ef85f31eba80" by "delete_snapshot" {{(pid=87802) __acquire /opt/stack/cinder/cinder/coordination.py:138}}
Sep 05 20:52:19 devstack cinder-volume[87802]: DEBUG cinder.coordination [None req-c73ff93d-bf3b-4a02-8d64-d40368c403d1 tempest-GroupSnapshotsTest-888304146 None] Lock "cinder-quobyte-67485993-b49a-4e74-9c77-ef85f31eba80" acquired by "delete_snapshot" :: waited 0.028s {{(pid=87802) __acquire /opt/stack/cinder/cinder/coordination.py:141}}
Sep 05 20:52:19 devstack cinder-volume[87802]: DEBUG cinder.coordination [None req-c73ff93d-bf3b-4a02-8d64-d40368c403d1 tempest-GroupSnapshotsTest-888304146 None] Acquiring lock "cinder-quobyte-7df16ac1-6494-4386-80d1-c321641e8104" by "_delete_snapshot" {{(pid=87802) __acquire /opt/stack/cinder/cinder/coordination.py:138}}
Sep 05 20:52:19 devstack cinder-volume[87802]: DEBUG cinder.coordination [None req-c73ff93d-bf3b-4a02-8d64-d40368c403d1 tempest-GroupSnapshotsTest-888304146 None] Lock "cinder-quobyte-7df16ac1-6494-4386-80d1-c321641e8104" acquired by "_delete_snapshot" :: waited 0.022s {{(pid=87802) __acquire /opt/stack/cinder/cinder/coordination.py:141}}
Sep 05 20:52:19 devstack cinder-volume[87802]: DEBUG cinder.volume.drivers.remotefs [None req-c73ff93d-bf3b-4a02-8d64-d40368c403d1 tempest-GroupSnapshotsTest-888304146 None] Deleting offline snapshot 7df16ac1-6494-4386-80d1-c321641e8104 of volume 67485993-b49a-4e74-9c77-ef85f31eba80 {{(pid=87802) _delete_snapshot /opt/stack/cinder/cinder/volume/drivers/remotefs.py:1288}}
Sep 05 20:52:19 devstack cinder-volume[87802]: DEBUG cinder.volume.drivers.remotefs [None req-c73ff93d-bf3b-4a02-8d64-d40368c403d1 tempest-GroupSnapshotsTest-888304146 None] snapshot_file for this snap is: volume-67485993-b49a-4e74-9c77-ef85f31eba80.7df16ac1-6494-4386-80d1-c321641e8104 {{(pid=87802) _delete_snapshot /opt/stack/cinder/cinder/volume/drivers/remotefs.py:1317}}
Sep 05 20:52:19 devstack cinder-volume[87802]: DEBUG oslo.privsep.daemon [-] privsep: reply[00559a45-9ffd-459a-aec0-2f19dfa88867]: (4, 'qcow2') {{(pid=88769) _call_back /opt/stack/data/venv/lib/python3.12/site-packages/oslo_privsep/daemon.py:580}}
Sep 05 20:52:19 devstack cinder-volume[87802]: DEBUG oslo_concurrency.processutils [None req-c73ff93d-bf3b-4a02-8d64-d40368c403d1 tempest-GroupSnapshotsTest-888304146 None] Running cmd (subprocess): /opt/stack/data/venv/bin/python3.12 -m oslo_concurrency.prlimit --as=1073741824 --cpu=60 -- sudo cinder-rootwrap /etc/cinder/rootwrap.conf env LC_ALL=C qemu-img info -f qcow2 --output=json --force-share /opt/stack/data/cinder/mnt/5af5bb7cad4265642fb2cf20f06886f2/volume-67485993-b49a-4e74-9c77-ef85f31eba80.7df16ac1-6494-4386-80d1-c321641e8104 {{(pid=87802) execute /opt/stack/data/venv/lib/python3.12/site-packages/oslo_concurrency/processutils.py:440}}
Sep 05 20:52:20 devstack sudo[93424]: pam_unix(sudo:session): session closed for user root
Sep 05 20:52:20 devstack cinder-volume[87802]: DEBUG oslo_concurrency.processutils [None req-8743ba4b-1b32-4e8d-b0cf-c60fb560a0ce tempest-ServersNegativeTestJSON-1663735209 None] CMD "sudo cinder-rootwrap /etc/cinder/rootwrap.conf chmod ugo+rw /opt/stack/data/cinder/mnt/5af5bb7cad4265642fb2cf20f06886f2/volume-a3b12e1e-81ea-4e49-8391-07d6613d2c07" returned: 0 in 0.433s {{(pid=87802) execute /opt/stack/data/venv/lib/python3.12/site-packages/oslo_concurrency/processutils.py:468}}
Sep 05 20:52:20 devstack cinder-volume[87802]: DEBUG cinder.volume.drivers.quobyte [None req-8743ba4b-1b32-4e8d-b0cf-c60fb560a0ce tempest-ServersNegativeTestJSON-1663735209 None] <== create_volume: return (1111ms) {'provider_location': 'osci02.corp.quobyte.com/cinder-vol-794ee8e6-bbd4-4423-8f73-48aa6912955c'} {{(pid=87802) trace_logging_wrapper /opt/stack/cinder/cinder/volume/volume_utils.py:1522}}
Sep 05 20:52:20 devstack cinder-volume[87802]: DEBUG oslo_concurrency.lockutils [None req-8743ba4b-1b32-4e8d-b0cf-c60fb560a0ce tempest-ServersNegativeTestJSON-1663735209 None] Lock "quobyte" "released" by "cinder.volume.drivers.quobyte.QuobyteDriver.create_volume" :: held 1.117s {{(pid=87802) inner /opt/stack/data/venv/lib/python3.12/site-packages/oslo_concurrency/lockutils.py:544}}
Sep 05 20:52:20 devstack cinder-volume[87802]: DEBUG cinder.volume.manager [None req-8743ba4b-1b32-4e8d-b0cf-c60fb560a0ce tempest-ServersNegativeTestJSON-1663735209 None] Task 'cinder.volume.flows.manager.create_volume.CreateVolumeFromSpecTask;volume:create' (324213cd-edcd-4b6d-a339-928059e9bdb3) transitioned into state 'SUCCESS' from state 'RUNNING' with result '{'status': 'creating', 'volume_name': 'volume-a3b12e1e-81ea-4e49-8391-07d6613d2c07', 'volume_size': 1}' {{(pid=87802) _task_receiver /opt/stack/data/venv/lib/python3.12/site-packages/taskflow/listeners/logging.py:218}}
Sep 05 20:52:20 devstack cinder-volume[87802]: DEBUG cinder.volume.manager [None req-8743ba4b-1b32-4e8d-b0cf-c60fb560a0ce tempest-ServersNegativeTestJSON-1663735209 None] Task 'cinder.volume.flows.manager.create_volume.CreateVolumeOnFinishTask;volume:create, create.end' (8d63e581-0eb2-4d32-95b7-ccc326b89573) transitioned into state 'RUNNING' from state 'PENDING' {{(pid=87802) _task_receiver /opt/stack/data/venv/lib/python3.12/site-packages/taskflow/listeners/logging.py:242}}
Sep 05 20:52:20 devstack sudo[93426]: quobyte : PWD=/ ; USER=root ; COMMAND=/opt/stack/data/venv/bin/cinder-rootwrap /etc/cinder/rootwrap.conf env LC_ALL=C qemu-img info -f qcow2 --output=json --force-share /opt/stack/data/cinder/mnt/5af5bb7cad4265642fb2cf20f06886f2/volume-67485993-b49a-4e74-9c77-ef85f31eba80.7df16ac1-6494-4386-80d1-c321641e8104
Sep 05 20:52:20 devstack sudo[93426]: pam_unix(sudo:session): session opened for user root(uid=0) by (uid=1000)
Sep 05 20:52:20 devstack cinder-volume[87802]: INFO cinder.volume.flows.manager.create_volume [None req-8743ba4b-1b32-4e8d-b0cf-c60fb560a0ce tempest-ServersNegativeTestJSON-1663735209 None] Volume volume-a3b12e1e-81ea-4e49-8391-07d6613d2c07 (a3b12e1e-81ea-4e49-8391-07d6613d2c07): created successfully
Sep 05 20:52:20 devstack cinder-volume[87802]: DEBUG cinder.volume.manager [None req-8743ba4b-1b32-4e8d-b0cf-c60fb560a0ce tempest-ServersNegativeTestJSON-1663735209 None] Task 'cinder.volume.flows.manager.create_volume.CreateVolumeOnFinishTask;volume:create, create.end' (8d63e581-0eb2-4d32-95b7-ccc326b89573) transitioned into state 'SUCCESS' from state 'RUNNING' with result 'None' {{(pid=87802) _task_receiver /opt/stack/data/venv/lib/python3.12/site-packages/taskflow/listeners/logging.py:218}}
Sep 05 20:52:20 devstack cinder-volume[87802]: DEBUG cinder.volume.manager [None req-8743ba4b-1b32-4e8d-b0cf-c60fb560a0ce tempest-ServersNegativeTestJSON-1663735209 None] Flow 'volume_create_manager' (5846bad1-c0ee-4820-96cf-a52f60b1e57b) transitioned into state 'SUCCESS' from state 'RUNNING' {{(pid=87802) _flow_receiver /opt/stack/data/venv/lib/python3.12/site-packages/taskflow/listeners/logging.py:160}}
Sep 05 20:52:20 devstack cinder-volume[87802]: INFO cinder.volume.manager [None req-8743ba4b-1b32-4e8d-b0cf-c60fb560a0ce tempest-ServersNegativeTestJSON-1663735209 None] Created volume successfully.
Sep 05 20:52:20 devstack sudo[93426]: pam_unix(sudo:session): session closed for user root
Sep 05 20:52:20 devstack cinder-volume[87802]: DEBUG oslo_concurrency.processutils [None req-c73ff93d-bf3b-4a02-8d64-d40368c403d1 tempest-GroupSnapshotsTest-888304146 None] CMD "/opt/stack/data/venv/bin/python3.12 -m oslo_concurrency.prlimit --as=1073741824 --cpu=60 -- sudo cinder-rootwrap /etc/cinder/rootwrap.conf env LC_ALL=C qemu-img info -f qcow2 --output=json --force-share /opt/stack/data/cinder/mnt/5af5bb7cad4265642fb2cf20f06886f2/volume-67485993-b49a-4e74-9c77-ef85f31eba80.7df16ac1-6494-4386-80d1-c321641e8104" returned: 0 in 0.525s {{(pid=87802) execute /opt/stack/data/venv/lib/python3.12/site-packages/oslo_concurrency/processutils.py:468}}
Sep 05 20:52:20 devstack cinder-volume[87802]: DEBUG cinder.volume.drivers.remotefs [None req-c73ff93d-bf3b-4a02-8d64-d40368c403d1 tempest-GroupSnapshotsTest-888304146 None] Fetching qemu-img info with special backing_file_template: (/opt/stack/data/cinder/mnt/[0-9a-f]+/)?(volume-67485993-b49a-4e74-9c77-ef85f31eba80(.(tmp-snap-)?[0-9a-f-]+)?|volume_from_snapshot_cache/(tmp-snap-)?[0-9a-f-]+(.(child-|parent-)[0-9a-f-]+)?)$ {{(pid=87802) _qemu_img_info_base /opt/stack/cinder/cinder/volume/drivers/remotefs.py:896}}
Sep 05 20:52:20 devstack cinder-volume[87802]: DEBUG oslo.privsep.daemon [-] privsep: reply[52689eba-d47e-4cd9-85d4-b9e2a03dc28b]: (4, 'qcow2') {{(pid=88769) _call_back /opt/stack/data/venv/lib/python3.12/site-packages/oslo_privsep/daemon.py:580}}
Sep 05 20:52:20 devstack cinder-volume[87802]: DEBUG oslo_concurrency.processutils [None req-c73ff93d-bf3b-4a02-8d64-d40368c403d1 tempest-GroupSnapshotsTest-888304146 None] Running cmd (subprocess): /opt/stack/data/venv/bin/python3.12 -m oslo_concurrency.prlimit --as=1073741824 --cpu=60 -- sudo cinder-rootwrap /etc/cinder/rootwrap.conf env LC_ALL=C qemu-img info -f qcow2 --output=json --force-share /opt/stack/data/cinder/mnt/5af5bb7cad4265642fb2cf20f06886f2/volume-67485993-b49a-4e74-9c77-ef85f31eba80 {{(pid=87802) execute /opt/stack/data/venv/lib/python3.12/site-packages/oslo_concurrency/processutils.py:440}}
Sep 05 20:52:20 devstack cinder-volume[87802]: INFO cinder.volume.manager [None req-ab0ad643-f242-476c-b319-b8648920e8f3 tempest-GroupsTest-1117240337 None] Group tempest-Group2-1666167873: creating
Sep 05 20:52:20 devstack cinder-volume[87802]: INFO cinder.volume.manager [None req-ab0ad643-f242-476c-b319-b8648920e8f3 tempest-GroupsTest-1117240337 None] Group tempest-Group2-1666167873: created successfully
Sep 05 20:52:20 devstack cinder-volume[87802]: INFO cinder.volume.manager [None req-ab0ad643-f242-476c-b319-b8648920e8f3 tempest-GroupsTest-1117240337 None] Create group completed successfully.
Sep 05 20:52:20 devstack sudo[93434]: quobyte : PWD=/ ; USER=root ; COMMAND=/opt/stack/data/venv/bin/cinder-rootwrap /etc/cinder/rootwrap.conf env LC_ALL=C qemu-img info -f qcow2 --output=json --force-share /opt/stack/data/cinder/mnt/5af5bb7cad4265642fb2cf20f06886f2/volume-67485993-b49a-4e74-9c77-ef85f31eba80
Sep 05 20:52:20 devstack sudo[93434]: pam_unix(sudo:session): session opened for user root(uid=0) by (uid=1000)
Sep 05 20:52:21 devstack sudo[93434]: pam_unix(sudo:session): session closed for user root
