Sep 05 20:52:38 devstack cinder-volume[87802]: DEBUG oslo_concurrency.processutils [None req-65fbbf34-d98c-4717-8be0-ae22d5f9870c tempest-GroupSnapshotsTest-888304146 None] Running cmd (subprocess): sudo cinder-rootwrap /etc/cinder/rootwrap.conf qemu-img rebase -u -b volume-d9016f02-1bcc-4d29-bbe4-0efa12acfcd9 -F qcow2 /opt/stack/data/cinder/mnt/5af5bb7cad4265642fb2cf20f06886f2/volume-d9016f02-1bcc-4d29-bbe4-0efa12acfcd9.89aac694-168e-4b03-8d3a-91c4fb51121e {{(pid=87802) execute /opt/stack/data/venv/lib/python3.12/site-packages/oslo_concurrency/processutils.py:440}}
Sep 05 20:52:38 devstack sudo[93738]: quobyte : PWD=/ ; USER=root ; COMMAND=/opt/stack/data/venv/bin/cinder-rootwrap /etc/cinder/rootwrap.conf qemu-img rebase -u -b volume-d9016f02-1bcc-4d29-bbe4-0efa12acfcd9 -F qcow2 /opt/stack/data/cinder/mnt/5af5bb7cad4265642fb2cf20f06886f2/volume-d9016f02-1bcc-4d29-bbe4-0efa12acfcd9.89aac694-168e-4b03-8d3a-91c4fb51121e
Sep 05 20:52:38 devstack sudo[93738]: pam_unix(sudo:session): session opened for user root(uid=0) by (uid=1000)
Sep 05 20:52:38 devstack sudo[93738]: pam_unix(sudo:session): session closed for user root
Sep 05 20:52:38 devstack cinder-volume[87802]: DEBUG oslo_concurrency.processutils [None req-65fbbf34-d98c-4717-8be0-ae22d5f9870c tempest-GroupSnapshotsTest-888304146 None] CMD "sudo cinder-rootwrap /etc/cinder/rootwrap.conf qemu-img rebase -u -b volume-d9016f02-1bcc-4d29-bbe4-0efa12acfcd9 -F qcow2 /opt/stack/data/cinder/mnt/5af5bb7cad4265642fb2cf20f06886f2/volume-d9016f02-1bcc-4d29-bbe4-0efa12acfcd9.89aac694-168e-4b03-8d3a-91c4fb51121e" returned: 0 in 0.308s {{(pid=87802) execute /opt/stack/data/venv/lib/python3.12/site-packages/oslo_concurrency/processutils.py:468}}
Sep 05 20:52:38 devstack cinder-volume[87802]: WARNING cinder.volume.drivers.remotefs [None req-65fbbf34-d98c-4717-8be0-ae22d5f9870c tempest-GroupSnapshotsTest-888304146 None] /opt/stack/data/cinder/mnt/5af5bb7cad4265642fb2cf20f06886f2/volume-d9016f02-1bcc-4d29-bbe4-0efa12acfcd9.89aac694-168e-4b03-8d3a-91c4fb51121e is being set with open permissions: ugo+rw: NotImplementedError
Sep 05 20:52:38 devstack cinder-volume[87802]: DEBUG oslo_concurrency.processutils [None req-65fbbf34-d98c-4717-8be0-ae22d5f9870c tempest-GroupSnapshotsTest-888304146 None] Running cmd (subprocess): sudo cinder-rootwrap /etc/cinder/rootwrap.conf chmod ugo+rw /opt/stack/data/cinder/mnt/5af5bb7cad4265642fb2cf20f06886f2/volume-d9016f02-1bcc-4d29-bbe4-0efa12acfcd9.89aac694-168e-4b03-8d3a-91c4fb51121e {{(pid=87802) execute /opt/stack/data/venv/lib/python3.12/site-packages/oslo_concurrency/processutils.py:440}}
Sep 05 20:52:38 devstack sudo[93744]: quobyte : PWD=/ ; USER=root ; COMMAND=/opt/stack/data/venv/bin/cinder-rootwrap /etc/cinder/rootwrap.conf chmod ugo+rw /opt/stack/data/cinder/mnt/5af5bb7cad4265642fb2cf20f06886f2/volume-d9016f02-1bcc-4d29-bbe4-0efa12acfcd9.89aac694-168e-4b03-8d3a-91c4fb51121e
Sep 05 20:52:38 devstack sudo[93744]: pam_unix(sudo:session): session opened for user root(uid=0) by (uid=1000)
Sep 05 20:52:39 devstack sudo[93744]: pam_unix(sudo:session): session closed for user root
Sep 05 20:52:39 devstack cinder-volume[87802]: DEBUG oslo_concurrency.processutils [None req-65fbbf34-d98c-4717-8be0-ae22d5f9870c tempest-GroupSnapshotsTest-888304146 None] CMD "sudo cinder-rootwrap /etc/cinder/rootwrap.conf chmod ugo+rw /opt/stack/data/cinder/mnt/5af5bb7cad4265642fb2cf20f06886f2/volume-d9016f02-1bcc-4d29-bbe4-0efa12acfcd9.89aac694-168e-4b03-8d3a-91c4fb51121e" returned: 0 in 0.300s {{(pid=87802) execute /opt/stack/data/venv/lib/python3.12/site-packages/oslo_concurrency/processutils.py:468}}
Sep 05 20:52:39 devstack cinder-volume[87802]: DEBUG oslo_concurrency.processutils [None req-65fbbf34-d98c-4717-8be0-ae22d5f9870c tempest-GroupSnapshotsTest-888304146 None] Running cmd (subprocess): sudo cinder-rootwrap /etc/cinder/rootwrap.conf truncate -s0 /opt/stack/data/cinder/mnt/5af5bb7cad4265642fb2cf20f06886f2/volume-d9016f02-1bcc-4d29-bbe4-0efa12acfcd9.info {{(pid=87802) execute /opt/stack/data/venv/lib/python3.12/site-packages/oslo_concurrency/processutils.py:440}}
Sep 05 20:52:39 devstack sudo[93750]: quobyte : PWD=/ ; USER=root ; COMMAND=/opt/stack/data/venv/bin/cinder-rootwrap /etc/cinder/rootwrap.conf truncate -s0 /opt/stack/data/cinder/mnt/5af5bb7cad4265642fb2cf20f06886f2/volume-d9016f02-1bcc-4d29-bbe4-0efa12acfcd9.info
Sep 05 20:52:39 devstack sudo[93750]: pam_unix(sudo:session): session opened for user root(uid=0) by (uid=1000)
Sep 05 20:52:39 devstack sudo[93750]: pam_unix(sudo:session): session closed for user root
Sep 05 20:52:39 devstack cinder-volume[87802]: DEBUG oslo_concurrency.processutils [None req-65fbbf34-d98c-4717-8be0-ae22d5f9870c tempest-GroupSnapshotsTest-888304146 None] CMD "sudo cinder-rootwrap /etc/cinder/rootwrap.conf truncate -s0 /opt/stack/data/cinder/mnt/5af5bb7cad4265642fb2cf20f06886f2/volume-d9016f02-1bcc-4d29-bbe4-0efa12acfcd9.info" returned: 0 in 0.291s {{(pid=87802) execute /opt/stack/data/venv/lib/python3.12/site-packages/oslo_concurrency/processutils.py:468}}
Sep 05 20:52:39 devstack cinder-volume[87802]: WARNING cinder.volume.drivers.remotefs [None req-65fbbf34-d98c-4717-8be0-ae22d5f9870c tempest-GroupSnapshotsTest-888304146 None] /opt/stack/data/cinder/mnt/5af5bb7cad4265642fb2cf20f06886f2/volume-d9016f02-1bcc-4d29-bbe4-0efa12acfcd9.info is being set with open permissions: ugo+rw: NotImplementedError
Sep 05 20:52:39 devstack cinder-volume[87802]: DEBUG oslo_concurrency.processutils [None req-65fbbf34-d98c-4717-8be0-ae22d5f9870c tempest-GroupSnapshotsTest-888304146 None] Running cmd (subprocess): sudo cinder-rootwrap /etc/cinder/rootwrap.conf chmod ugo+rw /opt/stack/data/cinder/mnt/5af5bb7cad4265642fb2cf20f06886f2/volume-d9016f02-1bcc-4d29-bbe4-0efa12acfcd9.info {{(pid=87802) execute /opt/stack/data/venv/lib/python3.12/site-packages/oslo_concurrency/processutils.py:440}}
Sep 05 20:52:39 devstack sudo[93756]: quobyte : PWD=/ ; USER=root ; COMMAND=/opt/stack/data/venv/bin/cinder-rootwrap /etc/cinder/rootwrap.conf chmod ugo+rw /opt/stack/data/cinder/mnt/5af5bb7cad4265642fb2cf20f06886f2/volume-d9016f02-1bcc-4d29-bbe4-0efa12acfcd9.info
Sep 05 20:52:39 devstack sudo[93756]: pam_unix(sudo:session): session opened for user root(uid=0) by (uid=1000)
Sep 05 20:52:39 devstack sudo[93756]: pam_unix(sudo:session): session closed for user root
Sep 05 20:52:39 devstack cinder-volume[87802]: DEBUG oslo_concurrency.processutils [None req-65fbbf34-d98c-4717-8be0-ae22d5f9870c tempest-GroupSnapshotsTest-888304146 None] CMD "sudo cinder-rootwrap /etc/cinder/rootwrap.conf chmod ugo+rw /opt/stack/data/cinder/mnt/5af5bb7cad4265642fb2cf20f06886f2/volume-d9016f02-1bcc-4d29-bbe4-0efa12acfcd9.info" returned: 0 in 0.344s {{(pid=87802) execute /opt/stack/data/venv/lib/python3.12/site-packages/oslo_concurrency/processutils.py:468}}
Sep 05 20:52:39 devstack cinder-volume[87802]: DEBUG oslo_concurrency.lockutils [None req-65fbbf34-d98c-4717-8be0-ae22d5f9870c tempest-GroupSnapshotsTest-888304146 None] Lock "quobyte" "released" by "cinder.volume.drivers.quobyte.QuobyteDriver.create_snapshot" :: held 2.336s {{(pid=87802) inner /opt/stack/data/venv/lib/python3.12/site-packages/oslo_concurrency/lockutils.py:544}}
Sep 05 20:52:39 devstack cinder-volume[87802]: DEBUG oslo_concurrency.lockutils [None req-da5f5adc-c96e-409d-921f-144d759514bd tempest-GroupsTest-1117240337 None] Lock "quobyte" acquired by "cinder.volume.drivers.quobyte.QuobyteDriver.create_volume" :: waited 1.840s {{(pid=87802) inner /opt/stack/data/venv/lib/python3.12/site-packages/oslo_concurrency/lockutils.py:525}}
Sep 05 20:52:39 devstack cinder-volume[87802]: DEBUG cinder.volume.drivers.quobyte [None req-da5f5adc-c96e-409d-921f-144d759514bd tempest-GroupsTest-1117240337 None] ==> create_volume: call "{'self': , 'volume': Volume(_name_id=None,admin_metadata=,attach_status='detached',availability_zone='nova',bootable=False,cluster=,cluster_name=None,consistencygroup=,consistencygroup_id=53d23f3f-0cc6-45e6-8ddc-278b76c10312,created_at=2026-09-05T18:52:37Z,deleted=False,deleted_at=None,display_description=None,display_name='tempest-volume-1790063911',ec2_id=None,encryption_key_id=None,glance_metadata=,group=,group_id=53d23f3f-0cc6-45e6-8ddc-278b76c10312,host='devstack@QuobyteHD#QuobyteHD',id=4b5d7486-125e-4183-8f53-1001c4e75306,launched_at=None,metadata={},migration_status=None,multiattach=False,previous_status=None,project_id='6123da987a16455988964f9edcf60348',provider_auth=None,provider_geometry=None,provider_id=None,provider_location=None,replication_driver_data=None,replication_extended_status=None,replication_status=None,scheduled_at=2026-09-05T18:52:38Z,service_uuid=None,shared_targets=True,size=1,snapshot_id=None,snapshots=,source_volid=None,status='creating',terminated_at=None,updated_at=2026-09-05T18:52:38Z,use_quota=True,user_id='8409cf0e071646aa834d57ade2c5cb24',volume_attachment=VolumeAttachmentList,volume_type=VolumeType(77772c05-348d-4c47-ac74-b4d0ec94e2ed),volume_type_id=77772c05-348d-4c47-ac74-b4d0ec94e2ed)}" {{(pid=87802) trace_logging_wrapper /opt/stack/cinder/cinder/volume/volume_utils.py:1497}}
Sep 05 20:52:39 devstack cinder-volume[87802]: DEBUG cinder.volume.drivers.remotefs [None req-da5f5adc-c96e-409d-921f-144d759514bd tempest-GroupsTest-1117240337 None] Creating volume 4b5d7486-125e-4183-8f53-1001c4e75306 {{(pid=87802) create_volume /opt/stack/cinder/cinder/volume/drivers/remotefs.py:292}}
Sep 05 20:52:39 devstack cinder-volume[87802]: DEBUG oslo_concurrency.lockutils [None req-da5f5adc-c96e-409d-921f-144d759514bd tempest-GroupsTest-1117240337 None] Acquiring lock "quobyte_ensure" by "cinder.volume.drivers.quobyte.QuobyteDriver._ensure_shares_mounted" {{(pid=87802) inner /opt/stack/data/venv/lib/python3.12/site-packages/oslo_concurrency/lockutils.py:512}}
Sep 05 20:52:39 devstack cinder-volume[87802]: DEBUG oslo_concurrency.lockutils [None req-da5f5adc-c96e-409d-921f-144d759514bd tempest-GroupsTest-1117240337 None] Lock "quobyte_ensure" acquired by "cinder.volume.drivers.quobyte.QuobyteDriver._ensure_shares_mounted" :: waited 0.000s {{(pid=87802) inner /opt/stack/data/venv/lib/python3.12/site-packages/oslo_concurrency/lockutils.py:525}}
Sep 05 20:52:39 devstack cinder-volume[87802]: DEBUG cinder.volume.drivers.quobyte [None req-da5f5adc-c96e-409d-921f-144d759514bd tempest-GroupsTest-1117240337 None] Quobyte Volume URL set to: {'osci02.corp.quobyte.com/cinder-vol-794ee8e6-bbd4-4423-8f73-48aa6912955c': None} {{(pid=87802) _load_shares_config /opt/stack/cinder/cinder/volume/drivers/quobyte.py:662}}
Sep 05 20:52:39 devstack cinder-volume[87802]: DEBUG cinder.volume.drivers.quobyte [None req-da5f5adc-c96e-409d-921f-144d759514bd tempest-GroupsTest-1117240337 None] Available shares ['osci02.corp.quobyte.com/cinder-vol-794ee8e6-bbd4-4423-8f73-48aa6912955c'] {{(pid=87802) _ensure_shares_mounted /opt/stack/cinder/cinder/volume/drivers/quobyte.py:692}}
Sep 05 20:52:39 devstack cinder-volume[87802]: DEBUG oslo_concurrency.lockutils [None req-da5f5adc-c96e-409d-921f-144d759514bd tempest-GroupsTest-1117240337 None] Lock "quobyte_ensure" "released" by "cinder.volume.drivers.quobyte.QuobyteDriver._ensure_shares_mounted" :: held 0.006s {{(pid=87802) inner /opt/stack/data/venv/lib/python3.12/site-packages/oslo_concurrency/lockutils.py:544}}
Sep 05 20:52:39 devstack cinder-volume[87802]: DEBUG cinder.volume.drivers.quobyte [None req-da5f5adc-c96e-409d-921f-144d759514bd tempest-GroupsTest-1117240337 None] Selected osci02.corp.quobyte.com/cinder-vol-794ee8e6-bbd4-4423-8f73-48aa6912955c as target Quobyte volume. {{(pid=87802) _find_share /opt/stack/cinder/cinder/volume/drivers/quobyte.py:713}}
Sep 05 20:52:39 devstack cinder-volume[87802]: INFO cinder.volume.drivers.remotefs [None req-da5f5adc-c96e-409d-921f-144d759514bd tempest-GroupsTest-1117240337 None] casted to osci02.corp.quobyte.com/cinder-vol-794ee8e6-bbd4-4423-8f73-48aa6912955c
Sep 05 20:52:39 devstack cinder-volume[87802]: DEBUG oslo_concurrency.processutils [None req-da5f5adc-c96e-409d-921f-144d759514bd tempest-GroupsTest-1117240337 None] Running cmd (subprocess): sudo cinder-rootwrap /etc/cinder/rootwrap.conf qemu-img create -f qcow2 -o preallocation=metadata /opt/stack/data/cinder/mnt/5af5bb7cad4265642fb2cf20f06886f2/volume-4b5d7486-125e-4183-8f53-1001c4e75306 1073741824 {{(pid=87802) execute /opt/stack/data/venv/lib/python3.12/site-packages/oslo_concurrency/processutils.py:440}}
Sep 05 20:52:39 devstack sudo[93759]: quobyte : PWD=/ ; USER=root ; COMMAND=/opt/stack/data/venv/bin/cinder-rootwrap /etc/cinder/rootwrap.conf qemu-img create -f qcow2 -o preallocation=metadata /opt/stack/data/cinder/mnt/5af5bb7cad4265642fb2cf20f06886f2/volume-4b5d7486-125e-4183-8f53-1001c4e75306 1073741824
Sep 05 20:52:39 devstack sudo[93759]: pam_unix(sudo:session): session opened for user root(uid=0) by (uid=1000)
Sep 05 20:52:39 devstack cinder-volume[87802]: INFO cinder.volume.manager [None req-65fbbf34-d98c-4717-8be0-ae22d5f9870c tempest-GroupSnapshotsTest-888304146 None] group_snapshot 2f4f5bac-093a-4a97-851a-50b167b891d0: created successfully
Sep 05 20:52:40 devstack sudo[93759]: pam_unix(sudo:session): session closed for user root
Sep 05 20:52:40 devstack cinder-volume[87802]: DEBUG oslo_concurrency.processutils [None req-da5f5adc-c96e-409d-921f-144d759514bd tempest-GroupsTest-1117240337 None] CMD "sudo cinder-rootwrap /etc/cinder/rootwrap.conf qemu-img create -f qcow2 -o preallocation=metadata /opt/stack/data/cinder/mnt/5af5bb7cad4265642fb2cf20f06886f2/volume-4b5d7486-125e-4183-8f53-1001c4e75306 1073741824" returned: 0 in 0.476s {{(pid=87802) execute /opt/stack/data/venv/lib/python3.12/site-packages/oslo_concurrency/processutils.py:468}}
Sep 05 20:52:40 devstack cinder-volume[87802]: DEBUG oslo_concurrency.processutils [None req-da5f5adc-c96e-409d-921f-144d759514bd tempest-GroupsTest-1117240337 None] Running cmd (subprocess): sudo cinder-rootwrap /etc/cinder/rootwrap.conf chmod ugo+rw /opt/stack/data/cinder/mnt/5af5bb7cad4265642fb2cf20f06886f2/volume-4b5d7486-125e-4183-8f53-1001c4e75306 {{(pid=87802) execute /opt/stack/data/venv/lib/python3.12/site-packages/oslo_concurrency/processutils.py:440}}
Sep 05 20:52:40 devstack sudo[93765]: quobyte : PWD=/ ; USER=root ; COMMAND=/opt/stack/data/venv/bin/cinder-rootwrap /etc/cinder/rootwrap.conf chmod ugo+rw /opt/stack/data/cinder/mnt/5af5bb7cad4265642fb2cf20f06886f2/volume-4b5d7486-125e-4183-8f53-1001c4e75306
Sep 05 20:52:40 devstack sudo[93765]: pam_unix(sudo:session): session opened for user root(uid=0) by (uid=1000)
Sep 05 20:52:40 devstack sudo[93765]: pam_unix(sudo:session): session closed for user root
Sep 05 20:52:40 devstack cinder-volume[87802]: DEBUG oslo_concurrency.processutils [None req-da5f5adc-c96e-409d-921f-144d759514bd tempest-GroupsTest-1117240337 None] CMD "sudo cinder-rootwrap /etc/cinder/rootwrap.conf chmod ugo+rw /opt/stack/data/cinder/mnt/5af5bb7cad4265642fb2cf20f06886f2/volume-4b5d7486-125e-4183-8f53-1001c4e75306" returned: 0 in 0.274s {{(pid=87802) execute /opt/stack/data/venv/lib/python3.12/site-packages/oslo_concurrency/processutils.py:468}}
Sep 05 20:52:40 devstack cinder-volume[87802]: DEBUG cinder.volume.drivers.quobyte [None req-da5f5adc-c96e-409d-921f-144d759514bd tempest-GroupsTest-1117240337 None] <== create_volume: return (831ms) {'provider_location': 'osci02.corp.quobyte.com/cinder-vol-794ee8e6-bbd4-4423-8f73-48aa6912955c'} {{(pid=87802) trace_logging_wrapper /opt/stack/cinder/cinder/volume/volume_utils.py:1522}}
Sep 05 20:52:40 devstack cinder-volume[87802]: DEBUG oslo_concurrency.lockutils [None req-da5f5adc-c96e-409d-921f-144d759514bd tempest-GroupsTest-1117240337 None] Lock "quobyte" "released" by "cinder.volume.drivers.quobyte.QuobyteDriver.create_volume" :: held 0.836s {{(pid=87802) inner /opt/stack/data/venv/lib/python3.12/site-packages/oslo_concurrency/lockutils.py:544}}
Sep 05 20:52:40 devstack cinder-volume[87802]: DEBUG cinder.volume.manager [None req-da5f5adc-c96e-409d-921f-144d759514bd tempest-GroupsTest-1117240337 None] Task 'cinder.volume.flows.manager.create_volume.CreateVolumeFromSpecTask;volume:create' (3c223407-def1-4234-af07-af85626e833a) transitioned into state 'SUCCESS' from state 'RUNNING' with result '{'status': 'creating', 'volume_name': 'volume-4b5d7486-125e-4183-8f53-1001c4e75306', 'volume_size': 1}' {{(pid=87802) _task_receiver /opt/stack/data/venv/lib/python3.12/site-packages/taskflow/listeners/logging.py:218}}
Sep 05 20:52:40 devstack cinder-volume[87802]: DEBUG cinder.volume.manager [None req-da5f5adc-c96e-409d-921f-144d759514bd tempest-GroupsTest-1117240337 None] Task 'cinder.volume.flows.manager.create_volume.CreateVolumeOnFinishTask;volume:create, create.end' (2d8b30e0-c877-4544-84bb-8ad1a13451fc) transitioned into state 'RUNNING' from state 'PENDING' {{(pid=87802) _task_receiver /opt/stack/data/venv/lib/python3.12/site-packages/taskflow/listeners/logging.py:242}}
Sep 05 20:52:40 devstack cinder-volume[87802]: INFO cinder.volume.flows.manager.create_volume [None req-da5f5adc-c96e-409d-921f-144d759514bd tempest-GroupsTest-1117240337 None] Volume volume-4b5d7486-125e-4183-8f53-1001c4e75306 (4b5d7486-125e-4183-8f53-1001c4e75306): created successfully
Sep 05 20:52:40 devstack cinder-volume[87802]: DEBUG cinder.volume.manager [None req-da5f5adc-c96e-409d-921f-144d759514bd tempest-GroupsTest-1117240337 None] Task 'cinder.volume.flows.manager.create_volume.CreateVolumeOnFinishTask;volume:create, create.end' (2d8b30e0-c877-4544-84bb-8ad1a13451fc) transitioned into state 'SUCCESS' from state 'RUNNING' with result 'None' {{(pid=87802) _task_receiver /opt/stack/data/venv/lib/python3.12/site-packages/taskflow/listeners/logging.py:218}}
Sep 05 20:52:40 devstack cinder-volume[87802]: DEBUG cinder.volume.manager [None req-da5f5adc-c96e-409d-921f-144d759514bd tempest-GroupsTest-1117240337 None] Flow 'volume_create_manager' (907d9968-7218-473e-9c91-042bf200bb2b) transitioned into state 'SUCCESS' from state 'RUNNING' {{(pid=87802) _flow_receiver /opt/stack/data/venv/lib/python3.12/site-packages/taskflow/listeners/logging.py:160}}
Sep 05 20:52:40 devstack cinder-volume[87802]: INFO cinder.volume.manager [None req-da5f5adc-c96e-409d-921f-144d759514bd tempest-GroupsTest-1117240337 None] Created volume successfully.
Sep 05 20:52:40 devstack cinder-volume[87802]: INFO cinder.volume.manager [None req-a5a945c7-724c-4948-be69-800b27c1203b tempest-GroupSnapshotsTest-888304146 None] group_snapshot 2f4f5bac-093a-4a97-851a-50b167b891d0: deleting
Sep 05 20:52:40 devstack cinder-volume[87802]: DEBUG cinder.volume.manager [None req-a5a945c7-724c-4948-be69-800b27c1203b tempest-GroupSnapshotsTest-888304146 None] group_snapshot 2f4f5bac-093a-4a97-851a-50b167b891d0: deleting {{(pid=87802) delete_group_snapshot /opt/stack/cinder/cinder/volume/manager.py:4350}}
Sep 05 20:52:40 devstack cinder-volume[87802]: DEBUG cinder.coordination [None req-a5a945c7-724c-4948-be69-800b27c1203b tempest-GroupSnapshotsTest-888304146 None] Acquiring lock "cinder-quobyte-d9016f02-1bcc-4d29-bbe4-0efa12acfcd9" by "delete_snapshot" {{(pid=87802) __acquire /opt/stack/cinder/cinder/coordination.py:138}}
Sep 05 20:52:40 devstack cinder-volume[87802]: DEBUG cinder.coordination [None req-a5a945c7-724c-4948-be69-800b27c1203b tempest-GroupSnapshotsTest-888304146 None] Lock "cinder-quobyte-d9016f02-1bcc-4d29-bbe4-0efa12acfcd9" acquired by "delete_snapshot" :: waited 0.017s {{(pid=87802) __acquire /opt/stack/cinder/cinder/coordination.py:141}}
Sep 05 20:52:40 devstack cinder-volume[87802]: DEBUG cinder.coordination [None req-a5a945c7-724c-4948-be69-800b27c1203b tempest-GroupSnapshotsTest-888304146 None] Acquiring lock "cinder-quobyte-89aac694-168e-4b03-8d3a-91c4fb51121e" by "_delete_snapshot" {{(pid=87802) __acquire /opt/stack/cinder/cinder/coordination.py:138}}
Sep 05 20:52:41 devstack cinder-volume[87802]: DEBUG cinder.coordination [None req-a5a945c7-724c-4948-be69-800b27c1203b tempest-GroupSnapshotsTest-888304146 None] Lock "cinder-quobyte-89aac694-168e-4b03-8d3a-91c4fb51121e" acquired by "_delete_snapshot" :: waited 0.023s {{(pid=87802) __acquire /opt/stack/cinder/cinder/coordination.py:141}}
Sep 05 20:52:41 devstack cinder-volume[87802]: DEBUG cinder.volume.drivers.remotefs [None req-a5a945c7-724c-4948-be69-800b27c1203b tempest-GroupSnapshotsTest-888304146 None] Deleting offline snapshot 89aac694-168e-4b03-8d3a-91c4fb51121e of volume d9016f02-1bcc-4d29-bbe4-0efa12acfcd9 {{(pid=87802) _delete_snapshot /opt/stack/cinder/cinder/volume/drivers/remotefs.py:1288}}
Sep 05 20:52:41 devstack cinder-volume[87802]: DEBUG cinder.volume.drivers.remotefs [None req-a5a945c7-724c-4948-be69-800b27c1203b tempest-GroupSnapshotsTest-888304146 None] snapshot_file for this snap is: volume-d9016f02-1bcc-4d29-bbe4-0efa12acfcd9.89aac694-168e-4b03-8d3a-91c4fb51121e {{(pid=87802) _delete_snapshot /opt/stack/cinder/cinder/volume/drivers/remotefs.py:1317}}
Sep 05 20:52:41 devstack cinder-volume[87802]: DEBUG oslo.privsep.daemon [-] privsep: reply[4ff2c814-10a6-40e2-b7d0-f378a71c5e1c]: (4, 'qcow2') {{(pid=88769) _call_back /opt/stack/data/venv/lib/python3.12/site-packages/oslo_privsep/daemon.py:580}}
Sep 05 20:52:41 devstack cinder-volume[87802]: DEBUG oslo_concurrency.processutils [None req-a5a945c7-724c-4948-be69-800b27c1203b tempest-GroupSnapshotsTest-888304146 None] Running cmd (subprocess): /opt/stack/data/venv/bin/python3.12 -m oslo_concurrency.prlimit --as=1073741824 --cpu=60 -- sudo cinder-rootwrap /etc/cinder/rootwrap.conf env LC_ALL=C qemu-img info -f qcow2 --output=json --force-share /opt/stack/data/cinder/mnt/5af5bb7cad4265642fb2cf20f06886f2/volume-d9016f02-1bcc-4d29-bbe4-0efa12acfcd9.89aac694-168e-4b03-8d3a-91c4fb51121e {{(pid=87802) execute /opt/stack/data/venv/lib/python3.12/site-packages/oslo_concurrency/processutils.py:440}}
Sep 05 20:52:41 devstack sudo[93768]: quobyte : PWD=/ ; USER=root ; COMMAND=/opt/stack/data/venv/bin/cinder-rootwrap /etc/cinder/rootwrap.conf env LC_ALL=C qemu-img info -f qcow2 --output=json --force-share /opt/stack/data/cinder/mnt/5af5bb7cad4265642fb2cf20f06886f2/volume-d9016f02-1bcc-4d29-bbe4-0efa12acfcd9.89aac694-168e-4b03-8d3a-91c4fb51121e
Sep 05 20:52:41 devstack sudo[93768]: pam_unix(sudo:session): session opened for user root(uid=0) by (uid=1000)
Sep 05 20:52:41 devstack sudo[93768]: pam_unix(sudo:session): session closed for user root
Sep 05 20:52:41 devstack cinder-volume[87802]: DEBUG oslo_concurrency.processutils [None req-a5a945c7-724c-4948-be69-800b27c1203b tempest-GroupSnapshotsTest-888304146 None] CMD "/opt/stack/data/venv/bin/python3.12 -m oslo_concurrency.prlimit --as=1073741824 --cpu=60 -- sudo cinder-rootwrap /etc/cinder/rootwrap.conf env LC_ALL=C qemu-img info -f qcow2 --output=json --force-share /opt/stack/data/cinder/mnt/5af5bb7cad4265642fb2cf20f06886f2/volume-d9016f02-1bcc-4d29-bbe4-0efa12acfcd9.89aac694-168e-4b03-8d3a-91c4fb51121e" returned: 0 in 0.415s {{(pid=87802) execute /opt/stack/data/venv/lib/python3.12/site-packages/oslo_concurrency/processutils.py:468}}
Sep 05 20:52:41 devstack cinder-volume[87802]: DEBUG cinder.volume.drivers.remotefs [None req-a5a945c7-724c-4948-be69-800b27c1203b tempest-GroupSnapshotsTest-888304146 None] Fetching qemu-img info with special backing_file_template: (/opt/stack/data/cinder/mnt/[0-9a-f]+/)?(volume-d9016f02-1bcc-4d29-bbe4-0efa12acfcd9(.(tmp-snap-)?[0-9a-f-]+)?|volume_from_snapshot_cache/(tmp-snap-)?[0-9a-f-]+(.(child-|parent-)[0-9a-f-]+)?)$ {{(pid=87802) _qemu_img_info_base /opt/stack/cinder/cinder/volume/drivers/remotefs.py:896}}
Sep 05 20:52:41 devstack cinder-volume[87802]: DEBUG oslo.privsep.daemon [-] privsep: reply[d3e71452-bc55-422a-8edc-7ae8b8b5d155]: (4, 'qcow2') {{(pid=88769) _call_back /opt/stack/data/venv/lib/python3.12/site-packages/oslo_privsep/daemon.py:580}}
Sep 05 20:52:41 devstack cinder-volume[87802]: DEBUG oslo_concurrency.processutils [None req-a5a945c7-724c-4948-be69-800b27c1203b tempest-GroupSnapshotsTest-888304146 None] Running cmd (subprocess): /opt/stack/data/venv/bin/python3.12 -m oslo_concurrency.prlimit --as=1073741824 --cpu=60 -- sudo cinder-rootwrap /etc/cinder/rootwrap.conf env LC_ALL=C qemu-img info -f qcow2 --output=json --force-share /opt/stack/data/cinder/mnt/5af5bb7cad4265642fb2cf20f06886f2/volume-d9016f02-1bcc-4d29-bbe4-0efa12acfcd9 {{(pid=87802) execute /opt/stack/data/venv/lib/python3.12/site-packages/oslo_concurrency/processutils.py:440}}
Sep 05 20:52:41 devstack sudo[93774]: quobyte : PWD=/ ; USER=root ; COMMAND=/opt/stack/data/venv/bin/cinder-rootwrap /etc/cinder/rootwrap.conf env LC_ALL=C qemu-img info -f qcow2 --output=json --force-share /opt/stack/data/cinder/mnt/5af5bb7cad4265642fb2cf20f06886f2/volume-d9016f02-1bcc-4d29-bbe4-0efa12acfcd9
Sep 05 20:52:41 devstack sudo[93774]: pam_unix(sudo:session): session opened for user root(uid=0) by (uid=1000)
Sep 05 20:52:41 devstack cinder-volume[87802]: INFO cinder.volume.manager [None req-878518de-f652-45a4-94ae-5c1455ae73a8 tempest-GroupsTest-1117240337 None] Update group completed successfully.
Sep 05 20:52:42 devstack sudo[93774]: pam_unix(sudo:session): session closed for user root
Sep 05 20:52:42 devstack cinder-volume[87802]: DEBUG oslo_concurrency.processutils [None req-a5a945c7-724c-4948-be69-800b27c1203b tempest-GroupSnapshotsTest-888304146 None] CMD "/opt/stack/data/venv/bin/python3.12 -m oslo_concurrency.prlimit --as=1073741824 --cpu=60 -- sudo cinder-rootwrap /etc/cinder/rootwrap.conf env LC_ALL=C qemu-img info -f qcow2 --output=json --force-share /opt/stack/data/cinder/mnt/5af5bb7cad4265642fb2cf20f06886f2/volume-d9016f02-1bcc-4d29-bbe4-0efa12acfcd9" returned: 0 in 0.486s {{(pid=87802) execute /opt/stack/data/venv/lib/python3.12/site-packages/oslo_concurrency/processutils.py:468}}
Sep 05 20:52:42 devstack cinder-volume[87802]: DEBUG oslo_concurrency.processutils [None req-a5a945c7-724c-4948-be69-800b27c1203b tempest-GroupSnapshotsTest-888304146 None] Running cmd (subprocess): sudo cinder-rootwrap /etc/cinder/rootwrap.conf qemu-img commit -d /opt/stack/data/cinder/mnt/5af5bb7cad4265642fb2cf20f06886f2/volume-d9016f02-1bcc-4d29-bbe4-0efa12acfcd9.89aac694-168e-4b03-8d3a-91c4fb51121e {{(pid=87802) execute /opt/stack/data/venv/lib/python3.12/site-packages/oslo_concurrency/processutils.py:440}}
Sep 05 20:52:42 devstack sudo[93780]: quobyte : PWD=/ ; USER=root ; COMMAND=/opt/stack/data/venv/bin/cinder-rootwrap /etc/cinder/rootwrap.conf qemu-img commit -d /opt/stack/data/cinder/mnt/5af5bb7cad4265642fb2cf20f06886f2/volume-d9016f02-1bcc-4d29-bbe4-0efa12acfcd9.89aac694-168e-4b03-8d3a-91c4fb51121e
Sep 05 20:52:42 devstack sudo[93780]: pam_unix(sudo:session): session opened for user root(uid=0) by (uid=1000)
Sep 05 20:52:42 devstack sudo[93780]: pam_unix(sudo:session): session closed for user root
Sep 05 20:52:42 devstack cinder-volume[87802]: DEBUG oslo_concurrency.processutils [None req-a5a945c7-724c-4948-be69-800b27c1203b tempest-GroupSnapshotsTest-888304146 None] CMD "sudo cinder-rootwrap /etc/cinder/rootwrap.conf qemu-img commit -d /opt/stack/data/cinder/mnt/5af5bb7cad4265642fb2cf20f06886f2/volume-d9016f02-1bcc-4d29-bbe4-0efa12acfcd9.89aac694-168e-4b03-8d3a-91c4fb51121e" returned: 0 in 0.387s {{(pid=87802) execute /opt/stack/data/venv/lib/python3.12/site-packages/oslo_concurrency/processutils.py:468}}
Sep 05 20:52:42 devstack cinder-volume[87802]: DEBUG oslo_concurrency.processutils [None req-a5a945c7-724c-4948-be69-800b27c1203b tempest-GroupSnapshotsTest-888304146 None] Running cmd (subprocess): sudo cinder-rootwrap /etc/cinder/rootwrap.conf rm -f /opt/stack/data/cinder/mnt/5af5bb7cad4265642fb2cf20f06886f2/volume-d9016f02-1bcc-4d29-bbe4-0efa12acfcd9.89aac694-168e-4b03-8d3a-91c4fb51121e {{(pid=87802) execute /opt/stack/data/venv/lib/python3.12/site-packages/oslo_concurrency/processutils.py:440}}
Sep 05 20:52:42 devstack sudo[93786]: quobyte : PWD=/ ; USER=root ; COMMAND=/opt/stack/data/venv/bin/cinder-rootwrap /etc/cinder/rootwrap.conf rm -f /opt/stack/data/cinder/mnt/5af5bb7cad4265642fb2cf20f06886f2/volume-d9016f02-1bcc-4d29-bbe4-0efa12acfcd9.89aac694-168e-4b03-8d3a-91c4fb51121e
Sep 05 20:52:42 devstack sudo[93786]: pam_unix(sudo:session): session opened for user root(uid=0) by (uid=1000)
Sep 05 20:52:42 devstack sudo[93786]: pam_unix(sudo:session): session closed for user root
Sep 05 20:52:42 devstack cinder-volume[87802]: DEBUG oslo_concurrency.processutils [None req-a5a945c7-724c-4948-be69-800b27c1203b tempest-GroupSnapshotsTest-888304146 None] CMD "sudo cinder-rootwrap /etc/cinder/rootwrap.conf rm -f /opt/stack/data/cinder/mnt/5af5bb7cad4265642fb2cf20f06886f2/volume-d9016f02-1bcc-4d29-bbe4-0efa12acfcd9.89aac694-168e-4b03-8d3a-91c4fb51121e" returned: 0 in 0.275s {{(pid=87802) execute /opt/stack/data/venv/lib/python3.12/site-packages/oslo_concurrency/processutils.py:468}}
Sep 05 20:52:42 devstack cinder-volume[87802]: DEBUG cinder.coordination [None req-a5a945c7-724c-4948-be69-800b27c1203b tempest-GroupSnapshotsTest-888304146 None] Lock "cinder-quobyte-89aac694-168e-4b03-8d3a-91c4fb51121e" released by "_delete_snapshot" :: held 1.700s {{(pid=87802) __release /opt/stack/cinder/cinder/coordination.py:152}}
Sep 05 20:52:42 devstack cinder-volume[87802]: DEBUG cinder.coordination [None req-a5a945c7-724c-4948-be69-800b27c1203b tempest-GroupSnapshotsTest-888304146 None] Lock "cinder-quobyte-d9016f02-1bcc-4d29-bbe4-0efa12acfcd9" released by "delete_snapshot" :: held 1.737s {{(pid=87802) __release /opt/stack/cinder/cinder/coordination.py:152}}
Sep 05 20:52:42 devstack cinder-volume[87802]: WARNING cinder.quota [None req-a5a945c7-724c-4948-be69-800b27c1203b tempest-GroupSnapshotsTest-888304146 None] Deprecated: Default quota for resource: gigabytes_tempest-GroupSnapshotsTest-volume-type-1440264995 is set by the default quota flag: quota_gigabytes_tempest-GroupSnapshotsTest-volume-type-1440264995, it is now deprecated. Please use the default quota class for default quota.
Sep 05 20:52:42 devstack cinder-volume[87802]: WARNING cinder.quota [None req-a5a945c7-724c-4948-be69-800b27c1203b tempest-GroupSnapshotsTest-888304146 None] Deprecated: Default quota for resource: snapshots_tempest-GroupSnapshotsTest-volume-type-1440264995 is set by the default quota flag: quota_snapshots_tempest-GroupSnapshotsTest-volume-type-1440264995, it is now deprecated. Please use the default quota class for default quota.
Sep 05 20:52:42 devstack cinder-volume[87802]: DEBUG cinder.quota [None req-a5a945c7-724c-4948-be69-800b27c1203b tempest-GroupSnapshotsTest-888304146 None] Created reservations ['1a537e24-a6d7-430d-b540-385a39b85d7a', 'bd7a5dd4-b82a-4ee5-92a4-764a5b4a17e9', '6b0887d9-f33a-489a-8368-40c3af14d503', 'a1ba6ef1-09e4-4d3d-ab36-9ef2c9730593'] {{(pid=87802) reserve /opt/stack/cinder/cinder/quota.py:752}}
Sep 05 20:52:43 devstack cinder-volume[87802]: INFO cinder.volume.manager [None req-a5a945c7-724c-4948-be69-800b27c1203b tempest-GroupSnapshotsTest-888304146 None] group_snapshot 2f4f5bac-093a-4a97-851a-50b167b891d0: deleted successfully
Sep 05 20:52:43 devstack cinder-volume[87802]: INFO cinder.volume.manager [None req-0d996a77-29df-4411-9572-6451cd4dfbb1 tempest-GroupsTest-1117240337 None] Update group completed successfully.
Sep 05 20:52:43 devstack cinder-volume[87802]: DEBUG cinder.coordination [None req-15563a00-ab8b-47b9-aff5-7a9b47aac3c2 tempest-GroupSnapshotsTest-888304146 None] Acquiring lock "cinder-quobyte-d9016f02-1bcc-4d29-bbe4-0efa12acfcd9" by "delete_volume" {{(pid=87802) __acquire /opt/stack/cinder/cinder/coordination.py:138}}
Sep 05 20:52:43 devstack cinder-volume[87802]: DEBUG cinder.coordination [None req-15563a00-ab8b-47b9-aff5-7a9b47aac3c2 tempest-GroupSnapshotsTest-888304146 None] Lock "cinder-quobyte-d9016f02-1bcc-4d29-bbe4-0efa12acfcd9" acquired by "delete_volume" :: waited 0.028s {{(pid=87802) __acquire /opt/stack/cinder/cinder/coordination.py:141}}
Sep 05 20:52:43 devstack cinder-volume[87802]: DEBUG oslo.privsep.daemon [-] privsep: reply[97451247-2485-4fcd-8544-8760369e16c5]: (4, 'qcow2') {{(pid=88769) _call_back /opt/stack/data/venv/lib/python3.12/site-packages/oslo_privsep/daemon.py:580}}
Sep 05 20:52:43 devstack cinder-volume[87802]: DEBUG oslo_concurrency.processutils [None req-15563a00-ab8b-47b9-aff5-7a9b47aac3c2 tempest-GroupSnapshotsTest-888304146 None] Running cmd (subprocess): /opt/stack/data/venv/bin/python3.12 -m oslo_concurrency.prlimit --as=1073741824 --cpu=60 -- sudo cinder-rootwrap /etc/cinder/rootwrap.conf env LC_ALL=C qemu-img info -f qcow2 --output=json --force-share /opt/stack/data/cinder/mnt/5af5bb7cad4265642fb2cf20f06886f2/volume-d9016f02-1bcc-4d29-bbe4-0efa12acfcd9 {{(pid=87802) execute /opt/stack/data/venv/lib/python3.12/site-packages/oslo_concurrency/processutils.py:440}}
Sep 05 20:52:43 devstack sudo[93789]: quobyte : PWD=/ ; USER=root ; COMMAND=/opt/stack/data/venv/bin/cinder-rootwrap /etc/cinder/rootwrap.conf env LC_ALL=C qemu-img info -f qcow2 --output=json --force-share /opt/stack/data/cinder/mnt/5af5bb7cad4265642fb2cf20f06886f2/volume-d9016f02-1bcc-4d29-bbe4-0efa12acfcd9
Sep 05 20:52:44 devstack sudo[93789]: pam_unix(sudo:session): session opened for user root(uid=0) by (uid=1000)
Sep 05 20:52:44 devstack sudo[93789]: pam_unix(sudo:session): session closed for user root
Sep 05 20:52:44 devstack cinder-volume[87802]: DEBUG oslo_concurrency.processutils [None req-15563a00-ab8b-47b9-aff5-7a9b47aac3c2 tempest-GroupSnapshotsTest-888304146 None] CMD "/opt/stack/data/venv/bin/python3.12 -m oslo_concurrency.prlimit --as=1073741824 --cpu=60 -- sudo cinder-rootwrap /etc/cinder/rootwrap.conf env LC_ALL=C qemu-img info -f qcow2 --output=json --force-share /opt/stack/data/cinder/mnt/5af5bb7cad4265642fb2cf20f06886f2/volume-d9016f02-1bcc-4d29-bbe4-0efa12acfcd9" returned: 0 in 0.455s {{(pid=87802) execute /opt/stack/data/venv/lib/python3.12/site-packages/oslo_concurrency/processutils.py:468}}
Sep 05 20:52:44 devstack cinder-volume[87802]: DEBUG oslo_concurrency.processutils [None req-15563a00-ab8b-47b9-aff5-7a9b47aac3c2 tempest-GroupSnapshotsTest-888304146 None] Running cmd (subprocess): sudo cinder-rootwrap /etc/cinder/rootwrap.conf rm -f /opt/stack/data/cinder/mnt/5af5bb7cad4265642fb2cf20f06886f2/volume-d9016f02-1bcc-4d29-bbe4-0efa12acfcd9 {{(pid=87802) execute /opt/stack/data/venv/lib/python3.12/site-packages/oslo_concurrency/processutils.py:440}}
Sep 05 20:52:44 devstack sudo[93794]: quobyte : PWD=/ ; USER=root ; COMMAND=/opt/stack/data/venv/bin/cinder-rootwrap /etc/cinder/rootwrap.conf rm -f /opt/stack/data/cinder/mnt/5af5bb7cad4265642fb2cf20f06886f2/volume-d9016f02-1bcc-4d29-bbe4-0efa12acfcd9
Sep 05 20:52:44 devstack sudo[93794]: pam_unix(sudo:session): session opened for user root(uid=0) by (uid=1000)
Sep 05 20:52:44 devstack sudo[93794]: pam_unix(sudo:session): session closed for user root
Sep 05 20:52:44 devstack cinder-volume[87802]: DEBUG oslo_concurrency.processutils [None req-15563a00-ab8b-47b9-aff5-7a9b47aac3c2 tempest-GroupSnapshotsTest-888304146 None] CMD "sudo cinder-rootwrap /etc/cinder/rootwrap.conf rm -f /opt/stack/data/cinder/mnt/5af5bb7cad4265642fb2cf20f06886f2/volume-d9016f02-1bcc-4d29-bbe4-0efa12acfcd9" returned: 0 in 0.363s {{(pid=87802) execute /opt/stack/data/venv/lib/python3.12/site-packages/oslo_concurrency/processutils.py:468}}
Sep 05 20:52:44 devstack cinder-volume[87802]: DEBUG cinder.coordination [None req-15563a00-ab8b-47b9-aff5-7a9b47aac3c2 tempest-GroupSnapshotsTest-888304146 None] Lock "cinder-quobyte-d9016f02-1bcc-4d29-bbe4-0efa12acfcd9" released by "delete_volume" :: held 0.900s {{(pid=87802) __release /opt/stack/cinder/cinder/coordination.py:152}}
Sep 05 20:52:44 devstack cinder-volume[87802]: DEBUG cinder.quota [None req-15563a00-ab8b-47b9-aff5-7a9b47aac3c2 tempest-GroupSnapshotsTest-888304146 None] Created reservations ['b6b417ac-d3a0-4e6d-8508-11929dbfa0e4'] {{(pid=87802) reserve /opt/stack/cinder/cinder/quota.py:752}}
Sep 05 20:52:44 devstack cinder-volume[87802]: WARNING cinder.quota [None req-15563a00-ab8b-47b9-aff5-7a9b47aac3c2 tempest-GroupSnapshotsTest-888304146 None] Deprecated: Default quota for resource: volumes_tempest-GroupSnapshotsTest-volume-type-1440264995 is set by the default quota flag: quota_volumes_tempest-GroupSnapshotsTest-volume-type-1440264995, it is now deprecated. Please use the default quota class for default quota.
Sep 05 20:52:44 devstack cinder-volume[87802]: DEBUG cinder.quota [None req-15563a00-ab8b-47b9-aff5-7a9b47aac3c2 tempest-GroupSnapshotsTest-888304146 None] Created reservations ['7ae08c08-9f7f-481e-aee2-8db7ebd142e3', 'e0079b80-13fe-4f02-94a1-6d6b3facda49', '9b2f1dd9-7514-4484-8981-94926f3c6837', '750f0021-ba0b-4802-9350-0a0bcd55259e'] {{(pid=87802) reserve /opt/stack/cinder/cinder/quota.py:752}}
Sep 05 20:52:44 devstack cinder-volume[87802]: DEBUG oslo_concurrency.lockutils [None req-15563a00-ab8b-47b9-aff5-7a9b47aac3c2 tempest-GroupSnapshotsTest-888304146 None] Acquiring lock "quobyte_ensure" by "cinder.volume.drivers.quobyte.QuobyteDriver._ensure_shares_mounted" {{(pid=87802) inner /opt/stack/data/venv/lib/python3.12/site-packages/oslo_concurrency/lockutils.py:512}}
Sep 05 20:52:44 devstack cinder-volume[87802]: DEBUG oslo_concurrency.lockutils [None req-15563a00-ab8b-47b9-aff5-7a9b47aac3c2 tempest-GroupSnapshotsTest-888304146 None] Lock "quobyte_ensure" acquired by "cinder.volume.drivers.quobyte.QuobyteDriver._ensure_shares_mounted" :: waited 0.001s {{(pid=87802) inner /opt/stack/data/venv/lib/python3.12/site-packages/oslo_concurrency/lockutils.py:525}}
Sep 05 20:52:44 devstack cinder-volume[87802]: DEBUG cinder.volume.drivers.quobyte [None req-15563a00-ab8b-47b9-aff5-7a9b47aac3c2 tempest-GroupSnapshotsTest-888304146 None] Quobyte Volume URL set to: {'osci02.corp.quobyte.com/cinder-vol-794ee8e6-bbd4-4423-8f73-48aa6912955c': None} {{(pid=87802) _load_shares_config /opt/stack/cinder/cinder/volume/drivers/quobyte.py:662}}
Sep 05 20:52:44 devstack cinder-volume[87802]: DEBUG cinder.volume.drivers.quobyte [None req-15563a00-ab8b-47b9-aff5-7a9b47aac3c2 tempest-GroupSnapshotsTest-888304146 None] Available shares ['osci02.corp.quobyte.com/cinder-vol-794ee8e6-bbd4-4423-8f73-48aa6912955c'] {{(pid=87802) _ensure_shares_mounted /opt/stack/cinder/cinder/volume/drivers/quobyte.py:692}}
Sep 05 20:52:44 devstack cinder-volume[87802]: DEBUG oslo_concurrency.lockutils [None req-15563a00-ab8b-47b9-aff5-7a9b47aac3c2 tempest-GroupSnapshotsTest-888304146 None] Lock "quobyte_ensure" "released" by "cinder.volume.drivers.quobyte.QuobyteDriver._ensure_shares_mounted" :: held 0.008s {{(pid=87802) inner /opt/stack/data/venv/lib/python3.12/site-packages/oslo_concurrency/lockutils.py:544}}
Sep 05 20:52:44 devstack cinder-volume[87802]: DEBUG oslo_concurrency.processutils [None req-15563a00-ab8b-47b9-aff5-7a9b47aac3c2 tempest-GroupSnapshotsTest-888304146 None] Running cmd (subprocess): sudo cinder-rootwrap /etc/cinder/rootwrap.conf df --portability --block-size 1 /opt/stack/data/cinder/mnt/5af5bb7cad4265642fb2cf20f06886f2 {{(pid=87802) execute /opt/stack/data/venv/lib/python3.12/site-packages/oslo_concurrency/processutils.py:440}}
Sep 05 20:52:44 devstack sudo[93797]: quobyte : PWD=/ ; USER=root ; COMMAND=/opt/stack/data/venv/bin/cinder-rootwrap /etc/cinder/rootwrap.conf df --portability --block-size 1 /opt/stack/data/cinder/mnt/5af5bb7cad4265642fb2cf20f06886f2
Sep 05 20:52:44 devstack sudo[93797]: pam_unix(sudo:session): session opened for user root(uid=0) by (uid=1000)
Sep 05 20:52:45 devstack cinder-volume[87802]: DEBUG cinder.coordination [None req-06c39029-bfcb-4603-9498-15f339f2043a tempest-GroupsTest-1117240337 None] Acquiring lock "cinder-quobyte-4b5d7486-125e-4183-8f53-1001c4e75306" by "delete_volume" {{(pid=87802) __acquire /opt/stack/cinder/cinder/coordination.py:138}}
Sep 05 20:52:45 devstack cinder-volume[87802]: DEBUG cinder.coordination [None req-06c39029-bfcb-4603-9498-15f339f2043a tempest-GroupsTest-1117240337 None] Lock "cinder-quobyte-4b5d7486-125e-4183-8f53-1001c4e75306" acquired by "delete_volume" :: waited 0.047s {{(pid=87802) __acquire /opt/stack/cinder/cinder/coordination.py:141}}
Sep 05 20:52:45 devstack cinder-volume[87802]: DEBUG oslo.privsep.daemon [-] privsep: reply[ea66868d-9f37-42ff-8270-32beeaba490a]: (4, 'qcow2') {{(pid=88769) _call_back /opt/stack/data/venv/lib/python3.12/site-packages/oslo_privsep/daemon.py:580}}
Sep 05 20:52:45 devstack cinder-volume[87802]: DEBUG oslo_concurrency.processutils [None req-06c39029-bfcb-4603-9498-15f339f2043a tempest-GroupsTest-1117240337 None] Running cmd (subprocess): /opt/stack/data/venv/bin/python3.12 -m oslo_concurrency.prlimit --as=1073741824 --cpu=60 -- sudo cinder-rootwrap /etc/cinder/rootwrap.conf env LC_ALL=C qemu-img info -f qcow2 --output=json --force-share /opt/stack/data/cinder/mnt/5af5bb7cad4265642fb2cf20f06886f2/volume-4b5d7486-125e-4183-8f53-1001c4e75306 {{(pid=87802) execute /opt/stack/data/venv/lib/python3.12/site-packages/oslo_concurrency/processutils.py:440}}
Sep 05 20:52:45 devstack sudo[93797]: pam_unix(sudo:session): session closed for user root
Sep 05 20:52:45 devstack cinder-volume[87802]: DEBUG oslo_concurrency.processutils [None req-15563a00-ab8b-47b9-aff5-7a9b47aac3c2 tempest-GroupSnapshotsTest-888304146 None] CMD "sudo cinder-rootwrap /etc/cinder/rootwrap.conf df --portability --block-size 1 /opt/stack/data/cinder/mnt/5af5bb7cad4265642fb2cf20f06886f2" returned: 0 in 0.477s {{(pid=87802) execute /opt/stack/data/venv/lib/python3.12/site-packages/oslo_concurrency/processutils.py:468}}
Sep 05 20:52:45 devstack cinder-volume[87802]: DEBUG cinder.manager [None req-15563a00-ab8b-47b9-aff5-7a9b47aac3c2 tempest-GroupSnapshotsTest-888304146 None] Notifying Schedulers of capabilities ... {{(pid=87802) _publish_service_capabilities /opt/stack/cinder/cinder/manager.py:219}}
Sep 05 20:52:45 devstack cinder-volume[87802]: INFO cinder.volume.manager [None req-15563a00-ab8b-47b9-aff5-7a9b47aac3c2 tempest-GroupSnapshotsTest-888304146 None] Delete group completed successfully.
Sep 05 20:52:45 devstack sudo[93801]: quobyte : PWD=/ ; USER=root ; COMMAND=/opt/stack/data/venv/bin/cinder-rootwrap /etc/cinder/rootwrap.conf env LC_ALL=C qemu-img info -f qcow2 --output=json --force-share /opt/stack/data/cinder/mnt/5af5bb7cad4265642fb2cf20f06886f2/volume-4b5d7486-125e-4183-8f53-1001c4e75306
Sep 05 20:52:45 devstack sudo[93801]: pam_unix(sudo:session): session opened for user root(uid=0) by (uid=1000)
Sep 05 20:52:45 devstack sudo[93801]: pam_unix(sudo:session): session closed for user root
Sep 05 20:52:45 devstack cinder-volume[87802]: DEBUG oslo_concurrency.processutils [None req-06c39029-bfcb-4603-9498-15f339f2043a tempest-GroupsTest-1117240337 None] CMD "/opt/stack/data/venv/bin/python3.12 -m oslo_concurrency.prlimit --as=1073741824 --cpu=60 -- sudo cinder-rootwrap /etc/cinder/rootwrap.conf env LC_ALL=C qemu-img info -f qcow2 --output=json --force-share /opt/stack/data/cinder/mnt/5af5bb7cad4265642fb2cf20f06886f2/volume-4b5d7486-125e-4183-8f53-1001c4e75306" returned: 0 in 0.532s {{(pid=87802) execute /opt/stack/data/venv/lib/python3.12/site-packages/oslo_concurrency/processutils.py:468}}
Sep 05 20:52:45 devstack cinder-volume[87802]: DEBUG oslo_concurrency.processutils [None req-06c39029-bfcb-4603-9498-15f339f2043a tempest-GroupsTest-1117240337 None] Running cmd (subprocess): sudo cinder-rootwrap /etc/cinder/rootwrap.conf rm -f /opt/stack/data/cinder/mnt/5af5bb7cad4265642fb2cf20f06886f2/volume-4b5d7486-125e-4183-8f53-1001c4e75306 {{(pid=87802) execute /opt/stack/data/venv/lib/python3.12/site-packages/oslo_concurrency/processutils.py:440}}
Sep 05 20:52:45 devstack sudo[93808]: quobyte : PWD=/ ; USER=root ; COMMAND=/opt/stack/data/venv/bin/cinder-rootwrap /etc/cinder/rootwrap.conf rm -f /opt/stack/data/cinder/mnt/5af5bb7cad4265642fb2cf20f06886f2/volume-4b5d7486-125e-4183-8f53-1001c4e75306
Sep 05 20:52:45 devstack sudo[93808]: pam_unix(sudo:session): session opened for user root(uid=0) by (uid=1000)
Sep 05 20:52:46 devstack sudo[93808]: pam_unix(sudo:session): session closed for user root
Sep 05 20:52:46 devstack cinder-volume[87802]: DEBUG oslo_concurrency.processutils [None req-06c39029-bfcb-4603-9498-15f339f2043a tempest-GroupsTest-1117240337 None] CMD "sudo cinder-rootwrap /etc/cinder/rootwrap.conf rm -f /opt/stack/data/cinder/mnt/5af5bb7cad4265642fb2cf20f06886f2/volume-4b5d7486-125e-4183-8f53-1001c4e75306" returned: 0 in 0.309s {{(pid=87802) execute /opt/stack/data/venv/lib/python3.12/site-packages/oslo_concurrency/processutils.py:468}}
Sep 05 20:52:46 devstack cinder-volume[87802]: DEBUG cinder.coordination [None req-06c39029-bfcb-4603-9498-15f339f2043a tempest-GroupsTest-1117240337 None] Lock "cinder-quobyte-4b5d7486-125e-4183-8f53-1001c4e75306" released by "delete_volume" :: held 0.914s {{(pid=87802) __release /opt/stack/cinder/cinder/coordination.py:152}}
Sep 05 20:52:46 devstack cinder-volume[87802]: DEBUG cinder.coordination [None req-06c39029-bfcb-4603-9498-15f339f2043a tempest-GroupsTest-1117240337 None] Acquiring lock "cinder-quobyte-f7a57cd5-6e39-4b6e-92ca-88d6990ba131" by "delete_volume" {{(pid=87802) __acquire /opt/stack/cinder/cinder/coordination.py:138}}
Sep 05 20:52:46 devstack cinder-volume[87802]: DEBUG cinder.coordination [None req-06c39029-bfcb-4603-9498-15f339f2043a tempest-GroupsTest-1117240337 None] Lock "cinder-quobyte-f7a57cd5-6e39-4b6e-92ca-88d6990ba131" acquired by "delete_volume" :: waited 0.023s {{(pid=87802) __acquire /opt/stack/cinder/cinder/coordination.py:141}}
Sep 05 20:52:46 devstack cinder-volume[87802]: DEBUG oslo.privsep.daemon [-] privsep: reply[ece04a06-3db6-4d18-b719-6ea9dee57b4c]: (4, 'qcow2') {{(pid=88769) _call_back /opt/stack/data/venv/lib/python3.12/site-packages/oslo_privsep/daemon.py:580}}
Sep 05 20:52:46 devstack cinder-volume[87802]: DEBUG oslo_concurrency.processutils [None req-06c39029-bfcb-4603-9498-15f339f2043a tempest-GroupsTest-1117240337 None] Running cmd (subprocess): /opt/stack/data/venv/bin/python3.12 -m oslo_concurrency.prlimit --as=1073741824 --cpu=60 -- sudo cinder-rootwrap /etc/cinder/rootwrap.conf env LC_ALL=C qemu-img info -f qcow2 --output=json --force-share /opt/stack/data/cinder/mnt/5af5bb7cad4265642fb2cf20f06886f2/volume-f7a57cd5-6e39-4b6e-92ca-88d6990ba131 {{(pid=87802) execute /opt/stack/data/venv/lib/python3.12/site-packages/oslo_concurrency/processutils.py:440}}
Sep 05 20:52:46 devstack sudo[93811]: quobyte : PWD=/ ; USER=root ; COMMAND=/opt/stack/data/venv/bin/cinder-rootwrap /etc/cinder/rootwrap.conf env LC_ALL=C qemu-img info -f qcow2 --output=json --force-share /opt/stack/data/cinder/mnt/5af5bb7cad4265642fb2cf20f06886f2/volume-f7a57cd5-6e39-4b6e-92ca-88d6990ba131
Sep 05 20:52:46 devstack sudo[93811]: pam_unix(sudo:session): session opened for user root(uid=0) by (uid=1000)
Sep 05 20:52:46 devstack sudo[93811]: pam_unix(sudo:session): session closed for user root
Sep 05 20:52:46 devstack cinder-volume[87802]: DEBUG oslo_concurrency.processutils [None req-06c39029-bfcb-4603-9498-15f339f2043a tempest-GroupsTest-1117240337 None] CMD "/opt/stack/data/venv/bin/python3.12 -m oslo_concurrency.prlimit --as=1073741824 --cpu=60 -- sudo cinder-rootwrap /etc/cinder/rootwrap.conf env LC_ALL=C qemu-img info -f qcow2 --output=json --force-share /opt/stack/data/cinder/mnt/5af5bb7cad4265642fb2cf20f06886f2/volume-f7a57cd5-6e39-4b6e-92ca-88d6990ba131" returned: 0 in 0.399s {{(pid=87802) execute /opt/stack/data/venv/lib/python3.12/site-packages/oslo_concurrency/processutils.py:468}}
Sep 05 20:52:46 devstack cinder-volume[87802]: DEBUG oslo_concurrency.processutils [None req-06c39029-bfcb-4603-9498-15f339f2043a tempest-GroupsTest-1117240337 None] Running cmd (subprocess): sudo cinder-rootwrap /etc/cinder/rootwrap.conf rm -f /opt/stack/data/cinder/mnt/5af5bb7cad4265642fb2cf20f06886f2/volume-f7a57cd5-6e39-4b6e-92ca-88d6990ba131 {{(pid=87802) execute /opt/stack/data/venv/lib/python3.12/site-packages/oslo_concurrency/processutils.py:440}}
Sep 05 20:52:46 devstack sudo[93817]: quobyte : PWD=/ ; USER=root ; COMMAND=/opt/stack/data/venv/bin/cinder-rootwrap /etc/cinder/rootwrap.conf rm -f /opt/stack/data/cinder/mnt/5af5bb7cad4265642fb2cf20f06886f2/volume-f7a57cd5-6e39-4b6e-92ca-88d6990ba131
Sep 05 20:52:46 devstack sudo[93817]: pam_unix(sudo:session): session opened for user root(uid=0) by (uid=1000)
Sep 05 20:52:47 devstack sudo[93817]: pam_unix(sudo:session): session closed for user root
Sep 05 20:52:47 devstack cinder-volume[87802]: DEBUG oslo_concurrency.processutils [None req-06c39029-bfcb-4603-9498-15f339f2043a tempest-GroupsTest-1117240337 None] CMD "sudo cinder-rootwrap /etc/cinder/rootwrap.conf rm -f /opt/stack/data/cinder/mnt/5af5bb7cad4265642fb2cf20f06886f2/volume-f7a57cd5-6e39-4b6e-92ca-88d6990ba131" returned: 0 in 0.336s {{(pid=87802) execute /opt/stack/data/venv/lib/python3.12/site-packages/oslo_concurrency/processutils.py:468}}
Sep 05 20:52:47 devstack cinder-volume[87802]: DEBUG cinder.coordination [None req-06c39029-bfcb-4603-9498-15f339f2043a tempest-GroupsTest-1117240337 None] Lock "cinder-quobyte-f7a57cd5-6e39-4b6e-92ca-88d6990ba131" released by "delete_volume" :: held 0.800s {{(pid=87802) __release /opt/stack/cinder/cinder/coordination.py:152}}
Sep 05 20:52:47 devstack cinder-volume[87802]: DEBUG cinder.quota [None req-06c39029-bfcb-4603-9498-15f339f2043a tempest-GroupsTest-1117240337 None] Created reservations ['99b45a07-d306-4c7f-b0a0-fb816dbb6497'] {{(pid=87802) reserve /opt/stack/cinder/cinder/quota.py:752}}
Sep 05 20:52:47 devstack cinder-volume[87802]: WARNING cinder.quota [None req-06c39029-bfcb-4603-9498-15f339f2043a tempest-GroupsTest-1117240337 None] Deprecated: Default quota for resource: volumes_tempest-GroupsTest-volume-type-1462235466 is set by the default quota flag: quota_volumes_tempest-GroupsTest-volume-type-1462235466, it is now deprecated. Please use the default quota class for default quota.
