Apr 24 19:13:32 devstack devstack@n-api.service[59575]: DEBUG nova.api.openstack.wsgi [None req-9655723f-b1e4-48ac-a061-21ad666ed7f5 tempest-DeleteServersTestJSON-60368834 tempest-DeleteServersTestJSON-60368834-project-member] Calling method '>' {{(pid=59575) _process_stack /opt/stack/nova/nova/api/openstack/wsgi.py:551}}
Apr 24 19:13:32 devstack devstack@n-api.service[59574]: DEBUG nova.policy [None req-a160fbf4-bdfb-48a4-b552-a3f97bd338ab tempest-ServerBootFromVolumeStableRescueTest-240815626 tempest-ServerBootFromVolumeStableRescueTest-240815626-project-member] Policy check for os_compute_api:servers:show:host_status failed with credentials {'is_admin': False, 'user_id': '8d18eac849d3456db9deb51f1ee5f8b7', 'user_domain_id': 'default', 'system_scope': None, 'domain_id': None, 'project_id': '61f5c5e7cad14572be369c74212e2f2b', 'project_domain_id': 'default', 'roles': ['reader', 'member'], 'is_admin_project': True, 'service_user_id': None, 'service_user_domain_id': None, 'service_project_id': None, 'service_project_domain_id': None, 'service_roles': []} {{(pid=59574) authorize /opt/stack/nova/nova/policy.py:192}}
Apr 24 19:13:32 devstack devstack@n-api.service[59574]: DEBUG nova.policy [None req-a160fbf4-bdfb-48a4-b552-a3f97bd338ab tempest-ServerBootFromVolumeStableRescueTest-240815626 tempest-ServerBootFromVolumeStableRescueTest-240815626-project-member] Policy check for os_compute_api:servers:show:host_status:unknown-only failed with credentials {'is_admin': False, 'user_id': '8d18eac849d3456db9deb51f1ee5f8b7', 'user_domain_id': 'default', 'system_scope': None, 'domain_id': None, 'project_id': '61f5c5e7cad14572be369c74212e2f2b', 'project_domain_id': 'default', 'roles': ['reader', 'member'], 'is_admin_project': True, 'service_user_id': None, 'service_user_domain_id': None, 'service_project_id': None, 'service_project_domain_id': None, 'service_roles': []} {{(pid=59574) authorize /opt/stack/nova/nova/policy.py:192}}
Apr 24 19:13:32 devstack devstack@n-api.service[59575]: DEBUG nova.compute.api [None req-9655723f-b1e4-48ac-a061-21ad666ed7f5 tempest-DeleteServersTestJSON-60368834 tempest-DeleteServersTestJSON-60368834-project-member] [instance: 547a93cd-5ca7-4f8d-bbc9-c2b6abbc8e60] Fetching instance by UUID {{(pid=59575) get /opt/stack/nova/nova/compute/api.py:3056}}
Apr 24 19:13:32 devstack devstack@n-api.service[59575]: DEBUG oslo_concurrency.lockutils [None req-9655723f-b1e4-48ac-a061-21ad666ed7f5 tempest-DeleteServersTestJSON-60368834 tempest-DeleteServersTestJSON-60368834-project-member] Acquiring lock "8559ca34-7d62-4257-894b-11a67cade7a0" by "nova.context.set_target_cell..get_or_set_cached_cell_and_set_connections" {{(pid=59575) inner /opt/stack/data/venv/lib/python3.10/site-packages/oslo_concurrency/lockutils.py:506}}
Apr 24 19:13:32 devstack devstack@n-api.service[59575]: DEBUG oslo_concurrency.lockutils [None req-9655723f-b1e4-48ac-a061-21ad666ed7f5 tempest-DeleteServersTestJSON-60368834 tempest-DeleteServersTestJSON-60368834-project-member] Lock "8559ca34-7d62-4257-894b-11a67cade7a0" acquired by "nova.context.set_target_cell..get_or_set_cached_cell_and_set_connections" :: waited 0.009s {{(pid=59575) inner /opt/stack/data/venv/lib/python3.10/site-packages/oslo_concurrency/lockutils.py:519}}
Apr 24 19:13:32 devstack devstack@n-api.service[59575]: DEBUG oslo_concurrency.lockutils [None req-9655723f-b1e4-48ac-a061-21ad666ed7f5 tempest-DeleteServersTestJSON-60368834 tempest-DeleteServersTestJSON-60368834-project-member] Lock "8559ca34-7d62-4257-894b-11a67cade7a0" "released" by "nova.context.set_target_cell..get_or_set_cached_cell_and_set_connections" :: held 0.001s {{(pid=59575) inner /opt/stack/data/venv/lib/python3.10/site-packages/oslo_concurrency/lockutils.py:538}}
Apr 24 19:13:32 devstack devstack@n-api.service[59575]: DEBUG oslo_concurrency.lockutils [None req-9655723f-b1e4-48ac-a061-21ad666ed7f5 tempest-DeleteServersTestJSON-60368834 tempest-DeleteServersTestJSON-60368834-project-member] Acquiring lock "8559ca34-7d62-4257-894b-11a67cade7a0" by "nova.context.set_target_cell..get_or_set_cached_cell_and_set_connections" {{(pid=59575) inner /opt/stack/data/venv/lib/python3.10/site-packages/oslo_concurrency/lockutils.py:506}}
Apr 24 19:13:32 devstack devstack@n-api.service[59575]: DEBUG oslo_concurrency.lockutils [None req-9655723f-b1e4-48ac-a061-21ad666ed7f5 tempest-DeleteServersTestJSON-60368834 tempest-DeleteServersTestJSON-60368834-project-member] Lock "8559ca34-7d62-4257-894b-11a67cade7a0" acquired by "nova.context.set_target_cell..get_or_set_cached_cell_and_set_connections" :: waited 0.000s {{(pid=59575) inner /opt/stack/data/venv/lib/python3.10/site-packages/oslo_concurrency/lockutils.py:519}}
Apr 24 19:13:32 devstack devstack@n-api.service[59575]: DEBUG oslo_concurrency.lockutils [None req-9655723f-b1e4-48ac-a061-21ad666ed7f5 tempest-DeleteServersTestJSON-60368834 tempest-DeleteServersTestJSON-60368834-project-member] Lock "8559ca34-7d62-4257-894b-11a67cade7a0" "released" by "nova.context.set_target_cell..get_or_set_cached_cell_and_set_connections" :: held 0.006s {{(pid=59575) inner /opt/stack/data/venv/lib/python3.10/site-packages/oslo_concurrency/lockutils.py:538}}
Apr 24 19:13:32 devstack devstack@n-api.service[59574]: INFO nova.api.openstack.requestlog [None req-a160fbf4-bdfb-48a4-b552-a3f97bd338ab tempest-ServerBootFromVolumeStableRescueTest-240815626 tempest-ServerBootFromVolumeStableRescueTest-240815626-project-member] 192.168.122.55 "GET /compute/v2.1/servers/1f6ba47a-6aba-42a7-8c48-577cc22d8b88" status: 200 len: 1506 microversion: 2.87 time: 0.461485
Apr 24 19:13:32 devstack devstack@n-api.service[59574]: [pid: 59574|app: 0|req: 87/163] 192.168.122.55 () {60 vars in 1285 bytes} [Fri Apr 24 19:13:32 2026] GET /compute/v2.1/servers/1f6ba47a-6aba-42a7-8c48-577cc22d8b88 => generated 1506 bytes in 464 msecs (HTTP/1.1 200) 9 headers in 360 bytes (1 switches on core 0)
Apr 24 19:13:32 devstack devstack@n-api.service[59574]: DEBUG nova.api.openstack.wsgi [None req-17040231-0f54-4ce2-b489-e93507524a08 tempest-VolumesSnapshotsTestJSON-156473602 tempest-VolumesSnapshotsTestJSON-156473602-project-member] Calling method '>' {{(pid=59574) _process_stack /opt/stack/nova/nova/api/openstack/wsgi.py:551}}
Apr 24 19:13:32 devstack devstack@n-api.service[59575]: WARNING neutronclient.v2_0.client [None req-9655723f-b1e4-48ac-a061-21ad666ed7f5 tempest-DeleteServersTestJSON-60368834 tempest-DeleteServersTestJSON-60368834-project-member] The python binding code in neutronclient is deprecated in favor of OpenstackSDK, please use that as this will be removed in a future release.
Apr 24 19:13:32 devstack devstack@n-api.service[59574]: INFO nova.api.openstack.requestlog [None req-17040231-0f54-4ce2-b489-e93507524a08 tempest-VolumesSnapshotsTestJSON-156473602 tempest-VolumesSnapshotsTestJSON-156473602-project-member] 192.168.122.55 "GET /compute/v2.1/os-volumes/9330cb36-8c3c-4265-ac35-2db1caae8895" status: 200 len: 342 microversion: 2.1 time: 0.118607
Apr 24 19:13:32 devstack devstack@n-api.service[59574]: [pid: 59574|app: 0|req: 88/164] 192.168.122.55 () {58 vars in 1253 bytes} [Fri Apr 24 19:13:32 2026] GET /compute/v2.1/os-volumes/9330cb36-8c3c-4265-ac35-2db1caae8895 => generated 342 bytes in 131 msecs (HTTP/1.1 200) 9 headers in 357 bytes (1 switches on core 0)
Apr 24 19:13:32 devstack devstack@n-api.service[59575]: DEBUG nova.policy [None req-9655723f-b1e4-48ac-a061-21ad666ed7f5 tempest-DeleteServersTestJSON-60368834 tempest-DeleteServersTestJSON-60368834-project-member] Policy check for os_compute_api:os-extended-server-attributes failed with credentials {'is_admin': False, 'user_id': '872c46b01def4ca6a13a9ffaa41c53b9', 'user_domain_id': 'default', 'system_scope': None, 'domain_id': None, 'project_id': 'bf9ba5b186574ba29e96aca590d0cd73', 'project_domain_id': 'default', 'roles': ['reader', 'member'], 'is_admin_project': True, 'service_user_id': None, 'service_user_domain_id': None, 'service_project_id': None, 'service_project_domain_id': None, 'service_roles': []} {{(pid=59575) authorize /opt/stack/nova/nova/policy.py:192}}
Apr 24 19:13:32 devstack devstack@n-api.service[59575]: INFO nova.api.openstack.requestlog [None req-9655723f-b1e4-48ac-a061-21ad666ed7f5 tempest-DeleteServersTestJSON-60368834 tempest-DeleteServersTestJSON-60368834-project-member] 192.168.122.55 "GET /compute/v2.1/servers/547a93cd-5ca7-4f8d-bbc9-c2b6abbc8e60" status: 200 len: 1557 microversion: 2.1 time: 0.507053
Apr 24 19:13:32 devstack devstack@n-api.service[59575]: [pid: 59575|app: 0|req: 77/165] 192.168.122.55 () {58 vars in 1244 bytes} [Fri Apr 24 19:13:32 2026] GET /compute/v2.1/servers/547a93cd-5ca7-4f8d-bbc9-c2b6abbc8e60 => generated 1557 bytes in 508 msecs (HTTP/1.1 200) 9 headers in 358 bytes (1 switches on core 0)
Apr 24 19:13:33 devstack devstack@n-api.service[59574]: DEBUG nova.api.openstack.wsgi [req-a2c9a432-2782-4840-840d-7c84c54f05dd req-fbdd7eb4-42b0-4fc1-b8c3-8e304db27706 service nova] Action: 'create', calling method: >, body: {"events": [{"server_uuid": "547a93cd-5ca7-4f8d-bbc9-c2b6abbc8e60", "name": "network-vif-unplugged", "status": "completed", "tag": "c707f411-f3d7-47d0-9792-7300774c8eb8"}]} {{(pid=59574) _process_stack /opt/stack/nova/nova/api/openstack/wsgi.py:549}}
Apr 24 19:13:33 devstack devstack@n-api.service[59574]: DEBUG oslo_concurrency.lockutils [req-a2c9a432-2782-4840-840d-7c84c54f05dd req-fbdd7eb4-42b0-4fc1-b8c3-8e304db27706 service nova] Acquiring lock "8559ca34-7d62-4257-894b-11a67cade7a0" by "nova.context.set_target_cell..get_or_set_cached_cell_and_set_connections" {{(pid=59574) inner /opt/stack/data/venv/lib/python3.10/site-packages/oslo_concurrency/lockutils.py:506}}
Apr 24 19:13:33 devstack devstack@n-api.service[59574]: DEBUG oslo_concurrency.lockutils [req-a2c9a432-2782-4840-840d-7c84c54f05dd req-fbdd7eb4-42b0-4fc1-b8c3-8e304db27706 service nova] Lock "8559ca34-7d62-4257-894b-11a67cade7a0" acquired by "nova.context.set_target_cell..get_or_set_cached_cell_and_set_connections" :: waited 0.001s {{(pid=59574) inner /opt/stack/data/venv/lib/python3.10/site-packages/oslo_concurrency/lockutils.py:519}}
Apr 24 19:13:33 devstack devstack@n-api.service[59574]: DEBUG oslo_concurrency.lockutils [req-a2c9a432-2782-4840-840d-7c84c54f05dd req-fbdd7eb4-42b0-4fc1-b8c3-8e304db27706 service nova] Lock "8559ca34-7d62-4257-894b-11a67cade7a0" "released" by "nova.context.set_target_cell..get_or_set_cached_cell_and_set_connections" :: held 0.000s {{(pid=59574) inner /opt/stack/data/venv/lib/python3.10/site-packages/oslo_concurrency/lockutils.py:538}}
Apr 24 19:13:33 devstack devstack@n-api.service[59574]: INFO nova.api.openstack.compute.server_external_events [req-a2c9a432-2782-4840-840d-7c84c54f05dd req-fbdd7eb4-42b0-4fc1-b8c3-8e304db27706 service nova] Creating event network-vif-unplugged:c707f411-f3d7-47d0-9792-7300774c8eb8 for instance 547a93cd-5ca7-4f8d-bbc9-c2b6abbc8e60 on devstack
Apr 24 19:13:33 devstack devstack@n-api.service[59574]: DEBUG nova.compute.rpcapi [req-a2c9a432-2782-4840-840d-7c84c54f05dd req-fbdd7eb4-42b0-4fc1-b8c3-8e304db27706 service nova] RPC: Sending the message to topic: compute-alt {{(pid=59574) prepare_for_alt_rpcserver /opt/stack/nova/nova/compute/rpcapi.py:595}}
Apr 24 19:13:33 devstack devstack@n-api.service[59574]: INFO nova.api.openstack.requestlog [req-a2c9a432-2782-4840-840d-7c84c54f05dd req-fbdd7eb4-42b0-4fc1-b8c3-8e304db27706 service nova] 192.168.122.55 "POST /compute/v2.1/os-server-external-events" status: 200 len: 185 microversion: 2.1 time: 0.109593
Apr 24 19:13:33 devstack devstack@n-api.service[59575]: DEBUG nova.api.openstack.wsgi [None req-e2254b9c-b23d-4990-bbcb-df9cb9323665 tempest-ServerBootFromVolumeStableRescueTest-240815626 tempest-ServerBootFromVolumeStableRescueTest-240815626-project-member] Calling method '>' {{(pid=59575) _process_stack /opt/stack/nova/nova/api/openstack/wsgi.py:551}}
Apr 24 19:13:33 devstack devstack@n-api.service[59574]: [pid: 59574|app: 0|req: 89/166] 192.168.122.55 () {64 vars in 1327 bytes} [Fri Apr 24 19:13:33 2026] POST /compute/v2.1/os-server-external-events => generated 185 bytes in 122 msecs (HTTP/1.1 200) 9 headers in 357 bytes (1 switches on core 0)
Apr 24 19:13:33 devstack devstack@n-api.service[59575]: DEBUG nova.compute.api [None req-e2254b9c-b23d-4990-bbcb-df9cb9323665 tempest-ServerBootFromVolumeStableRescueTest-240815626 tempest-ServerBootFromVolumeStableRescueTest-240815626-project-member] [instance: 1f6ba47a-6aba-42a7-8c48-577cc22d8b88] Fetching instance by UUID {{(pid=59575) get /opt/stack/nova/nova/compute/api.py:3056}}
Apr 24 19:13:33 devstack devstack@n-api.service[59575]: DEBUG oslo_concurrency.lockutils [None req-e2254b9c-b23d-4990-bbcb-df9cb9323665 tempest-ServerBootFromVolumeStableRescueTest-240815626 tempest-ServerBootFromVolumeStableRescueTest-240815626-project-member] Acquiring lock "8559ca34-7d62-4257-894b-11a67cade7a0" by "nova.context.set_target_cell..get_or_set_cached_cell_and_set_connections" {{(pid=59575) inner /opt/stack/data/venv/lib/python3.10/site-packages/oslo_concurrency/lockutils.py:506}}
Apr 24 19:13:33 devstack devstack@n-api.service[59575]: DEBUG oslo_concurrency.lockutils [None req-e2254b9c-b23d-4990-bbcb-df9cb9323665 tempest-ServerBootFromVolumeStableRescueTest-240815626 tempest-ServerBootFromVolumeStableRescueTest-240815626-project-member] Lock "8559ca34-7d62-4257-894b-11a67cade7a0" acquired by "nova.context.set_target_cell..get_or_set_cached_cell_and_set_connections" :: waited 0.002s {{(pid=59575) inner /opt/stack/data/venv/lib/python3.10/site-packages/oslo_concurrency/lockutils.py:519}}
Apr 24 19:13:33 devstack devstack@n-api.service[59575]: DEBUG oslo_concurrency.lockutils [None req-e2254b9c-b23d-4990-bbcb-df9cb9323665 tempest-ServerBootFromVolumeStableRescueTest-240815626 tempest-ServerBootFromVolumeStableRescueTest-240815626-project-member] Lock "8559ca34-7d62-4257-894b-11a67cade7a0" "released" by "nova.context.set_target_cell..get_or_set_cached_cell_and_set_connections" :: held 0.001s {{(pid=59575) inner /opt/stack/data/venv/lib/python3.10/site-packages/oslo_concurrency/lockutils.py:538}}
Apr 24 19:13:33 devstack devstack@n-api.service[59575]: DEBUG oslo_concurrency.lockutils [None req-e2254b9c-b23d-4990-bbcb-df9cb9323665 tempest-ServerBootFromVolumeStableRescueTest-240815626 tempest-ServerBootFromVolumeStableRescueTest-240815626-project-member] Acquiring lock "8559ca34-7d62-4257-894b-11a67cade7a0" by "nova.context.set_target_cell..get_or_set_cached_cell_and_set_connections" {{(pid=59575) inner /opt/stack/data/venv/lib/python3.10/site-packages/oslo_concurrency/lockutils.py:506}}
Apr 24 19:13:33 devstack devstack@n-api.service[59575]: DEBUG oslo_concurrency.lockutils [None req-e2254b9c-b23d-4990-bbcb-df9cb9323665 tempest-ServerBootFromVolumeStableRescueTest-240815626 tempest-ServerBootFromVolumeStableRescueTest-240815626-project-member] Lock "8559ca34-7d62-4257-894b-11a67cade7a0" acquired by "nova.context.set_target_cell..get_or_set_cached_cell_and_set_connections" :: waited 0.001s {{(pid=59575) inner /opt/stack/data/venv/lib/python3.10/site-packages/oslo_concurrency/lockutils.py:519}}
Apr 24 19:13:33 devstack devstack@n-api.service[59575]: DEBUG oslo_concurrency.lockutils [None req-e2254b9c-b23d-4990-bbcb-df9cb9323665 tempest-ServerBootFromVolumeStableRescueTest-240815626 tempest-ServerBootFromVolumeStableRescueTest-240815626-project-member] Lock "8559ca34-7d62-4257-894b-11a67cade7a0" "released" by "nova.context.set_target_cell..get_or_set_cached_cell_and_set_connections" :: held 0.001s {{(pid=59575) inner /opt/stack/data/venv/lib/python3.10/site-packages/oslo_concurrency/lockutils.py:538}}
Apr 24 19:13:33 devstack devstack@n-api.service[59574]: DEBUG nova.api.openstack.wsgi [req-a3f18692-ab4c-45a5-b002-e57c2eddeba9 req-bf39866c-e8cf-48af-aab5-f1942dd6f56b service nova] Action: 'create', calling method: >, body: {"events": [{"name": "network-changed", "server_uuid": "1f6ba47a-6aba-42a7-8c48-577cc22d8b88", "tag": "c070f87f-7bc5-4784-9a86-900639e9c3c8"}]} {{(pid=59574) _process_stack /opt/stack/nova/nova/api/openstack/wsgi.py:549}}
Apr 24 19:13:33 devstack devstack@n-api.service[59575]: WARNING neutronclient.v2_0.client [None req-e2254b9c-b23d-4990-bbcb-df9cb9323665 tempest-ServerBootFromVolumeStableRescueTest-240815626 tempest-ServerBootFromVolumeStableRescueTest-240815626-project-member] The python binding code in neutronclient is deprecated in favor of OpenstackSDK, please use that as this will be removed in a future release.
Apr 24 19:13:33 devstack devstack@n-api.service[59574]: DEBUG oslo_concurrency.lockutils [req-a3f18692-ab4c-45a5-b002-e57c2eddeba9 req-bf39866c-e8cf-48af-aab5-f1942dd6f56b service nova] Acquiring lock "8559ca34-7d62-4257-894b-11a67cade7a0" by "nova.context.set_target_cell..get_or_set_cached_cell_and_set_connections" {{(pid=59574) inner /opt/stack/data/venv/lib/python3.10/site-packages/oslo_concurrency/lockutils.py:506}}
Apr 24 19:13:33 devstack devstack@n-api.service[59574]: DEBUG oslo_concurrency.lockutils [req-a3f18692-ab4c-45a5-b002-e57c2eddeba9 req-bf39866c-e8cf-48af-aab5-f1942dd6f56b service nova] Lock "8559ca34-7d62-4257-894b-11a67cade7a0" acquired by "nova.context.set_target_cell..get_or_set_cached_cell_and_set_connections" :: waited 0.002s {{(pid=59574) inner /opt/stack/data/venv/lib/python3.10/site-packages/oslo_concurrency/lockutils.py:519}}
Apr 24 19:13:33 devstack devstack@n-api.service[59574]: DEBUG oslo_concurrency.lockutils [req-a3f18692-ab4c-45a5-b002-e57c2eddeba9 req-bf39866c-e8cf-48af-aab5-f1942dd6f56b service nova] Lock "8559ca34-7d62-4257-894b-11a67cade7a0" "released" by "nova.context.set_target_cell..get_or_set_cached_cell_and_set_connections" :: held 0.003s {{(pid=59574) inner /opt/stack/data/venv/lib/python3.10/site-packages/oslo_concurrency/lockutils.py:538}}
Apr 24 19:13:33 devstack devstack@n-api.service[59574]: INFO nova.api.openstack.compute.server_external_events [req-a3f18692-ab4c-45a5-b002-e57c2eddeba9 req-bf39866c-e8cf-48af-aab5-f1942dd6f56b service nova] Creating event network-changed:c070f87f-7bc5-4784-9a86-900639e9c3c8 for instance 1f6ba47a-6aba-42a7-8c48-577cc22d8b88 on devstack
Apr 24 19:13:33 devstack devstack@n-api.service[59574]: DEBUG nova.compute.rpcapi [req-a3f18692-ab4c-45a5-b002-e57c2eddeba9 req-bf39866c-e8cf-48af-aab5-f1942dd6f56b service nova] RPC: Sending the message to topic: compute-alt {{(pid=59574) prepare_for_alt_rpcserver /opt/stack/nova/nova/compute/rpcapi.py:595}}
Apr 24 19:13:33 devstack devstack@n-api.service[59574]: INFO nova.api.openstack.requestlog [req-a3f18692-ab4c-45a5-b002-e57c2eddeba9 req-bf39866c-e8cf-48af-aab5-f1942dd6f56b service nova] 192.168.122.55 "POST /compute/v2.1/os-server-external-events" status: 200 len: 179 microversion: 2.1 time: 0.181224
Apr 24 19:13:33 devstack devstack@n-api.service[59574]: [pid: 59574|app: 0|req: 90/167] 192.168.122.55 () {64 vars in 1327 bytes} [Fri Apr 24 19:13:33 2026] POST /compute/v2.1/os-server-external-events => generated 179 bytes in 184 msecs (HTTP/1.1 200) 9 headers in 357 bytes (1 switches on core 0)
Apr 24 19:13:33 devstack devstack@n-api.service[59574]: DEBUG nova.api.openstack.wsgi [None req-1fbf2bb1-b167-4385-a784-928f8b570d83 tempest-VolumesSnapshotsTestJSON-156473602 tempest-VolumesSnapshotsTestJSON-156473602-project-member] Calling method '>' {{(pid=59574) _process_stack /opt/stack/nova/nova/api/openstack/wsgi.py:551}}
Apr 24 19:13:33 devstack devstack@n-api.service[59574]: INFO nova.api.openstack.requestlog [None req-1fbf2bb1-b167-4385-a784-928f8b570d83 tempest-VolumesSnapshotsTestJSON-156473602 tempest-VolumesSnapshotsTestJSON-156473602-project-member] 192.168.122.55 "GET /compute/v2.1/os-volumes/9330cb36-8c3c-4265-ac35-2db1caae8895" status: 200 len: 342 microversion: 2.1 time: 0.119886
Apr 24 19:13:33 devstack devstack@n-api.service[59574]: [pid: 59574|app: 0|req: 91/168] 192.168.122.55 () {58 vars in 1253 bytes} [Fri Apr 24 19:13:33 2026] GET /compute/v2.1/os-volumes/9330cb36-8c3c-4265-ac35-2db1caae8895 => generated 342 bytes in 122 msecs (HTTP/1.1 200) 9 headers in 357 bytes (1 switches on core 0)
Apr 24 19:13:33 devstack devstack@n-api.service[59574]: DEBUG nova.api.openstack.wsgi [None req-3be6d1d0-6f55-47a0-afca-3b5e05498504 tempest-DeleteServersTestJSON-60368834 tempest-DeleteServersTestJSON-60368834-project-member] Calling method '>' {{(pid=59574) _process_stack /opt/stack/nova/nova/api/openstack/wsgi.py:551}}
Apr 24 19:13:33 devstack devstack@n-api.service[59574]: DEBUG nova.compute.api [None req-3be6d1d0-6f55-47a0-afca-3b5e05498504 tempest-DeleteServersTestJSON-60368834 tempest-DeleteServersTestJSON-60368834-project-member] [instance: 547a93cd-5ca7-4f8d-bbc9-c2b6abbc8e60] Fetching instance by UUID {{(pid=59574) get /opt/stack/nova/nova/compute/api.py:3056}}
Apr 24 19:13:33 devstack devstack@n-api.service[59574]: DEBUG oslo_concurrency.lockutils [None req-3be6d1d0-6f55-47a0-afca-3b5e05498504 tempest-DeleteServersTestJSON-60368834 tempest-DeleteServersTestJSON-60368834-project-member] Acquiring lock "8559ca34-7d62-4257-894b-11a67cade7a0" by "nova.context.set_target_cell..get_or_set_cached_cell_and_set_connections" {{(pid=59574) inner /opt/stack/data/venv/lib/python3.10/site-packages/oslo_concurrency/lockutils.py:506}}
Apr 24 19:13:33 devstack devstack@n-api.service[59574]: DEBUG oslo_concurrency.lockutils [None req-3be6d1d0-6f55-47a0-afca-3b5e05498504 tempest-DeleteServersTestJSON-60368834 tempest-DeleteServersTestJSON-60368834-project-member] Lock "8559ca34-7d62-4257-894b-11a67cade7a0" acquired by "nova.context.set_target_cell..get_or_set_cached_cell_and_set_connections" :: waited 0.001s {{(pid=59574) inner /opt/stack/data/venv/lib/python3.10/site-packages/oslo_concurrency/lockutils.py:519}}
Apr 24 19:13:33 devstack devstack@n-api.service[59574]: DEBUG oslo_concurrency.lockutils [None req-3be6d1d0-6f55-47a0-afca-3b5e05498504 tempest-DeleteServersTestJSON-60368834 tempest-DeleteServersTestJSON-60368834-project-member] Lock "8559ca34-7d62-4257-894b-11a67cade7a0" "released" by "nova.context.set_target_cell..get_or_set_cached_cell_and_set_connections" :: held 0.001s {{(pid=59574) inner /opt/stack/data/venv/lib/python3.10/site-packages/oslo_concurrency/lockutils.py:538}}
Apr 24 19:13:33 devstack devstack@n-api.service[59574]: DEBUG oslo_concurrency.lockutils [None req-3be6d1d0-6f55-47a0-afca-3b5e05498504 tempest-DeleteServersTestJSON-60368834 tempest-DeleteServersTestJSON-60368834-project-member] Acquiring lock "8559ca34-7d62-4257-894b-11a67cade7a0" by "nova.context.set_target_cell..get_or_set_cached_cell_and_set_connections" {{(pid=59574) inner /opt/stack/data/venv/lib/python3.10/site-packages/oslo_concurrency/lockutils.py:506}}
Apr 24 19:13:33 devstack devstack@n-api.service[59574]: DEBUG oslo_concurrency.lockutils [None req-3be6d1d0-6f55-47a0-afca-3b5e05498504 tempest-DeleteServersTestJSON-60368834 tempest-DeleteServersTestJSON-60368834-project-member] Lock "8559ca34-7d62-4257-894b-11a67cade7a0" acquired by "nova.context.set_target_cell..get_or_set_cached_cell_and_set_connections" :: waited 0.000s {{(pid=59574) inner /opt/stack/data/venv/lib/python3.10/site-packages/oslo_concurrency/lockutils.py:519}}
Apr 24 19:13:33 devstack devstack@n-api.service[59574]: DEBUG oslo_concurrency.lockutils [None req-3be6d1d0-6f55-47a0-afca-3b5e05498504 tempest-DeleteServersTestJSON-60368834 tempest-DeleteServersTestJSON-60368834-project-member] Lock "8559ca34-7d62-4257-894b-11a67cade7a0" "released" by "nova.context.set_target_cell..get_or_set_cached_cell_and_set_connections" :: held 0.000s {{(pid=59574) inner /opt/stack/data/venv/lib/python3.10/site-packages/oslo_concurrency/lockutils.py:538}}
Apr 24 19:13:34 devstack devstack@n-api.service[59574]: WARNING neutronclient.v2_0.client [None req-3be6d1d0-6f55-47a0-afca-3b5e05498504 tempest-DeleteServersTestJSON-60368834 tempest-DeleteServersTestJSON-60368834-project-member] The python binding code in neutronclient is deprecated in favor of OpenstackSDK, please use that as this will be removed in a future release.
Apr 24 19:13:34 devstack devstack@n-api.service[59575]: DEBUG nova.policy [None req-e2254b9c-b23d-4990-bbcb-df9cb9323665 tempest-ServerBootFromVolumeStableRescueTest-240815626 tempest-ServerBootFromVolumeStableRescueTest-240815626-project-member] Policy check for os_compute_api:os-extended-server-attributes failed with credentials {'is_admin': False, 'user_id': '8d18eac849d3456db9deb51f1ee5f8b7', 'user_domain_id': 'default', 'system_scope': None, 'domain_id': None, 'project_id': '61f5c5e7cad14572be369c74212e2f2b', 'project_domain_id': 'default', 'roles': ['reader', 'member'], 'is_admin_project': True, 'service_user_id': None, 'service_user_domain_id': None, 'service_project_id': None, 'service_project_domain_id': None, 'service_roles': []} {{(pid=59575) authorize /opt/stack/nova/nova/policy.py:192}}
Apr 24 19:13:34 devstack devstack@n-api.service[59575]: DEBUG nova.policy [None req-e2254b9c-b23d-4990-bbcb-df9cb9323665 tempest-ServerBootFromVolumeStableRescueTest-240815626 tempest-ServerBootFromVolumeStableRescueTest-240815626-project-member] Policy check for os_compute_api:servers:show:host_status failed with credentials {'is_admin': False, 'user_id': '8d18eac849d3456db9deb51f1ee5f8b7', 'user_domain_id': 'default', 'system_scope': None, 'domain_id': None, 'project_id': '61f5c5e7cad14572be369c74212e2f2b', 'project_domain_id': 'default', 'roles': ['reader', 'member'], 'is_admin_project': True, 'service_user_id': None, 'service_user_domain_id': None, 'service_project_id': None, 'service_project_domain_id': None, 'service_roles': []} {{(pid=59575) authorize /opt/stack/nova/nova/policy.py:192}}
Apr 24 19:13:34 devstack devstack@n-api.service[59575]: DEBUG nova.policy [None req-e2254b9c-b23d-4990-bbcb-df9cb9323665 tempest-ServerBootFromVolumeStableRescueTest-240815626 tempest-ServerBootFromVolumeStableRescueTest-240815626-project-member] Policy check for os_compute_api:servers:show:host_status:unknown-only failed with credentials {'is_admin': False, 'user_id': '8d18eac849d3456db9deb51f1ee5f8b7', 'user_domain_id': 'default', 'system_scope': None, 'domain_id': None, 'project_id': '61f5c5e7cad14572be369c74212e2f2b', 'project_domain_id': 'default', 'roles': ['reader', 'member'], 'is_admin_project': True, 'service_user_id': None, 'service_user_domain_id': None, 'service_project_id': None, 'service_project_domain_id': None, 'service_roles': []} {{(pid=59575) authorize /opt/stack/nova/nova/policy.py:192}}
Apr 24 19:13:34 devstack devstack@n-api.service[59575]: INFO nova.api.openstack.requestlog [None req-e2254b9c-b23d-4990-bbcb-df9cb9323665 tempest-ServerBootFromVolumeStableRescueTest-240815626 tempest-ServerBootFromVolumeStableRescueTest-240815626-project-member] 192.168.122.55 "GET /compute/v2.1/servers/1f6ba47a-6aba-42a7-8c48-577cc22d8b88" status: 200 len: 1506 microversion: 2.87 time: 0.523489
Apr 24 19:13:34 devstack devstack@n-api.service[59575]: [pid: 59575|app: 0|req: 78/169] 192.168.122.55 () {60 vars in 1285 bytes} [Fri Apr 24 19:13:33 2026] GET /compute/v2.1/servers/1f6ba47a-6aba-42a7-8c48-577cc22d8b88 => generated 1506 bytes in 527 msecs (HTTP/1.1 200) 9 headers in 360 bytes (1 switches on core 0)
Apr 24 19:13:34 devstack devstack@n-api.service[59574]: DEBUG nova.policy [None req-3be6d1d0-6f55-47a0-afca-3b5e05498504 tempest-DeleteServersTestJSON-60368834 tempest-DeleteServersTestJSON-60368834-project-member] Policy check for os_compute_api:os-extended-server-attributes failed with credentials {'is_admin': False, 'user_id': '872c46b01def4ca6a13a9ffaa41c53b9', 'user_domain_id': 'default', 'system_scope': None, 'domain_id': None, 'project_id': 'bf9ba5b186574ba29e96aca590d0cd73', 'project_domain_id': 'default', 'roles': ['reader', 'member'], 'is_admin_project': True, 'service_user_id': None, 'service_user_domain_id': None, 'service_project_id': None, 'service_project_domain_id': None, 'service_roles': []} {{(pid=59574) authorize /opt/stack/nova/nova/policy.py:192}}
Apr 24 19:13:34 devstack devstack@n-api.service[59574]: INFO nova.api.openstack.requestlog [None req-3be6d1d0-6f55-47a0-afca-3b5e05498504 tempest-DeleteServersTestJSON-60368834 tempest-DeleteServersTestJSON-60368834-project-member] 192.168.122.55 "GET /compute/v2.1/servers/547a93cd-5ca7-4f8d-bbc9-c2b6abbc8e60" status: 200 len: 1557 microversion: 2.1 time: 0.293732
Apr 24 19:13:34 devstack devstack@n-api.service[59574]: [pid: 59574|app: 0|req: 92/170] 192.168.122.55 () {58 vars in 1244 bytes} [Fri Apr 24 19:13:33 2026] GET /compute/v2.1/servers/547a93cd-5ca7-4f8d-bbc9-c2b6abbc8e60 => generated 1557 bytes in 295 msecs (HTTP/1.1 200) 9 headers in 358 bytes (1 switches on core 0)
Apr 24 19:13:34 devstack devstack@n-api.service[59575]: DEBUG nova.api.openstack.wsgi [None req-d8dffc56-e904-4a53-9264-81ec423191be tempest-VolumesSnapshotsTestJSON-156473602 tempest-VolumesSnapshotsTestJSON-156473602-project-member] Calling method '>' {{(pid=59575) _process_stack /opt/stack/nova/nova/api/openstack/wsgi.py:551}}
Apr 24 19:13:35 devstack devstack@n-api.service[59575]: INFO nova.api.openstack.requestlog [None req-d8dffc56-e904-4a53-9264-81ec423191be tempest-VolumesSnapshotsTestJSON-156473602 tempest-VolumesSnapshotsTestJSON-156473602-project-member] 192.168.122.55 "GET /compute/v2.1/os-volumes/9330cb36-8c3c-4265-ac35-2db1caae8895" status: 200 len: 343 microversion: 2.1 time: 0.092341
Apr 24 19:13:35 devstack devstack@n-api.service[59575]: [pid: 59575|app: 0|req: 79/171] 192.168.122.55 () {58 vars in 1253 bytes} [Fri Apr 24 19:13:34 2026] GET /compute/v2.1/os-volumes/9330cb36-8c3c-4265-ac35-2db1caae8895 => generated 343 bytes in 104 msecs (HTTP/1.1 200) 9 headers in 357 bytes (1 switches on core 0)
Apr 24 19:13:35 devstack devstack@n-api.service[59574]: DEBUG nova.api.openstack.wsgi [None req-962fb873-8a3c-4052-884d-bb62a0a92730 tempest-VolumesSnapshotsTestJSON-156473602 tempest-VolumesSnapshotsTestJSON-156473602-project-member] Action: 'create', calling method: >, body: {"snapshot": {"volume_id": "9330cb36-8c3c-4265-ac35-2db1caae8895", "display_name": "tempest-VolumesSnapshotsTestJSON-Snapshot-1567830226"}} {{(pid=59574) _process_stack /opt/stack/nova/nova/api/openstack/wsgi.py:549}}
Apr 24 19:13:35 devstack devstack@n-api.service[59575]: DEBUG nova.api.openstack.wsgi [None req-cb6b907f-4f92-44c9-9663-5790af57db41 tempest-ServerBootFromVolumeStableRescueTest-240815626 tempest-ServerBootFromVolumeStableRescueTest-240815626-project-member] Calling method '>' {{(pid=59575) _process_stack /opt/stack/nova/nova/api/openstack/wsgi.py:551}}
Apr 24 19:13:35 devstack devstack@n-api.service[59575]: DEBUG nova.compute.api [None req-cb6b907f-4f92-44c9-9663-5790af57db41 tempest-ServerBootFromVolumeStableRescueTest-240815626 tempest-ServerBootFromVolumeStableRescueTest-240815626-project-member] [instance: 1f6ba47a-6aba-42a7-8c48-577cc22d8b88] Fetching instance by UUID {{(pid=59575) get /opt/stack/nova/nova/compute/api.py:3056}}
Apr 24 19:13:35 devstack devstack@n-api.service[59575]: DEBUG oslo_concurrency.lockutils [None req-cb6b907f-4f92-44c9-9663-5790af57db41 tempest-ServerBootFromVolumeStableRescueTest-240815626 tempest-ServerBootFromVolumeStableRescueTest-240815626-project-member] Acquiring lock "8559ca34-7d62-4257-894b-11a67cade7a0" by "nova.context.set_target_cell..get_or_set_cached_cell_and_set_connections" {{(pid=59575) inner /opt/stack/data/venv/lib/python3.10/site-packages/oslo_concurrency/lockutils.py:506}}
Apr 24 19:13:35 devstack devstack@n-api.service[59575]: DEBUG oslo_concurrency.lockutils [None req-cb6b907f-4f92-44c9-9663-5790af57db41 tempest-ServerBootFromVolumeStableRescueTest-240815626 tempest-ServerBootFromVolumeStableRescueTest-240815626-project-member] Lock "8559ca34-7d62-4257-894b-11a67cade7a0" acquired by "nova.context.set_target_cell..get_or_set_cached_cell_and_set_connections" :: waited 0.001s {{(pid=59575) inner /opt/stack/data/venv/lib/python3.10/site-packages/oslo_concurrency/lockutils.py:519}}
Apr 24 19:13:35 devstack devstack@n-api.service[59575]: DEBUG oslo_concurrency.lockutils [None req-cb6b907f-4f92-44c9-9663-5790af57db41 tempest-ServerBootFromVolumeStableRescueTest-240815626 tempest-ServerBootFromVolumeStableRescueTest-240815626-project-member] Lock "8559ca34-7d62-4257-894b-11a67cade7a0" "released" by "nova.context.set_target_cell..get_or_set_cached_cell_and_set_connections" :: held 0.001s {{(pid=59575) inner /opt/stack/data/venv/lib/python3.10/site-packages/oslo_concurrency/lockutils.py:538}}
Apr 24 19:13:35 devstack devstack@n-api.service[59575]: DEBUG oslo_concurrency.lockutils [None req-cb6b907f-4f92-44c9-9663-5790af57db41 tempest-ServerBootFromVolumeStableRescueTest-240815626 tempest-ServerBootFromVolumeStableRescueTest-240815626-project-member] Acquiring lock "8559ca34-7d62-4257-894b-11a67cade7a0" by "nova.context.set_target_cell..get_or_set_cached_cell_and_set_connections" {{(pid=59575) inner /opt/stack/data/venv/lib/python3.10/site-packages/oslo_concurrency/lockutils.py:506}}
Apr 24 19:13:35 devstack devstack@n-api.service[59575]: DEBUG oslo_concurrency.lockutils [None req-cb6b907f-4f92-44c9-9663-5790af57db41 tempest-ServerBootFromVolumeStableRescueTest-240815626 tempest-ServerBootFromVolumeStableRescueTest-240815626-project-member] Lock "8559ca34-7d62-4257-894b-11a67cade7a0" acquired by "nova.context.set_target_cell..get_or_set_cached_cell_and_set_connections" :: waited 0.001s {{(pid=59575) inner /opt/stack/data/venv/lib/python3.10/site-packages/oslo_concurrency/lockutils.py:519}}
Apr 24 19:13:35 devstack devstack@n-api.service[59575]: DEBUG oslo_concurrency.lockutils [None req-cb6b907f-4f92-44c9-9663-5790af57db41 tempest-ServerBootFromVolumeStableRescueTest-240815626 tempest-ServerBootFromVolumeStableRescueTest-240815626-project-member] Lock "8559ca34-7d62-4257-894b-11a67cade7a0" "released" by "nova.context.set_target_cell..get_or_set_cached_cell_and_set_connections" :: held 0.002s {{(pid=59575) inner /opt/stack/data/venv/lib/python3.10/site-packages/oslo_concurrency/lockutils.py:538}}
Apr 24 19:13:35 devstack devstack@n-api.service[59575]: WARNING neutronclient.v2_0.client [None req-cb6b907f-4f92-44c9-9663-5790af57db41 tempest-ServerBootFromVolumeStableRescueTest-240815626 tempest-ServerBootFromVolumeStableRescueTest-240815626-project-member] The python binding code in neutronclient is deprecated in favor of OpenstackSDK, please use that as this will be removed in a future release.
Apr 24 19:13:35 devstack devstack@n-api.service[59574]: INFO nova.api.openstack.requestlog [None req-962fb873-8a3c-4052-884d-bb62a0a92730 tempest-VolumesSnapshotsTestJSON-156473602 tempest-VolumesSnapshotsTestJSON-156473602-project-member] 192.168.122.55 "POST /compute/v2.1/os-snapshots" status: 200 len: 287 microversion: 2.1 time: 0.337073
Apr 24 19:13:35 devstack devstack@n-api.service[59574]: [pid: 59574|app: 0|req: 93/172] 192.168.122.55 () {60 vars in 1170 bytes} [Fri Apr 24 19:13:35 2026] POST /compute/v2.1/os-snapshots => generated 287 bytes in 341 msecs (HTTP/1.1 200) 9 headers in 357 bytes (1 switches on core 0)
Apr 24 19:13:35 devstack devstack@n-api.service[59574]: DEBUG nova.api.openstack.wsgi [None req-7575b6c8-a53c-4e8c-9968-7925e25691e0 tempest-DeleteServersTestJSON-60368834 tempest-DeleteServersTestJSON-60368834-project-member] Calling method '>' {{(pid=59574) _process_stack /opt/stack/nova/nova/api/openstack/wsgi.py:551}}
Apr 24 19:13:35 devstack devstack@n-api.service[59574]: DEBUG nova.compute.api [None req-7575b6c8-a53c-4e8c-9968-7925e25691e0 tempest-DeleteServersTestJSON-60368834 tempest-DeleteServersTestJSON-60368834-project-member] [instance: 547a93cd-5ca7-4f8d-bbc9-c2b6abbc8e60] Fetching instance by UUID {{(pid=59574) get /opt/stack/nova/nova/compute/api.py:3056}}
Apr 24 19:13:35 devstack devstack@n-api.service[59574]: DEBUG oslo_concurrency.lockutils [None req-7575b6c8-a53c-4e8c-9968-7925e25691e0 tempest-DeleteServersTestJSON-60368834 tempest-DeleteServersTestJSON-60368834-project-member] Acquiring lock "8559ca34-7d62-4257-894b-11a67cade7a0" by "nova.context.set_target_cell..get_or_set_cached_cell_and_set_connections" {{(pid=59574) inner /opt/stack/data/venv/lib/python3.10/site-packages/oslo_concurrency/lockutils.py:506}}
Apr 24 19:13:35 devstack devstack@n-api.service[59574]: DEBUG oslo_concurrency.lockutils [None req-7575b6c8-a53c-4e8c-9968-7925e25691e0 tempest-DeleteServersTestJSON-60368834 tempest-DeleteServersTestJSON-60368834-project-member] Lock "8559ca34-7d62-4257-894b-11a67cade7a0" acquired by "nova.context.set_target_cell..get_or_set_cached_cell_and_set_connections" :: waited 0.003s {{(pid=59574) inner /opt/stack/data/venv/lib/python3.10/site-packages/oslo_concurrency/lockutils.py:519}}
Apr 24 19:13:35 devstack devstack@n-api.service[59574]: DEBUG oslo_concurrency.lockutils [None req-7575b6c8-a53c-4e8c-9968-7925e25691e0 tempest-DeleteServersTestJSON-60368834 tempest-DeleteServersTestJSON-60368834-project-member] Lock "8559ca34-7d62-4257-894b-11a67cade7a0" "released" by "nova.context.set_target_cell..get_or_set_cached_cell_and_set_connections" :: held 0.001s {{(pid=59574) inner /opt/stack/data/venv/lib/python3.10/site-packages/oslo_concurrency/lockutils.py:538}}
Apr 24 19:13:35 devstack devstack@n-api.service[59574]: DEBUG oslo_concurrency.lockutils [None req-7575b6c8-a53c-4e8c-9968-7925e25691e0 tempest-DeleteServersTestJSON-60368834 tempest-DeleteServersTestJSON-60368834-project-member] Acquiring lock "8559ca34-7d62-4257-894b-11a67cade7a0" by "nova.context.set_target_cell..get_or_set_cached_cell_and_set_connections" {{(pid=59574) inner /opt/stack/data/venv/lib/python3.10/site-packages/oslo_concurrency/lockutils.py:506}}
Apr 24 19:13:35 devstack devstack@n-api.service[59574]: DEBUG oslo_concurrency.lockutils [None req-7575b6c8-a53c-4e8c-9968-7925e25691e0 tempest-DeleteServersTestJSON-60368834 tempest-DeleteServersTestJSON-60368834-project-member] Lock "8559ca34-7d62-4257-894b-11a67cade7a0" acquired by "nova.context.set_target_cell..get_or_set_cached_cell_and_set_connections" :: waited 0.000s {{(pid=59574) inner /opt/stack/data/venv/lib/python3.10/site-packages/oslo_concurrency/lockutils.py:519}}
Apr 24 19:13:35 devstack devstack@n-api.service[59574]: DEBUG oslo_concurrency.lockutils [None req-7575b6c8-a53c-4e8c-9968-7925e25691e0 tempest-DeleteServersTestJSON-60368834 tempest-DeleteServersTestJSON-60368834-project-member] Lock "8559ca34-7d62-4257-894b-11a67cade7a0" "released" by "nova.context.set_target_cell..get_or_set_cached_cell_and_set_connections" :: held 0.001s {{(pid=59574) inner /opt/stack/data/venv/lib/python3.10/site-packages/oslo_concurrency/lockutils.py:538}}
Apr 24 19:13:35 devstack devstack@n-api.service[59575]: DEBUG nova.policy [None req-cb6b907f-4f92-44c9-9663-5790af57db41 tempest-ServerBootFromVolumeStableRescueTest-240815626 tempest-ServerBootFromVolumeStableRescueTest-240815626-project-member] Policy check for os_compute_api:os-extended-server-attributes failed with credentials {'is_admin': False, 'user_id': '8d18eac849d3456db9deb51f1ee5f8b7', 'user_domain_id': 'default', 'system_scope': None, 'domain_id': None, 'project_id': '61f5c5e7cad14572be369c74212e2f2b', 'project_domain_id': 'default', 'roles': ['reader', 'member'], 'is_admin_project': True, 'service_user_id': None, 'service_user_domain_id': None, 'service_project_id': None, 'service_project_domain_id': None, 'service_roles': []} {{(pid=59575) authorize /opt/stack/nova/nova/policy.py:192}}
Apr 24 19:13:35 devstack devstack@n-api.service[59575]: DEBUG dbcounter [-] [59575] Writing DB stats nova_cell0:SELECT=2 {{(pid=59575) stat_writer /opt/stack/data/venv/lib/python3.10/site-packages/dbcounter.py:115}}
Apr 24 19:13:35 devstack devstack@n-api.service[59575]: DEBUG nova.policy [None req-cb6b907f-4f92-44c9-9663-5790af57db41 tempest-ServerBootFromVolumeStableRescueTest-240815626 tempest-ServerBootFromVolumeStableRescueTest-240815626-project-member] Policy check for os_compute_api:servers:show:host_status failed with credentials {'is_admin': False, 'user_id': '8d18eac849d3456db9deb51f1ee5f8b7', 'user_domain_id': 'default', 'system_scope': None, 'domain_id': None, 'project_id': '61f5c5e7cad14572be369c74212e2f2b', 'project_domain_id': 'default', 'roles': ['reader', 'member'], 'is_admin_project': True, 'service_user_id': None, 'service_user_domain_id': None, 'service_project_id': None, 'service_project_domain_id': None, 'service_roles': []} {{(pid=59575) authorize /opt/stack/nova/nova/policy.py:192}}
Apr 24 19:13:35 devstack devstack@n-api.service[59575]: DEBUG nova.policy [None req-cb6b907f-4f92-44c9-9663-5790af57db41 tempest-ServerBootFromVolumeStableRescueTest-240815626 tempest-ServerBootFromVolumeStableRescueTest-240815626-project-member] Policy check for os_compute_api:servers:show:host_status:unknown-only failed with credentials {'is_admin': False, 'user_id': '8d18eac849d3456db9deb51f1ee5f8b7', 'user_domain_id': 'default', 'system_scope': None, 'domain_id': None, 'project_id': '61f5c5e7cad14572be369c74212e2f2b', 'project_domain_id': 'default', 'roles': ['reader', 'member'], 'is_admin_project': True, 'service_user_id': None, 'service_user_domain_id': None, 'service_project_id': None, 'service_project_domain_id': None, 'service_roles': []} {{(pid=59575) authorize /opt/stack/nova/nova/policy.py:192}}
Apr 24 19:13:35 devstack devstack@n-api.service[59574]: WARNING neutronclient.v2_0.client [None req-7575b6c8-a53c-4e8c-9968-7925e25691e0 tempest-DeleteServersTestJSON-60368834 tempest-DeleteServersTestJSON-60368834-project-member] The python binding code in neutronclient is deprecated in favor of OpenstackSDK, please use that as this will be removed in a future release.
Apr 24 19:13:35 devstack devstack@n-api.service[59575]: INFO nova.api.openstack.requestlog [None req-cb6b907f-4f92-44c9-9663-5790af57db41 tempest-ServerBootFromVolumeStableRescueTest-240815626 tempest-ServerBootFromVolumeStableRescueTest-240815626-project-member] 192.168.122.55 "GET /compute/v2.1/servers/1f6ba47a-6aba-42a7-8c48-577cc22d8b88" status: 200 len: 1506 microversion: 2.87 time: 0.402549
Apr 24 19:13:35 devstack devstack@n-api.service[59575]: [pid: 59575|app: 0|req: 80/173] 192.168.122.55 () {60 vars in 1285 bytes} [Fri Apr 24 19:13:35 2026] GET /compute/v2.1/servers/1f6ba47a-6aba-42a7-8c48-577cc22d8b88 => generated 1506 bytes in 404 msecs (HTTP/1.1 200) 9 headers in 360 bytes (1 switches on core 0)
Apr 24 19:13:35 devstack devstack@n-api.service[59575]: DEBUG dbcounter [-] [59575] Writing DB stats nova_cell0:SELECT=3 {{(pid=59575) stat_writer /opt/stack/data/venv/lib/python3.10/site-packages/dbcounter.py:115}}
Apr 24 19:13:35 devstack devstack@n-api.service[59574]: DEBUG nova.policy [None req-7575b6c8-a53c-4e8c-9968-7925e25691e0 tempest-DeleteServersTestJSON-60368834 tempest-DeleteServersTestJSON-60368834-project-member] Policy check for os_compute_api:os-extended-server-attributes failed with credentials {'is_admin': False, 'user_id': '872c46b01def4ca6a13a9ffaa41c53b9', 'user_domain_id': 'default', 'system_scope': None, 'domain_id': None, 'project_id': 'bf9ba5b186574ba29e96aca590d0cd73', 'project_domain_id': 'default', 'roles': ['reader', 'member'], 'is_admin_project': True, 'service_user_id': None, 'service_user_domain_id': None, 'service_project_id': None, 'service_project_domain_id': None, 'service_roles': []} {{(pid=59574) authorize /opt/stack/nova/nova/policy.py:192}}
Apr 24 19:13:35 devstack devstack@n-api.service[59574]: DEBUG dbcounter [-] [59574] Writing DB stats nova_cell0:SELECT=1 {{(pid=59574) stat_writer /opt/stack/data/venv/lib/python3.10/site-packages/dbcounter.py:115}}
Apr 24 19:13:35 devstack devstack@n-api.service[59574]: INFO nova.api.openstack.requestlog [None req-7575b6c8-a53c-4e8c-9968-7925e25691e0 tempest-DeleteServersTestJSON-60368834 tempest-DeleteServersTestJSON-60368834-project-member] 192.168.122.55 "GET /compute/v2.1/servers/547a93cd-5ca7-4f8d-bbc9-c2b6abbc8e60" status: 200 len: 1557 microversion: 2.1 time: 0.420055
Apr 24 19:13:35 devstack devstack@n-api.service[59574]: [pid: 59574|app: 0|req: 94/174] 192.168.122.55 () {58 vars in 1244 bytes} [Fri Apr 24 19:13:35 2026] GET /compute/v2.1/servers/547a93cd-5ca7-4f8d-bbc9-c2b6abbc8e60 => generated 1557 bytes in 425 msecs (HTTP/1.1 200) 9 headers in 358 bytes (1 switches on core 0)
Apr 24 19:13:35 devstack devstack@n-api.service[59574]: DEBUG nova.api.openstack.wsgi [req-02cc2996-a294-4b39-a772-e6f3950e1923 req-01e852e3-6226-4d65-b4f8-5d17cea53c1b service nova] Action: 'create', calling method: >, body: {"events": [{"server_uuid": "547a93cd-5ca7-4f8d-bbc9-c2b6abbc8e60", "name": "network-vif-unplugged", "status": "completed", "tag": "c707f411-f3d7-47d0-9792-7300774c8eb8"}]} {{(pid=59574) _process_stack /opt/stack/nova/nova/api/openstack/wsgi.py:549}}
Apr 24 19:13:35 devstack devstack@n-api.service[59574]: DEBUG oslo_concurrency.lockutils [req-02cc2996-a294-4b39-a772-e6f3950e1923 req-01e852e3-6226-4d65-b4f8-5d17cea53c1b service nova] Acquiring lock "8559ca34-7d62-4257-894b-11a67cade7a0" by "nova.context.set_target_cell..get_or_set_cached_cell_and_set_connections" {{(pid=59574) inner /opt/stack/data/venv/lib/python3.10/site-packages/oslo_concurrency/lockutils.py:506}}
Apr 24 19:13:35 devstack devstack@n-api.service[59574]: DEBUG oslo_concurrency.lockutils [req-02cc2996-a294-4b39-a772-e6f3950e1923 req-01e852e3-6226-4d65-b4f8-5d17cea53c1b service nova] Lock "8559ca34-7d62-4257-894b-11a67cade7a0" acquired by "nova.context.set_target_cell..get_or_set_cached_cell_and_set_connections" :: waited 0.001s {{(pid=59574) inner /opt/stack/data/venv/lib/python3.10/site-packages/oslo_concurrency/lockutils.py:519}}
Apr 24 19:13:35 devstack devstack@n-api.service[59574]: DEBUG oslo_concurrency.lockutils [req-02cc2996-a294-4b39-a772-e6f3950e1923 req-01e852e3-6226-4d65-b4f8-5d17cea53c1b service nova] Lock "8559ca34-7d62-4257-894b-11a67cade7a0" "released" by "nova.context.set_target_cell..get_or_set_cached_cell_and_set_connections" :: held 0.000s {{(pid=59574) inner /opt/stack/data/venv/lib/python3.10/site-packages/oslo_concurrency/lockutils.py:538}}
Apr 24 19:13:35 devstack devstack@n-api.service[59574]: INFO nova.api.openstack.compute.server_external_events [req-02cc2996-a294-4b39-a772-e6f3950e1923 req-01e852e3-6226-4d65-b4f8-5d17cea53c1b service nova] Creating event network-vif-unplugged:c707f411-f3d7-47d0-9792-7300774c8eb8 for instance 547a93cd-5ca7-4f8d-bbc9-c2b6abbc8e60 on devstack
Apr 24 19:13:35 devstack devstack@n-api.service[59574]: DEBUG nova.compute.rpcapi [req-02cc2996-a294-4b39-a772-e6f3950e1923 req-01e852e3-6226-4d65-b4f8-5d17cea53c1b service nova] RPC: Sending the message to topic: compute-alt {{(pid=59574) prepare_for_alt_rpcserver /opt/stack/nova/nova/compute/rpcapi.py:595}}
Apr 24 19:13:35 devstack devstack@n-api.service[59574]: INFO nova.api.openstack.requestlog [req-02cc2996-a294-4b39-a772-e6f3950e1923 req-01e852e3-6226-4d65-b4f8-5d17cea53c1b service nova] 192.168.122.55 "POST /compute/v2.1/os-server-external-events" status: 200 len: 185 microversion: 2.1 time: 0.103996
Apr 24 19:13:35 devstack devstack@n-api.service[59574]: [pid: 59574|app: 0|req: 95/175] 192.168.122.55 () {64 vars in 1327 bytes} [Fri Apr 24 19:13:35 2026] POST /compute/v2.1/os-server-external-events => generated 185 bytes in 105 msecs (HTTP/1.1 200) 9 headers in 357 bytes (1 switches on core 0)
Apr 24 19:13:36 devstack devstack@n-api.service[59575]: DEBUG nova.api.openstack.wsgi [None req-8ed4675e-03ed-47c0-b166-cb872bc6a698 tempest-VolumesSnapshotsTestJSON-156473602 tempest-VolumesSnapshotsTestJSON-156473602-project-reader] Calling method '>' {{(pid=59575) _process_stack /opt/stack/nova/nova/api/openstack/wsgi.py:551}}
Apr 24 19:13:36 devstack devstack@n-api.service[59575]: INFO nova.api.openstack.requestlog [None req-8ed4675e-03ed-47c0-b166-cb872bc6a698 tempest-VolumesSnapshotsTestJSON-156473602 tempest-VolumesSnapshotsTestJSON-156473602-project-reader] 192.168.122.55 "GET /compute/v2.1/os-snapshots/1150586f-e16b-4ded-ab22-acbaaf00b5d0" status: 200 len: 287 microversion: 2.1 time: 0.605132
Apr 24 19:13:36 devstack devstack@n-api.service[59575]: [pid: 59575|app: 0|req: 81/176] 192.168.122.55 () {58 vars in 1259 bytes} [Fri Apr 24 19:13:35 2026] GET /compute/v2.1/os-snapshots/1150586f-e16b-4ded-ab22-acbaaf00b5d0 => generated 287 bytes in 607 msecs (HTTP/1.1 200) 9 headers in 357 bytes (1 switches on core 0)
Apr 24 19:13:36 devstack devstack@n-api.service[59574]: DEBUG nova.api.openstack.wsgi [None req-fc276804-8f11-496e-b730-f21be488fa51 tempest-VolumesSnapshotsTestJSON-156473602 tempest-VolumesSnapshotsTestJSON-156473602-project-reader] Calling method '>' {{(pid=59574) _process_stack /opt/stack/nova/nova/api/openstack/wsgi.py:551}}
Apr 24 19:13:36 devstack devstack@n-api.service[59574]: INFO nova.api.openstack.requestlog [None req-fc276804-8f11-496e-b730-f21be488fa51 tempest-VolumesSnapshotsTestJSON-156473602 tempest-VolumesSnapshotsTestJSON-156473602-project-reader] 192.168.122.55 "GET /compute/v2.1/os-snapshots" status: 200 len: 290 microversion: 2.1 time: 0.059431
Apr 24 19:13:36 devstack devstack@n-api.service[59574]: [pid: 59574|app: 0|req: 96/177] 192.168.122.55 () {58 vars in 1148 bytes} [Fri Apr 24 19:13:36 2026] GET /compute/v2.1/os-snapshots => generated 290 bytes in 62 msecs (HTTP/1.1 200) 9 headers in 357 bytes (1 switches on core 0)
Apr 24 19:13:36 devstack devstack@n-api.service[59575]: DEBUG nova.api.openstack.wsgi [None req-819a1af7-89ed-454d-8841-5fc8685ba59e tempest-VolumesSnapshotsTestJSON-156473602 tempest-VolumesSnapshotsTestJSON-156473602-project-member] Calling method '>' {{(pid=59575) _process_stack /opt/stack/nova/nova/api/openstack/wsgi.py:551}}
Apr 24 19:13:36 devstack devstack@n-api.service[59575]: INFO nova.api.openstack.requestlog [None req-819a1af7-89ed-454d-8841-5fc8685ba59e tempest-VolumesSnapshotsTestJSON-156473602 tempest-VolumesSnapshotsTestJSON-156473602-project-member] 192.168.122.55 "GET /compute/v2.1/os-snapshots/1150586f-e16b-4ded-ab22-acbaaf00b5d0" status: 200 len: 287 microversion: 2.1 time: 0.056389
