Jun 15 07:25:41 devstack cinder-volume[91865]: DEBUG oslo_concurrency.processutils [None req-7d21f681-993a-4697-866c-f4f4efb5559d tempest-GroupsV314Test-83296532 None] Running cmd (subprocess): sudo cinder-rootwrap /etc/cinder/rootwrap.conf qemu-img rebase -u -b volume-a2b91819-5afd-4c5d-84b2-a7dad1c9c1ed -F qcow2 /opt/stack/data/cinder/mnt/5b5b6110ddede9ab32c832224c3fab7b/volume-a2b91819-5afd-4c5d-84b2-a7dad1c9c1ed.9fefd09e-ea85-4dc3-9ca5-dabd36618670 {{(pid=91865) execute /opt/stack/data/venv/lib/python3.12/site-packages/oslo_concurrency/processutils.py:440}}
Jun 15 07:25:42 devstack sudo[100387]: quobyte : PWD=/ ; USER=root ; COMMAND=/opt/stack/data/venv/bin/cinder-rootwrap /etc/cinder/rootwrap.conf qemu-img rebase -u -b volume-a2b91819-5afd-4c5d-84b2-a7dad1c9c1ed -F qcow2 /opt/stack/data/cinder/mnt/5b5b6110ddede9ab32c832224c3fab7b/volume-a2b91819-5afd-4c5d-84b2-a7dad1c9c1ed.9fefd09e-ea85-4dc3-9ca5-dabd36618670
Jun 15 07:25:42 devstack sudo[100387]: pam_unix(sudo:session): session opened for user root(uid=0) by (uid=1000)
Jun 15 07:25:42 devstack sudo[100387]: pam_unix(sudo:session): session closed for user root
Jun 15 07:25:42 devstack cinder-volume[91865]: DEBUG oslo_concurrency.processutils [None req-7d21f681-993a-4697-866c-f4f4efb5559d tempest-GroupsV314Test-83296532 None] CMD "sudo cinder-rootwrap /etc/cinder/rootwrap.conf qemu-img rebase -u -b volume-a2b91819-5afd-4c5d-84b2-a7dad1c9c1ed -F qcow2 /opt/stack/data/cinder/mnt/5b5b6110ddede9ab32c832224c3fab7b/volume-a2b91819-5afd-4c5d-84b2-a7dad1c9c1ed.9fefd09e-ea85-4dc3-9ca5-dabd36618670" returned: 0 in 0.660s {{(pid=91865) execute /opt/stack/data/venv/lib/python3.12/site-packages/oslo_concurrency/processutils.py:468}}
Jun 15 07:25:42 devstack cinder-volume[91865]: WARNING cinder.volume.drivers.remotefs [None req-7d21f681-993a-4697-866c-f4f4efb5559d tempest-GroupsV314Test-83296532 None] /opt/stack/data/cinder/mnt/5b5b6110ddede9ab32c832224c3fab7b/volume-a2b91819-5afd-4c5d-84b2-a7dad1c9c1ed.9fefd09e-ea85-4dc3-9ca5-dabd36618670 is being set with open permissions: ugo+rw: NotImplementedError
Jun 15 07:25:42 devstack cinder-volume[91865]: DEBUG oslo_concurrency.processutils [None req-7d21f681-993a-4697-866c-f4f4efb5559d tempest-GroupsV314Test-83296532 None] Running cmd (subprocess): sudo cinder-rootwrap /etc/cinder/rootwrap.conf chmod ugo+rw /opt/stack/data/cinder/mnt/5b5b6110ddede9ab32c832224c3fab7b/volume-a2b91819-5afd-4c5d-84b2-a7dad1c9c1ed.9fefd09e-ea85-4dc3-9ca5-dabd36618670 {{(pid=91865) execute /opt/stack/data/venv/lib/python3.12/site-packages/oslo_concurrency/processutils.py:440}}
Jun 15 07:25:42 devstack sudo[100392]: quobyte : PWD=/ ; USER=root ; COMMAND=/opt/stack/data/venv/bin/cinder-rootwrap /etc/cinder/rootwrap.conf chmod ugo+rw /opt/stack/data/cinder/mnt/5b5b6110ddede9ab32c832224c3fab7b/volume-a2b91819-5afd-4c5d-84b2-a7dad1c9c1ed.9fefd09e-ea85-4dc3-9ca5-dabd36618670
Jun 15 07:25:42 devstack sudo[100392]: pam_unix(sudo:session): session opened for user root(uid=0) by (uid=1000)
Jun 15 07:25:43 devstack sudo[100392]: pam_unix(sudo:session): session closed for user root
Jun 15 07:25:43 devstack cinder-volume[91865]: DEBUG oslo_concurrency.processutils [None req-7d21f681-993a-4697-866c-f4f4efb5559d tempest-GroupsV314Test-83296532 None] CMD "sudo cinder-rootwrap /etc/cinder/rootwrap.conf chmod ugo+rw /opt/stack/data/cinder/mnt/5b5b6110ddede9ab32c832224c3fab7b/volume-a2b91819-5afd-4c5d-84b2-a7dad1c9c1ed.9fefd09e-ea85-4dc3-9ca5-dabd36618670" returned: 0 in 0.645s {{(pid=91865) execute /opt/stack/data/venv/lib/python3.12/site-packages/oslo_concurrency/processutils.py:468}}
Jun 15 07:25:43 devstack cinder-volume[91865]: DEBUG oslo_concurrency.processutils [None req-7d21f681-993a-4697-866c-f4f4efb5559d tempest-GroupsV314Test-83296532 None] Running cmd (subprocess): sudo cinder-rootwrap /etc/cinder/rootwrap.conf truncate -s0 /opt/stack/data/cinder/mnt/5b5b6110ddede9ab32c832224c3fab7b/volume-a2b91819-5afd-4c5d-84b2-a7dad1c9c1ed.info {{(pid=91865) execute /opt/stack/data/venv/lib/python3.12/site-packages/oslo_concurrency/processutils.py:440}}
Jun 15 07:25:43 devstack sudo[100395]: quobyte : PWD=/ ; USER=root ; COMMAND=/opt/stack/data/venv/bin/cinder-rootwrap /etc/cinder/rootwrap.conf truncate -s0 /opt/stack/data/cinder/mnt/5b5b6110ddede9ab32c832224c3fab7b/volume-a2b91819-5afd-4c5d-84b2-a7dad1c9c1ed.info
Jun 15 07:25:43 devstack sudo[100395]: pam_unix(sudo:session): session opened for user root(uid=0) by (uid=1000)
Jun 15 07:25:44 devstack sudo[100395]: pam_unix(sudo:session): session closed for user root
Jun 15 07:25:44 devstack cinder-volume[91865]: DEBUG oslo_concurrency.processutils [None req-7d21f681-993a-4697-866c-f4f4efb5559d tempest-GroupsV314Test-83296532 None] CMD "sudo cinder-rootwrap /etc/cinder/rootwrap.conf truncate -s0 /opt/stack/data/cinder/mnt/5b5b6110ddede9ab32c832224c3fab7b/volume-a2b91819-5afd-4c5d-84b2-a7dad1c9c1ed.info" returned: 0 in 0.780s {{(pid=91865) execute /opt/stack/data/venv/lib/python3.12/site-packages/oslo_concurrency/processutils.py:468}}
Jun 15 07:25:44 devstack cinder-volume[91865]: WARNING cinder.volume.drivers.remotefs [None req-7d21f681-993a-4697-866c-f4f4efb5559d tempest-GroupsV314Test-83296532 None] /opt/stack/data/cinder/mnt/5b5b6110ddede9ab32c832224c3fab7b/volume-a2b91819-5afd-4c5d-84b2-a7dad1c9c1ed.info is being set with open permissions: ugo+rw: NotImplementedError
Jun 15 07:25:44 devstack cinder-volume[91865]: DEBUG oslo_concurrency.processutils [None req-7d21f681-993a-4697-866c-f4f4efb5559d tempest-GroupsV314Test-83296532 None] Running cmd (subprocess): sudo cinder-rootwrap /etc/cinder/rootwrap.conf chmod ugo+rw /opt/stack/data/cinder/mnt/5b5b6110ddede9ab32c832224c3fab7b/volume-a2b91819-5afd-4c5d-84b2-a7dad1c9c1ed.info {{(pid=91865) execute /opt/stack/data/venv/lib/python3.12/site-packages/oslo_concurrency/processutils.py:440}}
Jun 15 07:25:44 devstack sudo[100399]: quobyte : PWD=/ ; USER=root ; COMMAND=/opt/stack/data/venv/bin/cinder-rootwrap /etc/cinder/rootwrap.conf chmod ugo+rw /opt/stack/data/cinder/mnt/5b5b6110ddede9ab32c832224c3fab7b/volume-a2b91819-5afd-4c5d-84b2-a7dad1c9c1ed.info
Jun 15 07:25:44 devstack sudo[100399]: pam_unix(sudo:session): session opened for user root(uid=0) by (uid=1000)
Jun 15 07:25:44 devstack sudo[100399]: pam_unix(sudo:session): session closed for user root
Jun 15 07:25:44 devstack cinder-volume[91865]: DEBUG oslo_concurrency.processutils [None req-7d21f681-993a-4697-866c-f4f4efb5559d tempest-GroupsV314Test-83296532 None] CMD "sudo cinder-rootwrap /etc/cinder/rootwrap.conf chmod ugo+rw /opt/stack/data/cinder/mnt/5b5b6110ddede9ab32c832224c3fab7b/volume-a2b91819-5afd-4c5d-84b2-a7dad1c9c1ed.info" returned: 0 in 0.719s {{(pid=91865) execute /opt/stack/data/venv/lib/python3.12/site-packages/oslo_concurrency/processutils.py:468}}
Jun 15 07:25:44 devstack cinder-volume[91865]: DEBUG cinder.coordination [None req-7d21f681-993a-4697-866c-f4f4efb5559d tempest-GroupsV314Test-83296532 None] Acquiring lock "cinder-quobyte-8b73db2c-3e9f-479b-99cd-1454c3a6c2dc" by "_copy_volume_from_snapshot" {{(pid=91865) __acquire /opt/stack/cinder/cinder/coordination.py:138}}
Jun 15 07:25:44 devstack cinder-volume[91865]: DEBUG cinder.coordination [None req-7d21f681-993a-4697-866c-f4f4efb5559d tempest-GroupsV314Test-83296532 None] Lock "cinder-quobyte-8b73db2c-3e9f-479b-99cd-1454c3a6c2dc" acquired by "_copy_volume_from_snapshot" :: waited 0.021s {{(pid=91865) __acquire /opt/stack/cinder/cinder/coordination.py:141}}
Jun 15 07:25:44 devstack cinder-volume[91865]: DEBUG cinder.volume.drivers.quobyte [None req-7d21f681-993a-4697-866c-f4f4efb5559d tempest-GroupsV314Test-83296532 None] snapshot: 9fefd09e-ea85-4dc3-9ca5-dabd36618670, volume: 8b73db2c-3e9f-479b-99cd-1454c3a6c2dc, {{(pid=91865) _copy_volume_from_snapshot /opt/stack/cinder/cinder/volume/drivers/quobyte.py:401}}
Jun 15 07:25:44 devstack cinder-volume[91865]: DEBUG oslo_concurrency.lockutils [None req-7d21f681-993a-4697-866c-f4f4efb5559d tempest-GroupsV314Test-83296532 None] Acquiring lock "quobyte_ensure" by "cinder.volume.drivers.quobyte.QuobyteDriver._ensure_shares_mounted" {{(pid=91865) inner /opt/stack/data/venv/lib/python3.12/site-packages/oslo_concurrency/lockutils.py:506}}
Jun 15 07:25:44 devstack cinder-volume[91865]: DEBUG oslo_concurrency.lockutils [None req-7d21f681-993a-4697-866c-f4f4efb5559d tempest-GroupsV314Test-83296532 None] Lock "quobyte_ensure" acquired by "cinder.volume.drivers.quobyte.QuobyteDriver._ensure_shares_mounted" :: waited 0.001s {{(pid=91865) inner /opt/stack/data/venv/lib/python3.12/site-packages/oslo_concurrency/lockutils.py:519}}
Jun 15 07:25:44 devstack cinder-volume[91865]: DEBUG cinder.volume.drivers.quobyte [None req-7d21f681-993a-4697-866c-f4f4efb5559d tempest-GroupsV314Test-83296532 None] Quobyte Volume URL set to: {'osci02.corp.quobyte.com/cinder-vol-f75add87-d706-4fc1-b593-063f9985ff2d': None} {{(pid=91865) _load_shares_config /opt/stack/cinder/cinder/volume/drivers/quobyte.py:617}}
Jun 15 07:25:44 devstack cinder-volume[91865]: DEBUG cinder.volume.drivers.quobyte [None req-7d21f681-993a-4697-866c-f4f4efb5559d tempest-GroupsV314Test-83296532 None] Available shares ['osci02.corp.quobyte.com/cinder-vol-f75add87-d706-4fc1-b593-063f9985ff2d'] {{(pid=91865) _ensure_shares_mounted /opt/stack/cinder/cinder/volume/drivers/quobyte.py:647}}
Jun 15 07:25:44 devstack cinder-volume[91865]: DEBUG oslo_concurrency.lockutils [None req-7d21f681-993a-4697-866c-f4f4efb5559d tempest-GroupsV314Test-83296532 None] Lock "quobyte_ensure" "released" by "cinder.volume.drivers.quobyte.QuobyteDriver._ensure_shares_mounted" :: held 0.006s {{(pid=91865) inner /opt/stack/data/venv/lib/python3.12/site-packages/oslo_concurrency/lockutils.py:538}}
Jun 15 07:25:44 devstack cinder-volume[91865]: DEBUG oslo.privsep.daemon [-] privsep: reply[c9368137-88fb-4f97-87c5-5d3343eb4af8]: (4, 'qcow2') {{(pid=92934) _call_back /opt/stack/data/venv/lib/python3.12/site-packages/oslo_privsep/daemon.py:573}}
Jun 15 07:25:44 devstack cinder-volume[91865]: DEBUG oslo_concurrency.processutils [None req-7d21f681-993a-4697-866c-f4f4efb5559d tempest-GroupsV314Test-83296532 None] Running cmd (subprocess): /opt/stack/data/venv/bin/python3.12 -m oslo_concurrency.prlimit --as=1073741824 --cpu=60 -- sudo cinder-rootwrap /etc/cinder/rootwrap.conf env LC_ALL=C qemu-img info -f qcow2 --output=json --force-share /opt/stack/data/cinder/mnt/5b5b6110ddede9ab32c832224c3fab7b/volume-a2b91819-5afd-4c5d-84b2-a7dad1c9c1ed.9fefd09e-ea85-4dc3-9ca5-dabd36618670 {{(pid=91865) execute /opt/stack/data/venv/lib/python3.12/site-packages/oslo_concurrency/processutils.py:440}}
Jun 15 07:25:44 devstack cinder-volume[91865]: DEBUG cinder.volume.flows.manager.create_volume [None req-9b0996f7-7095-41c9-b831-c8c0e3256758 tempest-AttachVolumeShelveTestJSON-750972458 None] Volume reschedule parameters: True retry: {'num_attempts': 1, 'backends': ['devstack@QuobyteHD#QuobyteHD'], 'hosts': ['devstack@QuobyteHD#QuobyteHD']} {{(pid=91865) get_flow /opt/stack/cinder/cinder/volume/flows/manager/create_volume.py:1397}}
Jun 15 07:25:45 devstack cinder-volume[91865]: DEBUG cinder.volume.manager [None req-9b0996f7-7095-41c9-b831-c8c0e3256758 tempest-AttachVolumeShelveTestJSON-750972458 None] Flow 'volume_create_manager' (42261fa4-86df-4c12-9b86-0004e89855c7) transitioned into state 'RUNNING' from state 'PENDING' {{(pid=91865) _flow_receiver /opt/stack/data/venv/lib/python3.12/site-packages/taskflow/listeners/logging.py:145}}
Jun 15 07:25:45 devstack cinder-volume[91865]: DEBUG cinder.volume.manager [None req-9b0996f7-7095-41c9-b831-c8c0e3256758 tempest-AttachVolumeShelveTestJSON-750972458 None] Task 'cinder.volume.flows.manager.create_volume.ExtractVolumeRefTask;volume:create' (f47ce8a6-93e5-4f46-9dcb-c4571e62ed1b) transitioned into state 'RUNNING' from state 'PENDING' {{(pid=91865) _task_receiver /opt/stack/data/venv/lib/python3.12/site-packages/taskflow/listeners/logging.py:194}}
Jun 15 07:25:45 devstack cinder-volume[91865]: DEBUG cinder.volume.manager [None req-9b0996f7-7095-41c9-b831-c8c0e3256758 tempest-AttachVolumeShelveTestJSON-750972458 None] Task 'cinder.volume.flows.manager.create_volume.ExtractVolumeRefTask;volume:create' (f47ce8a6-93e5-4f46-9dcb-c4571e62ed1b) transitioned into state 'SUCCESS' from state 'RUNNING' with result 'Volume(_name_id=None,admin_metadata=,attach_status='detached',availability_zone='nova',bootable=False,cluster=,cluster_name=None,consistencygroup=,consistencygroup_id=None,created_at=2026-06-15T05:25:45Z,deleted=False,deleted_at=None,display_description=None,display_name='tempest-AttachVolumeShelveTestJSON-volume-1578076149',ec2_id=None,encryption_key_id=None,glance_metadata=,group=,group_id=None,host='devstack@QuobyteHD#QuobyteHD',id=b5249b9f-559a-488d-b57d-431ce2d81cae,launched_at=None,metadata={},migration_status=None,multiattach=False,previous_status=None,project_id='9061f3ab809c45ee8a46f9dca5adad0a',provider_auth=None,provider_geometry=None,provider_id=None,provider_location=None,replication_driver_data=None,replication_extended_status=None,replication_status=None,scheduled_at=2026-06-15T05:25:45Z,service_uuid=None,shared_targets=True,size=1,snapshot_id=None,snapshots=,source_volid=None,status='creating',terminated_at=None,updated_at=2026-06-15T05:25:45Z,use_quota=True,user_id='3b564522175f4a0281de1c7a64c400b3',volume_attachment=VolumeAttachmentList,volume_type=VolumeType(1d8e2cf6-d6c3-4bef-9d6d-43171b393dde),volume_type_id=1d8e2cf6-d6c3-4bef-9d6d-43171b393dde)' {{(pid=91865) _task_receiver /opt/stack/data/venv/lib/python3.12/site-packages/taskflow/listeners/logging.py:182}}
Jun 15 07:25:45 devstack cinder-volume[91865]: DEBUG cinder.volume.manager [None req-9b0996f7-7095-41c9-b831-c8c0e3256758 tempest-AttachVolumeShelveTestJSON-750972458 None] Task 'cinder.volume.flows.manager.create_volume.OnFailureRescheduleTask;volume:create' (2896815d-e39f-44a3-a06f-2f80dbc88f39) transitioned into state 'RUNNING' from state 'PENDING' {{(pid=91865) _task_receiver /opt/stack/data/venv/lib/python3.12/site-packages/taskflow/listeners/logging.py:194}}
Jun 15 07:25:45 devstack cinder-volume[91865]: DEBUG cinder.volume.manager [None req-9b0996f7-7095-41c9-b831-c8c0e3256758 tempest-AttachVolumeShelveTestJSON-750972458 None] Task 'cinder.volume.flows.manager.create_volume.OnFailureRescheduleTask;volume:create' (2896815d-e39f-44a3-a06f-2f80dbc88f39) transitioned into state 'SUCCESS' from state 'RUNNING' with result 'None' {{(pid=91865) _task_receiver /opt/stack/data/venv/lib/python3.12/site-packages/taskflow/listeners/logging.py:182}}
Jun 15 07:25:45 devstack cinder-volume[91865]: DEBUG cinder.volume.manager [None req-9b0996f7-7095-41c9-b831-c8c0e3256758 tempest-AttachVolumeShelveTestJSON-750972458 None] Task 'cinder.volume.flows.manager.create_volume.ExtractVolumeSpecTask;volume:create' (03d6ce38-01fb-4875-b403-4cbcc1c539cc) transitioned into state 'RUNNING' from state 'PENDING' {{(pid=91865) _task_receiver /opt/stack/data/venv/lib/python3.12/site-packages/taskflow/listeners/logging.py:194}}
Jun 15 07:25:45 devstack cinder-volume[91865]: DEBUG cinder.volume.manager [None req-9b0996f7-7095-41c9-b831-c8c0e3256758 tempest-AttachVolumeShelveTestJSON-750972458 None] Task 'cinder.volume.flows.manager.create_volume.ExtractVolumeSpecTask;volume:create' (03d6ce38-01fb-4875-b403-4cbcc1c539cc) transitioned into state 'SUCCESS' from state 'RUNNING' with result '{'status': 'creating', 'type': 'raw', 'volume_id': 'b5249b9f-559a-488d-b57d-431ce2d81cae', 'volume_name': 'volume-b5249b9f-559a-488d-b57d-431ce2d81cae', 'volume_size': 1}' {{(pid=91865) _task_receiver /opt/stack/data/venv/lib/python3.12/site-packages/taskflow/listeners/logging.py:182}}
Jun 15 07:25:45 devstack sudo[100415]: quobyte : PWD=/ ; USER=root ; COMMAND=/opt/stack/data/venv/bin/cinder-rootwrap /etc/cinder/rootwrap.conf env LC_ALL=C qemu-img info -f qcow2 --output=json --force-share /opt/stack/data/cinder/mnt/5b5b6110ddede9ab32c832224c3fab7b/volume-a2b91819-5afd-4c5d-84b2-a7dad1c9c1ed.9fefd09e-ea85-4dc3-9ca5-dabd36618670
Jun 15 07:25:45 devstack cinder-volume[91865]: DEBUG cinder.volume.manager [None req-9b0996f7-7095-41c9-b831-c8c0e3256758 tempest-AttachVolumeShelveTestJSON-750972458 None] Task 'cinder.volume.flows.manager.create_volume.NotifyVolumeActionTask;volume:create, create.start' (948dadb2-5baa-4c74-a109-91edbe8a6744) transitioned into state 'RUNNING' from state 'PENDING' {{(pid=91865) _task_receiver /opt/stack/data/venv/lib/python3.12/site-packages/taskflow/listeners/logging.py:194}}
Jun 15 07:25:45 devstack sudo[100415]: pam_unix(sudo:session): session opened for user root(uid=0) by (uid=1000)
Jun 15 07:25:45 devstack cinder-volume[91865]: DEBUG cinder.volume.manager [None req-9b0996f7-7095-41c9-b831-c8c0e3256758 tempest-AttachVolumeShelveTestJSON-750972458 None] Task 'cinder.volume.flows.manager.create_volume.NotifyVolumeActionTask;volume:create, create.start' (948dadb2-5baa-4c74-a109-91edbe8a6744) transitioned into state 'SUCCESS' from state 'RUNNING' with result 'None' {{(pid=91865) _task_receiver /opt/stack/data/venv/lib/python3.12/site-packages/taskflow/listeners/logging.py:182}}
Jun 15 07:25:45 devstack cinder-volume[91865]: DEBUG cinder.volume.manager [None req-9b0996f7-7095-41c9-b831-c8c0e3256758 tempest-AttachVolumeShelveTestJSON-750972458 None] Task 'cinder.volume.flows.manager.create_volume.CreateVolumeFromSpecTask;volume:create' (4fcb1826-c5be-4460-8ded-becdf6258483) transitioned into state 'RUNNING' from state 'PENDING' {{(pid=91865) _task_receiver /opt/stack/data/venv/lib/python3.12/site-packages/taskflow/listeners/logging.py:194}}
Jun 15 07:25:45 devstack cinder-volume[91865]: INFO cinder.volume.flows.manager.create_volume [None req-9b0996f7-7095-41c9-b831-c8c0e3256758 tempest-AttachVolumeShelveTestJSON-750972458 None] Volume b5249b9f-559a-488d-b57d-431ce2d81cae: being created as raw with specification: {'status': 'creating', 'volume_name': 'volume-b5249b9f-559a-488d-b57d-431ce2d81cae', 'volume_size': 1}
Jun 15 07:25:45 devstack cinder-volume[91865]: DEBUG oslo_concurrency.lockutils [None req-9b0996f7-7095-41c9-b831-c8c0e3256758 tempest-AttachVolumeShelveTestJSON-750972458 None] Acquiring lock "quobyte" by "cinder.volume.drivers.quobyte.QuobyteDriver.create_volume" {{(pid=91865) inner /opt/stack/data/venv/lib/python3.12/site-packages/oslo_concurrency/lockutils.py:506}}
Jun 15 07:25:45 devstack sudo[100415]: pam_unix(sudo:session): session closed for user root
Jun 15 07:25:45 devstack cinder-volume[91865]: DEBUG oslo_concurrency.processutils [None req-7d21f681-993a-4697-866c-f4f4efb5559d tempest-GroupsV314Test-83296532 None] CMD "/opt/stack/data/venv/bin/python3.12 -m oslo_concurrency.prlimit --as=1073741824 --cpu=60 -- sudo cinder-rootwrap /etc/cinder/rootwrap.conf env LC_ALL=C qemu-img info -f qcow2 --output=json --force-share /opt/stack/data/cinder/mnt/5b5b6110ddede9ab32c832224c3fab7b/volume-a2b91819-5afd-4c5d-84b2-a7dad1c9c1ed.9fefd09e-ea85-4dc3-9ca5-dabd36618670" returned: 0 in 0.752s {{(pid=91865) execute /opt/stack/data/venv/lib/python3.12/site-packages/oslo_concurrency/processutils.py:468}}
Jun 15 07:25:45 devstack cinder-volume[91865]: DEBUG cinder.volume.drivers.remotefs [None req-7d21f681-993a-4697-866c-f4f4efb5559d tempest-GroupsV314Test-83296532 None] Fetching qemu-img info with special backing_file_template: (/opt/stack/data/cinder/mnt/[0-9a-f]+/)?(volume-a2b91819-5afd-4c5d-84b2-a7dad1c9c1ed(.(tmp-snap-)?[0-9a-f-]+)?|volume_from_snapshot_cache/(tmp-snap-)?[0-9a-f-]+(.(child-|parent-)[0-9a-f-]+)?)$ {{(pid=91865) _qemu_img_info_base /opt/stack/cinder/cinder/volume/drivers/remotefs.py:896}}
Jun 15 07:25:45 devstack cinder-volume[91865]: DEBUG cinder.volume.drivers.quobyte [None req-7d21f681-993a-4697-866c-f4f4efb5559d tempest-GroupsV314Test-83296532 None] will copy from snapshot at /opt/stack/data/cinder/mnt/5b5b6110ddede9ab32c832224c3fab7b/volume-a2b91819-5afd-4c5d-84b2-a7dad1c9c1ed {{(pid=91865) _copy_volume_from_snapshot /opt/stack/cinder/cinder/volume/drivers/quobyte.py:420}}
Jun 15 07:25:45 devstack cinder-volume[91865]: DEBUG cinder.volume.drivers.quobyte [None req-7d21f681-993a-4697-866c-f4f4efb5559d tempest-GroupsV314Test-83296532 None] Creating direct copy from snapshot {{(pid=91865) _copy_volume_from_snapshot /opt/stack/cinder/cinder/volume/drivers/quobyte.py:428}}
Jun 15 07:25:45 devstack cinder-volume[91865]: DEBUG oslo.privsep.daemon [-] privsep: reply[6f851c0d-099c-4a44-bc98-5500f8476ae4]: (4, 'qcow2') {{(pid=92934) _call_back /opt/stack/data/venv/lib/python3.12/site-packages/oslo_privsep/daemon.py:573}}
Jun 15 07:25:45 devstack cinder-volume[91865]: DEBUG oslo_concurrency.processutils [None req-7d21f681-993a-4697-866c-f4f4efb5559d tempest-GroupsV314Test-83296532 None] Running cmd (subprocess): /opt/stack/data/venv/bin/python3.12 -m oslo_concurrency.prlimit --as=1073741824 --cpu=60 -- sudo cinder-rootwrap /etc/cinder/rootwrap.conf env LC_ALL=C qemu-img info -f qcow2 --output=json /opt/stack/data/cinder/mnt/5b5b6110ddede9ab32c832224c3fab7b/volume-a2b91819-5afd-4c5d-84b2-a7dad1c9c1ed {{(pid=91865) execute /opt/stack/data/venv/lib/python3.12/site-packages/oslo_concurrency/processutils.py:440}}
Jun 15 07:25:45 devstack sudo[100429]: quobyte : PWD=/ ; USER=root ; COMMAND=/opt/stack/data/venv/bin/cinder-rootwrap /etc/cinder/rootwrap.conf env LC_ALL=C qemu-img info -f qcow2 --output=json /opt/stack/data/cinder/mnt/5b5b6110ddede9ab32c832224c3fab7b/volume-a2b91819-5afd-4c5d-84b2-a7dad1c9c1ed
Jun 15 07:25:45 devstack sudo[100429]: pam_unix(sudo:session): session opened for user root(uid=0) by (uid=1000)
Jun 15 07:25:46 devstack cinder-volume[91865]: DEBUG oslo_service.periodic_task [None req-1dc20f69-fb12-4267-a7af-a371d68e91eb None None] Running periodic task VolumeManager.publish_service_capabilities {{(pid=91865) run_periodic_tasks /opt/stack/data/venv/lib/python3.12/site-packages/oslo_service/periodic_task.py:210}}
Jun 15 07:25:46 devstack cinder-volume[91865]: DEBUG oslo_concurrency.lockutils [None req-1dc20f69-fb12-4267-a7af-a371d68e91eb None None] Acquiring lock "quobyte_ensure" by "cinder.volume.drivers.quobyte.QuobyteDriver._ensure_shares_mounted" {{(pid=91865) inner /opt/stack/data/venv/lib/python3.12/site-packages/oslo_concurrency/lockutils.py:506}}
Jun 15 07:25:46 devstack cinder-volume[91865]: DEBUG oslo_concurrency.lockutils [None req-1dc20f69-fb12-4267-a7af-a371d68e91eb None None] Lock "quobyte_ensure" acquired by "cinder.volume.drivers.quobyte.QuobyteDriver._ensure_shares_mounted" :: waited 0.000s {{(pid=91865) inner /opt/stack/data/venv/lib/python3.12/site-packages/oslo_concurrency/lockutils.py:519}}
Jun 15 07:25:46 devstack cinder-volume[91865]: DEBUG cinder.volume.drivers.quobyte [None req-1dc20f69-fb12-4267-a7af-a371d68e91eb None None] Quobyte Volume URL set to: {'osci02.corp.quobyte.com/cinder-vol-f75add87-d706-4fc1-b593-063f9985ff2d': None} {{(pid=91865) _load_shares_config /opt/stack/cinder/cinder/volume/drivers/quobyte.py:617}}
Jun 15 07:25:46 devstack cinder-volume[91865]: DEBUG cinder.volume.drivers.quobyte [None req-1dc20f69-fb12-4267-a7af-a371d68e91eb None None] Available shares ['osci02.corp.quobyte.com/cinder-vol-f75add87-d706-4fc1-b593-063f9985ff2d'] {{(pid=91865) _ensure_shares_mounted /opt/stack/cinder/cinder/volume/drivers/quobyte.py:647}}
Jun 15 07:25:46 devstack cinder-volume[91865]: DEBUG oslo_concurrency.lockutils [None req-1dc20f69-fb12-4267-a7af-a371d68e91eb None None] Lock "quobyte_ensure" "released" by "cinder.volume.drivers.quobyte.QuobyteDriver._ensure_shares_mounted" :: held 0.017s {{(pid=91865) inner /opt/stack/data/venv/lib/python3.12/site-packages/oslo_concurrency/lockutils.py:538}}
Jun 15 07:25:46 devstack cinder-volume[91865]: DEBUG oslo_concurrency.processutils [None req-1dc20f69-fb12-4267-a7af-a371d68e91eb None None] Running cmd (subprocess): sudo cinder-rootwrap /etc/cinder/rootwrap.conf df --portability --block-size 1 /opt/stack/data/cinder/mnt/5b5b6110ddede9ab32c832224c3fab7b {{(pid=91865) execute /opt/stack/data/venv/lib/python3.12/site-packages/oslo_concurrency/processutils.py:440}}
Jun 15 07:25:46 devstack sudo[100519]: quobyte : PWD=/ ; USER=root ; COMMAND=/opt/stack/data/venv/bin/cinder-rootwrap /etc/cinder/rootwrap.conf df --portability --block-size 1 /opt/stack/data/cinder/mnt/5b5b6110ddede9ab32c832224c3fab7b
Jun 15 07:25:46 devstack sudo[100519]: pam_unix(sudo:session): session opened for user root(uid=0) by (uid=1000)
Jun 15 07:25:46 devstack sudo[100429]: pam_unix(sudo:session): session closed for user root
Jun 15 07:25:46 devstack cinder-volume[91865]: DEBUG oslo_concurrency.processutils [None req-7d21f681-993a-4697-866c-f4f4efb5559d tempest-GroupsV314Test-83296532 None] CMD "/opt/stack/data/venv/bin/python3.12 -m oslo_concurrency.prlimit --as=1073741824 --cpu=60 -- sudo cinder-rootwrap /etc/cinder/rootwrap.conf env LC_ALL=C qemu-img info -f qcow2 --output=json /opt/stack/data/cinder/mnt/5b5b6110ddede9ab32c832224c3fab7b/volume-a2b91819-5afd-4c5d-84b2-a7dad1c9c1ed" returned: 0 in 1.087s {{(pid=91865) execute /opt/stack/data/venv/lib/python3.12/site-packages/oslo_concurrency/processutils.py:468}}
Jun 15 07:25:46 devstack cinder-volume[91865]: DEBUG cinder.utils [None req-7d21f681-993a-4697-866c-f4f4efb5559d tempest-GroupsV314Test-83296532 None] Path /opt/stack/data/cinder/mnt/5b5b6110ddede9ab32c832224c3fab7b/volume-8b73db2c-3e9f-479b-99cd-1454c3a6c2dc not found in is_blk_device check {{(pid=91865) is_blk_device /opt/stack/cinder/cinder/utils.py:615}}
Jun 15 07:25:46 devstack cinder-volume[91865]: DEBUG oslo_concurrency.processutils [None req-7d21f681-993a-4697-866c-f4f4efb5559d tempest-GroupsV314Test-83296532 None] Running cmd (subprocess): sudo cinder-rootwrap /etc/cinder/rootwrap.conf qemu-img convert -O qcow2 /opt/stack/data/cinder/mnt/5b5b6110ddede9ab32c832224c3fab7b/volume-a2b91819-5afd-4c5d-84b2-a7dad1c9c1ed /opt/stack/data/cinder/mnt/5b5b6110ddede9ab32c832224c3fab7b/volume-8b73db2c-3e9f-479b-99cd-1454c3a6c2dc {{(pid=91865) execute /opt/stack/data/venv/lib/python3.12/site-packages/oslo_concurrency/processutils.py:440}}
Jun 15 07:25:46 devstack sudo[100527]: quobyte : PWD=/ ; USER=root ; COMMAND=/opt/stack/data/venv/bin/cinder-rootwrap /etc/cinder/rootwrap.conf qemu-img convert -O qcow2 /opt/stack/data/cinder/mnt/5b5b6110ddede9ab32c832224c3fab7b/volume-a2b91819-5afd-4c5d-84b2-a7dad1c9c1ed /opt/stack/data/cinder/mnt/5b5b6110ddede9ab32c832224c3fab7b/volume-8b73db2c-3e9f-479b-99cd-1454c3a6c2dc
Jun 15 07:25:46 devstack sudo[100527]: pam_unix(sudo:session): session opened for user root(uid=0) by (uid=1000)
Jun 15 07:25:47 devstack sudo[100519]: pam_unix(sudo:session): session closed for user root
Jun 15 07:25:47 devstack cinder-volume[91865]: DEBUG oslo_concurrency.processutils [None req-1dc20f69-fb12-4267-a7af-a371d68e91eb None None] CMD "sudo cinder-rootwrap /etc/cinder/rootwrap.conf df --portability --block-size 1 /opt/stack/data/cinder/mnt/5b5b6110ddede9ab32c832224c3fab7b" returned: 0 in 1.041s {{(pid=91865) execute /opt/stack/data/venv/lib/python3.12/site-packages/oslo_concurrency/processutils.py:468}}
Jun 15 07:25:47 devstack cinder-volume[91865]: DEBUG cinder.manager [None req-1dc20f69-fb12-4267-a7af-a371d68e91eb None None] Notifying Schedulers of capabilities ... {{(pid=91865) _publish_service_capabilities /opt/stack/cinder/cinder/manager.py:219}}
Jun 15 07:25:47 devstack cinder-volume[91865]: DEBUG oslo_service.periodic_task [None req-1dc20f69-fb12-4267-a7af-a371d68e91eb None None] Running periodic task VolumeManager._thread_info {{(pid=91865) run_periodic_tasks /opt/stack/data/venv/lib/python3.12/site-packages/oslo_service/periodic_task.py:210}}
Jun 15 07:25:47 devstack cinder-volume[91865]: DEBUG cinder.volume.manager [None req-1dc20f69-fb12-4267-a7af-a371d68e91eb None None] thread count: 8 {{(pid=91865) _thread_info /opt/stack/cinder/cinder/volume/manager.py:5472}}
Jun 15 07:25:47 devstack cinder-volume[91865]: DEBUG cinder.volume.manager [None req-1dc20f69-fb12-4267-a7af-a371d68e91eb None None] thread info: [<_MainThread(MainThread, started 131062504558720)>, , , , , , , ] {{(pid=91865) _thread_info /opt/stack/cinder/cinder/volume/manager.py:5473}}
Jun 15 07:25:51 devstack cinder-volume[91865]: DEBUG cinder.coordination [None req-59cce160-ef27-4944-9c4d-1d148030a73f tempest-VolumesActionsTest-1584130541 None] Acquiring lock "cinder-cbe7129a-9cd6-42e8-95c3-d94c2e0fe4f5" by "attach_volume" {{(pid=91865) __acquire /opt/stack/cinder/cinder/coordination.py:138}}
Jun 15 07:25:51 devstack cinder-volume[91865]: DEBUG cinder.coordination [None req-59cce160-ef27-4944-9c4d-1d148030a73f tempest-VolumesActionsTest-1584130541 None] Lock "cinder-cbe7129a-9cd6-42e8-95c3-d94c2e0fe4f5" acquired by "attach_volume" :: waited 0.053s {{(pid=91865) __acquire /opt/stack/cinder/cinder/coordination.py:141}}
Jun 15 07:25:51 devstack cinder-volume[91865]: INFO cinder.volume.manager [None req-59cce160-ef27-4944-9c4d-1d148030a73f tempest-VolumesActionsTest-1584130541 None] Attaching volume cbe7129a-9cd6-42e8-95c3-d94c2e0fe4f5 to instance b0729ce6-6dce-4feb-bc04-8ea057c24341 at mountpoint /dev/vdb on host None.
Jun 15 07:25:51 devstack cinder-volume[91865]: INFO cinder.volume.manager [None req-59cce160-ef27-4944-9c4d-1d148030a73f tempest-VolumesActionsTest-1584130541 None] Attach volume completed successfully.
Jun 15 07:25:51 devstack cinder-volume[91865]: DEBUG cinder.coordination [None req-59cce160-ef27-4944-9c4d-1d148030a73f tempest-VolumesActionsTest-1584130541 None] Lock "cinder-cbe7129a-9cd6-42e8-95c3-d94c2e0fe4f5" released by "attach_volume" :: held 0.536s {{(pid=91865) __release /opt/stack/cinder/cinder/coordination.py:152}}
Jun 15 07:25:52 devstack cinder-volume[91865]: DEBUG cinder.coordination [None req-f1b01c87-efef-42a5-8938-6a38ea2bf966 tempest-VolumesActionsTest-1584130541 None] Acquiring lock "cinder-cbe7129a-9cd6-42e8-95c3-d94c2e0fe4f5-detach_volume" by "detach_volume" {{(pid=91865) __acquire /opt/stack/cinder/cinder/coordination.py:138}}
Jun 15 07:25:52 devstack cinder-volume[91865]: DEBUG cinder.coordination [None req-f1b01c87-efef-42a5-8938-6a38ea2bf966 tempest-VolumesActionsTest-1584130541 None] Lock "cinder-cbe7129a-9cd6-42e8-95c3-d94c2e0fe4f5-detach_volume" acquired by "detach_volume" :: waited 0.048s {{(pid=91865) __acquire /opt/stack/cinder/cinder/coordination.py:141}}
Jun 15 07:25:52 devstack cinder-volume[91865]: INFO cinder.volume.manager [None req-f1b01c87-efef-42a5-8938-6a38ea2bf966 tempest-VolumesActionsTest-1584130541 None] Detaching volume cbe7129a-9cd6-42e8-95c3-d94c2e0fe4f5 from instance b0729ce6-6dce-4feb-bc04-8ea057c24341.
Jun 15 07:25:52 devstack cinder-volume[91865]: INFO cinder.volume.manager [None req-f1b01c87-efef-42a5-8938-6a38ea2bf966 tempest-VolumesActionsTest-1584130541 None] Detach volume completed successfully.
Jun 15 07:25:52 devstack cinder-volume[91865]: DEBUG cinder.coordination [None req-f1b01c87-efef-42a5-8938-6a38ea2bf966 tempest-VolumesActionsTest-1584130541 None] Lock "cinder-cbe7129a-9cd6-42e8-95c3-d94c2e0fe4f5-detach_volume" released by "detach_volume" :: held 0.226s {{(pid=91865) __release /opt/stack/cinder/cinder/coordination.py:152}}
Jun 15 07:25:56 devstack sudo[100527]: pam_unix(sudo:session): session closed for user root
Jun 15 07:25:56 devstack cinder-volume[91865]: DEBUG oslo_concurrency.processutils [None req-7d21f681-993a-4697-866c-f4f4efb5559d tempest-GroupsV314Test-83296532 None] CMD "sudo cinder-rootwrap /etc/cinder/rootwrap.conf qemu-img convert -O qcow2 /opt/stack/data/cinder/mnt/5b5b6110ddede9ab32c832224c3fab7b/volume-a2b91819-5afd-4c5d-84b2-a7dad1c9c1ed /opt/stack/data/cinder/mnt/5b5b6110ddede9ab32c832224c3fab7b/volume-8b73db2c-3e9f-479b-99cd-1454c3a6c2dc" returned: 0 in 9.684s {{(pid=91865) execute /opt/stack/data/venv/lib/python3.12/site-packages/oslo_concurrency/processutils.py:468}}
Jun 15 07:25:56 devstack cinder-volume[91865]: DEBUG oslo.privsep.daemon [-] privsep: reply[8d0cb651-acdf-4004-93de-fdc502cc61d2]: (4, 'qcow2') {{(pid=92934) _call_back /opt/stack/data/venv/lib/python3.12/site-packages/oslo_privsep/daemon.py:573}}
Jun 15 07:25:56 devstack cinder-volume[91865]: DEBUG oslo_concurrency.processutils [None req-7d21f681-993a-4697-866c-f4f4efb5559d tempest-GroupsV314Test-83296532 None] Running cmd (subprocess): /opt/stack/data/venv/bin/python3.12 -m oslo_concurrency.prlimit --as=1073741824 --cpu=60 -- sudo cinder-rootwrap /etc/cinder/rootwrap.conf env LC_ALL=C qemu-img info -f qcow2 --output=json /opt/stack/data/cinder/mnt/5b5b6110ddede9ab32c832224c3fab7b/volume-a2b91819-5afd-4c5d-84b2-a7dad1c9c1ed {{(pid=91865) execute /opt/stack/data/venv/lib/python3.12/site-packages/oslo_concurrency/processutils.py:440}}
Jun 15 07:25:56 devstack sudo[100670]: quobyte : PWD=/ ; USER=root ; COMMAND=/opt/stack/data/venv/bin/cinder-rootwrap /etc/cinder/rootwrap.conf env LC_ALL=C qemu-img info -f qcow2 --output=json /opt/stack/data/cinder/mnt/5b5b6110ddede9ab32c832224c3fab7b/volume-a2b91819-5afd-4c5d-84b2-a7dad1c9c1ed
Jun 15 07:25:56 devstack sudo[100670]: pam_unix(sudo:session): session opened for user root(uid=0) by (uid=1000)
Jun 15 07:25:57 devstack sudo[100670]: pam_unix(sudo:session): session closed for user root
Jun 15 07:25:57 devstack cinder-volume[91865]: DEBUG oslo_concurrency.processutils [None req-7d21f681-993a-4697-866c-f4f4efb5559d tempest-GroupsV314Test-83296532 None] CMD "/opt/stack/data/venv/bin/python3.12 -m oslo_concurrency.prlimit --as=1073741824 --cpu=60 -- sudo cinder-rootwrap /etc/cinder/rootwrap.conf env LC_ALL=C qemu-img info -f qcow2 --output=json /opt/stack/data/cinder/mnt/5b5b6110ddede9ab32c832224c3fab7b/volume-a2b91819-5afd-4c5d-84b2-a7dad1c9c1ed" returned: 0 in 1.150s {{(pid=91865) execute /opt/stack/data/venv/lib/python3.12/site-packages/oslo_concurrency/processutils.py:468}}
Jun 15 07:25:57 devstack cinder-volume[91865]: DEBUG cinder.image.image_utils [None req-7d21f681-993a-4697-866c-f4f4efb5559d tempest-GroupsV314Test-83296532 None] Image conversion details: src /opt/stack/data/cinder/mnt/5b5b6110ddede9ab32c832224c3fab7b/volume-a2b91819-5afd-4c5d-84b2-a7dad1c9c1ed, size 1024.00 MB, duration 9.69 sec, destination /opt/stack/data/cinder/mnt/5b5b6110ddede9ab32c832224c3fab7b/volume-8b73db2c-3e9f-479b-99cd-1454c3a6c2dc {{(pid=91865) _convert_image /opt/stack/cinder/cinder/image/image_utils.py:536}}
Jun 15 07:25:57 devstack cinder-volume[91865]: INFO cinder.image.image_utils [None req-7d21f681-993a-4697-866c-f4f4efb5559d tempest-GroupsV314Test-83296532 None] Converted 1024.00 MB image at 105.72 MB/s
Jun 15 07:25:57 devstack cinder-volume[91865]: WARNING cinder.volume.drivers.remotefs [None req-7d21f681-993a-4697-866c-f4f4efb5559d tempest-GroupsV314Test-83296532 None] /opt/stack/data/cinder/mnt/5b5b6110ddede9ab32c832224c3fab7b/volume-8b73db2c-3e9f-479b-99cd-1454c3a6c2dc is being set with open permissions: ugo+rw: NotImplementedError
Jun 15 07:25:57 devstack cinder-volume[91865]: DEBUG oslo_concurrency.processutils [None req-7d21f681-993a-4697-866c-f4f4efb5559d tempest-GroupsV314Test-83296532 None] Running cmd (subprocess): sudo cinder-rootwrap /etc/cinder/rootwrap.conf chmod ugo+rw /opt/stack/data/cinder/mnt/5b5b6110ddede9ab32c832224c3fab7b/volume-8b73db2c-3e9f-479b-99cd-1454c3a6c2dc {{(pid=91865) execute /opt/stack/data/venv/lib/python3.12/site-packages/oslo_concurrency/processutils.py:440}}
Jun 15 07:25:57 devstack sudo[100677]: quobyte : PWD=/ ; USER=root ; COMMAND=/opt/stack/data/venv/bin/cinder-rootwrap /etc/cinder/rootwrap.conf chmod ugo+rw /opt/stack/data/cinder/mnt/5b5b6110ddede9ab32c832224c3fab7b/volume-8b73db2c-3e9f-479b-99cd-1454c3a6c2dc
Jun 15 07:25:57 devstack sudo[100677]: pam_unix(sudo:session): session opened for user root(uid=0) by (uid=1000)
Jun 15 07:25:58 devstack sudo[100677]: pam_unix(sudo:session): session closed for user root
Jun 15 07:25:58 devstack cinder-volume[91865]: DEBUG oslo_concurrency.processutils [None req-7d21f681-993a-4697-866c-f4f4efb5559d tempest-GroupsV314Test-83296532 None] CMD "sudo cinder-rootwrap /etc/cinder/rootwrap.conf chmod ugo+rw /opt/stack/data/cinder/mnt/5b5b6110ddede9ab32c832224c3fab7b/volume-8b73db2c-3e9f-479b-99cd-1454c3a6c2dc" returned: 0 in 0.665s {{(pid=91865) execute /opt/stack/data/venv/lib/python3.12/site-packages/oslo_concurrency/processutils.py:468}}
Jun 15 07:25:58 devstack cinder-volume[91865]: DEBUG cinder.coordination [None req-7d21f681-993a-4697-866c-f4f4efb5559d tempest-GroupsV314Test-83296532 None] Lock "cinder-quobyte-8b73db2c-3e9f-479b-99cd-1454c3a6c2dc" released by "_copy_volume_from_snapshot" :: held 13.474s {{(pid=91865) __release /opt/stack/cinder/cinder/coordination.py:152}}
Jun 15 07:25:58 devstack cinder-volume[91865]: DEBUG cinder.coordination [None req-7d21f681-993a-4697-866c-f4f4efb5559d tempest-GroupsV314Test-83296532 None] Acquiring lock "cinder-quobyte-9fefd09e-ea85-4dc3-9ca5-dabd36618670" by "_delete_snapshot" {{(pid=91865) __acquire /opt/stack/cinder/cinder/coordination.py:138}}
Jun 15 07:25:58 devstack cinder-volume[91865]: DEBUG cinder.coordination [None req-7d21f681-993a-4697-866c-f4f4efb5559d tempest-GroupsV314Test-83296532 None] Lock "cinder-quobyte-9fefd09e-ea85-4dc3-9ca5-dabd36618670" acquired by "_delete_snapshot" :: waited 0.022s {{(pid=91865) __acquire /opt/stack/cinder/cinder/coordination.py:141}}
Jun 15 07:25:58 devstack cinder-volume[91865]: DEBUG cinder.volume.drivers.remotefs [None req-7d21f681-993a-4697-866c-f4f4efb5559d tempest-GroupsV314Test-83296532 None] Deleting offline snapshot 9fefd09e-ea85-4dc3-9ca5-dabd36618670 of volume a2b91819-5afd-4c5d-84b2-a7dad1c9c1ed {{(pid=91865) _delete_snapshot /opt/stack/cinder/cinder/volume/drivers/remotefs.py:1288}}
Jun 15 07:25:58 devstack cinder-volume[91865]: DEBUG cinder.volume.drivers.remotefs [None req-7d21f681-993a-4697-866c-f4f4efb5559d tempest-GroupsV314Test-83296532 None] snapshot_file for this snap is: volume-a2b91819-5afd-4c5d-84b2-a7dad1c9c1ed.9fefd09e-ea85-4dc3-9ca5-dabd36618670 {{(pid=91865) _delete_snapshot /opt/stack/cinder/cinder/volume/drivers/remotefs.py:1317}}
Jun 15 07:25:58 devstack cinder-volume[91865]: DEBUG oslo.privsep.daemon [-] privsep: reply[c646dab2-d338-4075-bb26-8d813866509d]: (4, 'qcow2') {{(pid=92934) _call_back /opt/stack/data/venv/lib/python3.12/site-packages/oslo_privsep/daemon.py:573}}
Jun 15 07:25:58 devstack cinder-volume[91865]: DEBUG oslo_concurrency.processutils [None req-7d21f681-993a-4697-866c-f4f4efb5559d tempest-GroupsV314Test-83296532 None] Running cmd (subprocess): /opt/stack/data/venv/bin/python3.12 -m oslo_concurrency.prlimit --as=1073741824 --cpu=60 -- sudo cinder-rootwrap /etc/cinder/rootwrap.conf env LC_ALL=C qemu-img info -f qcow2 --output=json --force-share /opt/stack/data/cinder/mnt/5b5b6110ddede9ab32c832224c3fab7b/volume-a2b91819-5afd-4c5d-84b2-a7dad1c9c1ed.9fefd09e-ea85-4dc3-9ca5-dabd36618670 {{(pid=91865) execute /opt/stack/data/venv/lib/python3.12/site-packages/oslo_concurrency/processutils.py:440}}
Jun 15 07:25:58 devstack sudo[100681]: quobyte : PWD=/ ; USER=root ; COMMAND=/opt/stack/data/venv/bin/cinder-rootwrap /etc/cinder/rootwrap.conf env LC_ALL=C qemu-img info -f qcow2 --output=json --force-share /opt/stack/data/cinder/mnt/5b5b6110ddede9ab32c832224c3fab7b/volume-a2b91819-5afd-4c5d-84b2-a7dad1c9c1ed.9fefd09e-ea85-4dc3-9ca5-dabd36618670
Jun 15 07:25:58 devstack sudo[100681]: pam_unix(sudo:session): session opened for user root(uid=0) by (uid=1000)
Jun 15 07:25:59 devstack sudo[100681]: pam_unix(sudo:session): session closed for user root
Jun 15 07:25:59 devstack cinder-volume[91865]: DEBUG oslo_concurrency.processutils [None req-7d21f681-993a-4697-866c-f4f4efb5559d tempest-GroupsV314Test-83296532 None] CMD "/opt/stack/data/venv/bin/python3.12 -m oslo_concurrency.prlimit --as=1073741824 --cpu=60 -- sudo cinder-rootwrap /etc/cinder/rootwrap.conf env LC_ALL=C qemu-img info -f qcow2 --output=json --force-share /opt/stack/data/cinder/mnt/5b5b6110ddede9ab32c832224c3fab7b/volume-a2b91819-5afd-4c5d-84b2-a7dad1c9c1ed.9fefd09e-ea85-4dc3-9ca5-dabd36618670" returned: 0 in 1.087s {{(pid=91865) execute /opt/stack/data/venv/lib/python3.12/site-packages/oslo_concurrency/processutils.py:468}}
Jun 15 07:25:59 devstack cinder-volume[91865]: DEBUG cinder.volume.drivers.remotefs [None req-7d21f681-993a-4697-866c-f4f4efb5559d tempest-GroupsV314Test-83296532 None] Fetching qemu-img info with special backing_file_template: (/opt/stack/data/cinder/mnt/[0-9a-f]+/)?(volume-a2b91819-5afd-4c5d-84b2-a7dad1c9c1ed(.(tmp-snap-)?[0-9a-f-]+)?|volume_from_snapshot_cache/(tmp-snap-)?[0-9a-f-]+(.(child-|parent-)[0-9a-f-]+)?)$ {{(pid=91865) _qemu_img_info_base /opt/stack/cinder/cinder/volume/drivers/remotefs.py:896}}
Jun 15 07:25:59 devstack cinder-volume[91865]: DEBUG oslo.privsep.daemon [-] privsep: reply[6021b02c-9f39-4a76-93c6-25e4aa1957f9]: (4, 'qcow2') {{(pid=92934) _call_back /opt/stack/data/venv/lib/python3.12/site-packages/oslo_privsep/daemon.py:573}}
Jun 15 07:25:59 devstack cinder-volume[91865]: DEBUG oslo_concurrency.processutils [None req-7d21f681-993a-4697-866c-f4f4efb5559d tempest-GroupsV314Test-83296532 None] Running cmd (subprocess): /opt/stack/data/venv/bin/python3.12 -m oslo_concurrency.prlimit --as=1073741824 --cpu=60 -- sudo cinder-rootwrap /etc/cinder/rootwrap.conf env LC_ALL=C qemu-img info -f qcow2 --output=json --force-share /opt/stack/data/cinder/mnt/5b5b6110ddede9ab32c832224c3fab7b/volume-a2b91819-5afd-4c5d-84b2-a7dad1c9c1ed {{(pid=91865) execute /opt/stack/data/venv/lib/python3.12/site-packages/oslo_concurrency/processutils.py:440}}
Jun 15 07:25:59 devstack sudo[100704]: quobyte : PWD=/ ; USER=root ; COMMAND=/opt/stack/data/venv/bin/cinder-rootwrap /etc/cinder/rootwrap.conf env LC_ALL=C qemu-img info -f qcow2 --output=json --force-share /opt/stack/data/cinder/mnt/5b5b6110ddede9ab32c832224c3fab7b/volume-a2b91819-5afd-4c5d-84b2-a7dad1c9c1ed
Jun 15 07:25:59 devstack sudo[100704]: pam_unix(sudo:session): session opened for user root(uid=0) by (uid=1000)
Jun 15 07:26:00 devstack sudo[100704]: pam_unix(sudo:session): session closed for user root
Jun 15 07:26:00 devstack cinder-volume[91865]: DEBUG oslo_concurrency.processutils [None req-7d21f681-993a-4697-866c-f4f4efb5559d tempest-GroupsV314Test-83296532 None] CMD "/opt/stack/data/venv/bin/python3.12 -m oslo_concurrency.prlimit --as=1073741824 --cpu=60 -- sudo cinder-rootwrap /etc/cinder/rootwrap.conf env LC_ALL=C qemu-img info -f qcow2 --output=json --force-share /opt/stack/data/cinder/mnt/5b5b6110ddede9ab32c832224c3fab7b/volume-a2b91819-5afd-4c5d-84b2-a7dad1c9c1ed" returned: 0 in 0.785s {{(pid=91865) execute /opt/stack/data/venv/lib/python3.12/site-packages/oslo_concurrency/processutils.py:468}}
Jun 15 07:26:00 devstack cinder-volume[91865]: DEBUG oslo_concurrency.processutils [None req-7d21f681-993a-4697-866c-f4f4efb5559d tempest-GroupsV314Test-83296532 None] Running cmd (subprocess): sudo cinder-rootwrap /etc/cinder/rootwrap.conf qemu-img commit -d /opt/stack/data/cinder/mnt/5b5b6110ddede9ab32c832224c3fab7b/volume-a2b91819-5afd-4c5d-84b2-a7dad1c9c1ed.9fefd09e-ea85-4dc3-9ca5-dabd36618670 {{(pid=91865) execute /opt/stack/data/venv/lib/python3.12/site-packages/oslo_concurrency/processutils.py:440}}
Jun 15 07:26:00 devstack sudo[100710]: quobyte : PWD=/ ; USER=root ; COMMAND=/opt/stack/data/venv/bin/cinder-rootwrap /etc/cinder/rootwrap.conf qemu-img commit -d /opt/stack/data/cinder/mnt/5b5b6110ddede9ab32c832224c3fab7b/volume-a2b91819-5afd-4c5d-84b2-a7dad1c9c1ed.9fefd09e-ea85-4dc3-9ca5-dabd36618670
Jun 15 07:26:00 devstack sudo[100710]: pam_unix(sudo:session): session opened for user root(uid=0) by (uid=1000)
Jun 15 07:26:01 devstack sudo[100710]: pam_unix(sudo:session): session closed for user root
Jun 15 07:26:01 devstack cinder-volume[91865]: DEBUG oslo_concurrency.processutils [None req-7d21f681-993a-4697-866c-f4f4efb5559d tempest-GroupsV314Test-83296532 None] CMD "sudo cinder-rootwrap /etc/cinder/rootwrap.conf qemu-img commit -d /opt/stack/data/cinder/mnt/5b5b6110ddede9ab32c832224c3fab7b/volume-a2b91819-5afd-4c5d-84b2-a7dad1c9c1ed.9fefd09e-ea85-4dc3-9ca5-dabd36618670" returned: 0 in 0.731s {{(pid=91865) execute /opt/stack/data/venv/lib/python3.12/site-packages/oslo_concurrency/processutils.py:468}}
Jun 15 07:26:01 devstack cinder-volume[91865]: DEBUG oslo_concurrency.processutils [None req-7d21f681-993a-4697-866c-f4f4efb5559d tempest-GroupsV314Test-83296532 None] Running cmd (subprocess): sudo cinder-rootwrap /etc/cinder/rootwrap.conf rm -f /opt/stack/data/cinder/mnt/5b5b6110ddede9ab32c832224c3fab7b/volume-a2b91819-5afd-4c5d-84b2-a7dad1c9c1ed.9fefd09e-ea85-4dc3-9ca5-dabd36618670 {{(pid=91865) execute /opt/stack/data/venv/lib/python3.12/site-packages/oslo_concurrency/processutils.py:440}}
Jun 15 07:26:01 devstack sudo[100717]: quobyte : PWD=/ ; USER=root ; COMMAND=/opt/stack/data/venv/bin/cinder-rootwrap /etc/cinder/rootwrap.conf rm -f /opt/stack/data/cinder/mnt/5b5b6110ddede9ab32c832224c3fab7b/volume-a2b91819-5afd-4c5d-84b2-a7dad1c9c1ed.9fefd09e-ea85-4dc3-9ca5-dabd36618670
Jun 15 07:26:01 devstack sudo[100717]: pam_unix(sudo:session): session opened for user root(uid=0) by (uid=1000)
Jun 15 07:26:01 devstack sudo[100717]: pam_unix(sudo:session): session closed for user root
Jun 15 07:26:01 devstack cinder-volume[91865]: DEBUG oslo_concurrency.processutils [None req-7d21f681-993a-4697-866c-f4f4efb5559d tempest-GroupsV314Test-83296532 None] CMD "sudo cinder-rootwrap /etc/cinder/rootwrap.conf rm -f /opt/stack/data/cinder/mnt/5b5b6110ddede9ab32c832224c3fab7b/volume-a2b91819-5afd-4c5d-84b2-a7dad1c9c1ed.9fefd09e-ea85-4dc3-9ca5-dabd36618670" returned: 0 in 0.605s {{(pid=91865) execute /opt/stack/data/venv/lib/python3.12/site-packages/oslo_concurrency/processutils.py:468}}
Jun 15 07:26:01 devstack cinder-volume[91865]: DEBUG cinder.coordination [None req-7d21f681-993a-4697-866c-f4f4efb5559d tempest-GroupsV314Test-83296532 None] Lock "cinder-quobyte-9fefd09e-ea85-4dc3-9ca5-dabd36618670" released by "_delete_snapshot" :: held 3.319s {{(pid=91865) __release /opt/stack/cinder/cinder/coordination.py:152}}
Jun 15 07:26:01 devstack cinder-volume[91865]: DEBUG oslo_concurrency.lockutils [None req-7d21f681-993a-4697-866c-f4f4efb5559d tempest-GroupsV314Test-83296532 None] Lock "quobyte" "released" by "cinder.volume.drivers.quobyte.QuobyteDriver.create_cloned_volume" :: held 21.464s {{(pid=91865) inner /opt/stack/data/venv/lib/python3.12/site-packages/oslo_concurrency/lockutils.py:538}}
Jun 15 07:26:01 devstack cinder-volume[91865]: DEBUG oslo_concurrency.lockutils [None req-9b0996f7-7095-41c9-b831-c8c0e3256758 tempest-AttachVolumeShelveTestJSON-750972458 None] Lock "quobyte" acquired by "cinder.volume.drivers.quobyte.QuobyteDriver.create_volume" :: waited 16.634s {{(pid=91865) inner /opt/stack/data/venv/lib/python3.12/site-packages/oslo_concurrency/lockutils.py:519}}
Jun 15 07:26:01 devstack cinder-volume[91865]: DEBUG cinder.volume.drivers.quobyte [None req-9b0996f7-7095-41c9-b831-c8c0e3256758 tempest-AttachVolumeShelveTestJSON-750972458 None] ==> create_volume: call "{'self': , 'volume': Volume(_name_id=None,admin_metadata=,attach_status='detached',availability_zone='nova',bootable=False,cluster=,cluster_name=None,consistencygroup=,consistencygroup_id=None,created_at=2026-06-15T05:25:45Z,deleted=False,deleted_at=None,display_description=None,display_name='tempest-AttachVolumeShelveTestJSON-volume-1578076149',ec2_id=None,encryption_key_id=None,glance_metadata=,group=,group_id=None,host='devstack@QuobyteHD#QuobyteHD',id=b5249b9f-559a-488d-b57d-431ce2d81cae,launched_at=None,metadata={},migration_status=None,multiattach=False,previous_status=None,project_id='9061f3ab809c45ee8a46f9dca5adad0a',provider_auth=None,provider_geometry=None,provider_id=None,provider_location=None,replication_driver_data=None,replication_extended_status=None,replication_status=None,scheduled_at=2026-06-15T05:25:45Z,service_uuid=None,shared_targets=True,size=1,snapshot_id=None,snapshots=,source_volid=None,status='creating',terminated_at=None,updated_at=2026-06-15T05:25:45Z,use_quota=True,user_id='3b564522175f4a0281de1c7a64c400b3',volume_attachment=VolumeAttachmentList,volume_type=VolumeType(1d8e2cf6-d6c3-4bef-9d6d-43171b393dde),volume_type_id=1d8e2cf6-d6c3-4bef-9d6d-43171b393dde)}" {{(pid=91865) trace_logging_wrapper /opt/stack/cinder/cinder/volume/volume_utils.py:1497}}
Jun 15 07:26:01 devstack cinder-volume[91865]: DEBUG cinder.volume.drivers.remotefs [None req-9b0996f7-7095-41c9-b831-c8c0e3256758 tempest-AttachVolumeShelveTestJSON-750972458 None] Creating volume b5249b9f-559a-488d-b57d-431ce2d81cae {{(pid=91865) create_volume /opt/stack/cinder/cinder/volume/drivers/remotefs.py:292}}
Jun 15 07:26:01 devstack cinder-volume[91865]: DEBUG oslo_concurrency.lockutils [None req-9b0996f7-7095-41c9-b831-c8c0e3256758 tempest-AttachVolumeShelveTestJSON-750972458 None] Acquiring lock "quobyte_ensure" by "cinder.volume.drivers.quobyte.QuobyteDriver._ensure_shares_mounted" {{(pid=91865) inner /opt/stack/data/venv/lib/python3.12/site-packages/oslo_concurrency/lockutils.py:506}}
Jun 15 07:26:01 devstack cinder-volume[91865]: DEBUG oslo_concurrency.lockutils [None req-9b0996f7-7095-41c9-b831-c8c0e3256758 tempest-AttachVolumeShelveTestJSON-750972458 None] Lock "quobyte_ensure" acquired by "cinder.volume.drivers.quobyte.QuobyteDriver._ensure_shares_mounted" :: waited 0.001s {{(pid=91865) inner /opt/stack/data/venv/lib/python3.12/site-packages/oslo_concurrency/lockutils.py:519}}
Jun 15 07:26:01 devstack cinder-volume[91865]: DEBUG cinder.volume.drivers.quobyte [None req-9b0996f7-7095-41c9-b831-c8c0e3256758 tempest-AttachVolumeShelveTestJSON-750972458 None] Quobyte Volume URL set to: {'osci02.corp.quobyte.com/cinder-vol-f75add87-d706-4fc1-b593-063f9985ff2d': None} {{(pid=91865) _load_shares_config /opt/stack/cinder/cinder/volume/drivers/quobyte.py:617}}
