Jul 10 04:27:25 devstack devstack@n-api.service[61410]: [pid: 61410|app: 0|req: 17/34] 192.168.122.165 () {64 vars in 1287 bytes} [Fri Jul 10 04:27:25 2026] POST /compute/v2.1/flavors => generated 416 bytes in 82 msecs (HTTP/1.1 200) 9 headers in 359 bytes (1 switches on core 0)
Jul 10 04:27:25 devstack devstack@n-api.service[61411]: DEBUG nova.api.openstack.wsgi [None req-5951f4b8-6699-4de4-9248-f9622930f06a admin admin] Action: 'create', calling method: >, body: {"extra_specs": {"hw_rng:allowed": "True"}} {{(pid=61411) _process_stack /opt/stack/nova/nova/api/openstack/wsgi.py:549}}
Jul 10 04:27:25 devstack devstack@n-api.service[61411]: INFO nova.api.openstack.requestlog [None req-5951f4b8-6699-4de4-9248-f9622930f06a admin admin] 192.168.122.165 "POST /compute/v2.1/flavors/5/os-extra_specs" status: 200 len: 43 microversion: 2.61 time: 0.034546
Jul 10 04:27:25 devstack devstack@n-api.service[61411]: [pid: 61411|app: 0|req: 18/35] 192.168.122.165 () {64 vars in 1337 bytes} [Fri Jul 10 04:27:25 2026] POST /compute/v2.1/flavors/5/os-extra_specs => generated 43 bytes in 36 msecs (HTTP/1.1 200) 9 headers in 358 bytes (1 switches on core 0)
Jul 10 04:27:33 devstack devstack@n-api.service[61410]: DEBUG nova.api.openstack.wsgi [None req-4a8fd0f1-1d43-4844-953b-0ca2af59e616 admin admin] Calling method '>' {{(pid=61410) _process_stack /opt/stack/nova/nova/api/openstack/wsgi.py:551}}
Jul 10 04:27:33 devstack devstack@n-api.service[61410]: INFO nova.api.openstack.requestlog [None req-4a8fd0f1-1d43-4844-953b-0ca2af59e616 admin admin] 192.168.122.165 "GET /compute/v2.1" status: 200 len: 393 microversion: 2.1 time: 0.004945
Jul 10 04:27:33 devstack devstack@n-api.service[61410]: [pid: 61410|app: 0|req: 18/36] 192.168.122.165 () {54 vars in 935 bytes} [Fri Jul 10 04:27:33 2026] GET /compute/v2.1 => generated 393 bytes in 6 msecs (HTTP/1.1 200) 9 headers in 357 bytes (1 switches on core 0)
Jul 10 04:27:33 devstack devstack@n-api.service[61411]: DEBUG nova.api.openstack.wsgi [None req-0e6ba7a9-f46e-4f93-aba4-6cb54b8fd60d admin admin] Calling method '>' {{(pid=61411) _process_stack /opt/stack/nova/nova/api/openstack/wsgi.py:551}}
Jul 10 04:27:33 devstack devstack@n-api.service[61411]: DEBUG oslo_concurrency.lockutils [None req-0e6ba7a9-f46e-4f93-aba4-6cb54b8fd60d admin admin] Acquiring lock "00000000-0000-0000-0000-000000000000" by "nova.context.set_target_cell..get_or_set_cached_cell_and_set_connections" {{(pid=61411) inner /opt/stack/data/venv/lib/python3.12/site-packages/oslo_concurrency/lockutils.py:511}}
Jul 10 04:27:33 devstack devstack@n-api.service[61411]: DEBUG oslo_concurrency.lockutils [None req-0e6ba7a9-f46e-4f93-aba4-6cb54b8fd60d admin admin] Lock "00000000-0000-0000-0000-000000000000" acquired by "nova.context.set_target_cell..get_or_set_cached_cell_and_set_connections" :: waited 0.001s {{(pid=61411) inner /opt/stack/data/venv/lib/python3.12/site-packages/oslo_concurrency/lockutils.py:524}}
Jul 10 04:27:33 devstack devstack@n-api.service[61411]: DEBUG oslo_concurrency.lockutils [None req-0e6ba7a9-f46e-4f93-aba4-6cb54b8fd60d admin admin] Lock "00000000-0000-0000-0000-000000000000" "released" by "nova.context.set_target_cell..get_or_set_cached_cell_and_set_connections" :: held 0.000s {{(pid=61411) inner /opt/stack/data/venv/lib/python3.12/site-packages/oslo_concurrency/lockutils.py:543}}
Jul 10 04:27:33 devstack devstack@n-api.service[61411]: DEBUG oslo_concurrency.lockutils [None req-0e6ba7a9-f46e-4f93-aba4-6cb54b8fd60d admin admin] Acquiring lock "22797b8b-29b8-4e08-b8bc-1ccb122dbe66" by "nova.context.set_target_cell..get_or_set_cached_cell_and_set_connections" {{(pid=61411) inner /opt/stack/data/venv/lib/python3.12/site-packages/oslo_concurrency/lockutils.py:511}}
Jul 10 04:27:33 devstack devstack@n-api.service[61411]: DEBUG oslo_concurrency.lockutils [None req-0e6ba7a9-f46e-4f93-aba4-6cb54b8fd60d admin admin] Lock "22797b8b-29b8-4e08-b8bc-1ccb122dbe66" acquired by "nova.context.set_target_cell..get_or_set_cached_cell_and_set_connections" :: waited 0.001s {{(pid=61411) inner /opt/stack/data/venv/lib/python3.12/site-packages/oslo_concurrency/lockutils.py:524}}
Jul 10 04:27:33 devstack devstack@n-api.service[61411]: DEBUG oslo_concurrency.lockutils [None req-0e6ba7a9-f46e-4f93-aba4-6cb54b8fd60d admin admin] Lock "22797b8b-29b8-4e08-b8bc-1ccb122dbe66" "released" by "nova.context.set_target_cell..get_or_set_cached_cell_and_set_connections" :: held 0.000s {{(pid=61411) inner /opt/stack/data/venv/lib/python3.12/site-packages/oslo_concurrency/lockutils.py:543}}
Jul 10 04:27:33 devstack devstack@n-api.service[61411]: INFO nova.api.openstack.requestlog [None req-0e6ba7a9-f46e-4f93-aba4-6cb54b8fd60d admin admin] 192.168.122.165 "GET /compute/v2.1/os-services?binary=nova-compute&host=devstack" status: 200 len: 251 microversion: 2.69 time: 0.157358
Jul 10 04:27:33 devstack devstack@n-api.service[61411]: [pid: 61411|app: 0|req: 19/37] 192.168.122.165 () {60 vars in 1325 bytes} [Fri Jul 10 04:27:33 2026] GET /compute/v2.1/os-services?binary=nova-compute&host=devstack => generated 251 bytes in 158 msecs (HTTP/1.1 200) 9 headers in 359 bytes (1 switches on core 0)
Jul 10 04:27:35 devstack devstack@n-api.service[61410]: DEBUG dbcounter [-] [61410] Writing DB stats nova_api:SELECT=21,nova_api:SAVEPOINT=5,nova_api:INSERT=10,nova_api:RELEASE=5 {{(pid=61410) stat_writer /opt/stack/data/venv/lib/python3.12/site-packages/dbcounter.py:115}}
Jul 10 04:27:43 devstack devstack@n-api.service[61411]: DEBUG dbcounter [-] [61411] Writing DB stats nova_cell0:SELECT=1 {{(pid=61411) stat_writer /opt/stack/data/venv/lib/python3.12/site-packages/dbcounter.py:115}}
Jul 10 04:27:43 devstack devstack@n-api.service[61411]: DEBUG dbcounter [-] [61411] Writing DB stats nova_cell1:SELECT=1 {{(pid=61411) stat_writer /opt/stack/data/venv/lib/python3.12/site-packages/dbcounter.py:115}}
Jul 10 04:27:43 devstack devstack@n-api.service[61411]: DEBUG dbcounter [-] [61411] Writing DB stats nova_api:SELECT=23,nova_api:INSERT=10,nova_api:SAVEPOINT=5,nova_api:RELEASE=5 {{(pid=61411) stat_writer /opt/stack/data/venv/lib/python3.12/site-packages/dbcounter.py:115}}
Jul 10 04:28:08 devstack devstack@n-api.service[61410]: DEBUG nova.api.openstack.wsgi [None req-4a8fd0f1-1d43-4844-953b-0ca2af59e616 admin admin] Calling method '>' {{(pid=61410) _process_stack /opt/stack/nova/nova/api/openstack/wsgi.py:551}}
Jul 10 04:28:08 devstack devstack@n-api.service[61410]: INFO nova.api.openstack.requestlog [None req-4a8fd0f1-1d43-4844-953b-0ca2af59e616 admin admin] 192.168.122.165 "GET /compute/v2.1" status: 200 len: 393 microversion: 2.1 time: 0.004955
Jul 10 04:28:08 devstack devstack@n-api.service[61410]: [pid: 61410|app: 0|req: 19/38] 192.168.122.165 () {54 vars in 935 bytes} [Fri Jul 10 04:28:08 2026] GET /compute/v2.1 => generated 393 bytes in 6 msecs (HTTP/1.1 200) 9 headers in 357 bytes (1 switches on core 0)
Jul 10 04:28:08 devstack devstack@n-api.service[61411]: DEBUG nova.api.openstack.wsgi [None req-e301bc31-9598-4e75-95d8-84792663c649 admin admin] Calling method '>' {{(pid=61411) _process_stack /opt/stack/nova/nova/api/openstack/wsgi.py:551}}
Jul 10 04:28:08 devstack devstack@n-api.service[61411]: INFO nova.api.openstack.requestlog [None req-e301bc31-9598-4e75-95d8-84792663c649 admin admin] 192.168.122.165 "GET /compute/v2.1/flavors/detail?is_public=True" status: 200 len: 4282 microversion: 2.61 time: 0.080679
Jul 10 04:28:08 devstack devstack@n-api.service[61411]: [pid: 61411|app: 0|req: 20/39] 192.168.122.165 () {60 vars in 1296 bytes} [Fri Jul 10 04:28:08 2026] GET /compute/v2.1/flavors/detail?is_public=True => generated 4282 bytes in 82 msecs (HTTP/1.1 200) 9 headers in 360 bytes (1 switches on core 0)
Jul 10 04:28:15 devstack devstack@n-api.service[61410]: DEBUG nova.api.openstack.wsgi [None req-4a8fd0f1-1d43-4844-953b-0ca2af59e616 admin admin] Calling method '>' {{(pid=61410) _process_stack /opt/stack/nova/nova/api/openstack/wsgi.py:551}}
Jul 10 04:28:15 devstack devstack@n-api.service[61410]: INFO nova.api.openstack.requestlog [None req-4a8fd0f1-1d43-4844-953b-0ca2af59e616 admin admin] 192.168.122.165 "GET /compute/v2.1" status: 200 len: 393 microversion: 2.1 time: 0.005860
Jul 10 04:28:15 devstack devstack@n-api.service[61410]: [pid: 61410|app: 0|req: 20/40] 192.168.122.165 () {54 vars in 935 bytes} [Fri Jul 10 04:28:15 2026] GET /compute/v2.1 => generated 393 bytes in 7 msecs (HTTP/1.1 200) 9 headers in 357 bytes (1 switches on core 0)
Jul 10 04:28:15 devstack devstack@n-api.service[61411]: DEBUG nova.api.openstack.wsgi [None req-3d936c9e-709c-4fae-9201-88d7344209a1 admin admin] Action: 'create', calling method: >, body: {"flavor": {"OS-FLV-EXT-DATA:ephemeral": 0, "ram": 192, "os-flavor-access:is_public": true, "swap": 0, "name": "m1.nano", "vcpus": 1, "id": "42", "disk": 1}} {{(pid=61411) _process_stack /opt/stack/nova/nova/api/openstack/wsgi.py:549}}
Jul 10 04:28:15 devstack devstack@n-api.service[61411]: INFO nova.api.openstack.requestlog [None req-3d936c9e-709c-4fae-9201-88d7344209a1 admin admin] 192.168.122.165 "POST /compute/v2.1/flavors" status: 200 len: 413 microversion: 2.61 time: 0.083742
Jul 10 04:28:15 devstack devstack@n-api.service[61411]: [pid: 61411|app: 0|req: 21/41] 192.168.122.165 () {64 vars in 1287 bytes} [Fri Jul 10 04:28:15 2026] POST /compute/v2.1/flavors => generated 413 bytes in 85 msecs (HTTP/1.1 200) 9 headers in 359 bytes (1 switches on core 0)
Jul 10 04:28:15 devstack devstack@n-api.service[61410]: DEBUG nova.api.openstack.wsgi [None req-dad009d6-b97e-4f36-ae99-068632a217b0 admin admin] Action: 'create', calling method: >, body: {"extra_specs": {"hw_rng:allowed": "True"}} {{(pid=61410) _process_stack /opt/stack/nova/nova/api/openstack/wsgi.py:549}}
Jul 10 04:28:15 devstack devstack@n-api.service[61410]: INFO nova.api.openstack.requestlog [None req-dad009d6-b97e-4f36-ae99-068632a217b0 admin admin] 192.168.122.165 "POST /compute/v2.1/flavors/42/os-extra_specs" status: 200 len: 43 microversion: 2.61 time: 0.036465
Jul 10 04:28:15 devstack devstack@n-api.service[61410]: [pid: 61410|app: 0|req: 21/42] 192.168.122.165 () {64 vars in 1340 bytes} [Fri Jul 10 04:28:15 2026] POST /compute/v2.1/flavors/42/os-extra_specs => generated 43 bytes in 38 msecs (HTTP/1.1 200) 9 headers in 358 bytes (1 switches on core 0)
Jul 10 04:28:21 devstack devstack@n-api.service[61411]: DEBUG nova.api.openstack.wsgi [None req-3d936c9e-709c-4fae-9201-88d7344209a1 admin admin] Calling method '>' {{(pid=61411) _process_stack /opt/stack/nova/nova/api/openstack/wsgi.py:551}}
Jul 10 04:28:21 devstack devstack@n-api.service[61411]: INFO nova.api.openstack.requestlog [None req-3d936c9e-709c-4fae-9201-88d7344209a1 admin admin] 192.168.122.165 "GET /compute/v2.1" status: 200 len: 393 microversion: 2.1 time: 0.006409
Jul 10 04:28:21 devstack devstack@n-api.service[61411]: [pid: 61411|app: 0|req: 22/43] 192.168.122.165 () {54 vars in 935 bytes} [Fri Jul 10 04:28:21 2026] GET /compute/v2.1 => generated 393 bytes in 7 msecs (HTTP/1.1 200) 9 headers in 357 bytes (1 switches on core 0)
Jul 10 04:28:22 devstack devstack@n-api.service[61410]: DEBUG nova.api.openstack.wsgi [None req-de0379ab-507f-41aa-8f03-8d08dc6a8f45 admin admin] Action: 'create', calling method: >, body: {"flavor": {"id": "84", "disk": 1, "swap": 0, "OS-FLV-EXT-DATA:ephemeral": 0, "vcpus": 1, "ram": 256, "os-flavor-access:is_public": true, "name": "m1.micro"}} {{(pid=61410) _process_stack /opt/stack/nova/nova/api/openstack/wsgi.py:549}}
Jul 10 04:28:22 devstack devstack@n-api.service[61410]: INFO nova.api.openstack.requestlog [None req-de0379ab-507f-41aa-8f03-8d08dc6a8f45 admin admin] 192.168.122.165 "POST /compute/v2.1/flavors" status: 200 len: 414 microversion: 2.61 time: 0.092775
Jul 10 04:28:22 devstack devstack@n-api.service[61410]: [pid: 61410|app: 0|req: 22/44] 192.168.122.165 () {64 vars in 1287 bytes} [Fri Jul 10 04:28:21 2026] POST /compute/v2.1/flavors => generated 414 bytes in 94 msecs (HTTP/1.1 200) 9 headers in 359 bytes (1 switches on core 0)
Jul 10 04:28:22 devstack devstack@n-api.service[61411]: DEBUG nova.api.openstack.wsgi [None req-f2860da8-3161-440c-98d2-a70a10f4b06a admin admin] Action: 'create', calling method: >, body: {"extra_specs": {"hw_rng:allowed": "True"}} {{(pid=61411) _process_stack /opt/stack/nova/nova/api/openstack/wsgi.py:549}}
Jul 10 04:28:22 devstack devstack@n-api.service[61411]: INFO nova.api.openstack.requestlog [None req-f2860da8-3161-440c-98d2-a70a10f4b06a admin admin] 192.168.122.165 "POST /compute/v2.1/flavors/84/os-extra_specs" status: 200 len: 43 microversion: 2.61 time: 0.036936
Jul 10 04:28:22 devstack devstack@n-api.service[61411]: [pid: 61411|app: 0|req: 23/45] 192.168.122.165 () {64 vars in 1340 bytes} [Fri Jul 10 04:28:22 2026] POST /compute/v2.1/flavors/84/os-extra_specs => generated 43 bytes in 38 msecs (HTTP/1.1 200) 9 headers in 358 bytes (1 switches on core 0)
Jul 10 04:28:32 devstack devstack@n-api.service[61410]: DEBUG dbcounter [-] [61410] Writing DB stats nova_api:SELECT=4,nova_api:SAVEPOINT=1,nova_api:INSERT=2,nova_api:RELEASE=1 {{(pid=61410) stat_writer /opt/stack/data/venv/lib/python3.12/site-packages/dbcounter.py:115}}
Jul 10 04:28:32 devstack devstack@n-api.service[61411]: DEBUG dbcounter [-] [61411] Writing DB stats nova_api:SELECT=5,nova_api:INSERT=2,nova_api:SAVEPOINT=1,nova_api:RELEASE=1 {{(pid=61411) stat_writer /opt/stack/data/venv/lib/python3.12/site-packages/dbcounter.py:115}}
Jul 10 04:32:53 devstack devstack@n-api.service[61410]: DEBUG nova.api.openstack.wsgi [None req-9d5ac3c1-5b28-402b-afd1-dfb610f5b4cb tempest-VolumesAdminNegativeTest-2031073020 tempest-VolumesAdminNegativeTest-2031073020-project-member] Action: 'create', calling method: >, body: {"server": {"name": "tempest-VolumesAdminNegativeTest-server-534217414", "imageRef": "7f148b33-7c87-45fa-9b71-3295f9e93abc", "flavorRef": "42", "networks": [{"uuid": "3d7a3090-0bed-4b08-b2f2-aa1e71265962"}]}} {{(pid=61410) _process_stack /opt/stack/nova/nova/api/openstack/wsgi.py:549}}
Jul 10 04:32:53 devstack devstack@n-api.service[61410]: DEBUG oslo_concurrency.lockutils [None req-9d5ac3c1-5b28-402b-afd1-dfb610f5b4cb tempest-VolumesAdminNegativeTest-2031073020 tempest-VolumesAdminNegativeTest-2031073020-project-member] Acquiring lock "00000000-0000-0000-0000-000000000000" by "nova.context.set_target_cell..get_or_set_cached_cell_and_set_connections" {{(pid=61410) inner /opt/stack/data/venv/lib/python3.12/site-packages/oslo_concurrency/lockutils.py:511}}
Jul 10 04:32:53 devstack devstack@n-api.service[61410]: DEBUG oslo_concurrency.lockutils [None req-9d5ac3c1-5b28-402b-afd1-dfb610f5b4cb tempest-VolumesAdminNegativeTest-2031073020 tempest-VolumesAdminNegativeTest-2031073020-project-member] Lock "00000000-0000-0000-0000-000000000000" acquired by "nova.context.set_target_cell..get_or_set_cached_cell_and_set_connections" :: waited 0.001s {{(pid=61410) inner /opt/stack/data/venv/lib/python3.12/site-packages/oslo_concurrency/lockutils.py:524}}
Jul 10 04:32:53 devstack devstack@n-api.service[61410]: DEBUG oslo_concurrency.lockutils [None req-9d5ac3c1-5b28-402b-afd1-dfb610f5b4cb tempest-VolumesAdminNegativeTest-2031073020 tempest-VolumesAdminNegativeTest-2031073020-project-member] Lock "00000000-0000-0000-0000-000000000000" "released" by "nova.context.set_target_cell..get_or_set_cached_cell_and_set_connections" :: held 0.001s {{(pid=61410) inner /opt/stack/data/venv/lib/python3.12/site-packages/oslo_concurrency/lockutils.py:543}}
Jul 10 04:32:53 devstack devstack@n-api.service[61410]: DEBUG oslo_concurrency.lockutils [None req-9d5ac3c1-5b28-402b-afd1-dfb610f5b4cb tempest-VolumesAdminNegativeTest-2031073020 tempest-VolumesAdminNegativeTest-2031073020-project-member] Acquiring lock "22797b8b-29b8-4e08-b8bc-1ccb122dbe66" by "nova.context.set_target_cell..get_or_set_cached_cell_and_set_connections" {{(pid=61410) inner /opt/stack/data/venv/lib/python3.12/site-packages/oslo_concurrency/lockutils.py:511}}
Jul 10 04:32:53 devstack devstack@n-api.service[61410]: DEBUG oslo_concurrency.lockutils [None req-9d5ac3c1-5b28-402b-afd1-dfb610f5b4cb tempest-VolumesAdminNegativeTest-2031073020 tempest-VolumesAdminNegativeTest-2031073020-project-member] Lock "22797b8b-29b8-4e08-b8bc-1ccb122dbe66" acquired by "nova.context.set_target_cell..get_or_set_cached_cell_and_set_connections" :: waited 0.001s {{(pid=61410) inner /opt/stack/data/venv/lib/python3.12/site-packages/oslo_concurrency/lockutils.py:524}}
Jul 10 04:32:53 devstack devstack@n-api.service[61410]: DEBUG oslo_concurrency.lockutils [None req-9d5ac3c1-5b28-402b-afd1-dfb610f5b4cb tempest-VolumesAdminNegativeTest-2031073020 tempest-VolumesAdminNegativeTest-2031073020-project-member] Lock "22797b8b-29b8-4e08-b8bc-1ccb122dbe66" "released" by "nova.context.set_target_cell..get_or_set_cached_cell_and_set_connections" :: held 0.002s {{(pid=61410) inner /opt/stack/data/venv/lib/python3.12/site-packages/oslo_concurrency/lockutils.py:543}}
Jul 10 04:32:53 devstack devstack@n-api.service[61410]: DEBUG nova.network.neutron [None req-9d5ac3c1-5b28-402b-afd1-dfb610f5b4cb tempest-VolumesAdminNegativeTest-2031073020 tempest-VolumesAdminNegativeTest-2031073020-project-member] validate_networks() for [('3d7a3090-0bed-4b08-b2f2-aa1e71265962', None, None, None, None, None)] {{(pid=61410) validate_networks /opt/stack/nova/nova/network/neutron.py:2686}}
Jul 10 04:32:53 devstack devstack@n-api.service[61410]: WARNING neutronclient.v2_0.client [None req-9d5ac3c1-5b28-402b-afd1-dfb610f5b4cb tempest-VolumesAdminNegativeTest-2031073020 tempest-VolumesAdminNegativeTest-2031073020-project-member] The python binding code in neutronclient is deprecated in favor of OpenstackSDK, please use that as this will be removed in a future release.
Jul 10 04:32:54 devstack devstack@n-api.service[61410]: WARNING neutronclient.v2_0.client [None req-9d5ac3c1-5b28-402b-afd1-dfb610f5b4cb tempest-VolumesAdminNegativeTest-2031073020 tempest-VolumesAdminNegativeTest-2031073020-project-member] The python binding code in neutronclient is deprecated in favor of OpenstackSDK, please use that as this will be removed in a future release.
Jul 10 04:32:54 devstack devstack@n-api.service[61410]: DEBUG nova.virt.hardware [None req-9d5ac3c1-5b28-402b-afd1-dfb610f5b4cb tempest-VolumesAdminNegativeTest-2031073020 tempest-VolumesAdminNegativeTest-2031073020-project-member] Flavor limits 0:0:0 {{(pid=61410) get_cpu_topology_constraints /opt/stack/nova/nova/virt/hardware.py:488}}
Jul 10 04:32:54 devstack devstack@n-api.service[61410]: DEBUG nova.virt.hardware [None req-9d5ac3c1-5b28-402b-afd1-dfb610f5b4cb tempest-VolumesAdminNegativeTest-2031073020 tempest-VolumesAdminNegativeTest-2031073020-project-member] Image limits 0:0:0 {{(pid=61410) get_cpu_topology_constraints /opt/stack/nova/nova/virt/hardware.py:492}}
Jul 10 04:32:54 devstack devstack@n-api.service[61410]: DEBUG nova.virt.hardware [None req-9d5ac3c1-5b28-402b-afd1-dfb610f5b4cb tempest-VolumesAdminNegativeTest-2031073020 tempest-VolumesAdminNegativeTest-2031073020-project-member] Flavor pref 0:0:0 {{(pid=61410) get_cpu_topology_constraints /opt/stack/nova/nova/virt/hardware.py:528}}
Jul 10 04:32:54 devstack devstack@n-api.service[61410]: DEBUG nova.virt.hardware [None req-9d5ac3c1-5b28-402b-afd1-dfb610f5b4cb tempest-VolumesAdminNegativeTest-2031073020 tempest-VolumesAdminNegativeTest-2031073020-project-member] Image pref 0:0:0 {{(pid=61410) get_cpu_topology_constraints /opt/stack/nova/nova/virt/hardware.py:532}}
Jul 10 04:32:54 devstack devstack@n-api.service[61410]: DEBUG nova.virt.hardware [None req-9d5ac3c1-5b28-402b-afd1-dfb610f5b4cb tempest-VolumesAdminNegativeTest-2031073020 tempest-VolumesAdminNegativeTest-2031073020-project-member] Chose sockets=0, cores=0, threads=0; limits were sockets=65536, cores=65536, threads=65536 {{(pid=61410) get_cpu_topology_constraints /opt/stack/nova/nova/virt/hardware.py:570}}
Jul 10 04:32:54 devstack devstack@n-api.service[61410]: DEBUG oslo_concurrency.lockutils [None req-9d5ac3c1-5b28-402b-afd1-dfb610f5b4cb tempest-VolumesAdminNegativeTest-2031073020 tempest-VolumesAdminNegativeTest-2031073020-project-member] Acquiring lock "00000000-0000-0000-0000-000000000000" by "nova.context.set_target_cell..get_or_set_cached_cell_and_set_connections" {{(pid=61410) inner /opt/stack/data/venv/lib/python3.12/site-packages/oslo_concurrency/lockutils.py:511}}
Jul 10 04:32:54 devstack devstack@n-api.service[61410]: DEBUG oslo_concurrency.lockutils [None req-9d5ac3c1-5b28-402b-afd1-dfb610f5b4cb tempest-VolumesAdminNegativeTest-2031073020 tempest-VolumesAdminNegativeTest-2031073020-project-member] Lock "00000000-0000-0000-0000-000000000000" acquired by "nova.context.set_target_cell..get_or_set_cached_cell_and_set_connections" :: waited 0.001s {{(pid=61410) inner /opt/stack/data/venv/lib/python3.12/site-packages/oslo_concurrency/lockutils.py:524}}
Jul 10 04:32:54 devstack devstack@n-api.service[61410]: DEBUG oslo_concurrency.lockutils [None req-9d5ac3c1-5b28-402b-afd1-dfb610f5b4cb tempest-VolumesAdminNegativeTest-2031073020 tempest-VolumesAdminNegativeTest-2031073020-project-member] Lock "00000000-0000-0000-0000-000000000000" "released" by "nova.context.set_target_cell..get_or_set_cached_cell_and_set_connections" :: held 0.000s {{(pid=61410) inner /opt/stack/data/venv/lib/python3.12/site-packages/oslo_concurrency/lockutils.py:543}}
Jul 10 04:32:54 devstack devstack@n-api.service[61410]: DEBUG oslo_concurrency.lockutils [None req-9d5ac3c1-5b28-402b-afd1-dfb610f5b4cb tempest-VolumesAdminNegativeTest-2031073020 tempest-VolumesAdminNegativeTest-2031073020-project-member] Acquiring lock "22797b8b-29b8-4e08-b8bc-1ccb122dbe66" by "nova.context.set_target_cell..get_or_set_cached_cell_and_set_connections" {{(pid=61410) inner /opt/stack/data/venv/lib/python3.12/site-packages/oslo_concurrency/lockutils.py:511}}
Jul 10 04:32:54 devstack devstack@n-api.service[61410]: DEBUG oslo_concurrency.lockutils [None req-9d5ac3c1-5b28-402b-afd1-dfb610f5b4cb tempest-VolumesAdminNegativeTest-2031073020 tempest-VolumesAdminNegativeTest-2031073020-project-member] Lock "22797b8b-29b8-4e08-b8bc-1ccb122dbe66" acquired by "nova.context.set_target_cell..get_or_set_cached_cell_and_set_connections" :: waited 0.001s {{(pid=61410) inner /opt/stack/data/venv/lib/python3.12/site-packages/oslo_concurrency/lockutils.py:524}}
Jul 10 04:32:54 devstack devstack@n-api.service[61410]: DEBUG oslo_concurrency.lockutils [None req-9d5ac3c1-5b28-402b-afd1-dfb610f5b4cb tempest-VolumesAdminNegativeTest-2031073020 tempest-VolumesAdminNegativeTest-2031073020-project-member] Lock "22797b8b-29b8-4e08-b8bc-1ccb122dbe66" "released" by "nova.context.set_target_cell..get_or_set_cached_cell_and_set_connections" :: held 0.001s {{(pid=61410) inner /opt/stack/data/venv/lib/python3.12/site-packages/oslo_concurrency/lockutils.py:543}}
Jul 10 04:32:54 devstack devstack@n-api.service[61410]: DEBUG nova.quota [None req-9d5ac3c1-5b28-402b-afd1-dfb610f5b4cb tempest-VolumesAdminNegativeTest-2031073020 tempest-VolumesAdminNegativeTest-2031073020-project-member] Getting quotas for project 24b55e21f2e04e158206fe88c0e04894. Resources: {'cores', 'ram', 'instances'} {{(pid=61410) _get_quotas /opt/stack/nova/nova/quota.py:389}}
Jul 10 04:32:54 devstack devstack@n-api.service[61410]: DEBUG nova.quota [None req-9d5ac3c1-5b28-402b-afd1-dfb610f5b4cb tempest-VolumesAdminNegativeTest-2031073020 tempest-VolumesAdminNegativeTest-2031073020-project-member] Getting quotas for user 747d2ff935cc48948858ff94d1b37cc4 and project 24b55e21f2e04e158206fe88c0e04894. Resources: {'cores', 'ram', 'instances'} {{(pid=61410) _get_quotas /opt/stack/nova/nova/quota.py:379}}
Jul 10 04:32:54 devstack devstack@n-api.service[61410]: DEBUG nova.compute.api [None req-9d5ac3c1-5b28-402b-afd1-dfb610f5b4cb tempest-VolumesAdminNegativeTest-2031073020 tempest-VolumesAdminNegativeTest-2031073020-project-member] Going to run 1 instances... {{(pid=61410) _provision_instances /opt/stack/nova/nova/compute/api.py:1480}}
Jul 10 04:32:54 devstack devstack@n-api.service[61410]: DEBUG nova.compute.api [None req-9d5ac3c1-5b28-402b-afd1-dfb610f5b4cb tempest-VolumesAdminNegativeTest-2031073020 tempest-VolumesAdminNegativeTest-2031073020-project-member] [instance: 5791746f-65de-4311-9483-6a45f983dc1a] block_device_mapping [BlockDeviceMapping(attachment_id=,boot_index=0,connection_info=None,created_at=,delete_on_termination=True,deleted=,deleted_at=,destination_type='local',device_name=None,device_type='disk',disk_bus=None,encrypted=False,encryption_format=None,encryption_options=None,encryption_secret_uuid=None,guest_format=None,id=,image_id='7f148b33-7c87-45fa-9b71-3295f9e93abc',instance=,instance_uuid=,no_device=False,snapshot_id=None,source_type='image',tag=None,updated_at=,uuid=,volume_id=None,volume_size=None,volume_type=None)] {{(pid=61410) _bdm_validate_set_size_and_instance /opt/stack/nova/nova/compute/api.py:1942}}
Jul 10 04:32:54 devstack devstack@n-api.service[61410]: INFO nova.api.openstack.requestlog [None req-9d5ac3c1-5b28-402b-afd1-dfb610f5b4cb tempest-VolumesAdminNegativeTest-2031073020 tempest-VolumesAdminNegativeTest-2031073020-project-member] 192.168.122.165 "POST /compute/v2.1/servers" status: 202 len: 388 microversion: 2.1 time: 1.777158
Jul 10 04:32:54 devstack devstack@n-api.service[61410]: [pid: 61410|app: 0|req: 23/46] 192.168.122.165 () {60 vars in 1149 bytes} [Fri Jul 10 04:32:53 2026] POST /compute/v2.1/servers => generated 388 bytes in 1779 msecs (HTTP/1.1 202) 10 headers in 455 bytes (1 switches on core 0)
Jul 10 04:32:54 devstack devstack@n-api.service[61411]: DEBUG nova.api.openstack.wsgi [None req-b508584e-4798-4ca6-97a3-6a5a8a349329 tempest-VolumesAdminNegativeTest-2031073020 tempest-VolumesAdminNegativeTest-2031073020-project-member] Calling method '>' {{(pid=61411) _process_stack /opt/stack/nova/nova/api/openstack/wsgi.py:551}}
Jul 10 04:32:54 devstack devstack@n-api.service[61411]: DEBUG nova.compute.api [None req-b508584e-4798-4ca6-97a3-6a5a8a349329 tempest-VolumesAdminNegativeTest-2031073020 tempest-VolumesAdminNegativeTest-2031073020-project-member] [instance: 5791746f-65de-4311-9483-6a45f983dc1a] Fetching instance by UUID {{(pid=61411) get /opt/stack/nova/nova/compute/api.py:3068}}
Jul 10 04:32:54 devstack devstack@n-api.service[61411]: WARNING neutronclient.v2_0.client [None req-b508584e-4798-4ca6-97a3-6a5a8a349329 tempest-VolumesAdminNegativeTest-2031073020 tempest-VolumesAdminNegativeTest-2031073020-project-member] The python binding code in neutronclient is deprecated in favor of OpenstackSDK, please use that as this will be removed in a future release.
Jul 10 04:32:55 devstack devstack@n-api.service[61411]: DEBUG nova.policy [None req-b508584e-4798-4ca6-97a3-6a5a8a349329 tempest-VolumesAdminNegativeTest-2031073020 tempest-VolumesAdminNegativeTest-2031073020-project-member] Policy check for os_compute_api:os-extended-server-attributes failed with credentials {'is_admin': False, 'user_id': '747d2ff935cc48948858ff94d1b37cc4', 'user_domain_id': 'default', 'system_scope': None, 'domain_id': None, 'project_id': '24b55e21f2e04e158206fe88c0e04894', 'project_domain_id': 'default', 'roles': ['reader', 'member'], 'is_admin_project': True, 'service_user_id': None, 'service_user_domain_id': None, 'service_project_id': None, 'service_project_domain_id': None, 'service_roles': []} {{(pid=61411) authorize /opt/stack/nova/nova/policy.py:192}}
Jul 10 04:32:55 devstack devstack@n-api.service[61411]: INFO nova.api.openstack.requestlog [None req-b508584e-4798-4ca6-97a3-6a5a8a349329 tempest-VolumesAdminNegativeTest-2031073020 tempest-VolumesAdminNegativeTest-2031073020-project-member] 192.168.122.165 "GET /compute/v2.1/servers/5791746f-65de-4311-9483-6a45f983dc1a" status: 200 len: 1231 microversion: 2.1 time: 0.457930
Jul 10 04:32:55 devstack devstack@n-api.service[61411]: [pid: 61411|app: 0|req: 24/47] 192.168.122.165 () {58 vars in 1238 bytes} [Fri Jul 10 04:32:54 2026] GET /compute/v2.1/servers/5791746f-65de-4311-9483-6a45f983dc1a => generated 1231 bytes in 460 msecs (HTTP/1.1 200) 9 headers in 358 bytes (1 switches on core 0)
Jul 10 04:32:56 devstack devstack@n-api.service[61410]: DEBUG nova.api.openstack.wsgi [None req-983bec71-0149-403e-aeba-f3bbe5dad121 tempest-VolumesAdminNegativeTest-2031073020 tempest-VolumesAdminNegativeTest-2031073020-project-member] Calling method '>' {{(pid=61410) _process_stack /opt/stack/nova/nova/api/openstack/wsgi.py:551}}
Jul 10 04:32:56 devstack devstack@n-api.service[61410]: DEBUG nova.compute.api [None req-983bec71-0149-403e-aeba-f3bbe5dad121 tempest-VolumesAdminNegativeTest-2031073020 tempest-VolumesAdminNegativeTest-2031073020-project-member] [instance: 5791746f-65de-4311-9483-6a45f983dc1a] Fetching instance by UUID {{(pid=61410) get /opt/stack/nova/nova/compute/api.py:3068}}
Jul 10 04:32:56 devstack devstack@n-api.service[61410]: WARNING neutronclient.v2_0.client [None req-983bec71-0149-403e-aeba-f3bbe5dad121 tempest-VolumesAdminNegativeTest-2031073020 tempest-VolumesAdminNegativeTest-2031073020-project-member] The python binding code in neutronclient is deprecated in favor of OpenstackSDK, please use that as this will be removed in a future release.
Jul 10 04:32:56 devstack devstack@n-api.service[61410]: DEBUG nova.policy [None req-983bec71-0149-403e-aeba-f3bbe5dad121 tempest-VolumesAdminNegativeTest-2031073020 tempest-VolumesAdminNegativeTest-2031073020-project-member] Policy check for os_compute_api:os-extended-server-attributes failed with credentials {'is_admin': False, 'user_id': '747d2ff935cc48948858ff94d1b37cc4', 'user_domain_id': 'default', 'system_scope': None, 'domain_id': None, 'project_id': '24b55e21f2e04e158206fe88c0e04894', 'project_domain_id': 'default', 'roles': ['reader', 'member'], 'is_admin_project': True, 'service_user_id': None, 'service_user_domain_id': None, 'service_project_id': None, 'service_project_domain_id': None, 'service_roles': []} {{(pid=61410) authorize /opt/stack/nova/nova/policy.py:192}}
Jul 10 04:32:56 devstack devstack@n-api.service[61410]: INFO nova.api.openstack.requestlog [None req-983bec71-0149-403e-aeba-f3bbe5dad121 tempest-VolumesAdminNegativeTest-2031073020 tempest-VolumesAdminNegativeTest-2031073020-project-member] 192.168.122.165 "GET /compute/v2.1/servers/5791746f-65de-4311-9483-6a45f983dc1a" status: 200 len: 1231 microversion: 2.1 time: 0.166997
Jul 10 04:32:56 devstack devstack@n-api.service[61410]: [pid: 61410|app: 0|req: 24/48] 192.168.122.165 () {58 vars in 1238 bytes} [Fri Jul 10 04:32:56 2026] GET /compute/v2.1/servers/5791746f-65de-4311-9483-6a45f983dc1a => generated 1231 bytes in 170 msecs (HTTP/1.1 200) 9 headers in 358 bytes (1 switches on core 0)
Jul 10 04:32:57 devstack devstack@n-api.service[61411]: DEBUG nova.api.openstack.wsgi [None req-2012f0a7-625a-4251-b400-90fc2f102b4f tempest-VolumesAdminNegativeTest-2031073020 tempest-VolumesAdminNegativeTest-2031073020-project-member] Calling method '>' {{(pid=61411) _process_stack /opt/stack/nova/nova/api/openstack/wsgi.py:551}}
Jul 10 04:32:57 devstack devstack@n-api.service[61411]: DEBUG nova.compute.api [None req-2012f0a7-625a-4251-b400-90fc2f102b4f tempest-VolumesAdminNegativeTest-2031073020 tempest-VolumesAdminNegativeTest-2031073020-project-member] [instance: 5791746f-65de-4311-9483-6a45f983dc1a] Fetching instance by UUID {{(pid=61411) get /opt/stack/nova/nova/compute/api.py:3068}}
Jul 10 04:32:57 devstack devstack@n-api.service[61411]: DEBUG oslo_concurrency.lockutils [None req-2012f0a7-625a-4251-b400-90fc2f102b4f tempest-VolumesAdminNegativeTest-2031073020 tempest-VolumesAdminNegativeTest-2031073020-project-member] Acquiring lock "22797b8b-29b8-4e08-b8bc-1ccb122dbe66" by "nova.context.set_target_cell..get_or_set_cached_cell_and_set_connections" {{(pid=61411) inner /opt/stack/data/venv/lib/python3.12/site-packages/oslo_concurrency/lockutils.py:511}}
Jul 10 04:32:57 devstack devstack@n-api.service[61411]: DEBUG oslo_concurrency.lockutils [None req-2012f0a7-625a-4251-b400-90fc2f102b4f tempest-VolumesAdminNegativeTest-2031073020 tempest-VolumesAdminNegativeTest-2031073020-project-member] Lock "22797b8b-29b8-4e08-b8bc-1ccb122dbe66" acquired by "nova.context.set_target_cell..get_or_set_cached_cell_and_set_connections" :: waited 0.001s {{(pid=61411) inner /opt/stack/data/venv/lib/python3.12/site-packages/oslo_concurrency/lockutils.py:524}}
Jul 10 04:32:57 devstack devstack@n-api.service[61411]: DEBUG oslo_concurrency.lockutils [None req-2012f0a7-625a-4251-b400-90fc2f102b4f tempest-VolumesAdminNegativeTest-2031073020 tempest-VolumesAdminNegativeTest-2031073020-project-member] Lock "22797b8b-29b8-4e08-b8bc-1ccb122dbe66" "released" by "nova.context.set_target_cell..get_or_set_cached_cell_and_set_connections" :: held 0.001s {{(pid=61411) inner /opt/stack/data/venv/lib/python3.12/site-packages/oslo_concurrency/lockutils.py:543}}
Jul 10 04:32:57 devstack devstack@n-api.service[61411]: DEBUG oslo_concurrency.lockutils [None req-2012f0a7-625a-4251-b400-90fc2f102b4f tempest-VolumesAdminNegativeTest-2031073020 tempest-VolumesAdminNegativeTest-2031073020-project-member] Acquiring lock "22797b8b-29b8-4e08-b8bc-1ccb122dbe66" by "nova.context.set_target_cell..get_or_set_cached_cell_and_set_connections" {{(pid=61411) inner /opt/stack/data/venv/lib/python3.12/site-packages/oslo_concurrency/lockutils.py:511}}
Jul 10 04:32:57 devstack devstack@n-api.service[61411]: DEBUG oslo_concurrency.lockutils [None req-2012f0a7-625a-4251-b400-90fc2f102b4f tempest-VolumesAdminNegativeTest-2031073020 tempest-VolumesAdminNegativeTest-2031073020-project-member] Lock "22797b8b-29b8-4e08-b8bc-1ccb122dbe66" acquired by "nova.context.set_target_cell..get_or_set_cached_cell_and_set_connections" :: waited 0.001s {{(pid=61411) inner /opt/stack/data/venv/lib/python3.12/site-packages/oslo_concurrency/lockutils.py:524}}
Jul 10 04:32:57 devstack devstack@n-api.service[61411]: DEBUG oslo_concurrency.lockutils [None req-2012f0a7-625a-4251-b400-90fc2f102b4f tempest-VolumesAdminNegativeTest-2031073020 tempest-VolumesAdminNegativeTest-2031073020-project-member] Lock "22797b8b-29b8-4e08-b8bc-1ccb122dbe66" "released" by "nova.context.set_target_cell..get_or_set_cached_cell_and_set_connections" :: held 0.001s {{(pid=61411) inner /opt/stack/data/venv/lib/python3.12/site-packages/oslo_concurrency/lockutils.py:543}}
Jul 10 04:32:57 devstack devstack@n-api.service[61411]: WARNING neutronclient.v2_0.client [None req-2012f0a7-625a-4251-b400-90fc2f102b4f tempest-VolumesAdminNegativeTest-2031073020 tempest-VolumesAdminNegativeTest-2031073020-project-member] The python binding code in neutronclient is deprecated in favor of OpenstackSDK, please use that as this will be removed in a future release.
Jul 10 04:32:57 devstack devstack@n-api.service[61411]: DEBUG nova.policy [None req-2012f0a7-625a-4251-b400-90fc2f102b4f tempest-VolumesAdminNegativeTest-2031073020 tempest-VolumesAdminNegativeTest-2031073020-project-member] Policy check for os_compute_api:os-extended-server-attributes failed with credentials {'is_admin': False, 'user_id': '747d2ff935cc48948858ff94d1b37cc4', 'user_domain_id': 'default', 'system_scope': None, 'domain_id': None, 'project_id': '24b55e21f2e04e158206fe88c0e04894', 'project_domain_id': 'default', 'roles': ['reader', 'member'], 'is_admin_project': True, 'service_user_id': None, 'service_user_domain_id': None, 'service_project_id': None, 'service_project_domain_id': None, 'service_roles': []} {{(pid=61411) authorize /opt/stack/nova/nova/policy.py:192}}
Jul 10 04:32:57 devstack devstack@n-api.service[61411]: INFO nova.api.openstack.requestlog [None req-2012f0a7-625a-4251-b400-90fc2f102b4f tempest-VolumesAdminNegativeTest-2031073020 tempest-VolumesAdminNegativeTest-2031073020-project-member] 192.168.122.165 "GET /compute/v2.1/servers/5791746f-65de-4311-9483-6a45f983dc1a" status: 200 len: 1235 microversion: 2.1 time: 0.274765
Jul 10 04:32:57 devstack devstack@n-api.service[61411]: [pid: 61411|app: 0|req: 25/49] 192.168.122.165 () {58 vars in 1238 bytes} [Fri Jul 10 04:32:57 2026] GET /compute/v2.1/servers/5791746f-65de-4311-9483-6a45f983dc1a => generated 1235 bytes in 276 msecs (HTTP/1.1 200) 9 headers in 358 bytes (1 switches on core 0)
Jul 10 04:32:58 devstack devstack@n-api.service[61410]: DEBUG nova.api.openstack.wsgi [None req-942683ef-85a0-4330-b3e8-78514302a746 tempest-VolumesAdminNegativeTest-2031073020 tempest-VolumesAdminNegativeTest-2031073020-project-member] Calling method '>' {{(pid=61410) _process_stack /opt/stack/nova/nova/api/openstack/wsgi.py:551}}
Jul 10 04:32:58 devstack devstack@n-api.service[61410]: DEBUG nova.compute.api [None req-942683ef-85a0-4330-b3e8-78514302a746 tempest-VolumesAdminNegativeTest-2031073020 tempest-VolumesAdminNegativeTest-2031073020-project-member] [instance: 5791746f-65de-4311-9483-6a45f983dc1a] Fetching instance by UUID {{(pid=61410) get /opt/stack/nova/nova/compute/api.py:3068}}
Jul 10 04:32:58 devstack devstack@n-api.service[61411]: DEBUG nova.api.openstack.wsgi [None req-76caa711-14f4-4fe2-b9fd-62c99f4d63ff tempest-TaggedAttachmentsTest-405705856 tempest-TaggedAttachmentsTest-405705856-project-member] Action: 'create', calling method: >, body: {"keypair": {"name": "tempest-keypair-383032072", "public_key": "ecdsa-sha2-nistp384 AAAAE2VjZHNhLXNoYTItbmlzdHAzODQAAAAIbmlzdHAzODQAAABhBIJq76zZVB4i0xoAalFTx+MBIJlx8IEBW4OM2aWqmttsH98Uf9wxbB0VuA5O+1a611I0R01H2A5OCjsjym8VBRKNdGJ2g6hEdMgTqy5iF3LfwdxJB5MbkQA9LPHOkuD6tg=="}} {{(pid=61411) _process_stack /opt/stack/nova/nova/api/openstack/wsgi.py:549}}
Jul 10 04:32:58 devstack devstack@n-api.service[61410]: DEBUG oslo_concurrency.lockutils [None req-942683ef-85a0-4330-b3e8-78514302a746 tempest-VolumesAdminNegativeTest-2031073020 tempest-VolumesAdminNegativeTest-2031073020-project-member] Acquiring lock "22797b8b-29b8-4e08-b8bc-1ccb122dbe66" by "nova.context.set_target_cell..get_or_set_cached_cell_and_set_connections" {{(pid=61410) inner /opt/stack/data/venv/lib/python3.12/site-packages/oslo_concurrency/lockutils.py:511}}
Jul 10 04:32:58 devstack devstack@n-api.service[61410]: DEBUG oslo_concurrency.lockutils [None req-942683ef-85a0-4330-b3e8-78514302a746 tempest-VolumesAdminNegativeTest-2031073020 tempest-VolumesAdminNegativeTest-2031073020-project-member] Lock "22797b8b-29b8-4e08-b8bc-1ccb122dbe66" acquired by "nova.context.set_target_cell..get_or_set_cached_cell_and_set_connections" :: waited 0.001s {{(pid=61410) inner /opt/stack/data/venv/lib/python3.12/site-packages/oslo_concurrency/lockutils.py:524}}
Jul 10 04:32:58 devstack devstack@n-api.service[61410]: DEBUG oslo_concurrency.lockutils [None req-942683ef-85a0-4330-b3e8-78514302a746 tempest-VolumesAdminNegativeTest-2031073020 tempest-VolumesAdminNegativeTest-2031073020-project-member] Lock "22797b8b-29b8-4e08-b8bc-1ccb122dbe66" "released" by "nova.context.set_target_cell..get_or_set_cached_cell_and_set_connections" :: held 0.001s {{(pid=61410) inner /opt/stack/data/venv/lib/python3.12/site-packages/oslo_concurrency/lockutils.py:543}}
Jul 10 04:32:58 devstack devstack@n-api.service[61410]: DEBUG oslo_concurrency.lockutils [None req-942683ef-85a0-4330-b3e8-78514302a746 tempest-VolumesAdminNegativeTest-2031073020 tempest-VolumesAdminNegativeTest-2031073020-project-member] Acquiring lock "22797b8b-29b8-4e08-b8bc-1ccb122dbe66" by "nova.context.set_target_cell..get_or_set_cached_cell_and_set_connections" {{(pid=61410) inner /opt/stack/data/venv/lib/python3.12/site-packages/oslo_concurrency/lockutils.py:511}}
Jul 10 04:32:58 devstack devstack@n-api.service[61410]: DEBUG oslo_concurrency.lockutils [None req-942683ef-85a0-4330-b3e8-78514302a746 tempest-VolumesAdminNegativeTest-2031073020 tempest-VolumesAdminNegativeTest-2031073020-project-member] Lock "22797b8b-29b8-4e08-b8bc-1ccb122dbe66" acquired by "nova.context.set_target_cell..get_or_set_cached_cell_and_set_connections" :: waited 0.001s {{(pid=61410) inner /opt/stack/data/venv/lib/python3.12/site-packages/oslo_concurrency/lockutils.py:524}}
Jul 10 04:32:58 devstack devstack@n-api.service[61410]: DEBUG oslo_concurrency.lockutils [None req-942683ef-85a0-4330-b3e8-78514302a746 tempest-VolumesAdminNegativeTest-2031073020 tempest-VolumesAdminNegativeTest-2031073020-project-member] Lock "22797b8b-29b8-4e08-b8bc-1ccb122dbe66" "released" by "nova.context.set_target_cell..get_or_set_cached_cell_and_set_connections" :: held 0.001s {{(pid=61410) inner /opt/stack/data/venv/lib/python3.12/site-packages/oslo_concurrency/lockutils.py:543}}
Jul 10 04:32:58 devstack devstack@n-api.service[61411]: DEBUG nova.quota [None req-76caa711-14f4-4fe2-b9fd-62c99f4d63ff tempest-TaggedAttachmentsTest-405705856 tempest-TaggedAttachmentsTest-405705856-project-member] Getting quotas for project 39f65b3af51b48528b245e30575c6103. Resources: {'key_pairs'} {{(pid=61411) _get_quotas /opt/stack/nova/nova/quota.py:389}}
Jul 10 04:32:59 devstack devstack@n-api.service[61411]: DEBUG nova.quota [None req-76caa711-14f4-4fe2-b9fd-62c99f4d63ff tempest-TaggedAttachmentsTest-405705856 tempest-TaggedAttachmentsTest-405705856-project-member] Getting quotas for user dd07686837dd48a58a8b1d400398e114 and project 39f65b3af51b48528b245e30575c6103. Resources: {'key_pairs'} {{(pid=61411) _get_quotas /opt/stack/nova/nova/quota.py:379}}
Jul 10 04:32:59 devstack devstack@n-api.service[61410]: WARNING neutronclient.v2_0.client [None req-942683ef-85a0-4330-b3e8-78514302a746 tempest-VolumesAdminNegativeTest-2031073020 tempest-VolumesAdminNegativeTest-2031073020-project-member] The python binding code in neutronclient is deprecated in favor of OpenstackSDK, please use that as this will be removed in a future release.
Jul 10 04:32:59 devstack devstack@n-api.service[61411]: INFO nova.api.openstack.requestlog [None req-76caa711-14f4-4fe2-b9fd-62c99f4d63ff tempest-TaggedAttachmentsTest-405705856 tempest-TaggedAttachmentsTest-405705856-project-member] 192.168.122.165 "POST /compute/v2.1/os-keypairs" status: 201 len: 400 microversion: 2.49 time: 0.207052
Jul 10 04:32:59 devstack devstack@n-api.service[61411]: [pid: 61411|app: 0|req: 26/50] 192.168.122.165 () {62 vars in 1202 bytes} [Fri Jul 10 04:32:58 2026] POST /compute/v2.1/os-keypairs => generated 400 bytes in 215 msecs (HTTP/1.1 201) 9 headers in 364 bytes (1 switches on core 0)
Jul 10 04:32:59 devstack devstack@n-api.service[61410]: DEBUG nova.policy [None req-942683ef-85a0-4330-b3e8-78514302a746 tempest-VolumesAdminNegativeTest-2031073020 tempest-VolumesAdminNegativeTest-2031073020-project-member] Policy check for os_compute_api:os-extended-server-attributes failed with credentials {'is_admin': False, 'user_id': '747d2ff935cc48948858ff94d1b37cc4', 'user_domain_id': 'default', 'system_scope': None, 'domain_id': None, 'project_id': '24b55e21f2e04e158206fe88c0e04894', 'project_domain_id': 'default', 'roles': ['reader', 'member'], 'is_admin_project': True, 'service_user_id': None, 'service_user_domain_id': None, 'service_project_id': None, 'service_project_domain_id': None, 'service_roles': []} {{(pid=61410) authorize /opt/stack/nova/nova/policy.py:192}}
Jul 10 04:32:59 devstack devstack@n-api.service[61410]: INFO nova.api.openstack.requestlog [None req-942683ef-85a0-4330-b3e8-78514302a746 tempest-VolumesAdminNegativeTest-2031073020 tempest-VolumesAdminNegativeTest-2031073020-project-member] 192.168.122.165 "GET /compute/v2.1/servers/5791746f-65de-4311-9483-6a45f983dc1a" status: 200 len: 1283 microversion: 2.1 time: 0.284124
Jul 10 04:32:59 devstack devstack@n-api.service[61410]: [pid: 61410|app: 0|req: 25/51] 192.168.122.165 () {58 vars in 1238 bytes} [Fri Jul 10 04:32:58 2026] GET /compute/v2.1/servers/5791746f-65de-4311-9483-6a45f983dc1a => generated 1283 bytes in 286 msecs (HTTP/1.1 200) 9 headers in 358 bytes (1 switches on core 0)
Jul 10 04:33:00 devstack devstack@n-api.service[61411]: DEBUG nova.api.openstack.wsgi [None req-ae243156-8b70-4427-9d47-87322352e93d tempest-VolumesAdminNegativeTest-2031073020 tempest-VolumesAdminNegativeTest-2031073020-project-member] Calling method '>' {{(pid=61411) _process_stack /opt/stack/nova/nova/api/openstack/wsgi.py:551}}
Jul 10 04:33:00 devstack devstack@n-api.service[61411]: DEBUG nova.compute.api [None req-ae243156-8b70-4427-9d47-87322352e93d tempest-VolumesAdminNegativeTest-2031073020 tempest-VolumesAdminNegativeTest-2031073020-project-member] [instance: 5791746f-65de-4311-9483-6a45f983dc1a] Fetching instance by UUID {{(pid=61411) get /opt/stack/nova/nova/compute/api.py:3068}}
Jul 10 04:33:00 devstack devstack@n-api.service[61411]: DEBUG oslo_concurrency.lockutils [None req-ae243156-8b70-4427-9d47-87322352e93d tempest-VolumesAdminNegativeTest-2031073020 tempest-VolumesAdminNegativeTest-2031073020-project-member] Acquiring lock "22797b8b-29b8-4e08-b8bc-1ccb122dbe66" by "nova.context.set_target_cell..get_or_set_cached_cell_and_set_connections" {{(pid=61411) inner /opt/stack/data/venv/lib/python3.12/site-packages/oslo_concurrency/lockutils.py:511}}
Jul 10 04:33:00 devstack devstack@n-api.service[61411]: DEBUG oslo_concurrency.lockutils [None req-ae243156-8b70-4427-9d47-87322352e93d tempest-VolumesAdminNegativeTest-2031073020 tempest-VolumesAdminNegativeTest-2031073020-project-member] Lock "22797b8b-29b8-4e08-b8bc-1ccb122dbe66" acquired by "nova.context.set_target_cell..get_or_set_cached_cell_and_set_connections" :: waited 0.001s {{(pid=61411) inner /opt/stack/data/venv/lib/python3.12/site-packages/oslo_concurrency/lockutils.py:524}}
Jul 10 04:33:00 devstack devstack@n-api.service[61411]: DEBUG oslo_concurrency.lockutils [None req-ae243156-8b70-4427-9d47-87322352e93d tempest-VolumesAdminNegativeTest-2031073020 tempest-VolumesAdminNegativeTest-2031073020-project-member] Lock "22797b8b-29b8-4e08-b8bc-1ccb122dbe66" "released" by "nova.context.set_target_cell..get_or_set_cached_cell_and_set_connections" :: held 0.001s {{(pid=61411) inner /opt/stack/data/venv/lib/python3.12/site-packages/oslo_concurrency/lockutils.py:543}}
Jul 10 04:33:00 devstack devstack@n-api.service[61411]: DEBUG oslo_concurrency.lockutils [None req-ae243156-8b70-4427-9d47-87322352e93d tempest-VolumesAdminNegativeTest-2031073020 tempest-VolumesAdminNegativeTest-2031073020-project-member] Acquiring lock "22797b8b-29b8-4e08-b8bc-1ccb122dbe66" by "nova.context.set_target_cell..get_or_set_cached_cell_and_set_connections" {{(pid=61411) inner /opt/stack/data/venv/lib/python3.12/site-packages/oslo_concurrency/lockutils.py:511}}
Jul 10 04:33:00 devstack devstack@n-api.service[61411]: DEBUG oslo_concurrency.lockutils [None req-ae243156-8b70-4427-9d47-87322352e93d tempest-VolumesAdminNegativeTest-2031073020 tempest-VolumesAdminNegativeTest-2031073020-project-member] Lock "22797b8b-29b8-4e08-b8bc-1ccb122dbe66" acquired by "nova.context.set_target_cell..get_or_set_cached_cell_and_set_connections" :: waited 0.002s {{(pid=61411) inner /opt/stack/data/venv/lib/python3.12/site-packages/oslo_concurrency/lockutils.py:524}}
Jul 10 04:33:00 devstack devstack@n-api.service[61411]: DEBUG oslo_concurrency.lockutils [None req-ae243156-8b70-4427-9d47-87322352e93d tempest-VolumesAdminNegativeTest-2031073020 tempest-VolumesAdminNegativeTest-2031073020-project-member] Lock "22797b8b-29b8-4e08-b8bc-1ccb122dbe66" "released" by "nova.context.set_target_cell..get_or_set_cached_cell_and_set_connections" :: held 0.001s {{(pid=61411) inner /opt/stack/data/venv/lib/python3.12/site-packages/oslo_concurrency/lockutils.py:543}}
Jul 10 04:33:00 devstack devstack@n-api.service[61410]: DEBUG nova.api.openstack.wsgi [None req-a74d13d8-14b8-4f52-825e-c1d7a1bba0ee tempest-VolumesTestJSON-1159674381 tempest-VolumesTestJSON-1159674381-project-member] Calling method '>' {{(pid=61410) _process_stack /opt/stack/nova/nova/api/openstack/wsgi.py:551}}
Jul 10 04:33:00 devstack devstack@n-api.service[61411]: WARNING neutronclient.v2_0.client [None req-ae243156-8b70-4427-9d47-87322352e93d tempest-VolumesAdminNegativeTest-2031073020 tempest-VolumesAdminNegativeTest-2031073020-project-member] The python binding code in neutronclient is deprecated in favor of OpenstackSDK, please use that as this will be removed in a future release.
Jul 10 04:33:00 devstack devstack@n-api.service[61410]: INFO nova.api.openstack.requestlog [None req-a74d13d8-14b8-4f52-825e-c1d7a1bba0ee tempest-VolumesTestJSON-1159674381 tempest-VolumesTestJSON-1159674381-project-member] 192.168.122.165 "GET /compute/v2.1/os-volumes/2f6d1b4e-faeb-45c6-ab3a-c5ae5d63789e" status: 200 len: 349 microversion: 2.1 time: 0.114480
Jul 10 04:33:00 devstack devstack@n-api.service[61410]: [pid: 61410|app: 0|req: 26/52] 192.168.122.165 () {58 vars in 1247 bytes} [Fri Jul 10 04:33:00 2026] GET /compute/v2.1/os-volumes/2f6d1b4e-faeb-45c6-ab3a-c5ae5d63789e => generated 349 bytes in 115 msecs (HTTP/1.1 200) 9 headers in 357 bytes (1 switches on core 0)
Jul 10 04:33:00 devstack devstack@n-api.service[61411]: DEBUG nova.policy [None req-ae243156-8b70-4427-9d47-87322352e93d tempest-VolumesAdminNegativeTest-2031073020 tempest-VolumesAdminNegativeTest-2031073020-project-member] Policy check for os_compute_api:os-extended-server-attributes failed with credentials {'is_admin': False, 'user_id': '747d2ff935cc48948858ff94d1b37cc4', 'user_domain_id': 'default', 'system_scope': None, 'domain_id': None, 'project_id': '24b55e21f2e04e158206fe88c0e04894', 'project_domain_id': 'default', 'roles': ['reader', 'member'], 'is_admin_project': True, 'service_user_id': None, 'service_user_domain_id': None, 'service_project_id': None, 'service_project_domain_id': None, 'service_roles': []} {{(pid=61411) authorize /opt/stack/nova/nova/policy.py:192}}
Jul 10 04:33:00 devstack devstack@n-api.service[61411]: INFO nova.api.openstack.requestlog [None req-ae243156-8b70-4427-9d47-87322352e93d tempest-VolumesAdminNegativeTest-2031073020 tempest-VolumesAdminNegativeTest-2031073020-project-member] 192.168.122.165 "GET /compute/v2.1/servers/5791746f-65de-4311-9483-6a45f983dc1a" status: 200 len: 1283 microversion: 2.1 time: 0.219055
