Jul 10 04:36:40 devstack cinder-volume[87359]: DEBUG dbcounter [-] [87359] Writing DB stats cinder:UPDATE=108,cinder:SELECT=101,cinder:DELETE=6,cinder:INSERT=24 {{(pid=87359) stat_writer /opt/stack/data/venv/lib/python3.12/site-packages/dbcounter.py:115}}
Jul 10 04:36:40 devstack cinder-volume[87359]: DEBUG cinder.coordination [None req-890e602e-d1fb-4817-a717-fb643474790f tempest-GroupsTest-2135316332 None] Acquiring lock "cinder-quobyte-0fd7edff-50fe-441f-81ec-281837e67029" by "delete_volume" {{(pid=87359) __acquire /opt/stack/cinder/cinder/coordination.py:138}}
Jul 10 04:36:40 devstack cinder-volume[87359]: DEBUG cinder.coordination [None req-890e602e-d1fb-4817-a717-fb643474790f tempest-GroupsTest-2135316332 None] Lock "cinder-quobyte-0fd7edff-50fe-441f-81ec-281837e67029" acquired by "delete_volume" :: waited 0.024s {{(pid=87359) __acquire /opt/stack/cinder/cinder/coordination.py:141}}
Jul 10 04:36:40 devstack cinder-volume[87359]: DEBUG oslo.privsep.daemon [-] privsep: reply[ab384a85-1c2c-4b15-964f-1803e3a60ce1]: (4, 'qcow2') {{(pid=88002) _call_back /opt/stack/data/venv/lib/python3.12/site-packages/oslo_privsep/daemon.py:580}}
Jul 10 04:36:40 devstack cinder-volume[87359]: DEBUG oslo_concurrency.processutils [None req-890e602e-d1fb-4817-a717-fb643474790f tempest-GroupsTest-2135316332 None] Running cmd (subprocess): /opt/stack/data/venv/bin/python3.12 -m oslo_concurrency.prlimit --as=1073741824 --cpu=60 -- sudo cinder-rootwrap /etc/cinder/rootwrap.conf env LC_ALL=C qemu-img info -f qcow2 --output=json --force-share /opt/stack/data/cinder/mnt/5c6759929ff6bfb0b38c73a47f547713/volume-0fd7edff-50fe-441f-81ec-281837e67029 {{(pid=87359) execute /opt/stack/data/venv/lib/python3.12/site-packages/oslo_concurrency/processutils.py:440}}
Jul 10 04:36:40 devstack sudo[91495]: pam_unix(sudo:session): session closed for user root
Jul 10 04:36:40 devstack cinder-volume[87359]: DEBUG oslo_concurrency.processutils [None req-645814d9-ab5e-41f9-b0e0-6f1706cd545b tempest-SnapshotsActionsTest-989577808 None] CMD "/opt/stack/data/venv/bin/python3.12 -m oslo_concurrency.prlimit --as=1073741824 --cpu=60 -- sudo cinder-rootwrap /etc/cinder/rootwrap.conf env LC_ALL=C qemu-img info -f qcow2 --output=json --force-share /opt/stack/data/cinder/mnt/5c6759929ff6bfb0b38c73a47f547713/volume-bb60b610-7167-4fb7-8256-b4e696ff76a6.e916e2f4-ae1c-4321-b1d9-98d03ca8afd3" returned: 0 in 0.983s {{(pid=87359) execute /opt/stack/data/venv/lib/python3.12/site-packages/oslo_concurrency/processutils.py:468}}
Jul 10 04:36:40 devstack cinder-volume[87359]: DEBUG cinder.volume.drivers.remotefs [None req-645814d9-ab5e-41f9-b0e0-6f1706cd545b tempest-SnapshotsActionsTest-989577808 None] Fetching qemu-img info with special backing_file_template: (/opt/stack/data/cinder/mnt/[0-9a-f]+/)?(volume-bb60b610-7167-4fb7-8256-b4e696ff76a6(.(tmp-snap-)?[0-9a-f-]+)?|volume_from_snapshot_cache/(tmp-snap-)?[0-9a-f-]+(.(child-|parent-)[0-9a-f-]+)?)$ {{(pid=87359) _qemu_img_info_base /opt/stack/cinder/cinder/volume/drivers/remotefs.py:896}}
Jul 10 04:36:40 devstack cinder-volume[87359]: DEBUG oslo_concurrency.processutils [None req-645814d9-ab5e-41f9-b0e0-6f1706cd545b tempest-SnapshotsActionsTest-989577808 None] Running cmd (subprocess): sudo cinder-rootwrap /etc/cinder/rootwrap.conf qemu-img create -f qcow2 -o backing_file=/opt/stack/data/cinder/mnt/5c6759929ff6bfb0b38c73a47f547713/volume-bb60b610-7167-4fb7-8256-b4e696ff76a6.e916e2f4-ae1c-4321-b1d9-98d03ca8afd3,backing_fmt=qcow2 /opt/stack/data/cinder/mnt/5c6759929ff6bfb0b38c73a47f547713/volume-bb60b610-7167-4fb7-8256-b4e696ff76a6.1ded5a42-15c2-4f4f-8771-cf90282a79e0 1G {{(pid=87359) execute /opt/stack/data/venv/lib/python3.12/site-packages/oslo_concurrency/processutils.py:440}}
Jul 10 04:36:40 devstack sudo[91521]: quobyte : PWD=/ ; USER=root ; COMMAND=/opt/stack/data/venv/bin/cinder-rootwrap /etc/cinder/rootwrap.conf qemu-img create -f qcow2 -o backing_file=/opt/stack/data/cinder/mnt/5c6759929ff6bfb0b38c73a47f547713/volume-bb60b610-7167-4fb7-8256-b4e696ff76a6.e916e2f4-ae1c-4321-b1d9-98d03ca8afd3,backing_fmt=qcow2 /opt/stack/data/cinder/mnt/5c6759929ff6bfb0b38c73a47f547713/volume-bb60b610-7167-4fb7-8256-b4e696ff76a6.1ded5a42-15c2-4f4f-8771-cf90282a79e0 1G
Jul 10 04:36:40 devstack sudo[91521]: pam_unix(sudo:session): session opened for user root(uid=0) by (uid=1000)
Jul 10 04:36:41 devstack sudo[91520]: quobyte : PWD=/ ; USER=root ; COMMAND=/opt/stack/data/venv/bin/cinder-rootwrap /etc/cinder/rootwrap.conf env LC_ALL=C qemu-img info -f qcow2 --output=json --force-share /opt/stack/data/cinder/mnt/5c6759929ff6bfb0b38c73a47f547713/volume-0fd7edff-50fe-441f-81ec-281837e67029
Jul 10 04:36:41 devstack sudo[91520]: pam_unix(sudo:session): session opened for user root(uid=0) by (uid=1000)
Jul 10 04:36:41 devstack sudo[91520]: pam_unix(sudo:session): session closed for user root
Jul 10 04:36:41 devstack cinder-volume[87359]: DEBUG oslo_concurrency.processutils [None req-890e602e-d1fb-4817-a717-fb643474790f tempest-GroupsTest-2135316332 None] CMD "/opt/stack/data/venv/bin/python3.12 -m oslo_concurrency.prlimit --as=1073741824 --cpu=60 -- sudo cinder-rootwrap /etc/cinder/rootwrap.conf env LC_ALL=C qemu-img info -f qcow2 --output=json --force-share /opt/stack/data/cinder/mnt/5c6759929ff6bfb0b38c73a47f547713/volume-0fd7edff-50fe-441f-81ec-281837e67029" returned: 0 in 0.811s {{(pid=87359) execute /opt/stack/data/venv/lib/python3.12/site-packages/oslo_concurrency/processutils.py:468}}
Jul 10 04:36:41 devstack cinder-volume[87359]: DEBUG oslo_concurrency.processutils [None req-890e602e-d1fb-4817-a717-fb643474790f tempest-GroupsTest-2135316332 None] Running cmd (subprocess): sudo cinder-rootwrap /etc/cinder/rootwrap.conf rm -f /opt/stack/data/cinder/mnt/5c6759929ff6bfb0b38c73a47f547713/volume-0fd7edff-50fe-441f-81ec-281837e67029 {{(pid=87359) execute /opt/stack/data/venv/lib/python3.12/site-packages/oslo_concurrency/processutils.py:440}}
Jul 10 04:36:41 devstack sudo[91530]: quobyte : PWD=/ ; USER=root ; COMMAND=/opt/stack/data/venv/bin/cinder-rootwrap /etc/cinder/rootwrap.conf rm -f /opt/stack/data/cinder/mnt/5c6759929ff6bfb0b38c73a47f547713/volume-0fd7edff-50fe-441f-81ec-281837e67029
Jul 10 04:36:41 devstack sudo[91530]: pam_unix(sudo:session): session opened for user root(uid=0) by (uid=1000)
Jul 10 04:36:41 devstack sudo[91521]: pam_unix(sudo:session): session closed for user root
Jul 10 04:36:41 devstack cinder-volume[87359]: DEBUG oslo_concurrency.processutils [None req-645814d9-ab5e-41f9-b0e0-6f1706cd545b tempest-SnapshotsActionsTest-989577808 None] CMD "sudo cinder-rootwrap /etc/cinder/rootwrap.conf qemu-img create -f qcow2 -o backing_file=/opt/stack/data/cinder/mnt/5c6759929ff6bfb0b38c73a47f547713/volume-bb60b610-7167-4fb7-8256-b4e696ff76a6.e916e2f4-ae1c-4321-b1d9-98d03ca8afd3,backing_fmt=qcow2 /opt/stack/data/cinder/mnt/5c6759929ff6bfb0b38c73a47f547713/volume-bb60b610-7167-4fb7-8256-b4e696ff76a6.1ded5a42-15c2-4f4f-8771-cf90282a79e0 1G" returned: 0 in 0.829s {{(pid=87359) execute /opt/stack/data/venv/lib/python3.12/site-packages/oslo_concurrency/processutils.py:468}}
Jul 10 04:36:41 devstack cinder-volume[87359]: DEBUG oslo_concurrency.processutils [None req-645814d9-ab5e-41f9-b0e0-6f1706cd545b tempest-SnapshotsActionsTest-989577808 None] Running cmd (subprocess): sudo cinder-rootwrap /etc/cinder/rootwrap.conf qemu-img rebase -u -b volume-bb60b610-7167-4fb7-8256-b4e696ff76a6.e916e2f4-ae1c-4321-b1d9-98d03ca8afd3 -F qcow2 /opt/stack/data/cinder/mnt/5c6759929ff6bfb0b38c73a47f547713/volume-bb60b610-7167-4fb7-8256-b4e696ff76a6.1ded5a42-15c2-4f4f-8771-cf90282a79e0 {{(pid=87359) execute /opt/stack/data/venv/lib/python3.12/site-packages/oslo_concurrency/processutils.py:440}}
Jul 10 04:36:41 devstack sudo[91532]: quobyte : PWD=/ ; USER=root ; COMMAND=/opt/stack/data/venv/bin/cinder-rootwrap /etc/cinder/rootwrap.conf qemu-img rebase -u -b volume-bb60b610-7167-4fb7-8256-b4e696ff76a6.e916e2f4-ae1c-4321-b1d9-98d03ca8afd3 -F qcow2 /opt/stack/data/cinder/mnt/5c6759929ff6bfb0b38c73a47f547713/volume-bb60b610-7167-4fb7-8256-b4e696ff76a6.1ded5a42-15c2-4f4f-8771-cf90282a79e0
Jul 10 04:36:41 devstack sudo[91532]: pam_unix(sudo:session): session opened for user root(uid=0) by (uid=1000)
Jul 10 04:36:42 devstack sudo[91530]: pam_unix(sudo:session): session closed for user root
Jul 10 04:36:42 devstack cinder-volume[87359]: DEBUG oslo_concurrency.processutils [None req-890e602e-d1fb-4817-a717-fb643474790f tempest-GroupsTest-2135316332 None] CMD "sudo cinder-rootwrap /etc/cinder/rootwrap.conf rm -f /opt/stack/data/cinder/mnt/5c6759929ff6bfb0b38c73a47f547713/volume-0fd7edff-50fe-441f-81ec-281837e67029" returned: 0 in 0.688s {{(pid=87359) execute /opt/stack/data/venv/lib/python3.12/site-packages/oslo_concurrency/processutils.py:468}}
Jul 10 04:36:42 devstack cinder-volume[87359]: DEBUG cinder.coordination [None req-890e602e-d1fb-4817-a717-fb643474790f tempest-GroupsTest-2135316332 None] Lock "cinder-quobyte-0fd7edff-50fe-441f-81ec-281837e67029" released by "delete_volume" :: held 1.568s {{(pid=87359) __release /opt/stack/cinder/cinder/coordination.py:152}}
Jul 10 04:36:42 devstack cinder-volume[87359]: DEBUG cinder.coordination [None req-890e602e-d1fb-4817-a717-fb643474790f tempest-GroupsTest-2135316332 None] Acquiring lock "cinder-quobyte-8b7b9782-1d54-4f12-a781-2c973d38841a" by "delete_volume" {{(pid=87359) __acquire /opt/stack/cinder/cinder/coordination.py:138}}
Jul 10 04:36:42 devstack cinder-volume[87359]: DEBUG cinder.coordination [None req-890e602e-d1fb-4817-a717-fb643474790f tempest-GroupsTest-2135316332 None] Lock "cinder-quobyte-8b7b9782-1d54-4f12-a781-2c973d38841a" acquired by "delete_volume" :: waited 0.015s {{(pid=87359) __acquire /opt/stack/cinder/cinder/coordination.py:141}}
Jul 10 04:36:42 devstack sudo[91532]: pam_unix(sudo:session): session closed for user root
Jul 10 04:36:42 devstack cinder-volume[87359]: DEBUG oslo.privsep.daemon [-] privsep: reply[8f636747-50d5-47ce-bac7-4325c78bc6d3]: (4, 'qcow2') {{(pid=88002) _call_back /opt/stack/data/venv/lib/python3.12/site-packages/oslo_privsep/daemon.py:580}}
Jul 10 04:36:42 devstack cinder-volume[87359]: DEBUG oslo_concurrency.processutils [None req-890e602e-d1fb-4817-a717-fb643474790f tempest-GroupsTest-2135316332 None] Running cmd (subprocess): /opt/stack/data/venv/bin/python3.12 -m oslo_concurrency.prlimit --as=1073741824 --cpu=60 -- sudo cinder-rootwrap /etc/cinder/rootwrap.conf env LC_ALL=C qemu-img info -f qcow2 --output=json --force-share /opt/stack/data/cinder/mnt/5c6759929ff6bfb0b38c73a47f547713/volume-8b7b9782-1d54-4f12-a781-2c973d38841a {{(pid=87359) execute /opt/stack/data/venv/lib/python3.12/site-packages/oslo_concurrency/processutils.py:440}}
Jul 10 04:36:42 devstack cinder-volume[87359]: DEBUG oslo_concurrency.processutils [None req-645814d9-ab5e-41f9-b0e0-6f1706cd545b tempest-SnapshotsActionsTest-989577808 None] CMD "sudo cinder-rootwrap /etc/cinder/rootwrap.conf qemu-img rebase -u -b volume-bb60b610-7167-4fb7-8256-b4e696ff76a6.e916e2f4-ae1c-4321-b1d9-98d03ca8afd3 -F qcow2 /opt/stack/data/cinder/mnt/5c6759929ff6bfb0b38c73a47f547713/volume-bb60b610-7167-4fb7-8256-b4e696ff76a6.1ded5a42-15c2-4f4f-8771-cf90282a79e0" returned: 0 in 0.738s {{(pid=87359) execute /opt/stack/data/venv/lib/python3.12/site-packages/oslo_concurrency/processutils.py:468}}
Jul 10 04:36:42 devstack cinder-volume[87359]: WARNING cinder.volume.drivers.remotefs [None req-645814d9-ab5e-41f9-b0e0-6f1706cd545b tempest-SnapshotsActionsTest-989577808 None] /opt/stack/data/cinder/mnt/5c6759929ff6bfb0b38c73a47f547713/volume-bb60b610-7167-4fb7-8256-b4e696ff76a6.1ded5a42-15c2-4f4f-8771-cf90282a79e0 is being set with open permissions: ugo+rw
Jul 10 04:36:42 devstack cinder-volume[87359]: DEBUG oslo_concurrency.processutils [None req-645814d9-ab5e-41f9-b0e0-6f1706cd545b tempest-SnapshotsActionsTest-989577808 None] Running cmd (subprocess): sudo cinder-rootwrap /etc/cinder/rootwrap.conf chmod ugo+rw /opt/stack/data/cinder/mnt/5c6759929ff6bfb0b38c73a47f547713/volume-bb60b610-7167-4fb7-8256-b4e696ff76a6.1ded5a42-15c2-4f4f-8771-cf90282a79e0 {{(pid=87359) execute /opt/stack/data/venv/lib/python3.12/site-packages/oslo_concurrency/processutils.py:440}}
Jul 10 04:36:42 devstack sudo[91539]: quobyte : PWD=/ ; USER=root ; COMMAND=/opt/stack/data/venv/bin/cinder-rootwrap /etc/cinder/rootwrap.conf chmod ugo+rw /opt/stack/data/cinder/mnt/5c6759929ff6bfb0b38c73a47f547713/volume-bb60b610-7167-4fb7-8256-b4e696ff76a6.1ded5a42-15c2-4f4f-8771-cf90282a79e0
Jul 10 04:36:42 devstack sudo[91539]: pam_unix(sudo:session): session opened for user root(uid=0) by (uid=1000)
Jul 10 04:36:42 devstack sudo[91538]: quobyte : PWD=/ ; USER=root ; COMMAND=/opt/stack/data/venv/bin/cinder-rootwrap /etc/cinder/rootwrap.conf env LC_ALL=C qemu-img info -f qcow2 --output=json --force-share /opt/stack/data/cinder/mnt/5c6759929ff6bfb0b38c73a47f547713/volume-8b7b9782-1d54-4f12-a781-2c973d38841a
Jul 10 04:36:42 devstack sudo[91538]: pam_unix(sudo:session): session opened for user root(uid=0) by (uid=1000)
Jul 10 04:36:43 devstack sudo[91539]: pam_unix(sudo:session): session closed for user root
Jul 10 04:36:43 devstack cinder-volume[87359]: DEBUG oslo_concurrency.processutils [None req-645814d9-ab5e-41f9-b0e0-6f1706cd545b tempest-SnapshotsActionsTest-989577808 None] CMD "sudo cinder-rootwrap /etc/cinder/rootwrap.conf chmod ugo+rw /opt/stack/data/cinder/mnt/5c6759929ff6bfb0b38c73a47f547713/volume-bb60b610-7167-4fb7-8256-b4e696ff76a6.1ded5a42-15c2-4f4f-8771-cf90282a79e0" returned: 0 in 0.714s {{(pid=87359) execute /opt/stack/data/venv/lib/python3.12/site-packages/oslo_concurrency/processutils.py:468}}
Jul 10 04:36:43 devstack cinder-volume[87359]: DEBUG oslo_concurrency.lockutils [None req-645814d9-ab5e-41f9-b0e0-6f1706cd545b tempest-SnapshotsActionsTest-989577808 None] Lock "quobyte" "released" by "cinder.volume.drivers.quobyte.QuobyteDriver.create_snapshot" :: held 3.373s {{(pid=87359) inner /opt/stack/data/venv/lib/python3.12/site-packages/oslo_concurrency/lockutils.py:543}}
Jul 10 04:36:43 devstack cinder-volume[87359]: INFO cinder.volume.manager [None req-645814d9-ab5e-41f9-b0e0-6f1706cd545b tempest-SnapshotsActionsTest-989577808 None] Create snapshot completed successfully
Jul 10 04:36:43 devstack sudo[91538]: pam_unix(sudo:session): session closed for user root
Jul 10 04:36:43 devstack cinder-volume[87359]: DEBUG oslo_concurrency.processutils [None req-890e602e-d1fb-4817-a717-fb643474790f tempest-GroupsTest-2135316332 None] CMD "/opt/stack/data/venv/bin/python3.12 -m oslo_concurrency.prlimit --as=1073741824 --cpu=60 -- sudo cinder-rootwrap /etc/cinder/rootwrap.conf env LC_ALL=C qemu-img info -f qcow2 --output=json --force-share /opt/stack/data/cinder/mnt/5c6759929ff6bfb0b38c73a47f547713/volume-8b7b9782-1d54-4f12-a781-2c973d38841a" returned: 0 in 0.898s {{(pid=87359) execute /opt/stack/data/venv/lib/python3.12/site-packages/oslo_concurrency/processutils.py:468}}
Jul 10 04:36:43 devstack cinder-volume[87359]: DEBUG oslo_concurrency.processutils [None req-890e602e-d1fb-4817-a717-fb643474790f tempest-GroupsTest-2135316332 None] Running cmd (subprocess): sudo cinder-rootwrap /etc/cinder/rootwrap.conf rm -f /opt/stack/data/cinder/mnt/5c6759929ff6bfb0b38c73a47f547713/volume-8b7b9782-1d54-4f12-a781-2c973d38841a {{(pid=87359) execute /opt/stack/data/venv/lib/python3.12/site-packages/oslo_concurrency/processutils.py:440}}
Jul 10 04:36:43 devstack sudo[91546]: quobyte : PWD=/ ; USER=root ; COMMAND=/opt/stack/data/venv/bin/cinder-rootwrap /etc/cinder/rootwrap.conf rm -f /opt/stack/data/cinder/mnt/5c6759929ff6bfb0b38c73a47f547713/volume-8b7b9782-1d54-4f12-a781-2c973d38841a
Jul 10 04:36:43 devstack sudo[91546]: pam_unix(sudo:session): session opened for user root(uid=0) by (uid=1000)
Jul 10 04:36:44 devstack sudo[91546]: pam_unix(sudo:session): session closed for user root
Jul 10 04:36:44 devstack cinder-volume[87359]: DEBUG oslo_concurrency.processutils [None req-890e602e-d1fb-4817-a717-fb643474790f tempest-GroupsTest-2135316332 None] CMD "sudo cinder-rootwrap /etc/cinder/rootwrap.conf rm -f /opt/stack/data/cinder/mnt/5c6759929ff6bfb0b38c73a47f547713/volume-8b7b9782-1d54-4f12-a781-2c973d38841a" returned: 0 in 0.666s {{(pid=87359) execute /opt/stack/data/venv/lib/python3.12/site-packages/oslo_concurrency/processutils.py:468}}
Jul 10 04:36:44 devstack cinder-volume[87359]: DEBUG cinder.coordination [None req-890e602e-d1fb-4817-a717-fb643474790f tempest-GroupsTest-2135316332 None] Lock "cinder-quobyte-8b7b9782-1d54-4f12-a781-2c973d38841a" released by "delete_volume" :: held 1.615s {{(pid=87359) __release /opt/stack/cinder/cinder/coordination.py:152}}
Jul 10 04:36:44 devstack cinder-volume[87359]: DEBUG cinder.quota [None req-890e602e-d1fb-4817-a717-fb643474790f tempest-GroupsTest-2135316332 None] Created reservations ['fad71a4a-f583-4b95-bc99-6eb46b4f42c9'] {{(pid=87359) reserve /opt/stack/cinder/cinder/quota.py:752}}
Jul 10 04:36:44 devstack cinder-volume[87359]: WARNING cinder.quota [None req-890e602e-d1fb-4817-a717-fb643474790f tempest-GroupsTest-2135316332 None] Deprecated: Default quota for resource: volumes_tempest-GroupsTest-volume-type-1525047719 is set by the default quota flag: quota_volumes_tempest-GroupsTest-volume-type-1525047719, it is now deprecated. Please use the default quota class for default quota.
Jul 10 04:36:44 devstack cinder-volume[87359]: WARNING cinder.quota [None req-890e602e-d1fb-4817-a717-fb643474790f tempest-GroupsTest-2135316332 None] Deprecated: Default quota for resource: gigabytes_tempest-GroupsTest-volume-type-1525047719 is set by the default quota flag: quota_gigabytes_tempest-GroupsTest-volume-type-1525047719, it is now deprecated. Please use the default quota class for default quota.
Jul 10 04:36:44 devstack cinder-volume[87359]: DEBUG cinder.quota [None req-890e602e-d1fb-4817-a717-fb643474790f tempest-GroupsTest-2135316332 None] Created reservations ['80b43b4f-e7e2-482d-b547-3972b75f2c97', 'f0c9d823-6c7d-49e2-a201-8dd55adcb0cd', '38340b23-b504-4aaa-8d91-e023b54f14f2', '8bf63afc-489d-417e-b061-34b1c8bf8cc5'] {{(pid=87359) reserve /opt/stack/cinder/cinder/quota.py:752}}
Jul 10 04:36:44 devstack cinder-volume[87359]: DEBUG cinder.coordination [None req-1af0f678-83c8-410b-b08b-2bfaad5ecdb1 tempest-SnapshotsActionsTest-2057607556 None] Acquiring lock "cinder-1ded5a42-15c2-4f4f-8771-cf90282a79e0-delete_snapshot" by "delete_snapshot" {{(pid=87359) __acquire /opt/stack/cinder/cinder/coordination.py:138}}
Jul 10 04:36:44 devstack cinder-volume[87359]: DEBUG cinder.coordination [None req-1af0f678-83c8-410b-b08b-2bfaad5ecdb1 tempest-SnapshotsActionsTest-2057607556 None] Lock "cinder-1ded5a42-15c2-4f4f-8771-cf90282a79e0-delete_snapshot" acquired by "delete_snapshot" :: waited 0.027s {{(pid=87359) __acquire /opt/stack/cinder/cinder/coordination.py:141}}
Jul 10 04:36:44 devstack cinder-volume[87359]: DEBUG cinder.coordination [None req-1af0f678-83c8-410b-b08b-2bfaad5ecdb1 tempest-SnapshotsActionsTest-2057607556 None] Acquiring lock "cinder-quobyte-bb60b610-7167-4fb7-8256-b4e696ff76a6" by "delete_snapshot" {{(pid=87359) __acquire /opt/stack/cinder/cinder/coordination.py:138}}
Jul 10 04:36:44 devstack cinder-volume[87359]: DEBUG cinder.coordination [None req-1af0f678-83c8-410b-b08b-2bfaad5ecdb1 tempest-SnapshotsActionsTest-2057607556 None] Lock "cinder-quobyte-bb60b610-7167-4fb7-8256-b4e696ff76a6" acquired by "delete_snapshot" :: waited 0.023s {{(pid=87359) __acquire /opt/stack/cinder/cinder/coordination.py:141}}
Jul 10 04:36:44 devstack cinder-volume[87359]: DEBUG cinder.coordination [None req-1af0f678-83c8-410b-b08b-2bfaad5ecdb1 tempest-SnapshotsActionsTest-2057607556 None] Acquiring lock "cinder-quobyte-1ded5a42-15c2-4f4f-8771-cf90282a79e0" by "_delete_snapshot" {{(pid=87359) __acquire /opt/stack/cinder/cinder/coordination.py:138}}
Jul 10 04:36:44 devstack cinder-volume[87359]: DEBUG cinder.coordination [None req-1af0f678-83c8-410b-b08b-2bfaad5ecdb1 tempest-SnapshotsActionsTest-2057607556 None] Lock "cinder-quobyte-1ded5a42-15c2-4f4f-8771-cf90282a79e0" acquired by "_delete_snapshot" :: waited 0.021s {{(pid=87359) __acquire /opt/stack/cinder/cinder/coordination.py:141}}
Jul 10 04:36:44 devstack cinder-volume[87359]: DEBUG cinder.volume.drivers.remotefs [None req-1af0f678-83c8-410b-b08b-2bfaad5ecdb1 tempest-SnapshotsActionsTest-2057607556 None] Deleting offline snapshot 1ded5a42-15c2-4f4f-8771-cf90282a79e0 of volume bb60b610-7167-4fb7-8256-b4e696ff76a6 {{(pid=87359) _delete_snapshot /opt/stack/cinder/cinder/volume/drivers/remotefs.py:1288}}
Jul 10 04:36:44 devstack cinder-volume[87359]: DEBUG cinder.volume.drivers.remotefs [None req-1af0f678-83c8-410b-b08b-2bfaad5ecdb1 tempest-SnapshotsActionsTest-2057607556 None] snapshot_file for this snap is: volume-bb60b610-7167-4fb7-8256-b4e696ff76a6.1ded5a42-15c2-4f4f-8771-cf90282a79e0 {{(pid=87359) _delete_snapshot /opt/stack/cinder/cinder/volume/drivers/remotefs.py:1317}}
Jul 10 04:36:44 devstack cinder-volume[87359]: DEBUG oslo.privsep.daemon [-] privsep: reply[b59c4806-479c-4966-9d2a-cc64f2c09d38]: (4, 'qcow2') {{(pid=88002) _call_back /opt/stack/data/venv/lib/python3.12/site-packages/oslo_privsep/daemon.py:580}}
Jul 10 04:36:44 devstack cinder-volume[87359]: DEBUG oslo_concurrency.processutils [None req-1af0f678-83c8-410b-b08b-2bfaad5ecdb1 tempest-SnapshotsActionsTest-2057607556 None] Running cmd (subprocess): /opt/stack/data/venv/bin/python3.12 -m oslo_concurrency.prlimit --as=1073741824 --cpu=60 -- sudo cinder-rootwrap /etc/cinder/rootwrap.conf env LC_ALL=C qemu-img info -f qcow2 --output=json --force-share /opt/stack/data/cinder/mnt/5c6759929ff6bfb0b38c73a47f547713/volume-bb60b610-7167-4fb7-8256-b4e696ff76a6.1ded5a42-15c2-4f4f-8771-cf90282a79e0 {{(pid=87359) execute /opt/stack/data/venv/lib/python3.12/site-packages/oslo_concurrency/processutils.py:440}}
Jul 10 04:36:44 devstack cinder-volume[87359]: DEBUG cinder.quota [None req-890e602e-d1fb-4817-a717-fb643474790f tempest-GroupsTest-2135316332 None] Created reservations ['b88f749b-b37f-493f-b815-6e4572328de7', 'd35ff3b5-e18b-4b19-8272-dad7b7a026d6', 'dc73fb7b-0294-4776-84a5-9095ef3e4ad4', '54ee990e-478e-44e5-88a8-c82127a04688'] {{(pid=87359) reserve /opt/stack/cinder/cinder/quota.py:752}}
Jul 10 04:36:44 devstack sudo[91549]: quobyte : PWD=/ ; USER=root ; COMMAND=/opt/stack/data/venv/bin/cinder-rootwrap /etc/cinder/rootwrap.conf env LC_ALL=C qemu-img info -f qcow2 --output=json --force-share /opt/stack/data/cinder/mnt/5c6759929ff6bfb0b38c73a47f547713/volume-bb60b610-7167-4fb7-8256-b4e696ff76a6.1ded5a42-15c2-4f4f-8771-cf90282a79e0
Jul 10 04:36:44 devstack sudo[91549]: pam_unix(sudo:session): session opened for user root(uid=0) by (uid=1000)
Jul 10 04:36:44 devstack cinder-volume[87359]: DEBUG oslo_concurrency.lockutils [None req-890e602e-d1fb-4817-a717-fb643474790f tempest-GroupsTest-2135316332 None] Acquiring lock "quobyte_ensure" by "cinder.volume.drivers.quobyte.QuobyteDriver._ensure_shares_mounted" {{(pid=87359) inner /opt/stack/data/venv/lib/python3.12/site-packages/oslo_concurrency/lockutils.py:511}}
Jul 10 04:36:44 devstack cinder-volume[87359]: DEBUG oslo_concurrency.lockutils [None req-890e602e-d1fb-4817-a717-fb643474790f tempest-GroupsTest-2135316332 None] Lock "quobyte_ensure" acquired by "cinder.volume.drivers.quobyte.QuobyteDriver._ensure_shares_mounted" :: waited 0.001s {{(pid=87359) inner /opt/stack/data/venv/lib/python3.12/site-packages/oslo_concurrency/lockutils.py:524}}
Jul 10 04:36:44 devstack cinder-volume[87359]: DEBUG cinder.volume.drivers.quobyte [None req-890e602e-d1fb-4817-a717-fb643474790f tempest-GroupsTest-2135316332 None] Quobyte Volume URL set to: {'osci02.corp.quobyte.com/cinder-vol-83c95e6a-c14f-41a4-a037-e0aa9664af31': None} {{(pid=87359) _load_shares_config /opt/stack/cinder/cinder/volume/drivers/quobyte.py:617}}
Jul 10 04:36:44 devstack cinder-volume[87359]: DEBUG cinder.volume.drivers.quobyte [None req-890e602e-d1fb-4817-a717-fb643474790f tempest-GroupsTest-2135316332 None] Available shares ['osci02.corp.quobyte.com/cinder-vol-83c95e6a-c14f-41a4-a037-e0aa9664af31'] {{(pid=87359) _ensure_shares_mounted /opt/stack/cinder/cinder/volume/drivers/quobyte.py:647}}
Jul 10 04:36:44 devstack cinder-volume[87359]: DEBUG oslo_concurrency.lockutils [None req-890e602e-d1fb-4817-a717-fb643474790f tempest-GroupsTest-2135316332 None] Lock "quobyte_ensure" "released" by "cinder.volume.drivers.quobyte.QuobyteDriver._ensure_shares_mounted" :: held 0.006s {{(pid=87359) inner /opt/stack/data/venv/lib/python3.12/site-packages/oslo_concurrency/lockutils.py:543}}
Jul 10 04:36:44 devstack cinder-volume[87359]: DEBUG oslo_concurrency.processutils [None req-890e602e-d1fb-4817-a717-fb643474790f tempest-GroupsTest-2135316332 None] Running cmd (subprocess): sudo cinder-rootwrap /etc/cinder/rootwrap.conf df --portability --block-size 1 /opt/stack/data/cinder/mnt/5c6759929ff6bfb0b38c73a47f547713 {{(pid=87359) execute /opt/stack/data/venv/lib/python3.12/site-packages/oslo_concurrency/processutils.py:440}}
Jul 10 04:36:44 devstack sudo[91551]: quobyte : PWD=/ ; USER=root ; COMMAND=/opt/stack/data/venv/bin/cinder-rootwrap /etc/cinder/rootwrap.conf df --portability --block-size 1 /opt/stack/data/cinder/mnt/5c6759929ff6bfb0b38c73a47f547713
Jul 10 04:36:44 devstack sudo[91551]: pam_unix(sudo:session): session opened for user root(uid=0) by (uid=1000)
Jul 10 04:36:45 devstack sudo[91551]: pam_unix(sudo:session): session closed for user root
Jul 10 04:36:45 devstack cinder-volume[87359]: DEBUG oslo_concurrency.processutils [None req-890e602e-d1fb-4817-a717-fb643474790f tempest-GroupsTest-2135316332 None] CMD "sudo cinder-rootwrap /etc/cinder/rootwrap.conf df --portability --block-size 1 /opt/stack/data/cinder/mnt/5c6759929ff6bfb0b38c73a47f547713" returned: 0 in 0.652s {{(pid=87359) execute /opt/stack/data/venv/lib/python3.12/site-packages/oslo_concurrency/processutils.py:468}}
Jul 10 04:36:45 devstack cinder-volume[87359]: DEBUG cinder.manager [None req-890e602e-d1fb-4817-a717-fb643474790f tempest-GroupsTest-2135316332 None] Notifying Schedulers of capabilities ... {{(pid=87359) _publish_service_capabilities /opt/stack/cinder/cinder/manager.py:219}}
Jul 10 04:36:45 devstack cinder-volume[87359]: INFO cinder.volume.manager [None req-890e602e-d1fb-4817-a717-fb643474790f tempest-GroupsTest-2135316332 None] Delete group completed successfully.
Jul 10 04:36:45 devstack sudo[91549]: pam_unix(sudo:session): session closed for user root
Jul 10 04:36:45 devstack cinder-volume[87359]: DEBUG oslo_concurrency.processutils [None req-1af0f678-83c8-410b-b08b-2bfaad5ecdb1 tempest-SnapshotsActionsTest-2057607556 None] CMD "/opt/stack/data/venv/bin/python3.12 -m oslo_concurrency.prlimit --as=1073741824 --cpu=60 -- sudo cinder-rootwrap /etc/cinder/rootwrap.conf env LC_ALL=C qemu-img info -f qcow2 --output=json --force-share /opt/stack/data/cinder/mnt/5c6759929ff6bfb0b38c73a47f547713/volume-bb60b610-7167-4fb7-8256-b4e696ff76a6.1ded5a42-15c2-4f4f-8771-cf90282a79e0" returned: 0 in 0.867s {{(pid=87359) execute /opt/stack/data/venv/lib/python3.12/site-packages/oslo_concurrency/processutils.py:468}}
Jul 10 04:36:45 devstack cinder-volume[87359]: DEBUG cinder.volume.drivers.remotefs [None req-1af0f678-83c8-410b-b08b-2bfaad5ecdb1 tempest-SnapshotsActionsTest-2057607556 None] Fetching qemu-img info with special backing_file_template: (/opt/stack/data/cinder/mnt/[0-9a-f]+/)?(volume-bb60b610-7167-4fb7-8256-b4e696ff76a6(.(tmp-snap-)?[0-9a-f-]+)?|volume_from_snapshot_cache/(tmp-snap-)?[0-9a-f-]+(.(child-|parent-)[0-9a-f-]+)?)$ {{(pid=87359) _qemu_img_info_base /opt/stack/cinder/cinder/volume/drivers/remotefs.py:896}}
Jul 10 04:36:45 devstack cinder-volume[87359]: DEBUG oslo.privsep.daemon [-] privsep: reply[c905b1f5-6d2c-4545-8586-b21608d96ea8]: (4, 'qcow2') {{(pid=88002) _call_back /opt/stack/data/venv/lib/python3.12/site-packages/oslo_privsep/daemon.py:580}}
Jul 10 04:36:45 devstack cinder-volume[87359]: DEBUG oslo_concurrency.processutils [None req-1af0f678-83c8-410b-b08b-2bfaad5ecdb1 tempest-SnapshotsActionsTest-2057607556 None] Running cmd (subprocess): /opt/stack/data/venv/bin/python3.12 -m oslo_concurrency.prlimit --as=1073741824 --cpu=60 -- sudo cinder-rootwrap /etc/cinder/rootwrap.conf env LC_ALL=C qemu-img info -f qcow2 --output=json --force-share /opt/stack/data/cinder/mnt/5c6759929ff6bfb0b38c73a47f547713/volume-bb60b610-7167-4fb7-8256-b4e696ff76a6.e916e2f4-ae1c-4321-b1d9-98d03ca8afd3 {{(pid=87359) execute /opt/stack/data/venv/lib/python3.12/site-packages/oslo_concurrency/processutils.py:440}}
Jul 10 04:36:45 devstack sudo[91557]: quobyte : PWD=/ ; USER=root ; COMMAND=/opt/stack/data/venv/bin/cinder-rootwrap /etc/cinder/rootwrap.conf env LC_ALL=C qemu-img info -f qcow2 --output=json --force-share /opt/stack/data/cinder/mnt/5c6759929ff6bfb0b38c73a47f547713/volume-bb60b610-7167-4fb7-8256-b4e696ff76a6.e916e2f4-ae1c-4321-b1d9-98d03ca8afd3
Jul 10 04:36:45 devstack sudo[91557]: pam_unix(sudo:session): session opened for user root(uid=0) by (uid=1000)
Jul 10 04:36:46 devstack sudo[91557]: pam_unix(sudo:session): session closed for user root
Jul 10 04:36:46 devstack cinder-volume[87359]: DEBUG oslo_concurrency.processutils [None req-1af0f678-83c8-410b-b08b-2bfaad5ecdb1 tempest-SnapshotsActionsTest-2057607556 None] CMD "/opt/stack/data/venv/bin/python3.12 -m oslo_concurrency.prlimit --as=1073741824 --cpu=60 -- sudo cinder-rootwrap /etc/cinder/rootwrap.conf env LC_ALL=C qemu-img info -f qcow2 --output=json --force-share /opt/stack/data/cinder/mnt/5c6759929ff6bfb0b38c73a47f547713/volume-bb60b610-7167-4fb7-8256-b4e696ff76a6.e916e2f4-ae1c-4321-b1d9-98d03ca8afd3" returned: 0 in 0.825s {{(pid=87359) execute /opt/stack/data/venv/lib/python3.12/site-packages/oslo_concurrency/processutils.py:468}}
Jul 10 04:36:46 devstack cinder-volume[87359]: DEBUG cinder.volume.drivers.remotefs [None req-1af0f678-83c8-410b-b08b-2bfaad5ecdb1 tempest-SnapshotsActionsTest-2057607556 None] Fetching qemu-img info with special backing_file_template: (/opt/stack/data/cinder/mnt/[0-9a-f]+/)?(volume-bb60b610-7167-4fb7-8256-b4e696ff76a6(.(tmp-snap-)?[0-9a-f-]+)?|volume_from_snapshot_cache/(tmp-snap-)?[0-9a-f-]+(.(child-|parent-)[0-9a-f-]+)?)$ {{(pid=87359) _qemu_img_info_base /opt/stack/cinder/cinder/volume/drivers/remotefs.py:896}}
Jul 10 04:36:46 devstack cinder-volume[87359]: DEBUG oslo_concurrency.processutils [None req-1af0f678-83c8-410b-b08b-2bfaad5ecdb1 tempest-SnapshotsActionsTest-2057607556 None] Running cmd (subprocess): sudo cinder-rootwrap /etc/cinder/rootwrap.conf qemu-img commit -d /opt/stack/data/cinder/mnt/5c6759929ff6bfb0b38c73a47f547713/volume-bb60b610-7167-4fb7-8256-b4e696ff76a6.1ded5a42-15c2-4f4f-8771-cf90282a79e0 {{(pid=87359) execute /opt/stack/data/venv/lib/python3.12/site-packages/oslo_concurrency/processutils.py:440}}
Jul 10 04:36:46 devstack sudo[91566]: quobyte : PWD=/ ; USER=root ; COMMAND=/opt/stack/data/venv/bin/cinder-rootwrap /etc/cinder/rootwrap.conf qemu-img commit -d /opt/stack/data/cinder/mnt/5c6759929ff6bfb0b38c73a47f547713/volume-bb60b610-7167-4fb7-8256-b4e696ff76a6.1ded5a42-15c2-4f4f-8771-cf90282a79e0
Jul 10 04:36:46 devstack sudo[91566]: pam_unix(sudo:session): session opened for user root(uid=0) by (uid=1000)
Jul 10 04:36:47 devstack sudo[91566]: pam_unix(sudo:session): session closed for user root
Jul 10 04:36:47 devstack cinder-volume[87359]: DEBUG oslo_concurrency.processutils [None req-1af0f678-83c8-410b-b08b-2bfaad5ecdb1 tempest-SnapshotsActionsTest-2057607556 None] CMD "sudo cinder-rootwrap /etc/cinder/rootwrap.conf qemu-img commit -d /opt/stack/data/cinder/mnt/5c6759929ff6bfb0b38c73a47f547713/volume-bb60b610-7167-4fb7-8256-b4e696ff76a6.1ded5a42-15c2-4f4f-8771-cf90282a79e0" returned: 0 in 0.971s {{(pid=87359) execute /opt/stack/data/venv/lib/python3.12/site-packages/oslo_concurrency/processutils.py:468}}
Jul 10 04:36:47 devstack cinder-volume[87359]: DEBUG oslo_concurrency.processutils [None req-1af0f678-83c8-410b-b08b-2bfaad5ecdb1 tempest-SnapshotsActionsTest-2057607556 None] Running cmd (subprocess): sudo cinder-rootwrap /etc/cinder/rootwrap.conf rm -f /opt/stack/data/cinder/mnt/5c6759929ff6bfb0b38c73a47f547713/volume-bb60b610-7167-4fb7-8256-b4e696ff76a6.1ded5a42-15c2-4f4f-8771-cf90282a79e0 {{(pid=87359) execute /opt/stack/data/venv/lib/python3.12/site-packages/oslo_concurrency/processutils.py:440}}
Jul 10 04:36:47 devstack sudo[91573]: quobyte : PWD=/ ; USER=root ; COMMAND=/opt/stack/data/venv/bin/cinder-rootwrap /etc/cinder/rootwrap.conf rm -f /opt/stack/data/cinder/mnt/5c6759929ff6bfb0b38c73a47f547713/volume-bb60b610-7167-4fb7-8256-b4e696ff76a6.1ded5a42-15c2-4f4f-8771-cf90282a79e0
Jul 10 04:36:47 devstack sudo[91573]: pam_unix(sudo:session): session opened for user root(uid=0) by (uid=1000)
Jul 10 04:36:47 devstack sudo[91573]: pam_unix(sudo:session): session closed for user root
Jul 10 04:36:47 devstack cinder-volume[87359]: DEBUG oslo_concurrency.processutils [None req-1af0f678-83c8-410b-b08b-2bfaad5ecdb1 tempest-SnapshotsActionsTest-2057607556 None] CMD "sudo cinder-rootwrap /etc/cinder/rootwrap.conf rm -f /opt/stack/data/cinder/mnt/5c6759929ff6bfb0b38c73a47f547713/volume-bb60b610-7167-4fb7-8256-b4e696ff76a6.1ded5a42-15c2-4f4f-8771-cf90282a79e0" returned: 0 in 0.788s {{(pid=87359) execute /opt/stack/data/venv/lib/python3.12/site-packages/oslo_concurrency/processutils.py:468}}
Jul 10 04:36:47 devstack cinder-volume[87359]: DEBUG cinder.coordination [None req-1af0f678-83c8-410b-b08b-2bfaad5ecdb1 tempest-SnapshotsActionsTest-2057607556 None] Lock "cinder-quobyte-1ded5a42-15c2-4f4f-8771-cf90282a79e0" released by "_delete_snapshot" :: held 3.595s {{(pid=87359) __release /opt/stack/cinder/cinder/coordination.py:152}}
Jul 10 04:36:47 devstack cinder-volume[87359]: DEBUG cinder.coordination [None req-1af0f678-83c8-410b-b08b-2bfaad5ecdb1 tempest-SnapshotsActionsTest-2057607556 None] Lock "cinder-quobyte-bb60b610-7167-4fb7-8256-b4e696ff76a6" released by "delete_snapshot" :: held 3.640s {{(pid=87359) __release /opt/stack/cinder/cinder/coordination.py:152}}
Jul 10 04:36:47 devstack cinder-volume[87359]: DEBUG cinder.quota [None req-1af0f678-83c8-410b-b08b-2bfaad5ecdb1 tempest-SnapshotsActionsTest-2057607556 None] Created reservations ['15e0c6d3-9552-4f6b-900a-56e98b4d8872', '8da69937-2400-4363-898b-ea9e27ee4711', 'c9cf8c11-074e-4ba4-952b-937850a7ff15', '20bbb94b-13b4-4e56-ae8c-790f61920860'] {{(pid=87359) reserve /opt/stack/cinder/cinder/quota.py:752}}
Jul 10 04:36:48 devstack cinder-volume[87359]: INFO cinder.volume.manager [None req-1af0f678-83c8-410b-b08b-2bfaad5ecdb1 tempest-SnapshotsActionsTest-2057607556 None] Delete snapshot completed successfully.
Jul 10 04:36:48 devstack cinder-volume[87359]: DEBUG cinder.coordination [None req-1af0f678-83c8-410b-b08b-2bfaad5ecdb1 tempest-SnapshotsActionsTest-2057607556 None] Lock "cinder-1ded5a42-15c2-4f4f-8771-cf90282a79e0-delete_snapshot" released by "delete_snapshot" :: held 3.829s {{(pid=87359) __release /opt/stack/cinder/cinder/coordination.py:152}}
Jul 10 04:36:48 devstack cinder-volume[87359]: DEBUG oslo_concurrency.lockutils [None req-51c1ac22-b3bf-46b5-a9c1-39cec32e19de tempest-SnapshotsActionsTest-989577808 None] Acquiring lock "quobyte" by "cinder.volume.drivers.quobyte.QuobyteDriver.create_snapshot" {{(pid=87359) inner /opt/stack/data/venv/lib/python3.12/site-packages/oslo_concurrency/lockutils.py:511}}
Jul 10 04:36:48 devstack cinder-volume[87359]: DEBUG oslo_concurrency.lockutils [None req-51c1ac22-b3bf-46b5-a9c1-39cec32e19de tempest-SnapshotsActionsTest-989577808 None] Lock "quobyte" acquired by "cinder.volume.drivers.quobyte.QuobyteDriver.create_snapshot" :: waited 0.001s {{(pid=87359) inner /opt/stack/data/venv/lib/python3.12/site-packages/oslo_concurrency/lockutils.py:524}}
Jul 10 04:36:48 devstack cinder-volume[87359]: DEBUG cinder.volume.drivers.remotefs [None req-51c1ac22-b3bf-46b5-a9c1-39cec32e19de tempest-SnapshotsActionsTest-989577808 None] Creating offline snapshot cb57c088-ae12-4f51-b03b-33cded0aa722 of volume bb60b610-7167-4fb7-8256-b4e696ff76a6 {{(pid=87359) _create_snapshot /opt/stack/cinder/cinder/volume/drivers/remotefs.py:1816}}
Jul 10 04:36:48 devstack cinder-volume[87359]: DEBUG oslo.privsep.daemon [-] privsep: reply[02004759-65ae-4df9-bbd1-7229622490ab]: (4, 'qcow2') {{(pid=88002) _call_back /opt/stack/data/venv/lib/python3.12/site-packages/oslo_privsep/daemon.py:580}}
Jul 10 04:36:48 devstack cinder-volume[87359]: DEBUG oslo_concurrency.processutils [None req-51c1ac22-b3bf-46b5-a9c1-39cec32e19de tempest-SnapshotsActionsTest-989577808 None] Running cmd (subprocess): /opt/stack/data/venv/bin/python3.12 -m oslo_concurrency.prlimit --as=1073741824 --cpu=60 -- sudo cinder-rootwrap /etc/cinder/rootwrap.conf env LC_ALL=C qemu-img info -f qcow2 --output=json --force-share /opt/stack/data/cinder/mnt/5c6759929ff6bfb0b38c73a47f547713/volume-bb60b610-7167-4fb7-8256-b4e696ff76a6.e916e2f4-ae1c-4321-b1d9-98d03ca8afd3 {{(pid=87359) execute /opt/stack/data/venv/lib/python3.12/site-packages/oslo_concurrency/processutils.py:440}}
Jul 10 04:36:49 devstack sudo[91577]: quobyte : PWD=/ ; USER=root ; COMMAND=/opt/stack/data/venv/bin/cinder-rootwrap /etc/cinder/rootwrap.conf env LC_ALL=C qemu-img info -f qcow2 --output=json --force-share /opt/stack/data/cinder/mnt/5c6759929ff6bfb0b38c73a47f547713/volume-bb60b610-7167-4fb7-8256-b4e696ff76a6.e916e2f4-ae1c-4321-b1d9-98d03ca8afd3
Jul 10 04:36:49 devstack sudo[91577]: pam_unix(sudo:session): session opened for user root(uid=0) by (uid=1000)
Jul 10 04:36:49 devstack sudo[91577]: pam_unix(sudo:session): session closed for user root
Jul 10 04:36:49 devstack cinder-volume[87359]: DEBUG oslo_concurrency.processutils [None req-51c1ac22-b3bf-46b5-a9c1-39cec32e19de tempest-SnapshotsActionsTest-989577808 None] CMD "/opt/stack/data/venv/bin/python3.12 -m oslo_concurrency.prlimit --as=1073741824 --cpu=60 -- sudo cinder-rootwrap /etc/cinder/rootwrap.conf env LC_ALL=C qemu-img info -f qcow2 --output=json --force-share /opt/stack/data/cinder/mnt/5c6759929ff6bfb0b38c73a47f547713/volume-bb60b610-7167-4fb7-8256-b4e696ff76a6.e916e2f4-ae1c-4321-b1d9-98d03ca8afd3" returned: 0 in 0.836s {{(pid=87359) execute /opt/stack/data/venv/lib/python3.12/site-packages/oslo_concurrency/processutils.py:468}}
Jul 10 04:36:49 devstack cinder-volume[87359]: DEBUG cinder.volume.drivers.remotefs [None req-51c1ac22-b3bf-46b5-a9c1-39cec32e19de tempest-SnapshotsActionsTest-989577808 None] Fetching qemu-img info with special backing_file_template: (/opt/stack/data/cinder/mnt/[0-9a-f]+/)?(volume-bb60b610-7167-4fb7-8256-b4e696ff76a6(.(tmp-snap-)?[0-9a-f-]+)?|volume_from_snapshot_cache/(tmp-snap-)?[0-9a-f-]+(.(child-|parent-)[0-9a-f-]+)?)$ {{(pid=87359) _qemu_img_info_base /opt/stack/cinder/cinder/volume/drivers/remotefs.py:896}}
Jul 10 04:36:49 devstack cinder-volume[87359]: DEBUG oslo_concurrency.processutils [None req-51c1ac22-b3bf-46b5-a9c1-39cec32e19de tempest-SnapshotsActionsTest-989577808 None] Running cmd (subprocess): sudo cinder-rootwrap /etc/cinder/rootwrap.conf qemu-img create -f qcow2 -o backing_file=/opt/stack/data/cinder/mnt/5c6759929ff6bfb0b38c73a47f547713/volume-bb60b610-7167-4fb7-8256-b4e696ff76a6.e916e2f4-ae1c-4321-b1d9-98d03ca8afd3,backing_fmt=qcow2 /opt/stack/data/cinder/mnt/5c6759929ff6bfb0b38c73a47f547713/volume-bb60b610-7167-4fb7-8256-b4e696ff76a6.cb57c088-ae12-4f51-b03b-33cded0aa722 1G {{(pid=87359) execute /opt/stack/data/venv/lib/python3.12/site-packages/oslo_concurrency/processutils.py:440}}
Jul 10 04:36:49 devstack sudo[91586]: quobyte : PWD=/ ; USER=root ; COMMAND=/opt/stack/data/venv/bin/cinder-rootwrap /etc/cinder/rootwrap.conf qemu-img create -f qcow2 -o backing_file=/opt/stack/data/cinder/mnt/5c6759929ff6bfb0b38c73a47f547713/volume-bb60b610-7167-4fb7-8256-b4e696ff76a6.e916e2f4-ae1c-4321-b1d9-98d03ca8afd3,backing_fmt=qcow2 /opt/stack/data/cinder/mnt/5c6759929ff6bfb0b38c73a47f547713/volume-bb60b610-7167-4fb7-8256-b4e696ff76a6.cb57c088-ae12-4f51-b03b-33cded0aa722 1G
Jul 10 04:36:49 devstack sudo[91586]: pam_unix(sudo:session): session opened for user root(uid=0) by (uid=1000)
Jul 10 04:36:50 devstack sudo[91586]: pam_unix(sudo:session): session closed for user root
Jul 10 04:36:50 devstack cinder-volume[87359]: DEBUG oslo_concurrency.processutils [None req-51c1ac22-b3bf-46b5-a9c1-39cec32e19de tempest-SnapshotsActionsTest-989577808 None] CMD "sudo cinder-rootwrap /etc/cinder/rootwrap.conf qemu-img create -f qcow2 -o backing_file=/opt/stack/data/cinder/mnt/5c6759929ff6bfb0b38c73a47f547713/volume-bb60b610-7167-4fb7-8256-b4e696ff76a6.e916e2f4-ae1c-4321-b1d9-98d03ca8afd3,backing_fmt=qcow2 /opt/stack/data/cinder/mnt/5c6759929ff6bfb0b38c73a47f547713/volume-bb60b610-7167-4fb7-8256-b4e696ff76a6.cb57c088-ae12-4f51-b03b-33cded0aa722 1G" returned: 0 in 0.983s {{(pid=87359) execute /opt/stack/data/venv/lib/python3.12/site-packages/oslo_concurrency/processutils.py:468}}
Jul 10 04:36:50 devstack cinder-volume[87359]: DEBUG oslo_concurrency.processutils [None req-51c1ac22-b3bf-46b5-a9c1-39cec32e19de tempest-SnapshotsActionsTest-989577808 None] Running cmd (subprocess): sudo cinder-rootwrap /etc/cinder/rootwrap.conf qemu-img rebase -u -b volume-bb60b610-7167-4fb7-8256-b4e696ff76a6.e916e2f4-ae1c-4321-b1d9-98d03ca8afd3 -F qcow2 /opt/stack/data/cinder/mnt/5c6759929ff6bfb0b38c73a47f547713/volume-bb60b610-7167-4fb7-8256-b4e696ff76a6.cb57c088-ae12-4f51-b03b-33cded0aa722 {{(pid=87359) execute /opt/stack/data/venv/lib/python3.12/site-packages/oslo_concurrency/processutils.py:440}}
Jul 10 04:36:50 devstack sudo[91592]: quobyte : PWD=/ ; USER=root ; COMMAND=/opt/stack/data/venv/bin/cinder-rootwrap /etc/cinder/rootwrap.conf qemu-img rebase -u -b volume-bb60b610-7167-4fb7-8256-b4e696ff76a6.e916e2f4-ae1c-4321-b1d9-98d03ca8afd3 -F qcow2 /opt/stack/data/cinder/mnt/5c6759929ff6bfb0b38c73a47f547713/volume-bb60b610-7167-4fb7-8256-b4e696ff76a6.cb57c088-ae12-4f51-b03b-33cded0aa722
Jul 10 04:36:50 devstack sudo[91592]: pam_unix(sudo:session): session opened for user root(uid=0) by (uid=1000)
Jul 10 04:36:51 devstack sudo[91592]: pam_unix(sudo:session): session closed for user root
Jul 10 04:36:51 devstack cinder-volume[87359]: DEBUG oslo_concurrency.processutils [None req-51c1ac22-b3bf-46b5-a9c1-39cec32e19de tempest-SnapshotsActionsTest-989577808 None] CMD "sudo cinder-rootwrap /etc/cinder/rootwrap.conf qemu-img rebase -u -b volume-bb60b610-7167-4fb7-8256-b4e696ff76a6.e916e2f4-ae1c-4321-b1d9-98d03ca8afd3 -F qcow2 /opt/stack/data/cinder/mnt/5c6759929ff6bfb0b38c73a47f547713/volume-bb60b610-7167-4fb7-8256-b4e696ff76a6.cb57c088-ae12-4f51-b03b-33cded0aa722" returned: 0 in 0.815s {{(pid=87359) execute /opt/stack/data/venv/lib/python3.12/site-packages/oslo_concurrency/processutils.py:468}}
Jul 10 04:36:51 devstack cinder-volume[87359]: WARNING cinder.volume.drivers.remotefs [None req-51c1ac22-b3bf-46b5-a9c1-39cec32e19de tempest-SnapshotsActionsTest-989577808 None] /opt/stack/data/cinder/mnt/5c6759929ff6bfb0b38c73a47f547713/volume-bb60b610-7167-4fb7-8256-b4e696ff76a6.cb57c088-ae12-4f51-b03b-33cded0aa722 is being set with open permissions: ugo+rw
Jul 10 04:36:51 devstack cinder-volume[87359]: DEBUG oslo_concurrency.processutils [None req-51c1ac22-b3bf-46b5-a9c1-39cec32e19de tempest-SnapshotsActionsTest-989577808 None] Running cmd (subprocess): sudo cinder-rootwrap /etc/cinder/rootwrap.conf chmod ugo+rw /opt/stack/data/cinder/mnt/5c6759929ff6bfb0b38c73a47f547713/volume-bb60b610-7167-4fb7-8256-b4e696ff76a6.cb57c088-ae12-4f51-b03b-33cded0aa722 {{(pid=87359) execute /opt/stack/data/venv/lib/python3.12/site-packages/oslo_concurrency/processutils.py:440}}
Jul 10 04:36:51 devstack sudo[91598]: quobyte : PWD=/ ; USER=root ; COMMAND=/opt/stack/data/venv/bin/cinder-rootwrap /etc/cinder/rootwrap.conf chmod ugo+rw /opt/stack/data/cinder/mnt/5c6759929ff6bfb0b38c73a47f547713/volume-bb60b610-7167-4fb7-8256-b4e696ff76a6.cb57c088-ae12-4f51-b03b-33cded0aa722
Jul 10 04:36:51 devstack sudo[91598]: pam_unix(sudo:session): session opened for user root(uid=0) by (uid=1000)
Jul 10 04:36:52 devstack sudo[91598]: pam_unix(sudo:session): session closed for user root
Jul 10 04:36:52 devstack cinder-volume[87359]: DEBUG oslo_concurrency.processutils [None req-51c1ac22-b3bf-46b5-a9c1-39cec32e19de tempest-SnapshotsActionsTest-989577808 None] CMD "sudo cinder-rootwrap /etc/cinder/rootwrap.conf chmod ugo+rw /opt/stack/data/cinder/mnt/5c6759929ff6bfb0b38c73a47f547713/volume-bb60b610-7167-4fb7-8256-b4e696ff76a6.cb57c088-ae12-4f51-b03b-33cded0aa722" returned: 0 in 0.668s {{(pid=87359) execute /opt/stack/data/venv/lib/python3.12/site-packages/oslo_concurrency/processutils.py:468}}
Jul 10 04:36:52 devstack cinder-volume[87359]: DEBUG oslo_concurrency.lockutils [None req-51c1ac22-b3bf-46b5-a9c1-39cec32e19de tempest-SnapshotsActionsTest-989577808 None] Lock "quobyte" "released" by "cinder.volume.drivers.quobyte.QuobyteDriver.create_snapshot" :: held 3.458s {{(pid=87359) inner /opt/stack/data/venv/lib/python3.12/site-packages/oslo_concurrency/lockutils.py:543}}
Jul 10 04:36:52 devstack cinder-volume[87359]: INFO cinder.volume.manager [None req-51c1ac22-b3bf-46b5-a9c1-39cec32e19de tempest-SnapshotsActionsTest-989577808 None] Create snapshot completed successfully
Jul 10 04:36:53 devstack cinder-volume[87359]: DEBUG cinder.coordination [None req-140c7c89-8d34-463c-9f0f-91b2ee43d67a tempest-SnapshotsActionsTest-2057607556 None] Acquiring lock "cinder-cb57c088-ae12-4f51-b03b-33cded0aa722-delete_snapshot" by "delete_snapshot" {{(pid=87359) __acquire /opt/stack/cinder/cinder/coordination.py:138}}
Jul 10 04:36:53 devstack cinder-volume[87359]: DEBUG cinder.coordination [None req-140c7c89-8d34-463c-9f0f-91b2ee43d67a tempest-SnapshotsActionsTest-2057607556 None] Lock "cinder-cb57c088-ae12-4f51-b03b-33cded0aa722-delete_snapshot" acquired by "delete_snapshot" :: waited 0.024s {{(pid=87359) __acquire /opt/stack/cinder/cinder/coordination.py:141}}
Jul 10 04:36:53 devstack cinder-volume[87359]: DEBUG cinder.coordination [None req-140c7c89-8d34-463c-9f0f-91b2ee43d67a tempest-SnapshotsActionsTest-2057607556 None] Acquiring lock "cinder-quobyte-bb60b610-7167-4fb7-8256-b4e696ff76a6" by "delete_snapshot" {{(pid=87359) __acquire /opt/stack/cinder/cinder/coordination.py:138}}
Jul 10 04:36:53 devstack cinder-volume[87359]: DEBUG cinder.coordination [None req-140c7c89-8d34-463c-9f0f-91b2ee43d67a tempest-SnapshotsActionsTest-2057607556 None] Lock "cinder-quobyte-bb60b610-7167-4fb7-8256-b4e696ff76a6" acquired by "delete_snapshot" :: waited 0.021s {{(pid=87359) __acquire /opt/stack/cinder/cinder/coordination.py:141}}
Jul 10 04:36:53 devstack cinder-volume[87359]: DEBUG cinder.coordination [None req-140c7c89-8d34-463c-9f0f-91b2ee43d67a tempest-SnapshotsActionsTest-2057607556 None] Acquiring lock "cinder-quobyte-cb57c088-ae12-4f51-b03b-33cded0aa722" by "_delete_snapshot" {{(pid=87359) __acquire /opt/stack/cinder/cinder/coordination.py:138}}
Jul 10 04:36:53 devstack cinder-volume[87359]: DEBUG cinder.coordination [None req-140c7c89-8d34-463c-9f0f-91b2ee43d67a tempest-SnapshotsActionsTest-2057607556 None] Lock "cinder-quobyte-cb57c088-ae12-4f51-b03b-33cded0aa722" acquired by "_delete_snapshot" :: waited 0.021s {{(pid=87359) __acquire /opt/stack/cinder/cinder/coordination.py:141}}
Jul 10 04:36:53 devstack cinder-volume[87359]: DEBUG cinder.volume.drivers.remotefs [None req-140c7c89-8d34-463c-9f0f-91b2ee43d67a tempest-SnapshotsActionsTest-2057607556 None] Deleting offline snapshot cb57c088-ae12-4f51-b03b-33cded0aa722 of volume bb60b610-7167-4fb7-8256-b4e696ff76a6 {{(pid=87359) _delete_snapshot /opt/stack/cinder/cinder/volume/drivers/remotefs.py:1288}}
Jul 10 04:36:53 devstack cinder-volume[87359]: DEBUG cinder.volume.drivers.remotefs [None req-140c7c89-8d34-463c-9f0f-91b2ee43d67a tempest-SnapshotsActionsTest-2057607556 None] snapshot_file for this snap is: volume-bb60b610-7167-4fb7-8256-b4e696ff76a6.cb57c088-ae12-4f51-b03b-33cded0aa722 {{(pid=87359) _delete_snapshot /opt/stack/cinder/cinder/volume/drivers/remotefs.py:1317}}
Jul 10 04:36:53 devstack cinder-volume[87359]: DEBUG oslo.privsep.daemon [-] privsep: reply[bcc9d72f-c970-4b9d-9cdb-3bd4f8c17372]: (4, 'qcow2') {{(pid=88002) _call_back /opt/stack/data/venv/lib/python3.12/site-packages/oslo_privsep/daemon.py:580}}
Jul 10 04:36:53 devstack cinder-volume[87359]: DEBUG oslo_concurrency.processutils [None req-140c7c89-8d34-463c-9f0f-91b2ee43d67a tempest-SnapshotsActionsTest-2057607556 None] Running cmd (subprocess): /opt/stack/data/venv/bin/python3.12 -m oslo_concurrency.prlimit --as=1073741824 --cpu=60 -- sudo cinder-rootwrap /etc/cinder/rootwrap.conf env LC_ALL=C qemu-img info -f qcow2 --output=json --force-share /opt/stack/data/cinder/mnt/5c6759929ff6bfb0b38c73a47f547713/volume-bb60b610-7167-4fb7-8256-b4e696ff76a6.cb57c088-ae12-4f51-b03b-33cded0aa722 {{(pid=87359) execute /opt/stack/data/venv/lib/python3.12/site-packages/oslo_concurrency/processutils.py:440}}
Jul 10 04:36:53 devstack sudo[91622]: quobyte : PWD=/ ; USER=root ; COMMAND=/opt/stack/data/venv/bin/cinder-rootwrap /etc/cinder/rootwrap.conf env LC_ALL=C qemu-img info -f qcow2 --output=json --force-share /opt/stack/data/cinder/mnt/5c6759929ff6bfb0b38c73a47f547713/volume-bb60b610-7167-4fb7-8256-b4e696ff76a6.cb57c088-ae12-4f51-b03b-33cded0aa722
Jul 10 04:36:53 devstack sudo[91622]: pam_unix(sudo:session): session opened for user root(uid=0) by (uid=1000)
Jul 10 04:36:54 devstack sudo[91622]: pam_unix(sudo:session): session closed for user root
Jul 10 04:36:54 devstack cinder-volume[87359]: DEBUG oslo_concurrency.processutils [None req-140c7c89-8d34-463c-9f0f-91b2ee43d67a tempest-SnapshotsActionsTest-2057607556 None] CMD "/opt/stack/data/venv/bin/python3.12 -m oslo_concurrency.prlimit --as=1073741824 --cpu=60 -- sudo cinder-rootwrap /etc/cinder/rootwrap.conf env LC_ALL=C qemu-img info -f qcow2 --output=json --force-share /opt/stack/data/cinder/mnt/5c6759929ff6bfb0b38c73a47f547713/volume-bb60b610-7167-4fb7-8256-b4e696ff76a6.cb57c088-ae12-4f51-b03b-33cded0aa722" returned: 0 in 0.888s {{(pid=87359) execute /opt/stack/data/venv/lib/python3.12/site-packages/oslo_concurrency/processutils.py:468}}
