Jul 10 04:34:27 devstack cinder-volume[87359]: DEBUG cinder.volume.manager [None req-927ec75f-b507-4b6c-90b0-8fbf17f858a0 tempest-GroupSnapshotsTest-830225659 None] Flow 'volume_create_manager' (18c211f2-a75e-4499-9100-53a1aac63620) transitioned into state 'SUCCESS' from state 'RUNNING' {{(pid=87359) _flow_receiver /opt/stack/data/venv/lib/python3.12/site-packages/taskflow/listeners/logging.py:160}}
Jul 10 04:34:27 devstack cinder-volume[87359]: INFO cinder.volume.manager [None req-927ec75f-b507-4b6c-90b0-8fbf17f858a0 tempest-GroupSnapshotsTest-830225659 None] Created volume successfully.
Jul 10 04:34:28 devstack cinder-volume[87359]: INFO cinder.volume.manager [req-5c3bfcc4-0886-4fcb-a9d2-482b8a04b1a6 req-65129fb1-4108-455a-9df1-fed52d63d68e tempest-TaggedAttachmentsTest-405705856 None] Terminate volume connection completed successfully.
Jul 10 04:34:28 devstack cinder-volume[87359]: DEBUG cinder.volume.manager [req-5c3bfcc4-0886-4fcb-a9d2-482b8a04b1a6 req-65129fb1-4108-455a-9df1-fed52d63d68e tempest-TaggedAttachmentsTest-405705856 None] Deleting attachment 7dd77e08-46ed-45d9-9f01-b275e1370c5f. {{(pid=87359) attachment_delete /opt/stack/cinder/cinder/volume/manager.py:5106}}
Jul 10 04:34:28 devstack cinder-volume[87359]: INFO cinder.volume.manager [None req-72ec2e64-46bb-48ab-99ca-878fe333fbe6 tempest-GroupSnapshotsTest-830225659 None] Update group completed successfully.
Jul 10 04:34:30 devstack cinder-volume[87359]: INFO cinder.volume.manager [None req-14fc2199-079e-4115-9684-e3bb5bc6e923 tempest-GroupSnapshotsTest-830225659 None] Update group completed successfully.
Jul 10 04:34:31 devstack cinder-volume[87359]: INFO cinder.volume.manager [None req-19e2bbda-d5a0-4293-8db5-7321452ee62f tempest-GroupSnapshotsTest-830225659 None] Update group completed successfully.
Jul 10 04:34:32 devstack cinder-volume[87359]: INFO cinder.volume.manager [None req-fd04bc4a-a02a-49dc-b37b-e50cb0b4f47c tempest-GroupSnapshotsTest-830225659 None] Update group completed successfully.
Jul 10 04:34:34 devstack cinder-volume[87359]: INFO cinder.volume.manager [None req-7c0a67e8-6502-436c-a2b5-f28b9c09afa2 tempest-GroupSnapshotsTest-830225659 None] GroupSnapshot 4247af14-e082-4aa4-80c0-1d7e805f63dd: creating.
Jul 10 04:34:34 devstack cinder-volume[87359]: DEBUG cinder.volume.manager [None req-7c0a67e8-6502-436c-a2b5-f28b9c09afa2 tempest-GroupSnapshotsTest-830225659 None] Group snapshot 4247af14-e082-4aa4-80c0-1d7e805f63dd: creating. {{(pid=87359) create_group_snapshot /opt/stack/cinder/cinder/volume/manager.py:4226}}
Jul 10 04:34:34 devstack cinder-volume[87359]: DEBUG oslo_concurrency.lockutils [None req-7c0a67e8-6502-436c-a2b5-f28b9c09afa2 tempest-GroupSnapshotsTest-830225659 None] Acquiring lock "quobyte" by "cinder.volume.drivers.quobyte.QuobyteDriver.create_snapshot" {{(pid=87359) inner /opt/stack/data/venv/lib/python3.12/site-packages/oslo_concurrency/lockutils.py:511}}
Jul 10 04:34:34 devstack cinder-volume[87359]: DEBUG oslo_concurrency.lockutils [None req-7c0a67e8-6502-436c-a2b5-f28b9c09afa2 tempest-GroupSnapshotsTest-830225659 None] Lock "quobyte" acquired by "cinder.volume.drivers.quobyte.QuobyteDriver.create_snapshot" :: waited 0.001s {{(pid=87359) inner /opt/stack/data/venv/lib/python3.12/site-packages/oslo_concurrency/lockutils.py:524}}
Jul 10 04:34:34 devstack cinder-volume[87359]: DEBUG cinder.volume.drivers.remotefs [None req-7c0a67e8-6502-436c-a2b5-f28b9c09afa2 tempest-GroupSnapshotsTest-830225659 None] Creating offline snapshot 8e3f4197-fff6-40ac-906b-615bf8968b5d of volume 5e24eb66-6e6c-41a8-952b-e2c9bf1e3a0a {{(pid=87359) _create_snapshot /opt/stack/cinder/cinder/volume/drivers/remotefs.py:1816}}
Jul 10 04:34:34 devstack cinder-volume[87359]: DEBUG oslo.privsep.daemon [-] privsep: reply[60c1510b-2444-4faf-a943-6d80ee83e4a6]: (4, 'qcow2') {{(pid=88002) _call_back /opt/stack/data/venv/lib/python3.12/site-packages/oslo_privsep/daemon.py:580}}
Jul 10 04:34:34 devstack cinder-volume[87359]: DEBUG oslo_concurrency.processutils [None req-7c0a67e8-6502-436c-a2b5-f28b9c09afa2 tempest-GroupSnapshotsTest-830225659 None] Running cmd (subprocess): /opt/stack/data/venv/bin/python3.12 -m oslo_concurrency.prlimit --as=1073741824 --cpu=60 -- sudo cinder-rootwrap /etc/cinder/rootwrap.conf env LC_ALL=C qemu-img info -f qcow2 --output=json --force-share /opt/stack/data/cinder/mnt/5c6759929ff6bfb0b38c73a47f547713/volume-5e24eb66-6e6c-41a8-952b-e2c9bf1e3a0a {{(pid=87359) execute /opt/stack/data/venv/lib/python3.12/site-packages/oslo_concurrency/processutils.py:440}}
Jul 10 04:34:34 devstack sudo[89393]: quobyte : PWD=/ ; USER=root ; COMMAND=/opt/stack/data/venv/bin/cinder-rootwrap /etc/cinder/rootwrap.conf env LC_ALL=C qemu-img info -f qcow2 --output=json --force-share /opt/stack/data/cinder/mnt/5c6759929ff6bfb0b38c73a47f547713/volume-5e24eb66-6e6c-41a8-952b-e2c9bf1e3a0a
Jul 10 04:34:34 devstack sudo[89393]: pam_unix(sudo:session): session opened for user root(uid=0) by (uid=1000)
Jul 10 04:34:35 devstack sudo[89393]: pam_unix(sudo:session): session closed for user root
Jul 10 04:34:35 devstack cinder-volume[87359]: DEBUG oslo_concurrency.processutils [None req-7c0a67e8-6502-436c-a2b5-f28b9c09afa2 tempest-GroupSnapshotsTest-830225659 None] CMD "/opt/stack/data/venv/bin/python3.12 -m oslo_concurrency.prlimit --as=1073741824 --cpu=60 -- sudo cinder-rootwrap /etc/cinder/rootwrap.conf env LC_ALL=C qemu-img info -f qcow2 --output=json --force-share /opt/stack/data/cinder/mnt/5c6759929ff6bfb0b38c73a47f547713/volume-5e24eb66-6e6c-41a8-952b-e2c9bf1e3a0a" returned: 0 in 1.168s {{(pid=87359) execute /opt/stack/data/venv/lib/python3.12/site-packages/oslo_concurrency/processutils.py:468}}
Jul 10 04:34:35 devstack cinder-volume[87359]: DEBUG oslo_concurrency.processutils [None req-7c0a67e8-6502-436c-a2b5-f28b9c09afa2 tempest-GroupSnapshotsTest-830225659 None] Running cmd (subprocess): sudo cinder-rootwrap /etc/cinder/rootwrap.conf qemu-img create -f qcow2 -o backing_file=/opt/stack/data/cinder/mnt/5c6759929ff6bfb0b38c73a47f547713/volume-5e24eb66-6e6c-41a8-952b-e2c9bf1e3a0a,backing_fmt=qcow2 /opt/stack/data/cinder/mnt/5c6759929ff6bfb0b38c73a47f547713/volume-5e24eb66-6e6c-41a8-952b-e2c9bf1e3a0a.8e3f4197-fff6-40ac-906b-615bf8968b5d 1G {{(pid=87359) execute /opt/stack/data/venv/lib/python3.12/site-packages/oslo_concurrency/processutils.py:440}}
Jul 10 04:34:35 devstack sudo[89453]: quobyte : PWD=/ ; USER=root ; COMMAND=/opt/stack/data/venv/bin/cinder-rootwrap /etc/cinder/rootwrap.conf qemu-img create -f qcow2 -o backing_file=/opt/stack/data/cinder/mnt/5c6759929ff6bfb0b38c73a47f547713/volume-5e24eb66-6e6c-41a8-952b-e2c9bf1e3a0a,backing_fmt=qcow2 /opt/stack/data/cinder/mnt/5c6759929ff6bfb0b38c73a47f547713/volume-5e24eb66-6e6c-41a8-952b-e2c9bf1e3a0a.8e3f4197-fff6-40ac-906b-615bf8968b5d 1G
Jul 10 04:34:35 devstack sudo[89453]: pam_unix(sudo:session): session opened for user root(uid=0) by (uid=1000)
Jul 10 04:34:36 devstack sudo[89453]: pam_unix(sudo:session): session closed for user root
Jul 10 04:34:36 devstack cinder-volume[87359]: DEBUG oslo_concurrency.processutils [None req-7c0a67e8-6502-436c-a2b5-f28b9c09afa2 tempest-GroupSnapshotsTest-830225659 None] CMD "sudo cinder-rootwrap /etc/cinder/rootwrap.conf qemu-img create -f qcow2 -o backing_file=/opt/stack/data/cinder/mnt/5c6759929ff6bfb0b38c73a47f547713/volume-5e24eb66-6e6c-41a8-952b-e2c9bf1e3a0a,backing_fmt=qcow2 /opt/stack/data/cinder/mnt/5c6759929ff6bfb0b38c73a47f547713/volume-5e24eb66-6e6c-41a8-952b-e2c9bf1e3a0a.8e3f4197-fff6-40ac-906b-615bf8968b5d 1G" returned: 0 in 1.094s {{(pid=87359) execute /opt/stack/data/venv/lib/python3.12/site-packages/oslo_concurrency/processutils.py:468}}
Jul 10 04:34:36 devstack cinder-volume[87359]: DEBUG oslo_concurrency.processutils [None req-7c0a67e8-6502-436c-a2b5-f28b9c09afa2 tempest-GroupSnapshotsTest-830225659 None] Running cmd (subprocess): sudo cinder-rootwrap /etc/cinder/rootwrap.conf qemu-img rebase -u -b volume-5e24eb66-6e6c-41a8-952b-e2c9bf1e3a0a -F qcow2 /opt/stack/data/cinder/mnt/5c6759929ff6bfb0b38c73a47f547713/volume-5e24eb66-6e6c-41a8-952b-e2c9bf1e3a0a.8e3f4197-fff6-40ac-906b-615bf8968b5d {{(pid=87359) execute /opt/stack/data/venv/lib/python3.12/site-packages/oslo_concurrency/processutils.py:440}}
Jul 10 04:34:36 devstack sudo[89483]: quobyte : PWD=/ ; USER=root ; COMMAND=/opt/stack/data/venv/bin/cinder-rootwrap /etc/cinder/rootwrap.conf qemu-img rebase -u -b volume-5e24eb66-6e6c-41a8-952b-e2c9bf1e3a0a -F qcow2 /opt/stack/data/cinder/mnt/5c6759929ff6bfb0b38c73a47f547713/volume-5e24eb66-6e6c-41a8-952b-e2c9bf1e3a0a.8e3f4197-fff6-40ac-906b-615bf8968b5d
Jul 10 04:34:36 devstack sudo[89483]: pam_unix(sudo:session): session opened for user root(uid=0) by (uid=1000)
Jul 10 04:34:38 devstack sudo[89483]: pam_unix(sudo:session): session closed for user root
Jul 10 04:34:38 devstack cinder-volume[87359]: DEBUG oslo_concurrency.processutils [None req-7c0a67e8-6502-436c-a2b5-f28b9c09afa2 tempest-GroupSnapshotsTest-830225659 None] CMD "sudo cinder-rootwrap /etc/cinder/rootwrap.conf qemu-img rebase -u -b volume-5e24eb66-6e6c-41a8-952b-e2c9bf1e3a0a -F qcow2 /opt/stack/data/cinder/mnt/5c6759929ff6bfb0b38c73a47f547713/volume-5e24eb66-6e6c-41a8-952b-e2c9bf1e3a0a.8e3f4197-fff6-40ac-906b-615bf8968b5d" returned: 0 in 1.544s {{(pid=87359) execute /opt/stack/data/venv/lib/python3.12/site-packages/oslo_concurrency/processutils.py:468}}
Jul 10 04:34:38 devstack cinder-volume[87359]: WARNING cinder.volume.drivers.remotefs [None req-7c0a67e8-6502-436c-a2b5-f28b9c09afa2 tempest-GroupSnapshotsTest-830225659 None] /opt/stack/data/cinder/mnt/5c6759929ff6bfb0b38c73a47f547713/volume-5e24eb66-6e6c-41a8-952b-e2c9bf1e3a0a.8e3f4197-fff6-40ac-906b-615bf8968b5d is being set with open permissions: ugo+rw: NotImplementedError
Jul 10 04:34:38 devstack cinder-volume[87359]: DEBUG oslo_concurrency.processutils [None req-7c0a67e8-6502-436c-a2b5-f28b9c09afa2 tempest-GroupSnapshotsTest-830225659 None] Running cmd (subprocess): sudo cinder-rootwrap /etc/cinder/rootwrap.conf chmod ugo+rw /opt/stack/data/cinder/mnt/5c6759929ff6bfb0b38c73a47f547713/volume-5e24eb66-6e6c-41a8-952b-e2c9bf1e3a0a.8e3f4197-fff6-40ac-906b-615bf8968b5d {{(pid=87359) execute /opt/stack/data/venv/lib/python3.12/site-packages/oslo_concurrency/processutils.py:440}}
Jul 10 04:34:38 devstack sudo[89492]: quobyte : PWD=/ ; USER=root ; COMMAND=/opt/stack/data/venv/bin/cinder-rootwrap /etc/cinder/rootwrap.conf chmod ugo+rw /opt/stack/data/cinder/mnt/5c6759929ff6bfb0b38c73a47f547713/volume-5e24eb66-6e6c-41a8-952b-e2c9bf1e3a0a.8e3f4197-fff6-40ac-906b-615bf8968b5d
Jul 10 04:34:38 devstack sudo[89492]: pam_unix(sudo:session): session opened for user root(uid=0) by (uid=1000)
Jul 10 04:34:39 devstack sudo[89492]: pam_unix(sudo:session): session closed for user root
Jul 10 04:34:39 devstack cinder-volume[87359]: DEBUG oslo_concurrency.processutils [None req-7c0a67e8-6502-436c-a2b5-f28b9c09afa2 tempest-GroupSnapshotsTest-830225659 None] CMD "sudo cinder-rootwrap /etc/cinder/rootwrap.conf chmod ugo+rw /opt/stack/data/cinder/mnt/5c6759929ff6bfb0b38c73a47f547713/volume-5e24eb66-6e6c-41a8-952b-e2c9bf1e3a0a.8e3f4197-fff6-40ac-906b-615bf8968b5d" returned: 0 in 1.174s {{(pid=87359) execute /opt/stack/data/venv/lib/python3.12/site-packages/oslo_concurrency/processutils.py:468}}
Jul 10 04:34:39 devstack cinder-volume[87359]: DEBUG oslo_concurrency.processutils [None req-7c0a67e8-6502-436c-a2b5-f28b9c09afa2 tempest-GroupSnapshotsTest-830225659 None] Running cmd (subprocess): sudo cinder-rootwrap /etc/cinder/rootwrap.conf truncate -s0 /opt/stack/data/cinder/mnt/5c6759929ff6bfb0b38c73a47f547713/volume-5e24eb66-6e6c-41a8-952b-e2c9bf1e3a0a.info {{(pid=87359) execute /opt/stack/data/venv/lib/python3.12/site-packages/oslo_concurrency/processutils.py:440}}
Jul 10 04:34:39 devstack sudo[89513]: quobyte : PWD=/ ; USER=root ; COMMAND=/opt/stack/data/venv/bin/cinder-rootwrap /etc/cinder/rootwrap.conf truncate -s0 /opt/stack/data/cinder/mnt/5c6759929ff6bfb0b38c73a47f547713/volume-5e24eb66-6e6c-41a8-952b-e2c9bf1e3a0a.info
Jul 10 04:34:39 devstack sudo[89513]: pam_unix(sudo:session): session opened for user root(uid=0) by (uid=1000)
Jul 10 04:34:40 devstack sudo[89513]: pam_unix(sudo:session): session closed for user root
Jul 10 04:34:40 devstack cinder-volume[87359]: DEBUG oslo_concurrency.processutils [None req-7c0a67e8-6502-436c-a2b5-f28b9c09afa2 tempest-GroupSnapshotsTest-830225659 None] CMD "sudo cinder-rootwrap /etc/cinder/rootwrap.conf truncate -s0 /opt/stack/data/cinder/mnt/5c6759929ff6bfb0b38c73a47f547713/volume-5e24eb66-6e6c-41a8-952b-e2c9bf1e3a0a.info" returned: 0 in 1.271s {{(pid=87359) execute /opt/stack/data/venv/lib/python3.12/site-packages/oslo_concurrency/processutils.py:468}}
Jul 10 04:34:40 devstack cinder-volume[87359]: WARNING cinder.volume.drivers.remotefs [None req-7c0a67e8-6502-436c-a2b5-f28b9c09afa2 tempest-GroupSnapshotsTest-830225659 None] /opt/stack/data/cinder/mnt/5c6759929ff6bfb0b38c73a47f547713/volume-5e24eb66-6e6c-41a8-952b-e2c9bf1e3a0a.info is being set with open permissions: ugo+rw: NotImplementedError
Jul 10 04:34:40 devstack cinder-volume[87359]: DEBUG oslo_concurrency.processutils [None req-7c0a67e8-6502-436c-a2b5-f28b9c09afa2 tempest-GroupSnapshotsTest-830225659 None] Running cmd (subprocess): sudo cinder-rootwrap /etc/cinder/rootwrap.conf chmod ugo+rw /opt/stack/data/cinder/mnt/5c6759929ff6bfb0b38c73a47f547713/volume-5e24eb66-6e6c-41a8-952b-e2c9bf1e3a0a.info {{(pid=87359) execute /opt/stack/data/venv/lib/python3.12/site-packages/oslo_concurrency/processutils.py:440}}
Jul 10 04:34:41 devstack sudo[89522]: quobyte : PWD=/ ; USER=root ; COMMAND=/opt/stack/data/venv/bin/cinder-rootwrap /etc/cinder/rootwrap.conf chmod ugo+rw /opt/stack/data/cinder/mnt/5c6759929ff6bfb0b38c73a47f547713/volume-5e24eb66-6e6c-41a8-952b-e2c9bf1e3a0a.info
Jul 10 04:34:41 devstack sudo[89522]: pam_unix(sudo:session): session opened for user root(uid=0) by (uid=1000)
Jul 10 04:34:42 devstack sudo[89522]: pam_unix(sudo:session): session closed for user root
Jul 10 04:34:42 devstack cinder-volume[87359]: DEBUG oslo_concurrency.processutils [None req-7c0a67e8-6502-436c-a2b5-f28b9c09afa2 tempest-GroupSnapshotsTest-830225659 None] CMD "sudo cinder-rootwrap /etc/cinder/rootwrap.conf chmod ugo+rw /opt/stack/data/cinder/mnt/5c6759929ff6bfb0b38c73a47f547713/volume-5e24eb66-6e6c-41a8-952b-e2c9bf1e3a0a.info" returned: 0 in 1.130s {{(pid=87359) execute /opt/stack/data/venv/lib/python3.12/site-packages/oslo_concurrency/processutils.py:468}}
Jul 10 04:34:42 devstack cinder-volume[87359]: DEBUG oslo_concurrency.lockutils [None req-7c0a67e8-6502-436c-a2b5-f28b9c09afa2 tempest-GroupSnapshotsTest-830225659 None] Lock "quobyte" "released" by "cinder.volume.drivers.quobyte.QuobyteDriver.create_snapshot" :: held 7.712s {{(pid=87359) inner /opt/stack/data/venv/lib/python3.12/site-packages/oslo_concurrency/lockutils.py:543}}
Jul 10 04:34:42 devstack cinder-volume[87359]: DEBUG oslo_concurrency.lockutils [None req-7c0a67e8-6502-436c-a2b5-f28b9c09afa2 tempest-GroupSnapshotsTest-830225659 None] Acquiring lock "quobyte" by "cinder.volume.drivers.quobyte.QuobyteDriver.create_snapshot" {{(pid=87359) inner /opt/stack/data/venv/lib/python3.12/site-packages/oslo_concurrency/lockutils.py:511}}
Jul 10 04:34:42 devstack cinder-volume[87359]: DEBUG oslo_concurrency.lockutils [None req-7c0a67e8-6502-436c-a2b5-f28b9c09afa2 tempest-GroupSnapshotsTest-830225659 None] Lock "quobyte" acquired by "cinder.volume.drivers.quobyte.QuobyteDriver.create_snapshot" :: waited 0.001s {{(pid=87359) inner /opt/stack/data/venv/lib/python3.12/site-packages/oslo_concurrency/lockutils.py:524}}
Jul 10 04:34:42 devstack cinder-volume[87359]: DEBUG cinder.volume.drivers.remotefs [None req-7c0a67e8-6502-436c-a2b5-f28b9c09afa2 tempest-GroupSnapshotsTest-830225659 None] Creating offline snapshot aaa999b5-fce2-4097-adac-6f2f449c36b3 of volume 8b4a0ebc-6eb2-403b-85dd-feec8442ac00 {{(pid=87359) _create_snapshot /opt/stack/cinder/cinder/volume/drivers/remotefs.py:1816}}
Jul 10 04:34:42 devstack cinder-volume[87359]: DEBUG oslo.privsep.daemon [-] privsep: reply[d83e1c8d-5d48-4eca-8c11-dfa93514de1f]: (4, 'qcow2') {{(pid=88002) _call_back /opt/stack/data/venv/lib/python3.12/site-packages/oslo_privsep/daemon.py:580}}
Jul 10 04:34:42 devstack cinder-volume[87359]: DEBUG oslo_concurrency.processutils [None req-7c0a67e8-6502-436c-a2b5-f28b9c09afa2 tempest-GroupSnapshotsTest-830225659 None] Running cmd (subprocess): /opt/stack/data/venv/bin/python3.12 -m oslo_concurrency.prlimit --as=1073741824 --cpu=60 -- sudo cinder-rootwrap /etc/cinder/rootwrap.conf env LC_ALL=C qemu-img info -f qcow2 --output=json --force-share /opt/stack/data/cinder/mnt/5c6759929ff6bfb0b38c73a47f547713/volume-8b4a0ebc-6eb2-403b-85dd-feec8442ac00 {{(pid=87359) execute /opt/stack/data/venv/lib/python3.12/site-packages/oslo_concurrency/processutils.py:440}}
Jul 10 04:34:42 devstack cinder-volume[87359]: DEBUG cinder.volume.flows.manager.create_volume [None req-7aafe931-6fed-4701-89fd-9cf1082d37e7 tempest-DeleteServersTestJSON-1430660026 None] Volume reschedule parameters: True retry: {'num_attempts': 1, 'backends': ['devstack@QuobyteHD#QuobyteHD'], 'hosts': ['devstack@QuobyteHD#QuobyteHD']} {{(pid=87359) get_flow /opt/stack/cinder/cinder/volume/flows/manager/create_volume.py:1397}}
Jul 10 04:34:42 devstack cinder-volume[87359]: DEBUG cinder.volume.manager [None req-7aafe931-6fed-4701-89fd-9cf1082d37e7 tempest-DeleteServersTestJSON-1430660026 None] Flow 'volume_create_manager' (d8535e71-875a-4fd2-ae28-93d9074377f0) transitioned into state 'RUNNING' from state 'PENDING' {{(pid=87359) _flow_receiver /opt/stack/data/venv/lib/python3.12/site-packages/taskflow/listeners/logging.py:160}}
Jul 10 04:34:42 devstack cinder-volume[87359]: DEBUG cinder.volume.manager [None req-7aafe931-6fed-4701-89fd-9cf1082d37e7 tempest-DeleteServersTestJSON-1430660026 None] Task 'cinder.volume.flows.manager.create_volume.ExtractVolumeRefTask;volume:create' (0a09b3b9-8c74-44e3-a67f-21942b3aac92) transitioned into state 'RUNNING' from state 'PENDING' {{(pid=87359) _task_receiver /opt/stack/data/venv/lib/python3.12/site-packages/taskflow/listeners/logging.py:242}}
Jul 10 04:34:42 devstack sudo[89526]: quobyte : PWD=/ ; USER=root ; COMMAND=/opt/stack/data/venv/bin/cinder-rootwrap /etc/cinder/rootwrap.conf env LC_ALL=C qemu-img info -f qcow2 --output=json --force-share /opt/stack/data/cinder/mnt/5c6759929ff6bfb0b38c73a47f547713/volume-8b4a0ebc-6eb2-403b-85dd-feec8442ac00
Jul 10 04:34:42 devstack cinder-volume[87359]: DEBUG cinder.volume.manager [None req-7aafe931-6fed-4701-89fd-9cf1082d37e7 tempest-DeleteServersTestJSON-1430660026 None] Task 'cinder.volume.flows.manager.create_volume.ExtractVolumeRefTask;volume:create' (0a09b3b9-8c74-44e3-a67f-21942b3aac92) transitioned into state 'SUCCESS' from state 'RUNNING' with result 'Volume(_name_id=None,admin_metadata=,attach_status='detached',availability_zone='nova',bootable=False,cluster=,cluster_name=None,consistencygroup=,consistencygroup_id=None,created_at=2026-07-10T02:34:41Z,deleted=False,deleted_at=None,display_description=None,display_name='tempest-DeleteServersTestJSON-volume-273856215',ec2_id=None,encryption_key_id=None,glance_metadata=,group=,group_id=None,host='devstack@QuobyteHD#QuobyteHD',id=fb2ee19c-39ea-4797-b5e7-e47b46225737,launched_at=None,metadata={},migration_status=None,multiattach=False,previous_status=None,project_id='78a3238c6f984dec92ed992f78f93837',provider_auth=None,provider_geometry=None,provider_id=None,provider_location=None,replication_driver_data=None,replication_extended_status=None,replication_status=None,scheduled_at=2026-07-10T02:34:42Z,service_uuid=None,shared_targets=True,size=1,snapshot_id=None,snapshots=,source_volid=None,status='creating',terminated_at=None,updated_at=2026-07-10T02:34:42Z,use_quota=True,user_id='cd9a72c0184e484c8da0ee423990c347',volume_attachment=VolumeAttachmentList,volume_type=VolumeType(8400e389-d8e6-4ad6-8a6f-ad0c62f0c2dd),volume_type_id=8400e389-d8e6-4ad6-8a6f-ad0c62f0c2dd)' {{(pid=87359) _task_receiver /opt/stack/data/venv/lib/python3.12/site-packages/taskflow/listeners/logging.py:218}}
Jul 10 04:34:42 devstack sudo[89526]: pam_unix(sudo:session): session opened for user root(uid=0) by (uid=1000)
Jul 10 04:34:42 devstack cinder-volume[87359]: DEBUG cinder.volume.manager [None req-7aafe931-6fed-4701-89fd-9cf1082d37e7 tempest-DeleteServersTestJSON-1430660026 None] Task 'cinder.volume.flows.manager.create_volume.OnFailureRescheduleTask;volume:create' (d3e86039-51e8-49b4-beee-2cfb0fc3fac0) transitioned into state 'RUNNING' from state 'PENDING' {{(pid=87359) _task_receiver /opt/stack/data/venv/lib/python3.12/site-packages/taskflow/listeners/logging.py:242}}
Jul 10 04:34:42 devstack cinder-volume[87359]: DEBUG cinder.volume.manager [None req-7aafe931-6fed-4701-89fd-9cf1082d37e7 tempest-DeleteServersTestJSON-1430660026 None] Task 'cinder.volume.flows.manager.create_volume.OnFailureRescheduleTask;volume:create' (d3e86039-51e8-49b4-beee-2cfb0fc3fac0) transitioned into state 'SUCCESS' from state 'RUNNING' with result 'None' {{(pid=87359) _task_receiver /opt/stack/data/venv/lib/python3.12/site-packages/taskflow/listeners/logging.py:218}}
Jul 10 04:34:42 devstack cinder-volume[87359]: DEBUG cinder.volume.manager [None req-7aafe931-6fed-4701-89fd-9cf1082d37e7 tempest-DeleteServersTestJSON-1430660026 None] Task 'cinder.volume.flows.manager.create_volume.ExtractVolumeSpecTask;volume:create' (bc06a10b-021f-4716-824a-a89498f3fb8c) transitioned into state 'RUNNING' from state 'PENDING' {{(pid=87359) _task_receiver /opt/stack/data/venv/lib/python3.12/site-packages/taskflow/listeners/logging.py:242}}
Jul 10 04:34:42 devstack cinder-volume[87359]: DEBUG cinder.volume.manager [None req-7aafe931-6fed-4701-89fd-9cf1082d37e7 tempest-DeleteServersTestJSON-1430660026 None] Task 'cinder.volume.flows.manager.create_volume.ExtractVolumeSpecTask;volume:create' (bc06a10b-021f-4716-824a-a89498f3fb8c) transitioned into state 'SUCCESS' from state 'RUNNING' with result '{'status': 'creating', 'type': 'raw', 'volume_id': 'fb2ee19c-39ea-4797-b5e7-e47b46225737', 'volume_name': 'volume-fb2ee19c-39ea-4797-b5e7-e47b46225737', 'volume_size': 1}' {{(pid=87359) _task_receiver /opt/stack/data/venv/lib/python3.12/site-packages/taskflow/listeners/logging.py:218}}
Jul 10 04:34:42 devstack cinder-volume[87359]: DEBUG cinder.volume.manager [None req-7aafe931-6fed-4701-89fd-9cf1082d37e7 tempest-DeleteServersTestJSON-1430660026 None] Task 'cinder.volume.flows.manager.create_volume.NotifyVolumeActionTask;volume:create, create.start' (7263f617-bb95-4498-990e-fbff0b528ad7) transitioned into state 'RUNNING' from state 'PENDING' {{(pid=87359) _task_receiver /opt/stack/data/venv/lib/python3.12/site-packages/taskflow/listeners/logging.py:242}}
Jul 10 04:34:42 devstack cinder-volume[87359]: DEBUG cinder.volume.manager [None req-7aafe931-6fed-4701-89fd-9cf1082d37e7 tempest-DeleteServersTestJSON-1430660026 None] Task 'cinder.volume.flows.manager.create_volume.NotifyVolumeActionTask;volume:create, create.start' (7263f617-bb95-4498-990e-fbff0b528ad7) transitioned into state 'SUCCESS' from state 'RUNNING' with result 'None' {{(pid=87359) _task_receiver /opt/stack/data/venv/lib/python3.12/site-packages/taskflow/listeners/logging.py:218}}
Jul 10 04:34:42 devstack cinder-volume[87359]: DEBUG cinder.volume.manager [None req-7aafe931-6fed-4701-89fd-9cf1082d37e7 tempest-DeleteServersTestJSON-1430660026 None] Task 'cinder.volume.flows.manager.create_volume.CreateVolumeFromSpecTask;volume:create' (3437e7d7-1d15-4a8c-a569-a07fc211ac27) transitioned into state 'RUNNING' from state 'PENDING' {{(pid=87359) _task_receiver /opt/stack/data/venv/lib/python3.12/site-packages/taskflow/listeners/logging.py:242}}
Jul 10 04:34:42 devstack cinder-volume[87359]: INFO cinder.volume.flows.manager.create_volume [None req-7aafe931-6fed-4701-89fd-9cf1082d37e7 tempest-DeleteServersTestJSON-1430660026 None] Volume fb2ee19c-39ea-4797-b5e7-e47b46225737: being created as raw with specification: {'status': 'creating', 'volume_name': 'volume-fb2ee19c-39ea-4797-b5e7-e47b46225737', 'volume_size': 1}
Jul 10 04:34:42 devstack cinder-volume[87359]: DEBUG oslo_concurrency.lockutils [None req-7aafe931-6fed-4701-89fd-9cf1082d37e7 tempest-DeleteServersTestJSON-1430660026 None] Acquiring lock "quobyte" by "cinder.volume.drivers.quobyte.QuobyteDriver.create_volume" {{(pid=87359) inner /opt/stack/data/venv/lib/python3.12/site-packages/oslo_concurrency/lockutils.py:511}}
Jul 10 04:34:43 devstack sudo[89526]: pam_unix(sudo:session): session closed for user root
Jul 10 04:34:43 devstack cinder-volume[87359]: DEBUG oslo_concurrency.processutils [None req-7c0a67e8-6502-436c-a2b5-f28b9c09afa2 tempest-GroupSnapshotsTest-830225659 None] CMD "/opt/stack/data/venv/bin/python3.12 -m oslo_concurrency.prlimit --as=1073741824 --cpu=60 -- sudo cinder-rootwrap /etc/cinder/rootwrap.conf env LC_ALL=C qemu-img info -f qcow2 --output=json --force-share /opt/stack/data/cinder/mnt/5c6759929ff6bfb0b38c73a47f547713/volume-8b4a0ebc-6eb2-403b-85dd-feec8442ac00" returned: 0 in 1.405s {{(pid=87359) execute /opt/stack/data/venv/lib/python3.12/site-packages/oslo_concurrency/processutils.py:468}}
Jul 10 04:34:43 devstack cinder-volume[87359]: DEBUG oslo_concurrency.processutils [None req-7c0a67e8-6502-436c-a2b5-f28b9c09afa2 tempest-GroupSnapshotsTest-830225659 None] Running cmd (subprocess): sudo cinder-rootwrap /etc/cinder/rootwrap.conf qemu-img create -f qcow2 -o backing_file=/opt/stack/data/cinder/mnt/5c6759929ff6bfb0b38c73a47f547713/volume-8b4a0ebc-6eb2-403b-85dd-feec8442ac00,backing_fmt=qcow2 /opt/stack/data/cinder/mnt/5c6759929ff6bfb0b38c73a47f547713/volume-8b4a0ebc-6eb2-403b-85dd-feec8442ac00.aaa999b5-fce2-4097-adac-6f2f449c36b3 1G {{(pid=87359) execute /opt/stack/data/venv/lib/python3.12/site-packages/oslo_concurrency/processutils.py:440}}
Jul 10 04:34:43 devstack sudo[89534]: quobyte : PWD=/ ; USER=root ; COMMAND=/opt/stack/data/venv/bin/cinder-rootwrap /etc/cinder/rootwrap.conf qemu-img create -f qcow2 -o backing_file=/opt/stack/data/cinder/mnt/5c6759929ff6bfb0b38c73a47f547713/volume-8b4a0ebc-6eb2-403b-85dd-feec8442ac00,backing_fmt=qcow2 /opt/stack/data/cinder/mnt/5c6759929ff6bfb0b38c73a47f547713/volume-8b4a0ebc-6eb2-403b-85dd-feec8442ac00.aaa999b5-fce2-4097-adac-6f2f449c36b3 1G
Jul 10 04:34:43 devstack sudo[89534]: pam_unix(sudo:session): session opened for user root(uid=0) by (uid=1000)
Jul 10 04:34:44 devstack sudo[89534]: pam_unix(sudo:session): session closed for user root
Jul 10 04:34:44 devstack cinder-volume[87359]: DEBUG oslo_concurrency.processutils [None req-7c0a67e8-6502-436c-a2b5-f28b9c09afa2 tempest-GroupSnapshotsTest-830225659 None] CMD "sudo cinder-rootwrap /etc/cinder/rootwrap.conf qemu-img create -f qcow2 -o backing_file=/opt/stack/data/cinder/mnt/5c6759929ff6bfb0b38c73a47f547713/volume-8b4a0ebc-6eb2-403b-85dd-feec8442ac00,backing_fmt=qcow2 /opt/stack/data/cinder/mnt/5c6759929ff6bfb0b38c73a47f547713/volume-8b4a0ebc-6eb2-403b-85dd-feec8442ac00.aaa999b5-fce2-4097-adac-6f2f449c36b3 1G" returned: 0 in 1.025s {{(pid=87359) execute /opt/stack/data/venv/lib/python3.12/site-packages/oslo_concurrency/processutils.py:468}}
Jul 10 04:34:44 devstack cinder-volume[87359]: DEBUG oslo_concurrency.processutils [None req-7c0a67e8-6502-436c-a2b5-f28b9c09afa2 tempest-GroupSnapshotsTest-830225659 None] Running cmd (subprocess): sudo cinder-rootwrap /etc/cinder/rootwrap.conf qemu-img rebase -u -b volume-8b4a0ebc-6eb2-403b-85dd-feec8442ac00 -F qcow2 /opt/stack/data/cinder/mnt/5c6759929ff6bfb0b38c73a47f547713/volume-8b4a0ebc-6eb2-403b-85dd-feec8442ac00.aaa999b5-fce2-4097-adac-6f2f449c36b3 {{(pid=87359) execute /opt/stack/data/venv/lib/python3.12/site-packages/oslo_concurrency/processutils.py:440}}
Jul 10 04:34:44 devstack sudo[89568]: quobyte : PWD=/ ; USER=root ; COMMAND=/opt/stack/data/venv/bin/cinder-rootwrap /etc/cinder/rootwrap.conf qemu-img rebase -u -b volume-8b4a0ebc-6eb2-403b-85dd-feec8442ac00 -F qcow2 /opt/stack/data/cinder/mnt/5c6759929ff6bfb0b38c73a47f547713/volume-8b4a0ebc-6eb2-403b-85dd-feec8442ac00.aaa999b5-fce2-4097-adac-6f2f449c36b3
Jul 10 04:34:44 devstack sudo[89568]: pam_unix(sudo:session): session opened for user root(uid=0) by (uid=1000)
Jul 10 04:34:45 devstack sudo[89568]: pam_unix(sudo:session): session closed for user root
Jul 10 04:34:45 devstack cinder-volume[87359]: DEBUG oslo_concurrency.processutils [None req-7c0a67e8-6502-436c-a2b5-f28b9c09afa2 tempest-GroupSnapshotsTest-830225659 None] CMD "sudo cinder-rootwrap /etc/cinder/rootwrap.conf qemu-img rebase -u -b volume-8b4a0ebc-6eb2-403b-85dd-feec8442ac00 -F qcow2 /opt/stack/data/cinder/mnt/5c6759929ff6bfb0b38c73a47f547713/volume-8b4a0ebc-6eb2-403b-85dd-feec8442ac00.aaa999b5-fce2-4097-adac-6f2f449c36b3" returned: 0 in 0.946s {{(pid=87359) execute /opt/stack/data/venv/lib/python3.12/site-packages/oslo_concurrency/processutils.py:468}}
Jul 10 04:34:45 devstack cinder-volume[87359]: WARNING cinder.volume.drivers.remotefs [None req-7c0a67e8-6502-436c-a2b5-f28b9c09afa2 tempest-GroupSnapshotsTest-830225659 None] /opt/stack/data/cinder/mnt/5c6759929ff6bfb0b38c73a47f547713/volume-8b4a0ebc-6eb2-403b-85dd-feec8442ac00.aaa999b5-fce2-4097-adac-6f2f449c36b3 is being set with open permissions: ugo+rw: NotImplementedError
Jul 10 04:34:45 devstack cinder-volume[87359]: DEBUG oslo_concurrency.processutils [None req-7c0a67e8-6502-436c-a2b5-f28b9c09afa2 tempest-GroupSnapshotsTest-830225659 None] Running cmd (subprocess): sudo cinder-rootwrap /etc/cinder/rootwrap.conf chmod ugo+rw /opt/stack/data/cinder/mnt/5c6759929ff6bfb0b38c73a47f547713/volume-8b4a0ebc-6eb2-403b-85dd-feec8442ac00.aaa999b5-fce2-4097-adac-6f2f449c36b3 {{(pid=87359) execute /opt/stack/data/venv/lib/python3.12/site-packages/oslo_concurrency/processutils.py:440}}
Jul 10 04:34:45 devstack sudo[89574]: quobyte : PWD=/ ; USER=root ; COMMAND=/opt/stack/data/venv/bin/cinder-rootwrap /etc/cinder/rootwrap.conf chmod ugo+rw /opt/stack/data/cinder/mnt/5c6759929ff6bfb0b38c73a47f547713/volume-8b4a0ebc-6eb2-403b-85dd-feec8442ac00.aaa999b5-fce2-4097-adac-6f2f449c36b3
Jul 10 04:34:45 devstack sudo[89574]: pam_unix(sudo:session): session opened for user root(uid=0) by (uid=1000)
Jul 10 04:34:46 devstack sudo[89574]: pam_unix(sudo:session): session closed for user root
Jul 10 04:34:46 devstack cinder-volume[87359]: DEBUG oslo_concurrency.processutils [None req-7c0a67e8-6502-436c-a2b5-f28b9c09afa2 tempest-GroupSnapshotsTest-830225659 None] CMD "sudo cinder-rootwrap /etc/cinder/rootwrap.conf chmod ugo+rw /opt/stack/data/cinder/mnt/5c6759929ff6bfb0b38c73a47f547713/volume-8b4a0ebc-6eb2-403b-85dd-feec8442ac00.aaa999b5-fce2-4097-adac-6f2f449c36b3" returned: 0 in 0.772s {{(pid=87359) execute /opt/stack/data/venv/lib/python3.12/site-packages/oslo_concurrency/processutils.py:468}}
Jul 10 04:34:46 devstack cinder-volume[87359]: DEBUG oslo_concurrency.processutils [None req-7c0a67e8-6502-436c-a2b5-f28b9c09afa2 tempest-GroupSnapshotsTest-830225659 None] Running cmd (subprocess): sudo cinder-rootwrap /etc/cinder/rootwrap.conf truncate -s0 /opt/stack/data/cinder/mnt/5c6759929ff6bfb0b38c73a47f547713/volume-8b4a0ebc-6eb2-403b-85dd-feec8442ac00.info {{(pid=87359) execute /opt/stack/data/venv/lib/python3.12/site-packages/oslo_concurrency/processutils.py:440}}
Jul 10 04:34:46 devstack sudo[89578]: quobyte : PWD=/ ; USER=root ; COMMAND=/opt/stack/data/venv/bin/cinder-rootwrap /etc/cinder/rootwrap.conf truncate -s0 /opt/stack/data/cinder/mnt/5c6759929ff6bfb0b38c73a47f547713/volume-8b4a0ebc-6eb2-403b-85dd-feec8442ac00.info
Jul 10 04:34:46 devstack sudo[89578]: pam_unix(sudo:session): session opened for user root(uid=0) by (uid=1000)
Jul 10 04:34:47 devstack cinder-volume[87359]: DEBUG cinder.coordination [None req-68040f18-0de8-4ebd-9a44-eb68ef8b3cc2 tempest-ServerRescueNegativeTestJSON-519302181 None] Acquiring lock "cinder-017e3022-02bd-4b52-8068-0e4e8b31985c-delete_volume" by "delete_volume" {{(pid=87359) __acquire /opt/stack/cinder/cinder/coordination.py:138}}
Jul 10 04:34:47 devstack cinder-volume[87359]: DEBUG cinder.coordination [None req-68040f18-0de8-4ebd-9a44-eb68ef8b3cc2 tempest-ServerRescueNegativeTestJSON-519302181 None] Lock "cinder-017e3022-02bd-4b52-8068-0e4e8b31985c-delete_volume" acquired by "delete_volume" :: waited 0.035s {{(pid=87359) __acquire /opt/stack/cinder/cinder/coordination.py:141}}
Jul 10 04:34:47 devstack sudo[89578]: pam_unix(sudo:session): session closed for user root
Jul 10 04:34:47 devstack cinder-volume[87359]: DEBUG oslo_concurrency.processutils [None req-7c0a67e8-6502-436c-a2b5-f28b9c09afa2 tempest-GroupSnapshotsTest-830225659 None] CMD "sudo cinder-rootwrap /etc/cinder/rootwrap.conf truncate -s0 /opt/stack/data/cinder/mnt/5c6759929ff6bfb0b38c73a47f547713/volume-8b4a0ebc-6eb2-403b-85dd-feec8442ac00.info" returned: 0 in 0.782s {{(pid=87359) execute /opt/stack/data/venv/lib/python3.12/site-packages/oslo_concurrency/processutils.py:468}}
Jul 10 04:34:47 devstack cinder-volume[87359]: WARNING cinder.volume.drivers.remotefs [None req-7c0a67e8-6502-436c-a2b5-f28b9c09afa2 tempest-GroupSnapshotsTest-830225659 None] /opt/stack/data/cinder/mnt/5c6759929ff6bfb0b38c73a47f547713/volume-8b4a0ebc-6eb2-403b-85dd-feec8442ac00.info is being set with open permissions: ugo+rw: NotImplementedError
Jul 10 04:34:47 devstack cinder-volume[87359]: DEBUG oslo_concurrency.processutils [None req-7c0a67e8-6502-436c-a2b5-f28b9c09afa2 tempest-GroupSnapshotsTest-830225659 None] Running cmd (subprocess): sudo cinder-rootwrap /etc/cinder/rootwrap.conf chmod ugo+rw /opt/stack/data/cinder/mnt/5c6759929ff6bfb0b38c73a47f547713/volume-8b4a0ebc-6eb2-403b-85dd-feec8442ac00.info {{(pid=87359) execute /opt/stack/data/venv/lib/python3.12/site-packages/oslo_concurrency/processutils.py:440}}
Jul 10 04:34:47 devstack cinder-volume[87359]: DEBUG cinder.coordination [None req-68040f18-0de8-4ebd-9a44-eb68ef8b3cc2 tempest-ServerRescueNegativeTestJSON-519302181 None] Acquiring lock "cinder-quobyte-017e3022-02bd-4b52-8068-0e4e8b31985c" by "delete_volume" {{(pid=87359) __acquire /opt/stack/cinder/cinder/coordination.py:138}}
Jul 10 04:34:47 devstack cinder-volume[87359]: DEBUG cinder.coordination [None req-68040f18-0de8-4ebd-9a44-eb68ef8b3cc2 tempest-ServerRescueNegativeTestJSON-519302181 None] Lock "cinder-quobyte-017e3022-02bd-4b52-8068-0e4e8b31985c" acquired by "delete_volume" :: waited 0.022s {{(pid=87359) __acquire /opt/stack/cinder/cinder/coordination.py:141}}
Jul 10 04:34:47 devstack sudo[89581]: quobyte : PWD=/ ; USER=root ; COMMAND=/opt/stack/data/venv/bin/cinder-rootwrap /etc/cinder/rootwrap.conf chmod ugo+rw /opt/stack/data/cinder/mnt/5c6759929ff6bfb0b38c73a47f547713/volume-8b4a0ebc-6eb2-403b-85dd-feec8442ac00.info
Jul 10 04:34:47 devstack sudo[89581]: pam_unix(sudo:session): session opened for user root(uid=0) by (uid=1000)
Jul 10 04:34:47 devstack cinder-volume[87359]: DEBUG oslo.privsep.daemon [-] privsep: reply[43141960-6097-4bb8-99ff-09e3683fe04a]: (4, 'qcow2') {{(pid=88002) _call_back /opt/stack/data/venv/lib/python3.12/site-packages/oslo_privsep/daemon.py:580}}
Jul 10 04:34:47 devstack cinder-volume[87359]: DEBUG oslo_concurrency.processutils [None req-68040f18-0de8-4ebd-9a44-eb68ef8b3cc2 tempest-ServerRescueNegativeTestJSON-519302181 None] Running cmd (subprocess): /opt/stack/data/venv/bin/python3.12 -m oslo_concurrency.prlimit --as=1073741824 --cpu=60 -- sudo cinder-rootwrap /etc/cinder/rootwrap.conf env LC_ALL=C qemu-img info -f qcow2 --output=json --force-share /opt/stack/data/cinder/mnt/5c6759929ff6bfb0b38c73a47f547713/volume-017e3022-02bd-4b52-8068-0e4e8b31985c {{(pid=87359) execute /opt/stack/data/venv/lib/python3.12/site-packages/oslo_concurrency/processutils.py:440}}
Jul 10 04:34:47 devstack sudo[89583]: quobyte : PWD=/ ; USER=root ; COMMAND=/opt/stack/data/venv/bin/cinder-rootwrap /etc/cinder/rootwrap.conf env LC_ALL=C qemu-img info -f qcow2 --output=json --force-share /opt/stack/data/cinder/mnt/5c6759929ff6bfb0b38c73a47f547713/volume-017e3022-02bd-4b52-8068-0e4e8b31985c
Jul 10 04:34:47 devstack sudo[89583]: pam_unix(sudo:session): session opened for user root(uid=0) by (uid=1000)
Jul 10 04:34:48 devstack sudo[89583]: pam_unix(sudo:session): session closed for user root
Jul 10 04:34:48 devstack sudo[89581]: pam_unix(sudo:session): session closed for user root
Jul 10 04:34:48 devstack cinder-volume[87359]: DEBUG oslo_concurrency.processutils [None req-68040f18-0de8-4ebd-9a44-eb68ef8b3cc2 tempest-ServerRescueNegativeTestJSON-519302181 None] CMD "/opt/stack/data/venv/bin/python3.12 -m oslo_concurrency.prlimit --as=1073741824 --cpu=60 -- sudo cinder-rootwrap /etc/cinder/rootwrap.conf env LC_ALL=C qemu-img info -f qcow2 --output=json --force-share /opt/stack/data/cinder/mnt/5c6759929ff6bfb0b38c73a47f547713/volume-017e3022-02bd-4b52-8068-0e4e8b31985c" returned: 0 in 0.984s {{(pid=87359) execute /opt/stack/data/venv/lib/python3.12/site-packages/oslo_concurrency/processutils.py:468}}
Jul 10 04:34:48 devstack cinder-volume[87359]: DEBUG oslo_concurrency.processutils [None req-68040f18-0de8-4ebd-9a44-eb68ef8b3cc2 tempest-ServerRescueNegativeTestJSON-519302181 None] Running cmd (subprocess): sudo cinder-rootwrap /etc/cinder/rootwrap.conf rm -f /opt/stack/data/cinder/mnt/5c6759929ff6bfb0b38c73a47f547713/volume-017e3022-02bd-4b52-8068-0e4e8b31985c {{(pid=87359) execute /opt/stack/data/venv/lib/python3.12/site-packages/oslo_concurrency/processutils.py:440}}
Jul 10 04:34:48 devstack cinder-volume[87359]: DEBUG oslo_concurrency.processutils [None req-7c0a67e8-6502-436c-a2b5-f28b9c09afa2 tempest-GroupSnapshotsTest-830225659 None] CMD "sudo cinder-rootwrap /etc/cinder/rootwrap.conf chmod ugo+rw /opt/stack/data/cinder/mnt/5c6759929ff6bfb0b38c73a47f547713/volume-8b4a0ebc-6eb2-403b-85dd-feec8442ac00.info" returned: 0 in 1.104s {{(pid=87359) execute /opt/stack/data/venv/lib/python3.12/site-packages/oslo_concurrency/processutils.py:468}}
Jul 10 04:34:48 devstack sudo[89590]: quobyte : PWD=/ ; USER=root ; COMMAND=/opt/stack/data/venv/bin/cinder-rootwrap /etc/cinder/rootwrap.conf rm -f /opt/stack/data/cinder/mnt/5c6759929ff6bfb0b38c73a47f547713/volume-017e3022-02bd-4b52-8068-0e4e8b31985c
Jul 10 04:34:48 devstack cinder-volume[87359]: DEBUG oslo_concurrency.lockutils [None req-7c0a67e8-6502-436c-a2b5-f28b9c09afa2 tempest-GroupSnapshotsTest-830225659 None] Lock "quobyte" "released" by "cinder.volume.drivers.quobyte.QuobyteDriver.create_snapshot" :: held 6.238s {{(pid=87359) inner /opt/stack/data/venv/lib/python3.12/site-packages/oslo_concurrency/lockutils.py:543}}
Jul 10 04:34:48 devstack sudo[89590]: pam_unix(sudo:session): session opened for user root(uid=0) by (uid=1000)
Jul 10 04:34:48 devstack cinder-volume[87359]: DEBUG oslo_concurrency.lockutils [None req-7aafe931-6fed-4701-89fd-9cf1082d37e7 tempest-DeleteServersTestJSON-1430660026 None] Lock "quobyte" acquired by "cinder.volume.drivers.quobyte.QuobyteDriver.create_volume" :: waited 5.707s {{(pid=87359) inner /opt/stack/data/venv/lib/python3.12/site-packages/oslo_concurrency/lockutils.py:524}}
Jul 10 04:34:48 devstack cinder-volume[87359]: DEBUG cinder.volume.drivers.quobyte [None req-7aafe931-6fed-4701-89fd-9cf1082d37e7 tempest-DeleteServersTestJSON-1430660026 None] ==> create_volume: call "{'self': , 'volume': Volume(_name_id=None,admin_metadata=,attach_status='detached',availability_zone='nova',bootable=False,cluster=,cluster_name=None,consistencygroup=,consistencygroup_id=None,created_at=2026-07-10T02:34:41Z,deleted=False,deleted_at=None,display_description=None,display_name='tempest-DeleteServersTestJSON-volume-273856215',ec2_id=None,encryption_key_id=None,glance_metadata=,group=,group_id=None,host='devstack@QuobyteHD#QuobyteHD',id=fb2ee19c-39ea-4797-b5e7-e47b46225737,launched_at=None,metadata={},migration_status=None,multiattach=False,previous_status=None,project_id='78a3238c6f984dec92ed992f78f93837',provider_auth=None,provider_geometry=None,provider_id=None,provider_location=None,replication_driver_data=None,replication_extended_status=None,replication_status=None,scheduled_at=2026-07-10T02:34:42Z,service_uuid=None,shared_targets=True,size=1,snapshot_id=None,snapshots=,source_volid=None,status='creating',terminated_at=None,updated_at=2026-07-10T02:34:42Z,use_quota=True,user_id='cd9a72c0184e484c8da0ee423990c347',volume_attachment=VolumeAttachmentList,volume_type=VolumeType(8400e389-d8e6-4ad6-8a6f-ad0c62f0c2dd),volume_type_id=8400e389-d8e6-4ad6-8a6f-ad0c62f0c2dd)}" {{(pid=87359) trace_logging_wrapper /opt/stack/cinder/cinder/volume/volume_utils.py:1497}}
Jul 10 04:34:48 devstack cinder-volume[87359]: DEBUG cinder.volume.drivers.remotefs [None req-7aafe931-6fed-4701-89fd-9cf1082d37e7 tempest-DeleteServersTestJSON-1430660026 None] Creating volume fb2ee19c-39ea-4797-b5e7-e47b46225737 {{(pid=87359) create_volume /opt/stack/cinder/cinder/volume/drivers/remotefs.py:292}}
Jul 10 04:34:48 devstack cinder-volume[87359]: DEBUG oslo_concurrency.lockutils [None req-7aafe931-6fed-4701-89fd-9cf1082d37e7 tempest-DeleteServersTestJSON-1430660026 None] Acquiring lock "quobyte_ensure" by "cinder.volume.drivers.quobyte.QuobyteDriver._ensure_shares_mounted" {{(pid=87359) inner /opt/stack/data/venv/lib/python3.12/site-packages/oslo_concurrency/lockutils.py:511}}
Jul 10 04:34:48 devstack cinder-volume[87359]: DEBUG oslo_concurrency.lockutils [None req-7aafe931-6fed-4701-89fd-9cf1082d37e7 tempest-DeleteServersTestJSON-1430660026 None] Lock "quobyte_ensure" acquired by "cinder.volume.drivers.quobyte.QuobyteDriver._ensure_shares_mounted" :: waited 0.001s {{(pid=87359) inner /opt/stack/data/venv/lib/python3.12/site-packages/oslo_concurrency/lockutils.py:524}}
Jul 10 04:34:48 devstack cinder-volume[87359]: DEBUG cinder.volume.drivers.quobyte [None req-7aafe931-6fed-4701-89fd-9cf1082d37e7 tempest-DeleteServersTestJSON-1430660026 None] Quobyte Volume URL set to: {'osci02.corp.quobyte.com/cinder-vol-83c95e6a-c14f-41a4-a037-e0aa9664af31': None} {{(pid=87359) _load_shares_config /opt/stack/cinder/cinder/volume/drivers/quobyte.py:617}}
Jul 10 04:34:48 devstack cinder-volume[87359]: DEBUG cinder.volume.drivers.quobyte [None req-7aafe931-6fed-4701-89fd-9cf1082d37e7 tempest-DeleteServersTestJSON-1430660026 None] Available shares ['osci02.corp.quobyte.com/cinder-vol-83c95e6a-c14f-41a4-a037-e0aa9664af31'] {{(pid=87359) _ensure_shares_mounted /opt/stack/cinder/cinder/volume/drivers/quobyte.py:647}}
Jul 10 04:34:48 devstack cinder-volume[87359]: DEBUG oslo_concurrency.lockutils [None req-7aafe931-6fed-4701-89fd-9cf1082d37e7 tempest-DeleteServersTestJSON-1430660026 None] Lock "quobyte_ensure" "released" by "cinder.volume.drivers.quobyte.QuobyteDriver._ensure_shares_mounted" :: held 0.006s {{(pid=87359) inner /opt/stack/data/venv/lib/python3.12/site-packages/oslo_concurrency/lockutils.py:543}}
Jul 10 04:34:48 devstack cinder-volume[87359]: DEBUG cinder.volume.drivers.quobyte [None req-7aafe931-6fed-4701-89fd-9cf1082d37e7 tempest-DeleteServersTestJSON-1430660026 None] Selected osci02.corp.quobyte.com/cinder-vol-83c95e6a-c14f-41a4-a037-e0aa9664af31 as target Quobyte volume. {{(pid=87359) _find_share /opt/stack/cinder/cinder/volume/drivers/quobyte.py:668}}
Jul 10 04:34:48 devstack cinder-volume[87359]: INFO cinder.volume.drivers.remotefs [None req-7aafe931-6fed-4701-89fd-9cf1082d37e7 tempest-DeleteServersTestJSON-1430660026 None] casted to osci02.corp.quobyte.com/cinder-vol-83c95e6a-c14f-41a4-a037-e0aa9664af31
Jul 10 04:34:48 devstack cinder-volume[87359]: DEBUG oslo_concurrency.processutils [None req-7aafe931-6fed-4701-89fd-9cf1082d37e7 tempest-DeleteServersTestJSON-1430660026 None] Running cmd (subprocess): sudo cinder-rootwrap /etc/cinder/rootwrap.conf qemu-img create -f qcow2 -o preallocation=metadata /opt/stack/data/cinder/mnt/5c6759929ff6bfb0b38c73a47f547713/volume-fb2ee19c-39ea-4797-b5e7-e47b46225737 1073741824 {{(pid=87359) execute /opt/stack/data/venv/lib/python3.12/site-packages/oslo_concurrency/processutils.py:440}}
Jul 10 04:34:48 devstack sudo[89592]: quobyte : PWD=/ ; USER=root ; COMMAND=/opt/stack/data/venv/bin/cinder-rootwrap /etc/cinder/rootwrap.conf qemu-img create -f qcow2 -o preallocation=metadata /opt/stack/data/cinder/mnt/5c6759929ff6bfb0b38c73a47f547713/volume-fb2ee19c-39ea-4797-b5e7-e47b46225737 1073741824
Jul 10 04:34:48 devstack sudo[89592]: pam_unix(sudo:session): session opened for user root(uid=0) by (uid=1000)
Jul 10 04:34:48 devstack cinder-volume[87359]: INFO cinder.volume.manager [None req-7c0a67e8-6502-436c-a2b5-f28b9c09afa2 tempest-GroupSnapshotsTest-830225659 None] group_snapshot 4247af14-e082-4aa4-80c0-1d7e805f63dd: created successfully
Jul 10 04:34:49 devstack sudo[89590]: pam_unix(sudo:session): session closed for user root
Jul 10 04:34:49 devstack cinder-volume[87359]: DEBUG oslo_concurrency.processutils [None req-68040f18-0de8-4ebd-9a44-eb68ef8b3cc2 tempest-ServerRescueNegativeTestJSON-519302181 None] CMD "sudo cinder-rootwrap /etc/cinder/rootwrap.conf rm -f /opt/stack/data/cinder/mnt/5c6759929ff6bfb0b38c73a47f547713/volume-017e3022-02bd-4b52-8068-0e4e8b31985c" returned: 0 in 1.199s {{(pid=87359) execute /opt/stack/data/venv/lib/python3.12/site-packages/oslo_concurrency/processutils.py:468}}
Jul 10 04:34:49 devstack cinder-volume[87359]: DEBUG cinder.coordination [None req-68040f18-0de8-4ebd-9a44-eb68ef8b3cc2 tempest-ServerRescueNegativeTestJSON-519302181 None] Lock "cinder-quobyte-017e3022-02bd-4b52-8068-0e4e8b31985c" released by "delete_volume" :: held 2.254s {{(pid=87359) __release /opt/stack/cinder/cinder/coordination.py:152}}
Jul 10 04:34:49 devstack cinder-volume[87359]: DEBUG cinder.quota [None req-68040f18-0de8-4ebd-9a44-eb68ef8b3cc2 tempest-ServerRescueNegativeTestJSON-519302181 None] Created reservations ['eb5ea946-58fd-45fa-9269-2ca96ecc6925', '835553ad-d705-433b-a81e-b1e34ab71238', 'ea6a121a-81ea-4a4c-bc15-439c3783f25a', '67580b0d-c7c5-4b8c-80e5-158e255e7254'] {{(pid=87359) reserve /opt/stack/cinder/cinder/quota.py:752}}
Jul 10 04:34:49 devstack cinder-volume[87359]: DEBUG oslo_concurrency.lockutils [None req-68040f18-0de8-4ebd-9a44-eb68ef8b3cc2 tempest-ServerRescueNegativeTestJSON-519302181 None] Acquiring lock "quobyte_ensure" by "cinder.volume.drivers.quobyte.QuobyteDriver._ensure_shares_mounted" {{(pid=87359) inner /opt/stack/data/venv/lib/python3.12/site-packages/oslo_concurrency/lockutils.py:511}}
Jul 10 04:34:49 devstack cinder-volume[87359]: DEBUG oslo_concurrency.lockutils [None req-68040f18-0de8-4ebd-9a44-eb68ef8b3cc2 tempest-ServerRescueNegativeTestJSON-519302181 None] Lock "quobyte_ensure" acquired by "cinder.volume.drivers.quobyte.QuobyteDriver._ensure_shares_mounted" :: waited 0.004s {{(pid=87359) inner /opt/stack/data/venv/lib/python3.12/site-packages/oslo_concurrency/lockutils.py:524}}
Jul 10 04:34:49 devstack cinder-volume[87359]: DEBUG cinder.volume.drivers.quobyte [None req-68040f18-0de8-4ebd-9a44-eb68ef8b3cc2 tempest-ServerRescueNegativeTestJSON-519302181 None] Quobyte Volume URL set to: {'osci02.corp.quobyte.com/cinder-vol-83c95e6a-c14f-41a4-a037-e0aa9664af31': None} {{(pid=87359) _load_shares_config /opt/stack/cinder/cinder/volume/drivers/quobyte.py:617}}
Jul 10 04:34:49 devstack cinder-volume[87359]: DEBUG cinder.volume.drivers.quobyte [None req-68040f18-0de8-4ebd-9a44-eb68ef8b3cc2 tempest-ServerRescueNegativeTestJSON-519302181 None] Available shares ['osci02.corp.quobyte.com/cinder-vol-83c95e6a-c14f-41a4-a037-e0aa9664af31'] {{(pid=87359) _ensure_shares_mounted /opt/stack/cinder/cinder/volume/drivers/quobyte.py:647}}
Jul 10 04:34:49 devstack cinder-volume[87359]: DEBUG oslo_concurrency.lockutils [None req-68040f18-0de8-4ebd-9a44-eb68ef8b3cc2 tempest-ServerRescueNegativeTestJSON-519302181 None] Lock "quobyte_ensure" "released" by "cinder.volume.drivers.quobyte.QuobyteDriver._ensure_shares_mounted" :: held 0.016s {{(pid=87359) inner /opt/stack/data/venv/lib/python3.12/site-packages/oslo_concurrency/lockutils.py:543}}
Jul 10 04:34:49 devstack cinder-volume[87359]: DEBUG oslo_concurrency.processutils [None req-68040f18-0de8-4ebd-9a44-eb68ef8b3cc2 tempest-ServerRescueNegativeTestJSON-519302181 None] Running cmd (subprocess): sudo cinder-rootwrap /etc/cinder/rootwrap.conf df --portability --block-size 1 /opt/stack/data/cinder/mnt/5c6759929ff6bfb0b38c73a47f547713 {{(pid=87359) execute /opt/stack/data/venv/lib/python3.12/site-packages/oslo_concurrency/processutils.py:440}}
Jul 10 04:34:49 devstack sudo[89601]: quobyte : PWD=/ ; USER=root ; COMMAND=/opt/stack/data/venv/bin/cinder-rootwrap /etc/cinder/rootwrap.conf df --portability --block-size 1 /opt/stack/data/cinder/mnt/5c6759929ff6bfb0b38c73a47f547713
Jul 10 04:34:49 devstack sudo[89601]: pam_unix(sudo:session): session opened for user root(uid=0) by (uid=1000)
Jul 10 04:34:50 devstack cinder-volume[87359]: INFO cinder.volume.manager [None req-b7763078-a677-4232-899a-d465f6b3bbe0 tempest-GroupSnapshotsTest-830225659 None] group_snapshot 4247af14-e082-4aa4-80c0-1d7e805f63dd: deleting
Jul 10 04:34:50 devstack cinder-volume[87359]: DEBUG cinder.volume.manager [None req-b7763078-a677-4232-899a-d465f6b3bbe0 tempest-GroupSnapshotsTest-830225659 None] group_snapshot 4247af14-e082-4aa4-80c0-1d7e805f63dd: deleting {{(pid=87359) delete_group_snapshot /opt/stack/cinder/cinder/volume/manager.py:4401}}
Jul 10 04:34:50 devstack cinder-volume[87359]: DEBUG cinder.coordination [None req-b7763078-a677-4232-899a-d465f6b3bbe0 tempest-GroupSnapshotsTest-830225659 None] Acquiring lock "cinder-quobyte-5e24eb66-6e6c-41a8-952b-e2c9bf1e3a0a" by "delete_snapshot" {{(pid=87359) __acquire /opt/stack/cinder/cinder/coordination.py:138}}
Jul 10 04:34:50 devstack cinder-volume[87359]: DEBUG cinder.coordination [None req-b7763078-a677-4232-899a-d465f6b3bbe0 tempest-GroupSnapshotsTest-830225659 None] Lock "cinder-quobyte-5e24eb66-6e6c-41a8-952b-e2c9bf1e3a0a" acquired by "delete_snapshot" :: waited 0.033s {{(pid=87359) __acquire /opt/stack/cinder/cinder/coordination.py:141}}
