Jul 15 18:22:35 devstack devstack@g-api.service[76759]: DEBUG glance.common.config [None req-a96090e1-bac9-42ee-9b64-6090f340694b None None] database.connection = **** {{(pid=76759) log_opt_values /opt/stack/data/venv/lib/python3.12/site-packages/oslo_config/cfg.py:3253}}
Jul 15 18:22:35 devstack devstack@g-api.service[76759]: DEBUG glance.common.config [None req-a96090e1-bac9-42ee-9b64-6090f340694b None None] database.connection_debug = 0 {{(pid=76759) log_opt_values /opt/stack/data/venv/lib/python3.12/site-packages/oslo_config/cfg.py:3253}}
Jul 15 18:22:35 devstack devstack@g-api.service[76759]: DEBUG glance.common.config [None req-a96090e1-bac9-42ee-9b64-6090f340694b None None] database.connection_parameters = {{(pid=76759) log_opt_values /opt/stack/data/venv/lib/python3.12/site-packages/oslo_config/cfg.py:3253}}
Jul 15 18:22:35 devstack devstack@g-api.service[76759]: DEBUG glance.common.config [None req-a96090e1-bac9-42ee-9b64-6090f340694b None None] database.connection_recycle_time = 3600 {{(pid=76759) log_opt_values /opt/stack/data/venv/lib/python3.12/site-packages/oslo_config/cfg.py:3253}}
Jul 15 18:22:35 devstack devstack@g-api.service[76759]: DEBUG glance.common.config [None req-a96090e1-bac9-42ee-9b64-6090f340694b None None] database.connection_trace = False {{(pid=76759) log_opt_values /opt/stack/data/venv/lib/python3.12/site-packages/oslo_config/cfg.py:3253}}
Jul 15 18:22:35 devstack devstack@g-api.service[76759]: DEBUG glance.common.config [None req-a96090e1-bac9-42ee-9b64-6090f340694b None None] database.db_inc_retry_interval = True {{(pid=76759) log_opt_values /opt/stack/data/venv/lib/python3.12/site-packages/oslo_config/cfg.py:3253}}
Jul 15 18:22:35 devstack devstack@g-api.service[76759]: DEBUG glance.common.config [None req-a96090e1-bac9-42ee-9b64-6090f340694b None None] database.db_max_retries = 20 {{(pid=76759) log_opt_values /opt/stack/data/venv/lib/python3.12/site-packages/oslo_config/cfg.py:3253}}
Jul 15 18:22:35 devstack devstack@g-api.service[76759]: DEBUG glance.common.config [None req-a96090e1-bac9-42ee-9b64-6090f340694b None None] database.db_max_retry_interval = 10 {{(pid=76759) log_opt_values /opt/stack/data/venv/lib/python3.12/site-packages/oslo_config/cfg.py:3253}}
Jul 15 18:22:35 devstack devstack@g-api.service[76759]: DEBUG glance.common.config [None req-a96090e1-bac9-42ee-9b64-6090f340694b None None] database.db_retry_interval = 1 {{(pid=76759) log_opt_values /opt/stack/data/venv/lib/python3.12/site-packages/oslo_config/cfg.py:3253}}
Jul 15 18:22:35 devstack devstack@g-api.service[76759]: DEBUG glance.common.config [None req-a96090e1-bac9-42ee-9b64-6090f340694b None None] database.max_overflow = 50 {{(pid=76759) log_opt_values /opt/stack/data/venv/lib/python3.12/site-packages/oslo_config/cfg.py:3253}}
Jul 15 18:22:35 devstack devstack@g-api.service[76759]: DEBUG glance.common.config [None req-a96090e1-bac9-42ee-9b64-6090f340694b None None] database.max_pool_size = 5 {{(pid=76759) log_opt_values /opt/stack/data/venv/lib/python3.12/site-packages/oslo_config/cfg.py:3253}}
Jul 15 18:22:35 devstack devstack@g-api.service[76759]: DEBUG glance.common.config [None req-a96090e1-bac9-42ee-9b64-6090f340694b None None] database.max_retries = 10 {{(pid=76759) log_opt_values /opt/stack/data/venv/lib/python3.12/site-packages/oslo_config/cfg.py:3253}}
Jul 15 18:22:35 devstack devstack@g-api.service[76759]: DEBUG glance.common.config [None req-a96090e1-bac9-42ee-9b64-6090f340694b None None] database.mysql_sql_mode = TRADITIONAL {{(pid=76759) log_opt_values /opt/stack/data/venv/lib/python3.12/site-packages/oslo_config/cfg.py:3253}}
Jul 15 18:22:35 devstack devstack@g-api.service[76759]: DEBUG glance.common.config [None req-a96090e1-bac9-42ee-9b64-6090f340694b None None] database.mysql_wsrep_sync_wait = None {{(pid=76759) log_opt_values /opt/stack/data/venv/lib/python3.12/site-packages/oslo_config/cfg.py:3253}}
Jul 15 18:22:35 devstack devstack@g-api.service[76759]: DEBUG glance.common.config [None req-a96090e1-bac9-42ee-9b64-6090f340694b None None] database.pool_timeout = None {{(pid=76759) log_opt_values /opt/stack/data/venv/lib/python3.12/site-packages/oslo_config/cfg.py:3253}}
Jul 15 18:22:35 devstack devstack@g-api.service[76759]: DEBUG glance.common.config [None req-a96090e1-bac9-42ee-9b64-6090f340694b None None] database.retry_interval = 10 {{(pid=76759) log_opt_values /opt/stack/data/venv/lib/python3.12/site-packages/oslo_config/cfg.py:3253}}
Jul 15 18:22:35 devstack devstack@g-api.service[76759]: DEBUG glance.common.config [None req-a96090e1-bac9-42ee-9b64-6090f340694b None None] database.slave_connection = **** {{(pid=76759) log_opt_values /opt/stack/data/venv/lib/python3.12/site-packages/oslo_config/cfg.py:3253}}
Jul 15 18:22:35 devstack devstack@g-api.service[76759]: DEBUG glance.common.config [None req-a96090e1-bac9-42ee-9b64-6090f340694b None None] database.sqlite_synchronous = True {{(pid=76759) log_opt_values /opt/stack/data/venv/lib/python3.12/site-packages/oslo_config/cfg.py:3253}}
Jul 15 18:22:35 devstack devstack@g-api.service[76759]: DEBUG glance.common.config [None req-a96090e1-bac9-42ee-9b64-6090f340694b None None] database.synchronous_reader = True {{(pid=76759) log_opt_values /opt/stack/data/venv/lib/python3.12/site-packages/oslo_config/cfg.py:3253}}
Jul 15 18:22:35 devstack devstack@g-api.service[76759]: DEBUG glance.common.config [None req-a96090e1-bac9-42ee-9b64-6090f340694b None None] database.use_db_reconnect = False {{(pid=76759) log_opt_values /opt/stack/data/venv/lib/python3.12/site-packages/oslo_config/cfg.py:3253}}
Jul 15 18:22:35 devstack devstack@g-api.service[76759]: DEBUG glance.common.config [None req-a96090e1-bac9-42ee-9b64-6090f340694b None None] healthcheck.allowed_source_ranges = [] {{(pid=76759) log_opt_values /opt/stack/data/venv/lib/python3.12/site-packages/oslo_config/cfg.py:3253}}
Jul 15 18:22:35 devstack devstack@g-api.service[76759]: DEBUG glance.common.config [None req-a96090e1-bac9-42ee-9b64-6090f340694b None None] healthcheck.backends = ['disable_by_file'] {{(pid=76759) log_opt_values /opt/stack/data/venv/lib/python3.12/site-packages/oslo_config/cfg.py:3253}}
Jul 15 18:22:35 devstack devstack@g-api.service[76759]: DEBUG glance.common.config [None req-a96090e1-bac9-42ee-9b64-6090f340694b None None] healthcheck.detailed = False {{(pid=76759) log_opt_values /opt/stack/data/venv/lib/python3.12/site-packages/oslo_config/cfg.py:3253}}
Jul 15 18:22:35 devstack devstack@g-api.service[76759]: DEBUG glance.common.config [None req-a96090e1-bac9-42ee-9b64-6090f340694b None None] healthcheck.disable_by_file_path = None {{(pid=76759) log_opt_values /opt/stack/data/venv/lib/python3.12/site-packages/oslo_config/cfg.py:3253}}
Jul 15 18:22:35 devstack devstack@g-api.service[76759]: DEBUG glance.common.config [None req-a96090e1-bac9-42ee-9b64-6090f340694b None None] healthcheck.ignore_proxied_requests = False {{(pid=76759) log_opt_values /opt/stack/data/venv/lib/python3.12/site-packages/oslo_config/cfg.py:3253}}
Jul 15 18:22:35 devstack devstack@g-api.service[76759]: DEBUG glance.common.config [None req-a96090e1-bac9-42ee-9b64-6090f340694b None None] ******************************************************************************** {{(pid=76759) log_opt_values /opt/stack/data/venv/lib/python3.12/site-packages/oslo_config/cfg.py:3260}}
Jul 15 18:22:35 devstack devstack@g-api.service[76759]: WSGI app 0 (mountpoint='') ready in 5 seconds on interpreter 0x76904faa4668 pid: 76759 (default app)
Jul 15 18:22:39 devstack devstack@g-api.service[76758]: DEBUG glance.api.middleware.version_negotiation [None req-3e8b8dfc-0c87-4eb3-ab84-701bc1d75dbf None None] Determining version of request: GET / Accept: application/json {{(pid=76758) process_request /opt/stack/glance/glance/api/middleware/version_negotiation.py:44}}
Jul 15 18:22:39 devstack devstack@g-api.service[76758]: DEBUG glance.api.middleware.version_negotiation [None req-3e8b8dfc-0c87-4eb3-ab84-701bc1d75dbf None None] Using url versioning {{(pid=76758) process_request /opt/stack/glance/glance/api/middleware/version_negotiation.py:57}}
Jul 15 18:22:39 devstack devstack@g-api.service[76758]: DEBUG glance.api.middleware.version_negotiation [None req-3e8b8dfc-0c87-4eb3-ab84-701bc1d75dbf None None] Unknown version. Returning version choices. {{(pid=76758) process_request /opt/stack/glance/glance/api/middleware/version_negotiation.py:64}}
Jul 15 18:22:39 devstack devstack@g-api.service[76758]: [pid: 76758|app: 0|req: 2/2] 127.0.0.1 () {34 vars in 519 bytes} [Wed Jul 15 18:22:39 2026] GET / => generated 1571 bytes in 4 msecs (HTTP/1.1 300) 3 headers in 106 bytes (1 switches on core 0)
Jul 15 18:22:39 devstack devstack@g-api.service[76759]: DEBUG glance.api.middleware.version_negotiation [None req-a96090e1-bac9-42ee-9b64-6090f340694b None None] Determining version of request: POST /v2/images Accept: */* {{(pid=76759) process_request /opt/stack/glance/glance/api/middleware/version_negotiation.py:44}}
Jul 15 18:22:39 devstack devstack@g-api.service[76759]: DEBUG glance.api.middleware.version_negotiation [None req-a96090e1-bac9-42ee-9b64-6090f340694b None None] Using url versioning {{(pid=76759) process_request /opt/stack/glance/glance/api/middleware/version_negotiation.py:57}}
Jul 15 18:22:39 devstack devstack@g-api.service[76759]: DEBUG glance.api.middleware.version_negotiation [None req-a96090e1-bac9-42ee-9b64-6090f340694b None None] Matched version: v2 {{(pid=76759) process_request /opt/stack/glance/glance/api/middleware/version_negotiation.py:69}}
Jul 15 18:22:39 devstack devstack@g-api.service[76759]: DEBUG glance.api.middleware.version_negotiation [None req-a96090e1-bac9-42ee-9b64-6090f340694b None None] new path /v2/images {{(pid=76759) process_request /opt/stack/glance/glance/api/middleware/version_negotiation.py:70}}
Jul 15 18:22:40 devstack devstack@g-api.service[76759]: [pid: 76759|app: 0|req: 1/3] 127.0.0.1 () {40 vars in 782 bytes} [Wed Jul 15 18:22:39 2026] POST /v2/images => generated 807 bytes in 1299 msecs (HTTP/1.1 201) 6 headers in 314 bytes (1 switches on core 0)
Jul 15 18:22:40 devstack devstack@g-api.service[76758]: DEBUG glance.api.middleware.version_negotiation [None req-3e8b8dfc-0c87-4eb3-ab84-701bc1d75dbf None None] Determining version of request: PUT /v2/images/58cd658a-6d16-40ff-85de-7b9a03ec1256/file Accept: {{(pid=76758) process_request /opt/stack/glance/glance/api/middleware/version_negotiation.py:44}}
Jul 15 18:22:40 devstack devstack@g-api.service[76758]: DEBUG glance.api.middleware.version_negotiation [None req-3e8b8dfc-0c87-4eb3-ab84-701bc1d75dbf None None] Using url versioning {{(pid=76758) process_request /opt/stack/glance/glance/api/middleware/version_negotiation.py:57}}
Jul 15 18:22:40 devstack devstack@g-api.service[76758]: DEBUG glance.api.middleware.version_negotiation [None req-3e8b8dfc-0c87-4eb3-ab84-701bc1d75dbf None None] Matched version: v2 {{(pid=76758) process_request /opt/stack/glance/glance/api/middleware/version_negotiation.py:69}}
Jul 15 18:22:40 devstack devstack@g-api.service[76758]: DEBUG glance.api.middleware.version_negotiation [None req-3e8b8dfc-0c87-4eb3-ab84-701bc1d75dbf None None] new path /v2/images/58cd658a-6d16-40ff-85de-7b9a03ec1256/file {{(pid=76758) process_request /opt/stack/glance/glance/api/middleware/version_negotiation.py:70}}
Jul 15 18:22:41 devstack devstack@g-api.service[76758]: INFO glance.api.v2.image_data [None req-c1a5041e-cb25-4415-8008-9cd87df018c2 admin admin] Unable to create trust: no such option collect_timing in group [keystone_authtoken] Use the existing user token.
Jul 15 18:22:42 devstack devstack@g-api.service[76758]: DEBUG glance.location [None req-c1a5041e-cb25-4415-8008-9cd87df018c2 admin admin] Enabling in-flight format inspection for qcow2 {{(pid=76758) set_data /opt/stack/glance/glance/location.py:596}}
Jul 15 18:22:42 devstack devstack@g-api.service[76758]: DEBUG oslo_utils.imageutils.format_inspector [None req-c1a5041e-cb25-4415-8008-9cd87df018c2 admin admin] Format inspector for vmdk does not match, excluding from consideration (Signature KDMV not found: b'QFI\xfb') {{(pid=76758) _process_chunk /opt/stack/data/venv/lib/python3.12/site-packages/oslo_utils/imageutils/format_inspector.py:1758}}
Jul 15 18:22:42 devstack devstack@g-api.service[76758]: DEBUG oslo_utils.imageutils.format_inspector [None req-c1a5041e-cb25-4415-8008-9cd87df018c2 admin admin] Format inspector for vhdx does not match, excluding from consideration (Region signature not found at 30000) {{(pid=76758) _process_chunk /opt/stack/data/venv/lib/python3.12/site-packages/oslo_utils/imageutils/format_inspector.py:1758}}
Jul 15 18:22:42 devstack devstack@g-api.service[76758]: DEBUG glance_store._drivers.filesystem [None req-c1a5041e-cb25-4415-8008-9cd87df018c2 admin admin] Wrote 21692416 bytes to /opt/stack/data/glance/images/58cd658a-6d16-40ff-85de-7b9a03ec1256 with checksum 87617e24a5e30cb3b87fda8c0764838f and multihash 9a9bce0083a00939ec17c11febbfc767aa211aaa54f51e75c5a8b271a9b5637c77205a518b7a2007cb391d23cceb01e0e4e8d64832317151bc85b734b92a7be0 {{(pid=76758) add /opt/stack/data/venv/lib/python3.12/site-packages/glance_store/_drivers/filesystem.py:899}}
Jul 15 18:22:42 devstack devstack@g-api.service[76758]: INFO glance.location [None req-c1a5041e-cb25-4415-8008-9cd87df018c2 admin admin] Image format matched and virtual size computed: 117440512
Jul 15 18:22:42 devstack devstack@g-api.service[76758]: DEBUG glance_store.backend [None req-c1a5041e-cb25-4415-8008-9cd87df018c2 admin admin] Skipping store.set_acls... not implemented. {{(pid=76758) set_acls /opt/stack/data/venv/lib/python3.12/site-packages/glance_store/backend.py:507}}
Jul 15 18:22:42 devstack devstack@g-api.service[76758]: [pid: 76758|app: 0|req: 3/4] 127.0.0.1 () {40 vars in 875 bytes} [Wed Jul 15 18:22:40 2026] PUT /v2/images/58cd658a-6d16-40ff-85de-7b9a03ec1256/file => generated 0 bytes in 1828 msecs (HTTP/1.1 204) 4 headers in 171 bytes (1 switches on core 0)
Jul 15 18:22:42 devstack devstack@g-api.service[76759]: DEBUG glance.api.middleware.version_negotiation [None req-8163ecab-d7dd-4ab8-b0d4-f97b78e67f64 admin admin] Determining version of request: GET /v2/images/58cd658a-6d16-40ff-85de-7b9a03ec1256 Accept: */* {{(pid=76759) process_request /opt/stack/glance/glance/api/middleware/version_negotiation.py:44}}
Jul 15 18:22:42 devstack devstack@g-api.service[76759]: DEBUG glance.api.middleware.version_negotiation [None req-8163ecab-d7dd-4ab8-b0d4-f97b78e67f64 admin admin] Using url versioning {{(pid=76759) process_request /opt/stack/glance/glance/api/middleware/version_negotiation.py:57}}
Jul 15 18:22:42 devstack devstack@g-api.service[76759]: DEBUG glance.api.middleware.version_negotiation [None req-8163ecab-d7dd-4ab8-b0d4-f97b78e67f64 admin admin] Matched version: v2 {{(pid=76759) process_request /opt/stack/glance/glance/api/middleware/version_negotiation.py:69}}
Jul 15 18:22:42 devstack devstack@g-api.service[76759]: DEBUG glance.api.middleware.version_negotiation [None req-8163ecab-d7dd-4ab8-b0d4-f97b78e67f64 admin admin] new path /v2/images/58cd658a-6d16-40ff-85de-7b9a03ec1256 {{(pid=76759) process_request /opt/stack/glance/glance/api/middleware/version_negotiation.py:70}}
Jul 15 18:22:42 devstack devstack@g-api.service[76759]: [pid: 76759|app: 0|req: 2/5] 127.0.0.1 () {36 vars in 802 bytes} [Wed Jul 15 18:22:42 2026] GET /v2/images/58cd658a-6d16-40ff-85de-7b9a03ec1256 => generated 976 bytes in 21 msecs (HTTP/1.1 200) 4 headers in 157 bytes (1 switches on core 0)
Jul 15 18:22:52 devstack devstack@g-api.service[76758]: DEBUG dbcounter [-] [76758] Writing DB stats glance:INSERT=5,glance:SELECT=16,glance:UPDATE=2 {{(pid=76758) stat_writer /opt/stack/data/venv/lib/python3.12/site-packages/dbcounter.py:115}}
Jul 15 18:22:52 devstack devstack@g-api.service[76759]: DEBUG dbcounter [-] [76759] Writing DB stats glance:INSERT=9,glance:SELECT=6 {{(pid=76759) stat_writer /opt/stack/data/venv/lib/python3.12/site-packages/dbcounter.py:115}}
Jul 15 18:23:30 devstack devstack@g-api.service[76758]: DEBUG glance.api.middleware.version_negotiation [None req-c1a5041e-cb25-4415-8008-9cd87df018c2 admin admin] Determining version of request: GET / Accept: application/json {{(pid=76758) process_request /opt/stack/glance/glance/api/middleware/version_negotiation.py:44}}
Jul 15 18:23:30 devstack devstack@g-api.service[76758]: DEBUG glance.api.middleware.version_negotiation [None req-c1a5041e-cb25-4415-8008-9cd87df018c2 admin admin] Using url versioning {{(pid=76758) process_request /opt/stack/glance/glance/api/middleware/version_negotiation.py:57}}
Jul 15 18:23:30 devstack devstack@g-api.service[76758]: DEBUG glance.api.middleware.version_negotiation [None req-c1a5041e-cb25-4415-8008-9cd87df018c2 admin admin] Unknown version. Returning version choices. {{(pid=76758) process_request /opt/stack/glance/glance/api/middleware/version_negotiation.py:64}}
Jul 15 18:23:30 devstack devstack@g-api.service[76758]: [pid: 76758|app: 0|req: 4/6] 127.0.0.1 () {34 vars in 519 bytes} [Wed Jul 15 18:23:30 2026] GET / => generated 1571 bytes in 4 msecs (HTTP/1.1 300) 3 headers in 106 bytes (1 switches on core 0)
Jul 15 18:23:30 devstack devstack@g-api.service[76759]: DEBUG glance.api.middleware.version_negotiation [None req-3faefbe1-f7a9-4d4d-b838-1b7a2fd3d569 admin admin] Determining version of request: GET /v2/images Accept: application/json {{(pid=76759) process_request /opt/stack/glance/glance/api/middleware/version_negotiation.py:44}}
Jul 15 18:23:30 devstack devstack@g-api.service[76759]: DEBUG glance.api.middleware.version_negotiation [None req-3faefbe1-f7a9-4d4d-b838-1b7a2fd3d569 admin admin] Using url versioning {{(pid=76759) process_request /opt/stack/glance/glance/api/middleware/version_negotiation.py:57}}
Jul 15 18:23:30 devstack devstack@g-api.service[76759]: DEBUG glance.api.middleware.version_negotiation [None req-3faefbe1-f7a9-4d4d-b838-1b7a2fd3d569 admin admin] Matched version: v2 {{(pid=76759) process_request /opt/stack/glance/glance/api/middleware/version_negotiation.py:69}}
Jul 15 18:23:30 devstack devstack@g-api.service[76759]: DEBUG glance.api.middleware.version_negotiation [None req-3faefbe1-f7a9-4d4d-b838-1b7a2fd3d569 admin admin] new path /v2/images {{(pid=76759) process_request /opt/stack/glance/glance/api/middleware/version_negotiation.py:70}}
Jul 15 18:23:30 devstack devstack@g-api.service[76759]: [pid: 76759|app: 0|req: 3/7] 127.0.0.1 () {36 vars in 741 bytes} [Wed Jul 15 18:23:30 2026] GET /v2/images => generated 1045 bytes in 86 msecs (HTTP/1.1 200) 4 headers in 158 bytes (1 switches on core 0)
Jul 15 18:23:40 devstack devstack@g-api.service[76759]: DEBUG dbcounter [-] [76759] Writing DB stats glance:SELECT=1 {{(pid=76759) stat_writer /opt/stack/data/venv/lib/python3.12/site-packages/dbcounter.py:115}}
Jul 15 18:23:40 devstack devstack@g-api.service[76758]: DEBUG glance.api.middleware.version_negotiation [None req-c1a5041e-cb25-4415-8008-9cd87df018c2 admin admin] Determining version of request: GET / Accept: application/json {{(pid=76758) process_request /opt/stack/glance/glance/api/middleware/version_negotiation.py:44}}
Jul 15 18:23:40 devstack devstack@g-api.service[76758]: DEBUG glance.api.middleware.version_negotiation [None req-c1a5041e-cb25-4415-8008-9cd87df018c2 admin admin] Using url versioning {{(pid=76758) process_request /opt/stack/glance/glance/api/middleware/version_negotiation.py:57}}
Jul 15 18:23:40 devstack devstack@g-api.service[76758]: DEBUG glance.api.middleware.version_negotiation [None req-c1a5041e-cb25-4415-8008-9cd87df018c2 admin admin] Unknown version. Returning version choices. {{(pid=76758) process_request /opt/stack/glance/glance/api/middleware/version_negotiation.py:64}}
Jul 15 18:23:40 devstack devstack@g-api.service[76758]: [pid: 76758|app: 0|req: 5/8] 127.0.0.1 () {34 vars in 519 bytes} [Wed Jul 15 18:23:40 2026] GET / => generated 1571 bytes in 2 msecs (HTTP/1.1 300) 3 headers in 106 bytes (1 switches on core 0)
Jul 15 18:23:40 devstack devstack@g-api.service[76759]: DEBUG glance.api.middleware.version_negotiation [None req-b6790ea6-8e85-49e2-b48e-468a2493bd3e admin admin] Determining version of request: GET /v2/images/58cd658a-6d16-40ff-85de-7b9a03ec1256 Accept: */* {{(pid=76759) process_request /opt/stack/glance/glance/api/middleware/version_negotiation.py:44}}
Jul 15 18:23:40 devstack devstack@g-api.service[76759]: DEBUG glance.api.middleware.version_negotiation [None req-b6790ea6-8e85-49e2-b48e-468a2493bd3e admin admin] Using url versioning {{(pid=76759) process_request /opt/stack/glance/glance/api/middleware/version_negotiation.py:57}}
Jul 15 18:23:40 devstack devstack@g-api.service[76759]: DEBUG glance.api.middleware.version_negotiation [None req-b6790ea6-8e85-49e2-b48e-468a2493bd3e admin admin] Matched version: v2 {{(pid=76759) process_request /opt/stack/glance/glance/api/middleware/version_negotiation.py:69}}
Jul 15 18:23:40 devstack devstack@g-api.service[76759]: DEBUG glance.api.middleware.version_negotiation [None req-b6790ea6-8e85-49e2-b48e-468a2493bd3e admin admin] new path /v2/images/58cd658a-6d16-40ff-85de-7b9a03ec1256 {{(pid=76759) process_request /opt/stack/glance/glance/api/middleware/version_negotiation.py:70}}
Jul 15 18:23:40 devstack devstack@g-api.service[76759]: [pid: 76759|app: 0|req: 4/9] 127.0.0.1 () {36 vars in 802 bytes} [Wed Jul 15 18:23:40 2026] GET /v2/images/58cd658a-6d16-40ff-85de-7b9a03ec1256 => generated 976 bytes in 68 msecs (HTTP/1.1 200) 4 headers in 157 bytes (1 switches on core 0)
Jul 15 18:23:47 devstack devstack@g-api.service[76758]: DEBUG glance.api.middleware.version_negotiation [None req-c1a5041e-cb25-4415-8008-9cd87df018c2 admin admin] Determining version of request: GET / Accept: application/json {{(pid=76758) process_request /opt/stack/glance/glance/api/middleware/version_negotiation.py:44}}
Jul 15 18:23:47 devstack devstack@g-api.service[76758]: DEBUG glance.api.middleware.version_negotiation [None req-c1a5041e-cb25-4415-8008-9cd87df018c2 admin admin] Using url versioning {{(pid=76758) process_request /opt/stack/glance/glance/api/middleware/version_negotiation.py:57}}
Jul 15 18:23:47 devstack devstack@g-api.service[76758]: DEBUG glance.api.middleware.version_negotiation [None req-c1a5041e-cb25-4415-8008-9cd87df018c2 admin admin] Unknown version. Returning version choices. {{(pid=76758) process_request /opt/stack/glance/glance/api/middleware/version_negotiation.py:64}}
Jul 15 18:23:47 devstack devstack@g-api.service[76758]: [pid: 76758|app: 0|req: 6/10] 127.0.0.1 () {34 vars in 519 bytes} [Wed Jul 15 18:23:47 2026] GET / => generated 1571 bytes in 2 msecs (HTTP/1.1 300) 3 headers in 106 bytes (1 switches on core 0)
Jul 15 18:23:47 devstack devstack@g-api.service[76759]: DEBUG glance.api.middleware.version_negotiation [None req-2199fbef-99b7-4b0c-b805-6d57b2d5dd43 admin admin] Determining version of request: GET /v2/images/58cd658a-6d16-40ff-85de-7b9a03ec1256 Accept: */* {{(pid=76759) process_request /opt/stack/glance/glance/api/middleware/version_negotiation.py:44}}
Jul 15 18:23:47 devstack devstack@g-api.service[76759]: DEBUG glance.api.middleware.version_negotiation [None req-2199fbef-99b7-4b0c-b805-6d57b2d5dd43 admin admin] Using url versioning {{(pid=76759) process_request /opt/stack/glance/glance/api/middleware/version_negotiation.py:57}}
Jul 15 18:23:47 devstack devstack@g-api.service[76759]: DEBUG glance.api.middleware.version_negotiation [None req-2199fbef-99b7-4b0c-b805-6d57b2d5dd43 admin admin] Matched version: v2 {{(pid=76759) process_request /opt/stack/glance/glance/api/middleware/version_negotiation.py:69}}
Jul 15 18:23:47 devstack devstack@g-api.service[76759]: DEBUG glance.api.middleware.version_negotiation [None req-2199fbef-99b7-4b0c-b805-6d57b2d5dd43 admin admin] new path /v2/images/58cd658a-6d16-40ff-85de-7b9a03ec1256 {{(pid=76759) process_request /opt/stack/glance/glance/api/middleware/version_negotiation.py:70}}
Jul 15 18:23:47 devstack devstack@g-api.service[76759]: [pid: 76759|app: 0|req: 5/11] 127.0.0.1 () {36 vars in 802 bytes} [Wed Jul 15 18:23:47 2026] GET /v2/images/58cd658a-6d16-40ff-85de-7b9a03ec1256 => generated 976 bytes in 81 msecs (HTTP/1.1 200) 4 headers in 157 bytes (1 switches on core 0)
Jul 15 18:23:57 devstack devstack@g-api.service[76759]: DEBUG dbcounter [-] [76759] Writing DB stats glance:SELECT=4 {{(pid=76759) stat_writer /opt/stack/data/venv/lib/python3.12/site-packages/dbcounter.py:115}}
Jul 15 18:25:03 devstack devstack@g-api.service[76758]: DEBUG glance.api.middleware.version_negotiation [None req-c1a5041e-cb25-4415-8008-9cd87df018c2 admin admin] Determining version of request: GET / Accept: application/json {{(pid=76758) process_request /opt/stack/glance/glance/api/middleware/version_negotiation.py:44}}
Jul 15 18:25:03 devstack devstack@g-api.service[76758]: DEBUG glance.api.middleware.version_negotiation [None req-c1a5041e-cb25-4415-8008-9cd87df018c2 admin admin] Using url versioning {{(pid=76758) process_request /opt/stack/glance/glance/api/middleware/version_negotiation.py:57}}
Jul 15 18:25:03 devstack devstack@g-api.service[76758]: DEBUG glance.api.middleware.version_negotiation [None req-c1a5041e-cb25-4415-8008-9cd87df018c2 admin admin] Unknown version. Returning version choices. {{(pid=76758) process_request /opt/stack/glance/glance/api/middleware/version_negotiation.py:64}}
Jul 15 18:25:03 devstack devstack@g-api.service[76758]: [pid: 76758|app: 0|req: 7/12] 127.0.0.1 () {36 vars in 488 bytes} [Wed Jul 15 18:25:03 2026] GET / => generated 1571 bytes in 3 msecs (HTTP/1.1 300) 3 headers in 106 bytes (1 switches on core 0)
Jul 15 18:29:18 devstack devstack@g-api.service[76759]: DEBUG glance.api.middleware.version_negotiation [None req-74a1c2d9-600b-4af7-83b1-0dcf282bd403 admin admin] Determining version of request: GET / Accept: application/json {{(pid=76759) process_request /opt/stack/glance/glance/api/middleware/version_negotiation.py:44}}
Jul 15 18:29:18 devstack devstack@g-api.service[76759]: DEBUG glance.api.middleware.version_negotiation [None req-74a1c2d9-600b-4af7-83b1-0dcf282bd403 admin admin] Using url versioning {{(pid=76759) process_request /opt/stack/glance/glance/api/middleware/version_negotiation.py:57}}
Jul 15 18:29:18 devstack devstack@g-api.service[76759]: DEBUG glance.api.middleware.version_negotiation [None req-74a1c2d9-600b-4af7-83b1-0dcf282bd403 admin admin] Unknown version. Returning version choices. {{(pid=76759) process_request /opt/stack/glance/glance/api/middleware/version_negotiation.py:64}}
Jul 15 18:29:18 devstack devstack@g-api.service[76759]: [pid: 76759|app: 0|req: 6/13] 127.0.0.1 () {34 vars in 505 bytes} [Wed Jul 15 18:29:18 2026] GET / => generated 1571 bytes in 10 msecs (HTTP/1.1 300) 3 headers in 106 bytes (1 switches on core 0)
Jul 15 18:29:18 devstack devstack@g-api.service[76758]: DEBUG glance.api.middleware.version_negotiation [None req-c1a5041e-cb25-4415-8008-9cd87df018c2 admin admin] Determining version of request: GET /v2/images/58cd658a-6d16-40ff-85de-7b9a03ec1256 Accept: */* {{(pid=76758) process_request /opt/stack/glance/glance/api/middleware/version_negotiation.py:44}}
Jul 15 18:29:18 devstack devstack@g-api.service[76758]: DEBUG glance.api.middleware.version_negotiation [None req-c1a5041e-cb25-4415-8008-9cd87df018c2 admin admin] Using url versioning {{(pid=76758) process_request /opt/stack/glance/glance/api/middleware/version_negotiation.py:57}}
Jul 15 18:29:18 devstack devstack@g-api.service[76758]: DEBUG glance.api.middleware.version_negotiation [None req-c1a5041e-cb25-4415-8008-9cd87df018c2 admin admin] Matched version: v2 {{(pid=76758) process_request /opt/stack/glance/glance/api/middleware/version_negotiation.py:69}}
Jul 15 18:29:18 devstack devstack@g-api.service[76758]: DEBUG glance.api.middleware.version_negotiation [None req-c1a5041e-cb25-4415-8008-9cd87df018c2 admin admin] new path /v2/images/58cd658a-6d16-40ff-85de-7b9a03ec1256 {{(pid=76758) process_request /opt/stack/glance/glance/api/middleware/version_negotiation.py:70}}
Jul 15 18:29:18 devstack devstack@g-api.service[76758]: [pid: 76758|app: 0|req: 8/14] 127.0.0.1 () {42 vars in 1061 bytes} [Wed Jul 15 18:29:18 2026] GET /v2/images/58cd658a-6d16-40ff-85de-7b9a03ec1256 => generated 976 bytes in 298 msecs (HTTP/1.1 200) 4 headers in 157 bytes (1 switches on core 0)
Jul 15 18:29:18 devstack devstack@g-api.service[76759]: DEBUG glance.api.middleware.version_negotiation [None req-74a1c2d9-600b-4af7-83b1-0dcf282bd403 admin admin] Determining version of request: GET /v2/schemas/image Accept: */* {{(pid=76759) process_request /opt/stack/glance/glance/api/middleware/version_negotiation.py:44}}
Jul 15 18:29:18 devstack devstack@g-api.service[76759]: DEBUG glance.api.middleware.version_negotiation [None req-74a1c2d9-600b-4af7-83b1-0dcf282bd403 admin admin] Using url versioning {{(pid=76759) process_request /opt/stack/glance/glance/api/middleware/version_negotiation.py:57}}
Jul 15 18:29:18 devstack devstack@g-api.service[76759]: DEBUG glance.api.middleware.version_negotiation [None req-74a1c2d9-600b-4af7-83b1-0dcf282bd403 admin admin] Matched version: v2 {{(pid=76759) process_request /opt/stack/glance/glance/api/middleware/version_negotiation.py:69}}
Jul 15 18:29:18 devstack devstack@g-api.service[76759]: DEBUG glance.api.middleware.version_negotiation [None req-74a1c2d9-600b-4af7-83b1-0dcf282bd403 admin admin] new path /v2/schemas/image {{(pid=76759) process_request /opt/stack/glance/glance/api/middleware/version_negotiation.py:70}}
Jul 15 18:29:18 devstack devstack@g-api.service[76759]: [pid: 76759|app: 0|req: 7/15] 127.0.0.1 () {42 vars in 1001 bytes} [Wed Jul 15 18:29:18 2026] GET /v2/schemas/image => generated 6083 bytes in 11 msecs (HTTP/1.1 200) 4 headers in 158 bytes (1 switches on core 0)
Jul 15 18:29:22 devstack devstack@g-api.service[76758]: DEBUG glance.api.middleware.version_negotiation [None req-a7b4c54e-e898-4a10-82ce-05d140814e34 tempest-ServersNegativeTestJSON-1048622270 tempest-ServersNegativeTestJSON-1048622270-project-member] Determining version of request: GET / Accept: application/json {{(pid=76758) process_request /opt/stack/glance/glance/api/middleware/version_negotiation.py:44}}
Jul 15 18:29:22 devstack devstack@g-api.service[76758]: DEBUG glance.api.middleware.version_negotiation [None req-a7b4c54e-e898-4a10-82ce-05d140814e34 tempest-ServersNegativeTestJSON-1048622270 tempest-ServersNegativeTestJSON-1048622270-project-member] Using url versioning {{(pid=76758) process_request /opt/stack/glance/glance/api/middleware/version_negotiation.py:57}}
Jul 15 18:29:22 devstack devstack@g-api.service[76758]: DEBUG glance.api.middleware.version_negotiation [None req-a7b4c54e-e898-4a10-82ce-05d140814e34 tempest-ServersNegativeTestJSON-1048622270 tempest-ServersNegativeTestJSON-1048622270-project-member] Unknown version. Returning version choices. {{(pid=76758) process_request /opt/stack/glance/glance/api/middleware/version_negotiation.py:64}}
Jul 15 18:29:22 devstack devstack@g-api.service[76758]: [pid: 76758|app: 0|req: 9/16] 127.0.0.1 () {34 vars in 505 bytes} [Wed Jul 15 18:29:22 2026] GET / => generated 1571 bytes in 2 msecs (HTTP/1.1 300) 3 headers in 106 bytes (1 switches on core 0)
Jul 15 18:29:22 devstack devstack@g-api.service[76759]: DEBUG glance.api.middleware.version_negotiation [None req-a7b4c54e-e898-4a10-82ce-05d140814e34 tempest-ServersNegativeTestJSON-1048622270 tempest-ServersNegativeTestJSON-1048622270-project-member] Determining version of request: GET /v2/images/58cd658a-6d16-40ff-85de-7b9a03ec1256 Accept: */* {{(pid=76759) process_request /opt/stack/glance/glance/api/middleware/version_negotiation.py:44}}
Jul 15 18:29:22 devstack devstack@g-api.service[76759]: DEBUG glance.api.middleware.version_negotiation [None req-a7b4c54e-e898-4a10-82ce-05d140814e34 tempest-ServersNegativeTestJSON-1048622270 tempest-ServersNegativeTestJSON-1048622270-project-member] Using url versioning {{(pid=76759) process_request /opt/stack/glance/glance/api/middleware/version_negotiation.py:57}}
Jul 15 18:29:22 devstack devstack@g-api.service[76759]: DEBUG glance.api.middleware.version_negotiation [None req-a7b4c54e-e898-4a10-82ce-05d140814e34 tempest-ServersNegativeTestJSON-1048622270 tempest-ServersNegativeTestJSON-1048622270-project-member] Matched version: v2 {{(pid=76759) process_request /opt/stack/glance/glance/api/middleware/version_negotiation.py:69}}
Jul 15 18:29:22 devstack devstack@g-api.service[76759]: DEBUG glance.api.middleware.version_negotiation [None req-a7b4c54e-e898-4a10-82ce-05d140814e34 tempest-ServersNegativeTestJSON-1048622270 tempest-ServersNegativeTestJSON-1048622270-project-member] new path /v2/images/58cd658a-6d16-40ff-85de-7b9a03ec1256 {{(pid=76759) process_request /opt/stack/glance/glance/api/middleware/version_negotiation.py:70}}
Jul 15 18:29:22 devstack devstack@g-api.service[76759]: [pid: 76759|app: 0|req: 8/17] 127.0.0.1 () {42 vars in 1061 bytes} [Wed Jul 15 18:29:22 2026] GET /v2/images/58cd658a-6d16-40ff-85de-7b9a03ec1256 => generated 976 bytes in 146 msecs (HTTP/1.1 200) 4 headers in 157 bytes (1 switches on core 0)
Jul 15 18:29:22 devstack devstack@g-api.service[76758]: DEBUG glance.api.middleware.version_negotiation [None req-a7b4c54e-e898-4a10-82ce-05d140814e34 tempest-ServersNegativeTestJSON-1048622270 tempest-ServersNegativeTestJSON-1048622270-project-member] Determining version of request: GET /v2/schemas/image Accept: */* {{(pid=76758) process_request /opt/stack/glance/glance/api/middleware/version_negotiation.py:44}}
Jul 15 18:29:22 devstack devstack@g-api.service[76758]: DEBUG glance.api.middleware.version_negotiation [None req-a7b4c54e-e898-4a10-82ce-05d140814e34 tempest-ServersNegativeTestJSON-1048622270 tempest-ServersNegativeTestJSON-1048622270-project-member] Using url versioning {{(pid=76758) process_request /opt/stack/glance/glance/api/middleware/version_negotiation.py:57}}
Jul 15 18:29:22 devstack devstack@g-api.service[76758]: DEBUG glance.api.middleware.version_negotiation [None req-a7b4c54e-e898-4a10-82ce-05d140814e34 tempest-ServersNegativeTestJSON-1048622270 tempest-ServersNegativeTestJSON-1048622270-project-member] Matched version: v2 {{(pid=76758) process_request /opt/stack/glance/glance/api/middleware/version_negotiation.py:69}}
Jul 15 18:29:22 devstack devstack@g-api.service[76758]: DEBUG glance.api.middleware.version_negotiation [None req-a7b4c54e-e898-4a10-82ce-05d140814e34 tempest-ServersNegativeTestJSON-1048622270 tempest-ServersNegativeTestJSON-1048622270-project-member] new path /v2/schemas/image {{(pid=76758) process_request /opt/stack/glance/glance/api/middleware/version_negotiation.py:70}}
Jul 15 18:29:22 devstack devstack@g-api.service[76758]: [pid: 76758|app: 0|req: 10/18] 127.0.0.1 () {42 vars in 1001 bytes} [Wed Jul 15 18:29:22 2026] GET /v2/schemas/image => generated 6083 bytes in 10 msecs (HTTP/1.1 200) 4 headers in 158 bytes (1 switches on core 0)
Jul 15 18:29:28 devstack devstack@g-api.service[76758]: DEBUG dbcounter [-] [76758] Writing DB stats glance:SELECT=2 {{(pid=76758) stat_writer /opt/stack/data/venv/lib/python3.12/site-packages/dbcounter.py:115}}
Jul 15 18:29:32 devstack devstack@g-api.service[76759]: DEBUG dbcounter [-] [76759] Writing DB stats glance:SELECT=2 {{(pid=76759) stat_writer /opt/stack/data/venv/lib/python3.12/site-packages/dbcounter.py:115}}
Jul 15 18:29:34 devstack devstack@g-api.service[76759]: DEBUG glance.api.middleware.version_negotiation [None req-4583e6f2-fabe-4144-a3b0-9b08b5b220b2 tempest-ServerActionsTestOtherA-2063533124 tempest-ServerActionsTestOtherA-2063533124-project-member] Determining version of request: GET /v2/images/58cd658a-6d16-40ff-85de-7b9a03ec1256 Accept: */* {{(pid=76759) process_request /opt/stack/glance/glance/api/middleware/version_negotiation.py:44}}
Jul 15 18:29:34 devstack devstack@g-api.service[76759]: DEBUG glance.api.middleware.version_negotiation [None req-4583e6f2-fabe-4144-a3b0-9b08b5b220b2 tempest-ServerActionsTestOtherA-2063533124 tempest-ServerActionsTestOtherA-2063533124-project-member] Using url versioning {{(pid=76759) process_request /opt/stack/glance/glance/api/middleware/version_negotiation.py:57}}
Jul 15 18:29:34 devstack devstack@g-api.service[76759]: DEBUG glance.api.middleware.version_negotiation [None req-4583e6f2-fabe-4144-a3b0-9b08b5b220b2 tempest-ServerActionsTestOtherA-2063533124 tempest-ServerActionsTestOtherA-2063533124-project-member] Matched version: v2 {{(pid=76759) process_request /opt/stack/glance/glance/api/middleware/version_negotiation.py:69}}
Jul 15 18:29:34 devstack devstack@g-api.service[76759]: DEBUG glance.api.middleware.version_negotiation [None req-4583e6f2-fabe-4144-a3b0-9b08b5b220b2 tempest-ServerActionsTestOtherA-2063533124 tempest-ServerActionsTestOtherA-2063533124-project-member] new path /v2/images/58cd658a-6d16-40ff-85de-7b9a03ec1256 {{(pid=76759) process_request /opt/stack/glance/glance/api/middleware/version_negotiation.py:70}}
Jul 15 18:29:35 devstack devstack@g-api.service[76759]: [pid: 76759|app: 0|req: 9/19] 127.0.0.1 () {42 vars in 1061 bytes} [Wed Jul 15 18:29:34 2026] GET /v2/images/58cd658a-6d16-40ff-85de-7b9a03ec1256 => generated 976 bytes in 278 msecs (HTTP/1.1 200) 4 headers in 157 bytes (1 switches on core 0)
Jul 15 18:29:35 devstack devstack@g-api.service[76758]: DEBUG glance.api.middleware.version_negotiation [None req-4583e6f2-fabe-4144-a3b0-9b08b5b220b2 tempest-ServerActionsTestOtherA-2063533124 tempest-ServerActionsTestOtherA-2063533124-project-member] Determining version of request: GET /v2/images/58cd658a-6d16-40ff-85de-7b9a03ec1256/file Accept: */* {{(pid=76758) process_request /opt/stack/glance/glance/api/middleware/version_negotiation.py:44}}
Jul 15 18:29:35 devstack devstack@g-api.service[76758]: DEBUG glance.api.middleware.version_negotiation [None req-4583e6f2-fabe-4144-a3b0-9b08b5b220b2 tempest-ServerActionsTestOtherA-2063533124 tempest-ServerActionsTestOtherA-2063533124-project-member] Using url versioning {{(pid=76758) process_request /opt/stack/glance/glance/api/middleware/version_negotiation.py:57}}
Jul 15 18:29:35 devstack devstack@g-api.service[76758]: DEBUG glance.api.middleware.version_negotiation [None req-4583e6f2-fabe-4144-a3b0-9b08b5b220b2 tempest-ServerActionsTestOtherA-2063533124 tempest-ServerActionsTestOtherA-2063533124-project-member] Matched version: v2 {{(pid=76758) process_request /opt/stack/glance/glance/api/middleware/version_negotiation.py:69}}
Jul 15 18:29:35 devstack devstack@g-api.service[76758]: DEBUG glance.api.middleware.version_negotiation [None req-4583e6f2-fabe-4144-a3b0-9b08b5b220b2 tempest-ServerActionsTestOtherA-2063533124 tempest-ServerActionsTestOtherA-2063533124-project-member] new path /v2/images/58cd658a-6d16-40ff-85de-7b9a03ec1256/file {{(pid=76758) process_request /opt/stack/glance/glance/api/middleware/version_negotiation.py:70}}
Jul 15 18:29:35 devstack devstack@g-api.service[76758]: DEBUG glance_store._drivers.filesystem [None req-a7b4c54e-e898-4a10-82ce-05d140814e34 tempest-ServersNegativeTestJSON-1048622270 tempest-ServersNegativeTestJSON-1048622270-project-member] Found image at /opt/stack/data/glance/images/58cd658a-6d16-40ff-85de-7b9a03ec1256. Returning in ChunkedFile. {{(pid=76758) get /opt/stack/data/venv/lib/python3.12/site-packages/glance_store/_drivers/filesystem.py:724}}
Jul 15 18:29:35 devstack devstack@g-api.service[76758]: DEBUG glance.image_cache [None req-a7b4c54e-e898-4a10-82ce-05d140814e34 tempest-ServersNegativeTestJSON-1048622270 tempest-ServersNegativeTestJSON-1048622270-project-member] Tee'ing image '58cd658a-6d16-40ff-85de-7b9a03ec1256' into cache {{(pid=76758) get_caching_iter /opt/stack/glance/glance/image_cache/__init__.py:356}}
Jul 15 18:29:35 devstack devstack@g-api.service[76758]: DEBUG glance.image_cache.drivers.centralized_db [None req-a7b4c54e-e898-4a10-82ce-05d140814e34 tempest-ServersNegativeTestJSON-1048622270 tempest-ServersNegativeTestJSON-1048622270-project-member] Fetch finished, moving '/opt/stack/data/glance/cache/incomplete/58cd658a-6d16-40ff-85de-7b9a03ec1256' to '/opt/stack/data/glance/cache/58cd658a-6d16-40ff-85de-7b9a03ec1256' {{(pid=76758) commit /opt/stack/glance/glance/image_cache/drivers/centralized_db.py:243}}
Jul 15 18:29:35 devstack devstack@g-api.service[76758]: DEBUG glance.image_cache.drivers.centralized_db [None req-a7b4c54e-e898-4a10-82ce-05d140814e34 tempest-ServersNegativeTestJSON-1048622270 tempest-ServersNegativeTestJSON-1048622270-project-member] Image cached successfully. {{(pid=76758) commit /opt/stack/glance/glance/image_cache/drivers/centralized_db.py:258}}
Jul 15 18:29:35 devstack devstack@g-api.service[76758]: [pid: 76758|app: 0|req: 11/20] 127.0.0.1 () {42 vars in 1071 bytes} [Wed Jul 15 18:29:35 2026] GET /v2/images/58cd658a-6d16-40ff-85de-7b9a03ec1256/file => generated 21692416 bytes in 486 msecs (HTTP/1.1 200) 4 headers in 191 bytes (338 switches on core 0)
Jul 15 18:29:35 devstack devstack@g-api.service[76759]: DEBUG glance.api.middleware.version_negotiation [None req-a7b4c54e-e898-4a10-82ce-05d140814e34 tempest-ServersNegativeTestJSON-1048622270 tempest-ServersNegativeTestJSON-1048622270-project-member] Determining version of request: GET /v2/images/58cd658a-6d16-40ff-85de-7b9a03ec1256 Accept: */* {{(pid=76759) process_request /opt/stack/glance/glance/api/middleware/version_negotiation.py:44}}
Jul 15 18:29:35 devstack devstack@g-api.service[76759]: DEBUG glance.api.middleware.version_negotiation [None req-a7b4c54e-e898-4a10-82ce-05d140814e34 tempest-ServersNegativeTestJSON-1048622270 tempest-ServersNegativeTestJSON-1048622270-project-member] Using url versioning {{(pid=76759) process_request /opt/stack/glance/glance/api/middleware/version_negotiation.py:57}}
Jul 15 18:29:35 devstack devstack@g-api.service[76759]: DEBUG glance.api.middleware.version_negotiation [None req-a7b4c54e-e898-4a10-82ce-05d140814e34 tempest-ServersNegativeTestJSON-1048622270 tempest-ServersNegativeTestJSON-1048622270-project-member] Matched version: v2 {{(pid=76759) process_request /opt/stack/glance/glance/api/middleware/version_negotiation.py:69}}
Jul 15 18:29:35 devstack devstack@g-api.service[76759]: DEBUG glance.api.middleware.version_negotiation [None req-a7b4c54e-e898-4a10-82ce-05d140814e34 tempest-ServersNegativeTestJSON-1048622270 tempest-ServersNegativeTestJSON-1048622270-project-member] new path /v2/images/58cd658a-6d16-40ff-85de-7b9a03ec1256 {{(pid=76759) process_request /opt/stack/glance/glance/api/middleware/version_negotiation.py:70}}
Jul 15 18:29:35 devstack devstack@g-api.service[76759]: [pid: 76759|app: 0|req: 10/21] 127.0.0.1 () {42 vars in 1061 bytes} [Wed Jul 15 18:29:35 2026] GET /v2/images/58cd658a-6d16-40ff-85de-7b9a03ec1256 => generated 976 bytes in 30 msecs (HTTP/1.1 200) 4 headers in 157 bytes (1 switches on core 0)
Jul 15 18:29:35 devstack devstack@g-api.service[76758]: DEBUG glance.api.middleware.version_negotiation [None req-a7b4c54e-e898-4a10-82ce-05d140814e34 tempest-ServersNegativeTestJSON-1048622270 tempest-ServersNegativeTestJSON-1048622270-project-member] Determining version of request: GET /v2/schemas/image Accept: */* {{(pid=76758) process_request /opt/stack/glance/glance/api/middleware/version_negotiation.py:44}}
Jul 15 18:29:35 devstack devstack@g-api.service[76758]: DEBUG glance.api.middleware.version_negotiation [None req-a7b4c54e-e898-4a10-82ce-05d140814e34 tempest-ServersNegativeTestJSON-1048622270 tempest-ServersNegativeTestJSON-1048622270-project-member] Using url versioning {{(pid=76758) process_request /opt/stack/glance/glance/api/middleware/version_negotiation.py:57}}
Jul 15 18:29:35 devstack devstack@g-api.service[76758]: DEBUG glance.api.middleware.version_negotiation [None req-a7b4c54e-e898-4a10-82ce-05d140814e34 tempest-ServersNegativeTestJSON-1048622270 tempest-ServersNegativeTestJSON-1048622270-project-member] Matched version: v2 {{(pid=76758) process_request /opt/stack/glance/glance/api/middleware/version_negotiation.py:69}}
Jul 15 18:29:35 devstack devstack@g-api.service[76758]: DEBUG glance.api.middleware.version_negotiation [None req-a7b4c54e-e898-4a10-82ce-05d140814e34 tempest-ServersNegativeTestJSON-1048622270 tempest-ServersNegativeTestJSON-1048622270-project-member] new path /v2/schemas/image {{(pid=76758) process_request /opt/stack/glance/glance/api/middleware/version_negotiation.py:70}}
Jul 15 18:29:35 devstack devstack@g-api.service[76758]: [pid: 76758|app: 0|req: 12/22] 127.0.0.1 () {42 vars in 1001 bytes} [Wed Jul 15 18:29:35 2026] GET /v2/schemas/image => generated 6083 bytes in 7 msecs (HTTP/1.1 200) 4 headers in 158 bytes (1 switches on core 0)
Jul 15 18:29:42 devstack devstack@g-api.service[76759]: DEBUG glance.api.middleware.version_negotiation [None req-a7b4c54e-e898-4a10-82ce-05d140814e34 tempest-ServersNegativeTestJSON-1048622270 tempest-ServersNegativeTestJSON-1048622270-project-member] Determining version of request: GET /v2/images/58cd658a-6d16-40ff-85de-7b9a03ec1256 Accept: */* {{(pid=76759) process_request /opt/stack/glance/glance/api/middleware/version_negotiation.py:44}}
Jul 15 18:29:42 devstack devstack@g-api.service[76759]: DEBUG glance.api.middleware.version_negotiation [None req-a7b4c54e-e898-4a10-82ce-05d140814e34 tempest-ServersNegativeTestJSON-1048622270 tempest-ServersNegativeTestJSON-1048622270-project-member] Using url versioning {{(pid=76759) process_request /opt/stack/glance/glance/api/middleware/version_negotiation.py:57}}
Jul 15 18:29:42 devstack devstack@g-api.service[76759]: DEBUG glance.api.middleware.version_negotiation [None req-a7b4c54e-e898-4a10-82ce-05d140814e34 tempest-ServersNegativeTestJSON-1048622270 tempest-ServersNegativeTestJSON-1048622270-project-member] Matched version: v2 {{(pid=76759) process_request /opt/stack/glance/glance/api/middleware/version_negotiation.py:69}}
Jul 15 18:29:42 devstack devstack@g-api.service[76759]: DEBUG glance.api.middleware.version_negotiation [None req-a7b4c54e-e898-4a10-82ce-05d140814e34 tempest-ServersNegativeTestJSON-1048622270 tempest-ServersNegativeTestJSON-1048622270-project-member] new path /v2/images/58cd658a-6d16-40ff-85de-7b9a03ec1256 {{(pid=76759) process_request /opt/stack/glance/glance/api/middleware/version_negotiation.py:70}}
Jul 15 18:29:42 devstack devstack@g-api.service[76759]: [pid: 76759|app: 0|req: 11/23] 127.0.0.1 () {42 vars in 1061 bytes} [Wed Jul 15 18:29:42 2026] GET /v2/images/58cd658a-6d16-40ff-85de-7b9a03ec1256 => generated 976 bytes in 23 msecs (HTTP/1.1 200) 4 headers in 157 bytes (1 switches on core 0)
Jul 15 18:29:42 devstack devstack@g-api.service[76758]: DEBUG glance.api.middleware.version_negotiation [None req-a7b4c54e-e898-4a10-82ce-05d140814e34 tempest-ServersNegativeTestJSON-1048622270 tempest-ServersNegativeTestJSON-1048622270-project-member] Determining version of request: GET /v2/schemas/image Accept: */* {{(pid=76758) process_request /opt/stack/glance/glance/api/middleware/version_negotiation.py:44}}
Jul 15 18:29:42 devstack devstack@g-api.service[76758]: DEBUG glance.api.middleware.version_negotiation [None req-a7b4c54e-e898-4a10-82ce-05d140814e34 tempest-ServersNegativeTestJSON-1048622270 tempest-ServersNegativeTestJSON-1048622270-project-member] Using url versioning {{(pid=76758) process_request /opt/stack/glance/glance/api/middleware/version_negotiation.py:57}}
Jul 15 18:29:42 devstack devstack@g-api.service[76758]: DEBUG glance.api.middleware.version_negotiation [None req-a7b4c54e-e898-4a10-82ce-05d140814e34 tempest-ServersNegativeTestJSON-1048622270 tempest-ServersNegativeTestJSON-1048622270-project-member] Matched version: v2 {{(pid=76758) process_request /opt/stack/glance/glance/api/middleware/version_negotiation.py:69}}
Jul 15 18:29:42 devstack devstack@g-api.service[76758]: DEBUG glance.api.middleware.version_negotiation [None req-a7b4c54e-e898-4a10-82ce-05d140814e34 tempest-ServersNegativeTestJSON-1048622270 tempest-ServersNegativeTestJSON-1048622270-project-member] new path /v2/schemas/image {{(pid=76758) process_request /opt/stack/glance/glance/api/middleware/version_negotiation.py:70}}
Jul 15 18:29:42 devstack devstack@g-api.service[76758]: [pid: 76758|app: 0|req: 13/24] 127.0.0.1 () {42 vars in 1001 bytes} [Wed Jul 15 18:29:42 2026] GET /v2/schemas/image => generated 6083 bytes in 12 msecs (HTTP/1.1 200) 4 headers in 158 bytes (1 switches on core 0)
Jul 15 18:29:45 devstack devstack@g-api.service[76758]: DEBUG dbcounter [-] [76758] Writing DB stats glance:SELECT=5,glance:INSERT=1 {{(pid=76758) stat_writer /opt/stack/data/venv/lib/python3.12/site-packages/dbcounter.py:115}}
Jul 15 18:29:52 devstack devstack@g-api.service[76759]: DEBUG dbcounter [-] [76759] Writing DB stats glance:SELECT=6 {{(pid=76759) stat_writer /opt/stack/data/venv/lib/python3.12/site-packages/dbcounter.py:115}}
Jul 15 18:30:01 devstack devstack@g-api.service[76759]: DEBUG glance.api.middleware.version_negotiation [None req-fcbd42af-54f2-4c28-90a0-3e06e364609f tempest-VolumesAdminNegativeTest-168353611 tempest-VolumesAdminNegativeTest-168353611-project-member] Determining version of request: GET /v2/images/58cd658a-6d16-40ff-85de-7b9a03ec1256 Accept: */* {{(pid=76759) process_request /opt/stack/glance/glance/api/middleware/version_negotiation.py:44}}
Jul 15 18:30:01 devstack devstack@g-api.service[76759]: DEBUG glance.api.middleware.version_negotiation [None req-fcbd42af-54f2-4c28-90a0-3e06e364609f tempest-VolumesAdminNegativeTest-168353611 tempest-VolumesAdminNegativeTest-168353611-project-member] Using url versioning {{(pid=76759) process_request /opt/stack/glance/glance/api/middleware/version_negotiation.py:57}}
Jul 15 18:30:01 devstack devstack@g-api.service[76759]: DEBUG glance.api.middleware.version_negotiation [None req-fcbd42af-54f2-4c28-90a0-3e06e364609f tempest-VolumesAdminNegativeTest-168353611 tempest-VolumesAdminNegativeTest-168353611-project-member] Matched version: v2 {{(pid=76759) process_request /opt/stack/glance/glance/api/middleware/version_negotiation.py:69}}
