Jul 22 03:19:47 devstack cinder-volume[87747]: DEBUG cinder.volume.manager [None req-5e457027-d3a3-4ae3-92e3-c9881a09885d tempest-VolumesTransfersTest-1654617451 None] Flow 'volume_create_manager' (7992f384-130e-4713-bd91-0bc19dcb2366) transitioned into state 'SUCCESS' from state 'RUNNING' {{(pid=87747) _flow_receiver /opt/stack/data/venv/lib/python3.12/site-packages/taskflow/listeners/logging.py:160}}
Jul 22 03:19:47 devstack cinder-volume[87747]: INFO cinder.volume.manager [None req-5e457027-d3a3-4ae3-92e3-c9881a09885d tempest-VolumesTransfersTest-1654617451 None] Created volume successfully.
Jul 22 03:19:47 devstack sudo[93800]: quobyte : PWD=/ ; USER=root ; COMMAND=/opt/stack/data/venv/bin/cinder-rootwrap /etc/cinder/rootwrap.conf env LC_ALL=C qemu-img info -f qcow2 --output=json --force-share /opt/stack/data/cinder/mnt/d669e08b4bb50133b612d4c9c50d794a/volume-d01a3a60-aacf-4183-a2c5-769747c37d7a.97226f74-0159-4b9a-b538-229d4a909064
Jul 22 03:19:47 devstack sudo[93800]: pam_unix(sudo:session): session opened for user root(uid=0) by (uid=1000)
Jul 22 03:19:48 devstack sudo[93800]: pam_unix(sudo:session): session closed for user root
Jul 22 03:19:48 devstack cinder-volume[87747]: DEBUG oslo_concurrency.processutils [None req-ed1cbd92-e7c6-417c-9950-40334c5d931e tempest-SnapshotsActionsTest-1329048363 None] CMD "/opt/stack/data/venv/bin/python3.12 -m oslo_concurrency.prlimit --as=1073741824 --cpu=60 -- sudo cinder-rootwrap /etc/cinder/rootwrap.conf env LC_ALL=C qemu-img info -f qcow2 --output=json --force-share /opt/stack/data/cinder/mnt/d669e08b4bb50133b612d4c9c50d794a/volume-d01a3a60-aacf-4183-a2c5-769747c37d7a.97226f74-0159-4b9a-b538-229d4a909064" returned: 0 in 0.409s {{(pid=87747) execute /opt/stack/data/venv/lib/python3.12/site-packages/oslo_concurrency/processutils.py:468}}
Jul 22 03:19:48 devstack cinder-volume[87747]: DEBUG cinder.volume.drivers.remotefs [None req-ed1cbd92-e7c6-417c-9950-40334c5d931e tempest-SnapshotsActionsTest-1329048363 None] Fetching qemu-img info with special backing_file_template: (/opt/stack/data/cinder/mnt/[0-9a-f]+/)?(volume-d01a3a60-aacf-4183-a2c5-769747c37d7a(.(tmp-snap-)?[0-9a-f-]+)?|volume_from_snapshot_cache/(tmp-snap-)?[0-9a-f-]+(.(child-|parent-)[0-9a-f-]+)?)$ {{(pid=87747) _qemu_img_info_base /opt/stack/cinder/cinder/volume/drivers/remotefs.py:896}}
Jul 22 03:19:48 devstack cinder-volume[87747]: DEBUG oslo_concurrency.processutils [None req-ed1cbd92-e7c6-417c-9950-40334c5d931e tempest-SnapshotsActionsTest-1329048363 None] Running cmd (subprocess): sudo cinder-rootwrap /etc/cinder/rootwrap.conf qemu-img create -f qcow2 -o backing_file=/opt/stack/data/cinder/mnt/d669e08b4bb50133b612d4c9c50d794a/volume-d01a3a60-aacf-4183-a2c5-769747c37d7a.97226f74-0159-4b9a-b538-229d4a909064,backing_fmt=qcow2 /opt/stack/data/cinder/mnt/d669e08b4bb50133b612d4c9c50d794a/volume-d01a3a60-aacf-4183-a2c5-769747c37d7a.dbba0708-cfc5-40fc-b162-8dc1da6c5aca 1G {{(pid=87747) execute /opt/stack/data/venv/lib/python3.12/site-packages/oslo_concurrency/processutils.py:440}}
Jul 22 03:19:48 devstack sudo[93805]: quobyte : PWD=/ ; USER=root ; COMMAND=/opt/stack/data/venv/bin/cinder-rootwrap /etc/cinder/rootwrap.conf qemu-img create -f qcow2 -o backing_file=/opt/stack/data/cinder/mnt/d669e08b4bb50133b612d4c9c50d794a/volume-d01a3a60-aacf-4183-a2c5-769747c37d7a.97226f74-0159-4b9a-b538-229d4a909064,backing_fmt=qcow2 /opt/stack/data/cinder/mnt/d669e08b4bb50133b612d4c9c50d794a/volume-d01a3a60-aacf-4183-a2c5-769747c37d7a.dbba0708-cfc5-40fc-b162-8dc1da6c5aca 1G
Jul 22 03:19:48 devstack sudo[93805]: pam_unix(sudo:session): session opened for user root(uid=0) by (uid=1000)
Jul 22 03:19:48 devstack sudo[93805]: pam_unix(sudo:session): session closed for user root
Jul 22 03:19:48 devstack cinder-volume[87747]: DEBUG oslo_concurrency.processutils [None req-ed1cbd92-e7c6-417c-9950-40334c5d931e tempest-SnapshotsActionsTest-1329048363 None] CMD "sudo cinder-rootwrap /etc/cinder/rootwrap.conf qemu-img create -f qcow2 -o backing_file=/opt/stack/data/cinder/mnt/d669e08b4bb50133b612d4c9c50d794a/volume-d01a3a60-aacf-4183-a2c5-769747c37d7a.97226f74-0159-4b9a-b538-229d4a909064,backing_fmt=qcow2 /opt/stack/data/cinder/mnt/d669e08b4bb50133b612d4c9c50d794a/volume-d01a3a60-aacf-4183-a2c5-769747c37d7a.dbba0708-cfc5-40fc-b162-8dc1da6c5aca 1G" returned: 0 in 0.500s {{(pid=87747) execute /opt/stack/data/venv/lib/python3.12/site-packages/oslo_concurrency/processutils.py:468}}
Jul 22 03:19:48 devstack cinder-volume[87747]: DEBUG oslo_concurrency.processutils [None req-ed1cbd92-e7c6-417c-9950-40334c5d931e tempest-SnapshotsActionsTest-1329048363 None] Running cmd (subprocess): sudo cinder-rootwrap /etc/cinder/rootwrap.conf qemu-img rebase -u -b volume-d01a3a60-aacf-4183-a2c5-769747c37d7a.97226f74-0159-4b9a-b538-229d4a909064 -F qcow2 /opt/stack/data/cinder/mnt/d669e08b4bb50133b612d4c9c50d794a/volume-d01a3a60-aacf-4183-a2c5-769747c37d7a.dbba0708-cfc5-40fc-b162-8dc1da6c5aca {{(pid=87747) execute /opt/stack/data/venv/lib/python3.12/site-packages/oslo_concurrency/processutils.py:440}}
Jul 22 03:19:48 devstack sudo[93811]: quobyte : PWD=/ ; USER=root ; COMMAND=/opt/stack/data/venv/bin/cinder-rootwrap /etc/cinder/rootwrap.conf qemu-img rebase -u -b volume-d01a3a60-aacf-4183-a2c5-769747c37d7a.97226f74-0159-4b9a-b538-229d4a909064 -F qcow2 /opt/stack/data/cinder/mnt/d669e08b4bb50133b612d4c9c50d794a/volume-d01a3a60-aacf-4183-a2c5-769747c37d7a.dbba0708-cfc5-40fc-b162-8dc1da6c5aca
Jul 22 03:19:48 devstack sudo[93811]: pam_unix(sudo:session): session opened for user root(uid=0) by (uid=1000)
Jul 22 03:19:48 devstack sudo[93811]: pam_unix(sudo:session): session closed for user root
Jul 22 03:19:49 devstack cinder-volume[87747]: DEBUG oslo_concurrency.processutils [None req-ed1cbd92-e7c6-417c-9950-40334c5d931e tempest-SnapshotsActionsTest-1329048363 None] CMD "sudo cinder-rootwrap /etc/cinder/rootwrap.conf qemu-img rebase -u -b volume-d01a3a60-aacf-4183-a2c5-769747c37d7a.97226f74-0159-4b9a-b538-229d4a909064 -F qcow2 /opt/stack/data/cinder/mnt/d669e08b4bb50133b612d4c9c50d794a/volume-d01a3a60-aacf-4183-a2c5-769747c37d7a.dbba0708-cfc5-40fc-b162-8dc1da6c5aca" returned: 0 in 0.351s {{(pid=87747) execute /opt/stack/data/venv/lib/python3.12/site-packages/oslo_concurrency/processutils.py:468}}
Jul 22 03:19:49 devstack cinder-volume[87747]: WARNING cinder.volume.drivers.remotefs [None req-ed1cbd92-e7c6-417c-9950-40334c5d931e tempest-SnapshotsActionsTest-1329048363 None] /opt/stack/data/cinder/mnt/d669e08b4bb50133b612d4c9c50d794a/volume-d01a3a60-aacf-4183-a2c5-769747c37d7a.dbba0708-cfc5-40fc-b162-8dc1da6c5aca is being set with open permissions: ugo+rw
Jul 22 03:19:49 devstack cinder-volume[87747]: DEBUG oslo_concurrency.processutils [None req-ed1cbd92-e7c6-417c-9950-40334c5d931e tempest-SnapshotsActionsTest-1329048363 None] Running cmd (subprocess): sudo cinder-rootwrap /etc/cinder/rootwrap.conf chmod ugo+rw /opt/stack/data/cinder/mnt/d669e08b4bb50133b612d4c9c50d794a/volume-d01a3a60-aacf-4183-a2c5-769747c37d7a.dbba0708-cfc5-40fc-b162-8dc1da6c5aca {{(pid=87747) execute /opt/stack/data/venv/lib/python3.12/site-packages/oslo_concurrency/processutils.py:440}}
Jul 22 03:19:49 devstack cinder-volume[87747]: DEBUG cinder.coordination [None req-5c749025-cad8-4967-a99f-3c25ce6aebba tempest-VolumesTransfersTest-65232147 None] Acquiring lock "cinder-79772453-fc57-47f7-90e9-c845fa49ee7e-delete_volume" by "delete_volume" {{(pid=87747) __acquire /opt/stack/cinder/cinder/coordination.py:138}}
Jul 22 03:19:49 devstack sudo[93816]: quobyte : PWD=/ ; USER=root ; COMMAND=/opt/stack/data/venv/bin/cinder-rootwrap /etc/cinder/rootwrap.conf chmod ugo+rw /opt/stack/data/cinder/mnt/d669e08b4bb50133b612d4c9c50d794a/volume-d01a3a60-aacf-4183-a2c5-769747c37d7a.dbba0708-cfc5-40fc-b162-8dc1da6c5aca
Jul 22 03:19:49 devstack cinder-volume[87747]: DEBUG cinder.coordination [None req-5c749025-cad8-4967-a99f-3c25ce6aebba tempest-VolumesTransfersTest-65232147 None] Lock "cinder-79772453-fc57-47f7-90e9-c845fa49ee7e-delete_volume" acquired by "delete_volume" :: waited 0.017s {{(pid=87747) __acquire /opt/stack/cinder/cinder/coordination.py:141}}
Jul 22 03:19:49 devstack sudo[93816]: pam_unix(sudo:session): session opened for user root(uid=0) by (uid=1000)
Jul 22 03:19:49 devstack cinder-volume[87747]: DEBUG cinder.coordination [None req-5c749025-cad8-4967-a99f-3c25ce6aebba tempest-VolumesTransfersTest-65232147 None] Acquiring lock "cinder-quobyte-79772453-fc57-47f7-90e9-c845fa49ee7e" by "delete_volume" {{(pid=87747) __acquire /opt/stack/cinder/cinder/coordination.py:138}}
Jul 22 03:19:49 devstack cinder-volume[87747]: DEBUG cinder.coordination [None req-5c749025-cad8-4967-a99f-3c25ce6aebba tempest-VolumesTransfersTest-65232147 None] Lock "cinder-quobyte-79772453-fc57-47f7-90e9-c845fa49ee7e" acquired by "delete_volume" :: waited 0.027s {{(pid=87747) __acquire /opt/stack/cinder/cinder/coordination.py:141}}
Jul 22 03:19:49 devstack cinder-volume[87747]: DEBUG oslo.privsep.daemon [-] privsep: reply[94b11f85-8f32-4faa-bbf3-1553c23c21a6]: (4, 'qcow2') {{(pid=88699) _call_back /opt/stack/data/venv/lib/python3.12/site-packages/oslo_privsep/daemon.py:580}}
Jul 22 03:19:49 devstack cinder-volume[87747]: DEBUG oslo_concurrency.processutils [None req-5c749025-cad8-4967-a99f-3c25ce6aebba tempest-VolumesTransfersTest-65232147 None] Running cmd (subprocess): /opt/stack/data/venv/bin/python3.12 -m oslo_concurrency.prlimit --as=1073741824 --cpu=60 -- sudo cinder-rootwrap /etc/cinder/rootwrap.conf env LC_ALL=C qemu-img info -f qcow2 --output=json --force-share /opt/stack/data/cinder/mnt/d669e08b4bb50133b612d4c9c50d794a/volume-79772453-fc57-47f7-90e9-c845fa49ee7e {{(pid=87747) execute /opt/stack/data/venv/lib/python3.12/site-packages/oslo_concurrency/processutils.py:440}}
Jul 22 03:19:49 devstack sudo[93818]: quobyte : PWD=/ ; USER=root ; COMMAND=/opt/stack/data/venv/bin/cinder-rootwrap /etc/cinder/rootwrap.conf env LC_ALL=C qemu-img info -f qcow2 --output=json --force-share /opt/stack/data/cinder/mnt/d669e08b4bb50133b612d4c9c50d794a/volume-79772453-fc57-47f7-90e9-c845fa49ee7e
Jul 22 03:19:49 devstack sudo[93818]: pam_unix(sudo:session): session opened for user root(uid=0) by (uid=1000)
Jul 22 03:19:49 devstack sudo[93816]: pam_unix(sudo:session): session closed for user root
Jul 22 03:19:49 devstack cinder-volume[87747]: DEBUG oslo_concurrency.processutils [None req-ed1cbd92-e7c6-417c-9950-40334c5d931e tempest-SnapshotsActionsTest-1329048363 None] CMD "sudo cinder-rootwrap /etc/cinder/rootwrap.conf chmod ugo+rw /opt/stack/data/cinder/mnt/d669e08b4bb50133b612d4c9c50d794a/volume-d01a3a60-aacf-4183-a2c5-769747c37d7a.dbba0708-cfc5-40fc-b162-8dc1da6c5aca" returned: 0 in 0.303s {{(pid=87747) execute /opt/stack/data/venv/lib/python3.12/site-packages/oslo_concurrency/processutils.py:468}}
Jul 22 03:19:49 devstack cinder-volume[87747]: DEBUG oslo_concurrency.lockutils [None req-ed1cbd92-e7c6-417c-9950-40334c5d931e tempest-SnapshotsActionsTest-1329048363 None] Lock "quobyte" "released" by "cinder.volume.drivers.quobyte.QuobyteDriver.create_snapshot" :: held 1.687s {{(pid=87747) inner /opt/stack/data/venv/lib/python3.12/site-packages/oslo_concurrency/lockutils.py:544}}
Jul 22 03:19:49 devstack cinder-volume[87747]: INFO cinder.volume.manager [None req-ed1cbd92-e7c6-417c-9950-40334c5d931e tempest-SnapshotsActionsTest-1329048363 None] Create snapshot completed successfully
Jul 22 03:19:49 devstack sudo[93818]: pam_unix(sudo:session): session closed for user root
Jul 22 03:19:49 devstack cinder-volume[87747]: DEBUG oslo_concurrency.processutils [None req-5c749025-cad8-4967-a99f-3c25ce6aebba tempest-VolumesTransfersTest-65232147 None] CMD "/opt/stack/data/venv/bin/python3.12 -m oslo_concurrency.prlimit --as=1073741824 --cpu=60 -- sudo cinder-rootwrap /etc/cinder/rootwrap.conf env LC_ALL=C qemu-img info -f qcow2 --output=json --force-share /opt/stack/data/cinder/mnt/d669e08b4bb50133b612d4c9c50d794a/volume-79772453-fc57-47f7-90e9-c845fa49ee7e" returned: 0 in 0.399s {{(pid=87747) execute /opt/stack/data/venv/lib/python3.12/site-packages/oslo_concurrency/processutils.py:468}}
Jul 22 03:19:49 devstack cinder-volume[87747]: DEBUG oslo_concurrency.processutils [None req-5c749025-cad8-4967-a99f-3c25ce6aebba tempest-VolumesTransfersTest-65232147 None] Running cmd (subprocess): sudo cinder-rootwrap /etc/cinder/rootwrap.conf rm -f /opt/stack/data/cinder/mnt/d669e08b4bb50133b612d4c9c50d794a/volume-79772453-fc57-47f7-90e9-c845fa49ee7e {{(pid=87747) execute /opt/stack/data/venv/lib/python3.12/site-packages/oslo_concurrency/processutils.py:440}}
Jul 22 03:19:49 devstack sudo[93824]: quobyte : PWD=/ ; USER=root ; COMMAND=/opt/stack/data/venv/bin/cinder-rootwrap /etc/cinder/rootwrap.conf rm -f /opt/stack/data/cinder/mnt/d669e08b4bb50133b612d4c9c50d794a/volume-79772453-fc57-47f7-90e9-c845fa49ee7e
Jul 22 03:19:49 devstack sudo[93824]: pam_unix(sudo:session): session opened for user root(uid=0) by (uid=1000)
Jul 22 03:19:49 devstack cinder-volume[87747]: DEBUG cinder.coordination [None req-65614ab4-2dff-4e73-b7a4-265ce7fda2fa tempest-SnapshotsActionsTest-618519404 None] Acquiring lock "cinder-dbba0708-cfc5-40fc-b162-8dc1da6c5aca-delete_snapshot" by "delete_snapshot" {{(pid=87747) __acquire /opt/stack/cinder/cinder/coordination.py:138}}
Jul 22 03:19:49 devstack cinder-volume[87747]: DEBUG cinder.coordination [None req-65614ab4-2dff-4e73-b7a4-265ce7fda2fa tempest-SnapshotsActionsTest-618519404 None] Lock "cinder-dbba0708-cfc5-40fc-b162-8dc1da6c5aca-delete_snapshot" acquired by "delete_snapshot" :: waited 0.026s {{(pid=87747) __acquire /opt/stack/cinder/cinder/coordination.py:141}}
Jul 22 03:19:49 devstack cinder-volume[87747]: DEBUG cinder.coordination [None req-65614ab4-2dff-4e73-b7a4-265ce7fda2fa tempest-SnapshotsActionsTest-618519404 None] Acquiring lock "cinder-quobyte-d01a3a60-aacf-4183-a2c5-769747c37d7a" by "delete_snapshot" {{(pid=87747) __acquire /opt/stack/cinder/cinder/coordination.py:138}}
Jul 22 03:19:49 devstack cinder-volume[87747]: DEBUG cinder.coordination [None req-65614ab4-2dff-4e73-b7a4-265ce7fda2fa tempest-SnapshotsActionsTest-618519404 None] Lock "cinder-quobyte-d01a3a60-aacf-4183-a2c5-769747c37d7a" acquired by "delete_snapshot" :: waited 0.022s {{(pid=87747) __acquire /opt/stack/cinder/cinder/coordination.py:141}}
Jul 22 03:19:49 devstack cinder-volume[87747]: DEBUG cinder.coordination [None req-65614ab4-2dff-4e73-b7a4-265ce7fda2fa tempest-SnapshotsActionsTest-618519404 None] Acquiring lock "cinder-quobyte-dbba0708-cfc5-40fc-b162-8dc1da6c5aca" by "_delete_snapshot" {{(pid=87747) __acquire /opt/stack/cinder/cinder/coordination.py:138}}
Jul 22 03:19:49 devstack cinder-volume[87747]: DEBUG cinder.coordination [None req-65614ab4-2dff-4e73-b7a4-265ce7fda2fa tempest-SnapshotsActionsTest-618519404 None] Lock "cinder-quobyte-dbba0708-cfc5-40fc-b162-8dc1da6c5aca" acquired by "_delete_snapshot" :: waited 0.020s {{(pid=87747) __acquire /opt/stack/cinder/cinder/coordination.py:141}}
Jul 22 03:19:49 devstack cinder-volume[87747]: DEBUG cinder.volume.drivers.remotefs [None req-65614ab4-2dff-4e73-b7a4-265ce7fda2fa tempest-SnapshotsActionsTest-618519404 None] Deleting offline snapshot dbba0708-cfc5-40fc-b162-8dc1da6c5aca of volume d01a3a60-aacf-4183-a2c5-769747c37d7a {{(pid=87747) _delete_snapshot /opt/stack/cinder/cinder/volume/drivers/remotefs.py:1288}}
Jul 22 03:19:49 devstack cinder-volume[87747]: DEBUG cinder.volume.drivers.remotefs [None req-65614ab4-2dff-4e73-b7a4-265ce7fda2fa tempest-SnapshotsActionsTest-618519404 None] snapshot_file for this snap is: volume-d01a3a60-aacf-4183-a2c5-769747c37d7a.dbba0708-cfc5-40fc-b162-8dc1da6c5aca {{(pid=87747) _delete_snapshot /opt/stack/cinder/cinder/volume/drivers/remotefs.py:1317}}
Jul 22 03:19:49 devstack cinder-volume[87747]: DEBUG oslo.privsep.daemon [-] privsep: reply[ee208fe8-3849-41eb-8a54-e6435c7268f4]: (4, 'qcow2') {{(pid=88699) _call_back /opt/stack/data/venv/lib/python3.12/site-packages/oslo_privsep/daemon.py:580}}
Jul 22 03:19:49 devstack cinder-volume[87747]: DEBUG oslo_concurrency.processutils [None req-65614ab4-2dff-4e73-b7a4-265ce7fda2fa tempest-SnapshotsActionsTest-618519404 None] Running cmd (subprocess): /opt/stack/data/venv/bin/python3.12 -m oslo_concurrency.prlimit --as=1073741824 --cpu=60 -- sudo cinder-rootwrap /etc/cinder/rootwrap.conf env LC_ALL=C qemu-img info -f qcow2 --output=json --force-share /opt/stack/data/cinder/mnt/d669e08b4bb50133b612d4c9c50d794a/volume-d01a3a60-aacf-4183-a2c5-769747c37d7a.dbba0708-cfc5-40fc-b162-8dc1da6c5aca {{(pid=87747) execute /opt/stack/data/venv/lib/python3.12/site-packages/oslo_concurrency/processutils.py:440}}
Jul 22 03:19:49 devstack sudo[93824]: pam_unix(sudo:session): session closed for user root
Jul 22 03:19:49 devstack cinder-volume[87747]: DEBUG oslo_concurrency.processutils [None req-5c749025-cad8-4967-a99f-3c25ce6aebba tempest-VolumesTransfersTest-65232147 None] CMD "sudo cinder-rootwrap /etc/cinder/rootwrap.conf rm -f /opt/stack/data/cinder/mnt/d669e08b4bb50133b612d4c9c50d794a/volume-79772453-fc57-47f7-90e9-c845fa49ee7e" returned: 0 in 0.280s {{(pid=87747) execute /opt/stack/data/venv/lib/python3.12/site-packages/oslo_concurrency/processutils.py:468}}
Jul 22 03:19:49 devstack cinder-volume[87747]: DEBUG cinder.coordination [None req-5c749025-cad8-4967-a99f-3c25ce6aebba tempest-VolumesTransfersTest-65232147 None] Lock "cinder-quobyte-79772453-fc57-47f7-90e9-c845fa49ee7e" released by "delete_volume" :: held 0.736s {{(pid=87747) __release /opt/stack/cinder/cinder/coordination.py:152}}
Jul 22 03:19:49 devstack sudo[93826]: quobyte : PWD=/ ; USER=root ; COMMAND=/opt/stack/data/venv/bin/cinder-rootwrap /etc/cinder/rootwrap.conf env LC_ALL=C qemu-img info -f qcow2 --output=json --force-share /opt/stack/data/cinder/mnt/d669e08b4bb50133b612d4c9c50d794a/volume-d01a3a60-aacf-4183-a2c5-769747c37d7a.dbba0708-cfc5-40fc-b162-8dc1da6c5aca
Jul 22 03:19:49 devstack sudo[93826]: pam_unix(sudo:session): session opened for user root(uid=0) by (uid=1000)
Jul 22 03:19:49 devstack cinder-volume[87747]: DEBUG cinder.quota [None req-5c749025-cad8-4967-a99f-3c25ce6aebba tempest-VolumesTransfersTest-65232147 None] Created reservations ['3e585fc3-baf3-4ebe-9c29-41c4df05ad1e', 'ff5c78e3-41aa-442e-8c71-da11e302e48d', '9af573db-0c4a-4ed0-bc8b-d3832423d82f', '3e77fd2e-53ad-4cbf-ba7c-8fcca65169af'] {{(pid=87747) reserve /opt/stack/cinder/cinder/quota.py:752}}
Jul 22 03:19:49 devstack cinder-volume[87747]: DEBUG oslo_concurrency.lockutils [None req-5c749025-cad8-4967-a99f-3c25ce6aebba tempest-VolumesTransfersTest-65232147 None] Acquiring lock "quobyte_ensure" by "cinder.volume.drivers.quobyte.QuobyteDriver._ensure_shares_mounted" {{(pid=87747) inner /opt/stack/data/venv/lib/python3.12/site-packages/oslo_concurrency/lockutils.py:512}}
Jul 22 03:19:49 devstack cinder-volume[87747]: DEBUG oslo_concurrency.lockutils [None req-5c749025-cad8-4967-a99f-3c25ce6aebba tempest-VolumesTransfersTest-65232147 None] Lock "quobyte_ensure" acquired by "cinder.volume.drivers.quobyte.QuobyteDriver._ensure_shares_mounted" :: waited 0.001s {{(pid=87747) inner /opt/stack/data/venv/lib/python3.12/site-packages/oslo_concurrency/lockutils.py:525}}
Jul 22 03:19:49 devstack cinder-volume[87747]: DEBUG cinder.volume.drivers.quobyte [None req-5c749025-cad8-4967-a99f-3c25ce6aebba tempest-VolumesTransfersTest-65232147 None] Quobyte Volume URL set to: {'osci02.corp.quobyte.com/cinder-vol-fd361b4c-a0e9-420e-ac56-1526a5b7a08f': None} {{(pid=87747) _load_shares_config /opt/stack/cinder/cinder/volume/drivers/quobyte.py:651}}
Jul 22 03:19:49 devstack cinder-volume[87747]: DEBUG cinder.volume.drivers.quobyte [None req-5c749025-cad8-4967-a99f-3c25ce6aebba tempest-VolumesTransfersTest-65232147 None] Available shares ['osci02.corp.quobyte.com/cinder-vol-fd361b4c-a0e9-420e-ac56-1526a5b7a08f'] {{(pid=87747) _ensure_shares_mounted /opt/stack/cinder/cinder/volume/drivers/quobyte.py:681}}
Jul 22 03:19:49 devstack cinder-volume[87747]: DEBUG oslo_concurrency.lockutils [None req-5c749025-cad8-4967-a99f-3c25ce6aebba tempest-VolumesTransfersTest-65232147 None] Lock "quobyte_ensure" "released" by "cinder.volume.drivers.quobyte.QuobyteDriver._ensure_shares_mounted" :: held 0.019s {{(pid=87747) inner /opt/stack/data/venv/lib/python3.12/site-packages/oslo_concurrency/lockutils.py:544}}
Jul 22 03:19:50 devstack cinder-volume[87747]: DEBUG oslo_concurrency.processutils [None req-5c749025-cad8-4967-a99f-3c25ce6aebba tempest-VolumesTransfersTest-65232147 None] Running cmd (subprocess): sudo cinder-rootwrap /etc/cinder/rootwrap.conf df --portability --block-size 1 /opt/stack/data/cinder/mnt/d669e08b4bb50133b612d4c9c50d794a {{(pid=87747) execute /opt/stack/data/venv/lib/python3.12/site-packages/oslo_concurrency/processutils.py:440}}
Jul 22 03:19:50 devstack sudo[93829]: quobyte : PWD=/ ; USER=root ; COMMAND=/opt/stack/data/venv/bin/cinder-rootwrap /etc/cinder/rootwrap.conf df --portability --block-size 1 /opt/stack/data/cinder/mnt/d669e08b4bb50133b612d4c9c50d794a
Jul 22 03:19:50 devstack sudo[93829]: pam_unix(sudo:session): session opened for user root(uid=0) by (uid=1000)
Jul 22 03:19:50 devstack sudo[93826]: pam_unix(sudo:session): session closed for user root
Jul 22 03:19:50 devstack cinder-volume[87747]: DEBUG oslo_concurrency.processutils [None req-65614ab4-2dff-4e73-b7a4-265ce7fda2fa tempest-SnapshotsActionsTest-618519404 None] CMD "/opt/stack/data/venv/bin/python3.12 -m oslo_concurrency.prlimit --as=1073741824 --cpu=60 -- sudo cinder-rootwrap /etc/cinder/rootwrap.conf env LC_ALL=C qemu-img info -f qcow2 --output=json --force-share /opt/stack/data/cinder/mnt/d669e08b4bb50133b612d4c9c50d794a/volume-d01a3a60-aacf-4183-a2c5-769747c37d7a.dbba0708-cfc5-40fc-b162-8dc1da6c5aca" returned: 0 in 0.472s {{(pid=87747) execute /opt/stack/data/venv/lib/python3.12/site-packages/oslo_concurrency/processutils.py:468}}
Jul 22 03:19:50 devstack cinder-volume[87747]: DEBUG cinder.volume.drivers.remotefs [None req-65614ab4-2dff-4e73-b7a4-265ce7fda2fa tempest-SnapshotsActionsTest-618519404 None] Fetching qemu-img info with special backing_file_template: (/opt/stack/data/cinder/mnt/[0-9a-f]+/)?(volume-d01a3a60-aacf-4183-a2c5-769747c37d7a(.(tmp-snap-)?[0-9a-f-]+)?|volume_from_snapshot_cache/(tmp-snap-)?[0-9a-f-]+(.(child-|parent-)[0-9a-f-]+)?)$ {{(pid=87747) _qemu_img_info_base /opt/stack/cinder/cinder/volume/drivers/remotefs.py:896}}
Jul 22 03:19:50 devstack cinder-volume[87747]: DEBUG oslo.privsep.daemon [-] privsep: reply[d22b6a1e-1aba-4d2b-8ba0-6fedc5492495]: (4, 'qcow2') {{(pid=88699) _call_back /opt/stack/data/venv/lib/python3.12/site-packages/oslo_privsep/daemon.py:580}}
Jul 22 03:19:50 devstack cinder-volume[87747]: DEBUG oslo_concurrency.processutils [None req-65614ab4-2dff-4e73-b7a4-265ce7fda2fa tempest-SnapshotsActionsTest-618519404 None] Running cmd (subprocess): /opt/stack/data/venv/bin/python3.12 -m oslo_concurrency.prlimit --as=1073741824 --cpu=60 -- sudo cinder-rootwrap /etc/cinder/rootwrap.conf env LC_ALL=C qemu-img info -f qcow2 --output=json --force-share /opt/stack/data/cinder/mnt/d669e08b4bb50133b612d4c9c50d794a/volume-d01a3a60-aacf-4183-a2c5-769747c37d7a.97226f74-0159-4b9a-b538-229d4a909064 {{(pid=87747) execute /opt/stack/data/venv/lib/python3.12/site-packages/oslo_concurrency/processutils.py:440}}
Jul 22 03:19:50 devstack sudo[93829]: pam_unix(sudo:session): session closed for user root
Jul 22 03:19:50 devstack cinder-volume[87747]: DEBUG oslo_concurrency.processutils [None req-5c749025-cad8-4967-a99f-3c25ce6aebba tempest-VolumesTransfersTest-65232147 None] CMD "sudo cinder-rootwrap /etc/cinder/rootwrap.conf df --portability --block-size 1 /opt/stack/data/cinder/mnt/d669e08b4bb50133b612d4c9c50d794a" returned: 0 in 0.273s {{(pid=87747) execute /opt/stack/data/venv/lib/python3.12/site-packages/oslo_concurrency/processutils.py:468}}
Jul 22 03:19:50 devstack cinder-volume[87747]: DEBUG cinder.manager [None req-5c749025-cad8-4967-a99f-3c25ce6aebba tempest-VolumesTransfersTest-65232147 None] Notifying Schedulers of capabilities ... {{(pid=87747) _publish_service_capabilities /opt/stack/cinder/cinder/manager.py:219}}
Jul 22 03:19:50 devstack cinder-volume[87747]: INFO cinder.volume.manager [None req-5c749025-cad8-4967-a99f-3c25ce6aebba tempest-VolumesTransfersTest-65232147 None] Deleted volume successfully.
Jul 22 03:19:50 devstack cinder-volume[87747]: DEBUG cinder.coordination [None req-5c749025-cad8-4967-a99f-3c25ce6aebba tempest-VolumesTransfersTest-65232147 None] Lock "cinder-79772453-fc57-47f7-90e9-c845fa49ee7e-delete_volume" released by "delete_volume" :: held 1.275s {{(pid=87747) __release /opt/stack/cinder/cinder/coordination.py:152}}
Jul 22 03:19:50 devstack sudo[93835]: quobyte : PWD=/ ; USER=root ; COMMAND=/opt/stack/data/venv/bin/cinder-rootwrap /etc/cinder/rootwrap.conf env LC_ALL=C qemu-img info -f qcow2 --output=json --force-share /opt/stack/data/cinder/mnt/d669e08b4bb50133b612d4c9c50d794a/volume-d01a3a60-aacf-4183-a2c5-769747c37d7a.97226f74-0159-4b9a-b538-229d4a909064
Jul 22 03:19:50 devstack sudo[93835]: pam_unix(sudo:session): session opened for user root(uid=0) by (uid=1000)
Jul 22 03:19:50 devstack sudo[93835]: pam_unix(sudo:session): session closed for user root
Jul 22 03:19:50 devstack cinder-volume[87747]: DEBUG oslo_concurrency.processutils [None req-65614ab4-2dff-4e73-b7a4-265ce7fda2fa tempest-SnapshotsActionsTest-618519404 None] CMD "/opt/stack/data/venv/bin/python3.12 -m oslo_concurrency.prlimit --as=1073741824 --cpu=60 -- sudo cinder-rootwrap /etc/cinder/rootwrap.conf env LC_ALL=C qemu-img info -f qcow2 --output=json --force-share /opt/stack/data/cinder/mnt/d669e08b4bb50133b612d4c9c50d794a/volume-d01a3a60-aacf-4183-a2c5-769747c37d7a.97226f74-0159-4b9a-b538-229d4a909064" returned: 0 in 0.432s {{(pid=87747) execute /opt/stack/data/venv/lib/python3.12/site-packages/oslo_concurrency/processutils.py:468}}
Jul 22 03:19:50 devstack cinder-volume[87747]: DEBUG cinder.volume.drivers.remotefs [None req-65614ab4-2dff-4e73-b7a4-265ce7fda2fa tempest-SnapshotsActionsTest-618519404 None] Fetching qemu-img info with special backing_file_template: (/opt/stack/data/cinder/mnt/[0-9a-f]+/)?(volume-d01a3a60-aacf-4183-a2c5-769747c37d7a(.(tmp-snap-)?[0-9a-f-]+)?|volume_from_snapshot_cache/(tmp-snap-)?[0-9a-f-]+(.(child-|parent-)[0-9a-f-]+)?)$ {{(pid=87747) _qemu_img_info_base /opt/stack/cinder/cinder/volume/drivers/remotefs.py:896}}
Jul 22 03:19:50 devstack cinder-volume[87747]: DEBUG oslo_concurrency.processutils [None req-65614ab4-2dff-4e73-b7a4-265ce7fda2fa tempest-SnapshotsActionsTest-618519404 None] Running cmd (subprocess): sudo cinder-rootwrap /etc/cinder/rootwrap.conf qemu-img commit -d /opt/stack/data/cinder/mnt/d669e08b4bb50133b612d4c9c50d794a/volume-d01a3a60-aacf-4183-a2c5-769747c37d7a.dbba0708-cfc5-40fc-b162-8dc1da6c5aca {{(pid=87747) execute /opt/stack/data/venv/lib/python3.12/site-packages/oslo_concurrency/processutils.py:440}}
Jul 22 03:19:50 devstack sudo[93840]: quobyte : PWD=/ ; USER=root ; COMMAND=/opt/stack/data/venv/bin/cinder-rootwrap /etc/cinder/rootwrap.conf qemu-img commit -d /opt/stack/data/cinder/mnt/d669e08b4bb50133b612d4c9c50d794a/volume-d01a3a60-aacf-4183-a2c5-769747c37d7a.dbba0708-cfc5-40fc-b162-8dc1da6c5aca
Jul 22 03:19:50 devstack sudo[93840]: pam_unix(sudo:session): session opened for user root(uid=0) by (uid=1000)
Jul 22 03:19:51 devstack sudo[93840]: pam_unix(sudo:session): session closed for user root
Jul 22 03:19:51 devstack cinder-volume[87747]: DEBUG oslo_concurrency.processutils [None req-65614ab4-2dff-4e73-b7a4-265ce7fda2fa tempest-SnapshotsActionsTest-618519404 None] CMD "sudo cinder-rootwrap /etc/cinder/rootwrap.conf qemu-img commit -d /opt/stack/data/cinder/mnt/d669e08b4bb50133b612d4c9c50d794a/volume-d01a3a60-aacf-4183-a2c5-769747c37d7a.dbba0708-cfc5-40fc-b162-8dc1da6c5aca" returned: 0 in 0.500s {{(pid=87747) execute /opt/stack/data/venv/lib/python3.12/site-packages/oslo_concurrency/processutils.py:468}}
Jul 22 03:19:51 devstack cinder-volume[87747]: DEBUG oslo_concurrency.processutils [None req-65614ab4-2dff-4e73-b7a4-265ce7fda2fa tempest-SnapshotsActionsTest-618519404 None] Running cmd (subprocess): sudo cinder-rootwrap /etc/cinder/rootwrap.conf rm -f /opt/stack/data/cinder/mnt/d669e08b4bb50133b612d4c9c50d794a/volume-d01a3a60-aacf-4183-a2c5-769747c37d7a.dbba0708-cfc5-40fc-b162-8dc1da6c5aca {{(pid=87747) execute /opt/stack/data/venv/lib/python3.12/site-packages/oslo_concurrency/processutils.py:440}}
Jul 22 03:19:51 devstack sudo[93846]: quobyte : PWD=/ ; USER=root ; COMMAND=/opt/stack/data/venv/bin/cinder-rootwrap /etc/cinder/rootwrap.conf rm -f /opt/stack/data/cinder/mnt/d669e08b4bb50133b612d4c9c50d794a/volume-d01a3a60-aacf-4183-a2c5-769747c37d7a.dbba0708-cfc5-40fc-b162-8dc1da6c5aca
Jul 22 03:19:51 devstack sudo[93846]: pam_unix(sudo:session): session opened for user root(uid=0) by (uid=1000)
Jul 22 03:19:51 devstack sudo[93846]: pam_unix(sudo:session): session closed for user root
Jul 22 03:19:51 devstack cinder-volume[87747]: DEBUG oslo_concurrency.processutils [None req-65614ab4-2dff-4e73-b7a4-265ce7fda2fa tempest-SnapshotsActionsTest-618519404 None] CMD "sudo cinder-rootwrap /etc/cinder/rootwrap.conf rm -f /opt/stack/data/cinder/mnt/d669e08b4bb50133b612d4c9c50d794a/volume-d01a3a60-aacf-4183-a2c5-769747c37d7a.dbba0708-cfc5-40fc-b162-8dc1da6c5aca" returned: 0 in 0.283s {{(pid=87747) execute /opt/stack/data/venv/lib/python3.12/site-packages/oslo_concurrency/processutils.py:468}}
Jul 22 03:19:51 devstack cinder-volume[87747]: DEBUG cinder.coordination [None req-65614ab4-2dff-4e73-b7a4-265ce7fda2fa tempest-SnapshotsActionsTest-618519404 None] Lock "cinder-quobyte-dbba0708-cfc5-40fc-b162-8dc1da6c5aca" released by "_delete_snapshot" :: held 1.825s {{(pid=87747) __release /opt/stack/cinder/cinder/coordination.py:152}}
Jul 22 03:19:51 devstack cinder-volume[87747]: DEBUG cinder.coordination [None req-65614ab4-2dff-4e73-b7a4-265ce7fda2fa tempest-SnapshotsActionsTest-618519404 None] Lock "cinder-quobyte-d01a3a60-aacf-4183-a2c5-769747c37d7a" released by "delete_snapshot" :: held 1.856s {{(pid=87747) __release /opt/stack/cinder/cinder/coordination.py:152}}
Jul 22 03:19:51 devstack cinder-volume[87747]: DEBUG cinder.quota [None req-65614ab4-2dff-4e73-b7a4-265ce7fda2fa tempest-SnapshotsActionsTest-618519404 None] Created reservations ['f77722a1-ec3b-4daa-9e16-d8efaa9c973e', 'a9f57651-810c-4361-84eb-6a2860b526b9', '7f8d0210-27e4-4f64-9a03-557a0ef19ff9', '3437816f-a853-4370-9fc0-c5f4aefd26f2'] {{(pid=87747) reserve /opt/stack/cinder/cinder/quota.py:752}}
Jul 22 03:19:51 devstack cinder-volume[87747]: INFO cinder.volume.manager [None req-65614ab4-2dff-4e73-b7a4-265ce7fda2fa tempest-SnapshotsActionsTest-618519404 None] Delete snapshot completed successfully.
Jul 22 03:19:51 devstack cinder-volume[87747]: DEBUG cinder.coordination [None req-65614ab4-2dff-4e73-b7a4-265ce7fda2fa tempest-SnapshotsActionsTest-618519404 None] Lock "cinder-dbba0708-cfc5-40fc-b162-8dc1da6c5aca-delete_snapshot" released by "delete_snapshot" :: held 2.036s {{(pid=87747) __release /opt/stack/cinder/cinder/coordination.py:152}}
Jul 22 03:19:52 devstack cinder-volume[87747]: DEBUG oslo_concurrency.lockutils [None req-0f10fb79-1830-4395-9e94-b00fadae52f6 tempest-SnapshotsActionsTest-1329048363 None] Acquiring lock "quobyte" by "cinder.volume.drivers.quobyte.QuobyteDriver.create_snapshot" {{(pid=87747) inner /opt/stack/data/venv/lib/python3.12/site-packages/oslo_concurrency/lockutils.py:512}}
Jul 22 03:19:52 devstack cinder-volume[87747]: DEBUG oslo_concurrency.lockutils [None req-0f10fb79-1830-4395-9e94-b00fadae52f6 tempest-SnapshotsActionsTest-1329048363 None] Lock "quobyte" acquired by "cinder.volume.drivers.quobyte.QuobyteDriver.create_snapshot" :: waited 0.001s {{(pid=87747) inner /opt/stack/data/venv/lib/python3.12/site-packages/oslo_concurrency/lockutils.py:525}}
Jul 22 03:19:52 devstack cinder-volume[87747]: DEBUG cinder.volume.drivers.remotefs [None req-0f10fb79-1830-4395-9e94-b00fadae52f6 tempest-SnapshotsActionsTest-1329048363 None] Creating offline snapshot 554ea818-0216-4272-aa3d-1b33bd7a81c7 of volume d01a3a60-aacf-4183-a2c5-769747c37d7a {{(pid=87747) _create_snapshot /opt/stack/cinder/cinder/volume/drivers/remotefs.py:1816}}
Jul 22 03:19:52 devstack cinder-volume[87747]: DEBUG oslo.privsep.daemon [-] privsep: reply[ebc3c538-c385-41a3-aef7-1d78c8828e0a]: (4, 'qcow2') {{(pid=88699) _call_back /opt/stack/data/venv/lib/python3.12/site-packages/oslo_privsep/daemon.py:580}}
Jul 22 03:19:52 devstack cinder-volume[87747]: DEBUG oslo_concurrency.processutils [None req-0f10fb79-1830-4395-9e94-b00fadae52f6 tempest-SnapshotsActionsTest-1329048363 None] Running cmd (subprocess): /opt/stack/data/venv/bin/python3.12 -m oslo_concurrency.prlimit --as=1073741824 --cpu=60 -- sudo cinder-rootwrap /etc/cinder/rootwrap.conf env LC_ALL=C qemu-img info -f qcow2 --output=json --force-share /opt/stack/data/cinder/mnt/d669e08b4bb50133b612d4c9c50d794a/volume-d01a3a60-aacf-4183-a2c5-769747c37d7a.97226f74-0159-4b9a-b538-229d4a909064 {{(pid=87747) execute /opt/stack/data/venv/lib/python3.12/site-packages/oslo_concurrency/processutils.py:440}}
Jul 22 03:19:52 devstack sudo[93849]: quobyte : PWD=/ ; USER=root ; COMMAND=/opt/stack/data/venv/bin/cinder-rootwrap /etc/cinder/rootwrap.conf env LC_ALL=C qemu-img info -f qcow2 --output=json --force-share /opt/stack/data/cinder/mnt/d669e08b4bb50133b612d4c9c50d794a/volume-d01a3a60-aacf-4183-a2c5-769747c37d7a.97226f74-0159-4b9a-b538-229d4a909064
Jul 22 03:19:52 devstack sudo[93849]: pam_unix(sudo:session): session opened for user root(uid=0) by (uid=1000)
Jul 22 03:19:52 devstack sudo[93849]: pam_unix(sudo:session): session closed for user root
Jul 22 03:19:52 devstack cinder-volume[87747]: DEBUG oslo_concurrency.processutils [None req-0f10fb79-1830-4395-9e94-b00fadae52f6 tempest-SnapshotsActionsTest-1329048363 None] CMD "/opt/stack/data/venv/bin/python3.12 -m oslo_concurrency.prlimit --as=1073741824 --cpu=60 -- sudo cinder-rootwrap /etc/cinder/rootwrap.conf env LC_ALL=C qemu-img info -f qcow2 --output=json --force-share /opt/stack/data/cinder/mnt/d669e08b4bb50133b612d4c9c50d794a/volume-d01a3a60-aacf-4183-a2c5-769747c37d7a.97226f74-0159-4b9a-b538-229d4a909064" returned: 0 in 0.401s {{(pid=87747) execute /opt/stack/data/venv/lib/python3.12/site-packages/oslo_concurrency/processutils.py:468}}
Jul 22 03:19:52 devstack cinder-volume[87747]: DEBUG cinder.volume.drivers.remotefs [None req-0f10fb79-1830-4395-9e94-b00fadae52f6 tempest-SnapshotsActionsTest-1329048363 None] Fetching qemu-img info with special backing_file_template: (/opt/stack/data/cinder/mnt/[0-9a-f]+/)?(volume-d01a3a60-aacf-4183-a2c5-769747c37d7a(.(tmp-snap-)?[0-9a-f-]+)?|volume_from_snapshot_cache/(tmp-snap-)?[0-9a-f-]+(.(child-|parent-)[0-9a-f-]+)?)$ {{(pid=87747) _qemu_img_info_base /opt/stack/cinder/cinder/volume/drivers/remotefs.py:896}}
Jul 22 03:19:52 devstack cinder-volume[87747]: DEBUG oslo_concurrency.processutils [None req-0f10fb79-1830-4395-9e94-b00fadae52f6 tempest-SnapshotsActionsTest-1329048363 None] Running cmd (subprocess): sudo cinder-rootwrap /etc/cinder/rootwrap.conf qemu-img create -f qcow2 -o backing_file=/opt/stack/data/cinder/mnt/d669e08b4bb50133b612d4c9c50d794a/volume-d01a3a60-aacf-4183-a2c5-769747c37d7a.97226f74-0159-4b9a-b538-229d4a909064,backing_fmt=qcow2 /opt/stack/data/cinder/mnt/d669e08b4bb50133b612d4c9c50d794a/volume-d01a3a60-aacf-4183-a2c5-769747c37d7a.554ea818-0216-4272-aa3d-1b33bd7a81c7 1G {{(pid=87747) execute /opt/stack/data/venv/lib/python3.12/site-packages/oslo_concurrency/processutils.py:440}}
Jul 22 03:19:52 devstack sudo[93854]: quobyte : PWD=/ ; USER=root ; COMMAND=/opt/stack/data/venv/bin/cinder-rootwrap /etc/cinder/rootwrap.conf qemu-img create -f qcow2 -o backing_file=/opt/stack/data/cinder/mnt/d669e08b4bb50133b612d4c9c50d794a/volume-d01a3a60-aacf-4183-a2c5-769747c37d7a.97226f74-0159-4b9a-b538-229d4a909064,backing_fmt=qcow2 /opt/stack/data/cinder/mnt/d669e08b4bb50133b612d4c9c50d794a/volume-d01a3a60-aacf-4183-a2c5-769747c37d7a.554ea818-0216-4272-aa3d-1b33bd7a81c7 1G
Jul 22 03:19:52 devstack sudo[93854]: pam_unix(sudo:session): session opened for user root(uid=0) by (uid=1000)
Jul 22 03:19:53 devstack sudo[93854]: pam_unix(sudo:session): session closed for user root
Jul 22 03:19:53 devstack cinder-volume[87747]: DEBUG oslo_concurrency.processutils [None req-0f10fb79-1830-4395-9e94-b00fadae52f6 tempest-SnapshotsActionsTest-1329048363 None] CMD "sudo cinder-rootwrap /etc/cinder/rootwrap.conf qemu-img create -f qcow2 -o backing_file=/opt/stack/data/cinder/mnt/d669e08b4bb50133b612d4c9c50d794a/volume-d01a3a60-aacf-4183-a2c5-769747c37d7a.97226f74-0159-4b9a-b538-229d4a909064,backing_fmt=qcow2 /opt/stack/data/cinder/mnt/d669e08b4bb50133b612d4c9c50d794a/volume-d01a3a60-aacf-4183-a2c5-769747c37d7a.554ea818-0216-4272-aa3d-1b33bd7a81c7 1G" returned: 0 in 0.528s {{(pid=87747) execute /opt/stack/data/venv/lib/python3.12/site-packages/oslo_concurrency/processutils.py:468}}
Jul 22 03:19:53 devstack cinder-volume[87747]: DEBUG oslo_concurrency.processutils [None req-0f10fb79-1830-4395-9e94-b00fadae52f6 tempest-SnapshotsActionsTest-1329048363 None] Running cmd (subprocess): sudo cinder-rootwrap /etc/cinder/rootwrap.conf qemu-img rebase -u -b volume-d01a3a60-aacf-4183-a2c5-769747c37d7a.97226f74-0159-4b9a-b538-229d4a909064 -F qcow2 /opt/stack/data/cinder/mnt/d669e08b4bb50133b612d4c9c50d794a/volume-d01a3a60-aacf-4183-a2c5-769747c37d7a.554ea818-0216-4272-aa3d-1b33bd7a81c7 {{(pid=87747) execute /opt/stack/data/venv/lib/python3.12/site-packages/oslo_concurrency/processutils.py:440}}
Jul 22 03:19:53 devstack sudo[93861]: quobyte : PWD=/ ; USER=root ; COMMAND=/opt/stack/data/venv/bin/cinder-rootwrap /etc/cinder/rootwrap.conf qemu-img rebase -u -b volume-d01a3a60-aacf-4183-a2c5-769747c37d7a.97226f74-0159-4b9a-b538-229d4a909064 -F qcow2 /opt/stack/data/cinder/mnt/d669e08b4bb50133b612d4c9c50d794a/volume-d01a3a60-aacf-4183-a2c5-769747c37d7a.554ea818-0216-4272-aa3d-1b33bd7a81c7
Jul 22 03:19:53 devstack sudo[93861]: pam_unix(sudo:session): session opened for user root(uid=0) by (uid=1000)
Jul 22 03:19:53 devstack sudo[93861]: pam_unix(sudo:session): session closed for user root
Jul 22 03:19:53 devstack cinder-volume[87747]: DEBUG oslo_concurrency.processutils [None req-0f10fb79-1830-4395-9e94-b00fadae52f6 tempest-SnapshotsActionsTest-1329048363 None] CMD "sudo cinder-rootwrap /etc/cinder/rootwrap.conf qemu-img rebase -u -b volume-d01a3a60-aacf-4183-a2c5-769747c37d7a.97226f74-0159-4b9a-b538-229d4a909064 -F qcow2 /opt/stack/data/cinder/mnt/d669e08b4bb50133b612d4c9c50d794a/volume-d01a3a60-aacf-4183-a2c5-769747c37d7a.554ea818-0216-4272-aa3d-1b33bd7a81c7" returned: 0 in 0.338s {{(pid=87747) execute /opt/stack/data/venv/lib/python3.12/site-packages/oslo_concurrency/processutils.py:468}}
Jul 22 03:19:53 devstack cinder-volume[87747]: WARNING cinder.volume.drivers.remotefs [None req-0f10fb79-1830-4395-9e94-b00fadae52f6 tempest-SnapshotsActionsTest-1329048363 None] /opt/stack/data/cinder/mnt/d669e08b4bb50133b612d4c9c50d794a/volume-d01a3a60-aacf-4183-a2c5-769747c37d7a.554ea818-0216-4272-aa3d-1b33bd7a81c7 is being set with open permissions: ugo+rw
Jul 22 03:19:53 devstack cinder-volume[87747]: DEBUG oslo_concurrency.processutils [None req-0f10fb79-1830-4395-9e94-b00fadae52f6 tempest-SnapshotsActionsTest-1329048363 None] Running cmd (subprocess): sudo cinder-rootwrap /etc/cinder/rootwrap.conf chmod ugo+rw /opt/stack/data/cinder/mnt/d669e08b4bb50133b612d4c9c50d794a/volume-d01a3a60-aacf-4183-a2c5-769747c37d7a.554ea818-0216-4272-aa3d-1b33bd7a81c7 {{(pid=87747) execute /opt/stack/data/venv/lib/python3.12/site-packages/oslo_concurrency/processutils.py:440}}
Jul 22 03:19:53 devstack sudo[93866]: quobyte : PWD=/ ; USER=root ; COMMAND=/opt/stack/data/venv/bin/cinder-rootwrap /etc/cinder/rootwrap.conf chmod ugo+rw /opt/stack/data/cinder/mnt/d669e08b4bb50133b612d4c9c50d794a/volume-d01a3a60-aacf-4183-a2c5-769747c37d7a.554ea818-0216-4272-aa3d-1b33bd7a81c7
Jul 22 03:19:53 devstack sudo[93866]: pam_unix(sudo:session): session opened for user root(uid=0) by (uid=1000)
Jul 22 03:19:53 devstack sudo[93866]: pam_unix(sudo:session): session closed for user root
Jul 22 03:19:53 devstack cinder-volume[87747]: DEBUG oslo_concurrency.processutils [None req-0f10fb79-1830-4395-9e94-b00fadae52f6 tempest-SnapshotsActionsTest-1329048363 None] CMD "sudo cinder-rootwrap /etc/cinder/rootwrap.conf chmod ugo+rw /opt/stack/data/cinder/mnt/d669e08b4bb50133b612d4c9c50d794a/volume-d01a3a60-aacf-4183-a2c5-769747c37d7a.554ea818-0216-4272-aa3d-1b33bd7a81c7" returned: 0 in 0.321s {{(pid=87747) execute /opt/stack/data/venv/lib/python3.12/site-packages/oslo_concurrency/processutils.py:468}}
Jul 22 03:19:53 devstack cinder-volume[87747]: DEBUG oslo_concurrency.lockutils [None req-0f10fb79-1830-4395-9e94-b00fadae52f6 tempest-SnapshotsActionsTest-1329048363 None] Lock "quobyte" "released" by "cinder.volume.drivers.quobyte.QuobyteDriver.create_snapshot" :: held 1.698s {{(pid=87747) inner /opt/stack/data/venv/lib/python3.12/site-packages/oslo_concurrency/lockutils.py:544}}
Jul 22 03:19:53 devstack cinder-volume[87747]: INFO cinder.volume.manager [None req-0f10fb79-1830-4395-9e94-b00fadae52f6 tempest-SnapshotsActionsTest-1329048363 None] Create snapshot completed successfully
Jul 22 03:19:54 devstack cinder-volume[87747]: DEBUG cinder.coordination [None req-0fd7b17b-9619-4a63-98cc-2a8d1d2f385c tempest-SnapshotsActionsTest-618519404 None] Acquiring lock "cinder-554ea818-0216-4272-aa3d-1b33bd7a81c7-delete_snapshot" by "delete_snapshot" {{(pid=87747) __acquire /opt/stack/cinder/cinder/coordination.py:138}}
Jul 22 03:19:54 devstack cinder-volume[87747]: DEBUG cinder.coordination [None req-0fd7b17b-9619-4a63-98cc-2a8d1d2f385c tempest-SnapshotsActionsTest-618519404 None] Lock "cinder-554ea818-0216-4272-aa3d-1b33bd7a81c7-delete_snapshot" acquired by "delete_snapshot" :: waited 0.037s {{(pid=87747) __acquire /opt/stack/cinder/cinder/coordination.py:141}}
Jul 22 03:19:54 devstack cinder-volume[87747]: DEBUG cinder.coordination [None req-0fd7b17b-9619-4a63-98cc-2a8d1d2f385c tempest-SnapshotsActionsTest-618519404 None] Acquiring lock "cinder-quobyte-d01a3a60-aacf-4183-a2c5-769747c37d7a" by "delete_snapshot" {{(pid=87747) __acquire /opt/stack/cinder/cinder/coordination.py:138}}
Jul 22 03:19:54 devstack cinder-volume[87747]: DEBUG cinder.coordination [None req-0fd7b17b-9619-4a63-98cc-2a8d1d2f385c tempest-SnapshotsActionsTest-618519404 None] Lock "cinder-quobyte-d01a3a60-aacf-4183-a2c5-769747c37d7a" acquired by "delete_snapshot" :: waited 0.015s {{(pid=87747) __acquire /opt/stack/cinder/cinder/coordination.py:141}}
Jul 22 03:19:54 devstack cinder-volume[87747]: DEBUG cinder.coordination [None req-0fd7b17b-9619-4a63-98cc-2a8d1d2f385c tempest-SnapshotsActionsTest-618519404 None] Acquiring lock "cinder-quobyte-554ea818-0216-4272-aa3d-1b33bd7a81c7" by "_delete_snapshot" {{(pid=87747) __acquire /opt/stack/cinder/cinder/coordination.py:138}}
Jul 22 03:19:54 devstack cinder-volume[87747]: DEBUG cinder.coordination [None req-0fd7b17b-9619-4a63-98cc-2a8d1d2f385c tempest-SnapshotsActionsTest-618519404 None] Lock "cinder-quobyte-554ea818-0216-4272-aa3d-1b33bd7a81c7" acquired by "_delete_snapshot" :: waited 0.018s {{(pid=87747) __acquire /opt/stack/cinder/cinder/coordination.py:141}}
Jul 22 03:19:54 devstack cinder-volume[87747]: DEBUG cinder.volume.drivers.remotefs [None req-0fd7b17b-9619-4a63-98cc-2a8d1d2f385c tempest-SnapshotsActionsTest-618519404 None] Deleting offline snapshot 554ea818-0216-4272-aa3d-1b33bd7a81c7 of volume d01a3a60-aacf-4183-a2c5-769747c37d7a {{(pid=87747) _delete_snapshot /opt/stack/cinder/cinder/volume/drivers/remotefs.py:1288}}
Jul 22 03:19:54 devstack cinder-volume[87747]: DEBUG cinder.volume.drivers.remotefs [None req-0fd7b17b-9619-4a63-98cc-2a8d1d2f385c tempest-SnapshotsActionsTest-618519404 None] snapshot_file for this snap is: volume-d01a3a60-aacf-4183-a2c5-769747c37d7a.554ea818-0216-4272-aa3d-1b33bd7a81c7 {{(pid=87747) _delete_snapshot /opt/stack/cinder/cinder/volume/drivers/remotefs.py:1317}}
Jul 22 03:19:54 devstack cinder-volume[87747]: DEBUG oslo.privsep.daemon [-] privsep: reply[ff8e548a-b700-448a-a74a-cea72dfbfc20]: (4, 'qcow2') {{(pid=88699) _call_back /opt/stack/data/venv/lib/python3.12/site-packages/oslo_privsep/daemon.py:580}}
Jul 22 03:19:54 devstack cinder-volume[87747]: DEBUG oslo_concurrency.processutils [None req-0fd7b17b-9619-4a63-98cc-2a8d1d2f385c tempest-SnapshotsActionsTest-618519404 None] Running cmd (subprocess): /opt/stack/data/venv/bin/python3.12 -m oslo_concurrency.prlimit --as=1073741824 --cpu=60 -- sudo cinder-rootwrap /etc/cinder/rootwrap.conf env LC_ALL=C qemu-img info -f qcow2 --output=json --force-share /opt/stack/data/cinder/mnt/d669e08b4bb50133b612d4c9c50d794a/volume-d01a3a60-aacf-4183-a2c5-769747c37d7a.554ea818-0216-4272-aa3d-1b33bd7a81c7 {{(pid=87747) execute /opt/stack/data/venv/lib/python3.12/site-packages/oslo_concurrency/processutils.py:440}}
Jul 22 03:19:54 devstack sudo[93869]: quobyte : PWD=/ ; USER=root ; COMMAND=/opt/stack/data/venv/bin/cinder-rootwrap /etc/cinder/rootwrap.conf env LC_ALL=C qemu-img info -f qcow2 --output=json --force-share /opt/stack/data/cinder/mnt/d669e08b4bb50133b612d4c9c50d794a/volume-d01a3a60-aacf-4183-a2c5-769747c37d7a.554ea818-0216-4272-aa3d-1b33bd7a81c7
Jul 22 03:19:54 devstack sudo[93869]: pam_unix(sudo:session): session opened for user root(uid=0) by (uid=1000)
Jul 22 03:19:54 devstack sudo[93869]: pam_unix(sudo:session): session closed for user root
Jul 22 03:19:54 devstack cinder-volume[87747]: DEBUG oslo_concurrency.processutils [None req-0fd7b17b-9619-4a63-98cc-2a8d1d2f385c tempest-SnapshotsActionsTest-618519404 None] CMD "/opt/stack/data/venv/bin/python3.12 -m oslo_concurrency.prlimit --as=1073741824 --cpu=60 -- sudo cinder-rootwrap /etc/cinder/rootwrap.conf env LC_ALL=C qemu-img info -f qcow2 --output=json --force-share /opt/stack/data/cinder/mnt/d669e08b4bb50133b612d4c9c50d794a/volume-d01a3a60-aacf-4183-a2c5-769747c37d7a.554ea818-0216-4272-aa3d-1b33bd7a81c7" returned: 0 in 0.449s {{(pid=87747) execute /opt/stack/data/venv/lib/python3.12/site-packages/oslo_concurrency/processutils.py:468}}
Jul 22 03:19:54 devstack cinder-volume[87747]: DEBUG cinder.volume.drivers.remotefs [None req-0fd7b17b-9619-4a63-98cc-2a8d1d2f385c tempest-SnapshotsActionsTest-618519404 None] Fetching qemu-img info with special backing_file_template: (/opt/stack/data/cinder/mnt/[0-9a-f]+/)?(volume-d01a3a60-aacf-4183-a2c5-769747c37d7a(.(tmp-snap-)?[0-9a-f-]+)?|volume_from_snapshot_cache/(tmp-snap-)?[0-9a-f-]+(.(child-|parent-)[0-9a-f-]+)?)$ {{(pid=87747) _qemu_img_info_base /opt/stack/cinder/cinder/volume/drivers/remotefs.py:896}}
Jul 22 03:19:55 devstack cinder-volume[87747]: DEBUG oslo.privsep.daemon [-] privsep: reply[b30f2167-efab-4e36-a964-c16de2d6cbca]: (4, 'qcow2') {{(pid=88699) _call_back /opt/stack/data/venv/lib/python3.12/site-packages/oslo_privsep/daemon.py:580}}
Jul 22 03:19:55 devstack cinder-volume[87747]: DEBUG oslo_concurrency.processutils [None req-0fd7b17b-9619-4a63-98cc-2a8d1d2f385c tempest-SnapshotsActionsTest-618519404 None] Running cmd (subprocess): /opt/stack/data/venv/bin/python3.12 -m oslo_concurrency.prlimit --as=1073741824 --cpu=60 -- sudo cinder-rootwrap /etc/cinder/rootwrap.conf env LC_ALL=C qemu-img info -f qcow2 --output=json --force-share /opt/stack/data/cinder/mnt/d669e08b4bb50133b612d4c9c50d794a/volume-d01a3a60-aacf-4183-a2c5-769747c37d7a.97226f74-0159-4b9a-b538-229d4a909064 {{(pid=87747) execute /opt/stack/data/venv/lib/python3.12/site-packages/oslo_concurrency/processutils.py:440}}
Jul 22 03:19:55 devstack sudo[93874]: quobyte : PWD=/ ; USER=root ; COMMAND=/opt/stack/data/venv/bin/cinder-rootwrap /etc/cinder/rootwrap.conf env LC_ALL=C qemu-img info -f qcow2 --output=json --force-share /opt/stack/data/cinder/mnt/d669e08b4bb50133b612d4c9c50d794a/volume-d01a3a60-aacf-4183-a2c5-769747c37d7a.97226f74-0159-4b9a-b538-229d4a909064
Jul 22 03:19:55 devstack sudo[93874]: pam_unix(sudo:session): session opened for user root(uid=0) by (uid=1000)
Jul 22 03:19:55 devstack sudo[93874]: pam_unix(sudo:session): session closed for user root
Jul 22 03:19:55 devstack cinder-volume[87747]: DEBUG oslo_concurrency.processutils [None req-0fd7b17b-9619-4a63-98cc-2a8d1d2f385c tempest-SnapshotsActionsTest-618519404 None] CMD "/opt/stack/data/venv/bin/python3.12 -m oslo_concurrency.prlimit --as=1073741824 --cpu=60 -- sudo cinder-rootwrap /etc/cinder/rootwrap.conf env LC_ALL=C qemu-img info -f qcow2 --output=json --force-share /opt/stack/data/cinder/mnt/d669e08b4bb50133b612d4c9c50d794a/volume-d01a3a60-aacf-4183-a2c5-769747c37d7a.97226f74-0159-4b9a-b538-229d4a909064" returned: 0 in 0.729s {{(pid=87747) execute /opt/stack/data/venv/lib/python3.12/site-packages/oslo_concurrency/processutils.py:468}}
Jul 22 03:19:55 devstack cinder-volume[87747]: DEBUG cinder.volume.drivers.remotefs [None req-0fd7b17b-9619-4a63-98cc-2a8d1d2f385c tempest-SnapshotsActionsTest-618519404 None] Fetching qemu-img info with special backing_file_template: (/opt/stack/data/cinder/mnt/[0-9a-f]+/)?(volume-d01a3a60-aacf-4183-a2c5-769747c37d7a(.(tmp-snap-)?[0-9a-f-]+)?|volume_from_snapshot_cache/(tmp-snap-)?[0-9a-f-]+(.(child-|parent-)[0-9a-f-]+)?)$ {{(pid=87747) _qemu_img_info_base /opt/stack/cinder/cinder/volume/drivers/remotefs.py:896}}
Jul 22 03:19:55 devstack cinder-volume[87747]: DEBUG oslo_concurrency.processutils [None req-0fd7b17b-9619-4a63-98cc-2a8d1d2f385c tempest-SnapshotsActionsTest-618519404 None] Running cmd (subprocess): sudo cinder-rootwrap /etc/cinder/rootwrap.conf qemu-img commit -d /opt/stack/data/cinder/mnt/d669e08b4bb50133b612d4c9c50d794a/volume-d01a3a60-aacf-4183-a2c5-769747c37d7a.554ea818-0216-4272-aa3d-1b33bd7a81c7 {{(pid=87747) execute /opt/stack/data/venv/lib/python3.12/site-packages/oslo_concurrency/processutils.py:440}}
