Nov 03 18:32:00 devstack devstack@g-api.service[73331]: DEBUG glance.api.middleware.version_negotiation [None req-15f7b396-bc73-4969-9d59-1930858fd413 None None] Determining version of request: GET / Accept: */* {{(pid=73331) process_request /opt/stack/glance/glance/api/middleware/version_negotiation.py:44}}
Nov 03 18:32:00 devstack devstack@g-api.service[73332]: DEBUG glance.common.config [None req-4ee6c781-8043-4bb1-b8c4-80d8c2b279f0 None None] barbican_service_user.auth_type = None {{(pid=73332) log_opt_values /opt/stack/data/venv/lib/python3.10/site-packages/oslo_config/cfg.py:2824}}
Nov 03 18:32:00 devstack devstack@g-api.service[73331]: DEBUG glance.api.middleware.version_negotiation [None req-15f7b396-bc73-4969-9d59-1930858fd413 None None] Using url versioning {{(pid=73331) process_request /opt/stack/glance/glance/api/middleware/version_negotiation.py:57}}
Nov 03 18:32:00 devstack devstack@g-api.service[73332]: DEBUG glance.common.config [None req-4ee6c781-8043-4bb1-b8c4-80d8c2b279f0 None None] barbican_service_user.cafile = None {{(pid=73332) log_opt_values /opt/stack/data/venv/lib/python3.10/site-packages/oslo_config/cfg.py:2824}}
Nov 03 18:32:00 devstack devstack@g-api.service[73331]: DEBUG glance.api.middleware.version_negotiation [None req-15f7b396-bc73-4969-9d59-1930858fd413 None None] Unknown version. Returning version choices. {{(pid=73331) process_request /opt/stack/glance/glance/api/middleware/version_negotiation.py:64}}
Nov 03 18:32:00 devstack devstack@g-api.service[73332]: DEBUG glance.common.config [None req-4ee6c781-8043-4bb1-b8c4-80d8c2b279f0 None None] barbican_service_user.certfile = None {{(pid=73332) log_opt_values /opt/stack/data/venv/lib/python3.10/site-packages/oslo_config/cfg.py:2824}}
Nov 03 18:32:00 devstack devstack@g-api.service[73332]: DEBUG glance.common.config [None req-4ee6c781-8043-4bb1-b8c4-80d8c2b279f0 None None] barbican_service_user.collect_timing = False {{(pid=73332) log_opt_values /opt/stack/data/venv/lib/python3.10/site-packages/oslo_config/cfg.py:2824}}
Nov 03 18:32:00 devstack devstack@g-api.service[73332]: DEBUG glance.common.config [None req-4ee6c781-8043-4bb1-b8c4-80d8c2b279f0 None None] barbican_service_user.insecure = False {{(pid=73332) log_opt_values /opt/stack/data/venv/lib/python3.10/site-packages/oslo_config/cfg.py:2824}}
Nov 03 18:32:00 devstack devstack@g-api.service[73332]: DEBUG glance.common.config [None req-4ee6c781-8043-4bb1-b8c4-80d8c2b279f0 None None] barbican_service_user.keyfile = None {{(pid=73332) log_opt_values /opt/stack/data/venv/lib/python3.10/site-packages/oslo_config/cfg.py:2824}}
Nov 03 18:32:00 devstack devstack@g-api.service[73332]: DEBUG glance.common.config [None req-4ee6c781-8043-4bb1-b8c4-80d8c2b279f0 None None] barbican_service_user.split_loggers = False {{(pid=73332) log_opt_values /opt/stack/data/venv/lib/python3.10/site-packages/oslo_config/cfg.py:2824}}
Nov 03 18:32:00 devstack devstack@g-api.service[73332]: DEBUG glance.common.config [None req-4ee6c781-8043-4bb1-b8c4-80d8c2b279f0 None None] barbican_service_user.timeout = None {{(pid=73332) log_opt_values /opt/stack/data/venv/lib/python3.10/site-packages/oslo_config/cfg.py:2824}}
Nov 03 18:32:00 devstack devstack@g-api.service[73332]: DEBUG glance.common.config [None req-4ee6c781-8043-4bb1-b8c4-80d8c2b279f0 None None] database.asyncio_connection = **** {{(pid=73332) log_opt_values /opt/stack/data/venv/lib/python3.10/site-packages/oslo_config/cfg.py:2824}}
Nov 03 18:32:00 devstack devstack@g-api.service[73332]: DEBUG glance.common.config [None req-4ee6c781-8043-4bb1-b8c4-80d8c2b279f0 None None] database.asyncio_slave_connection = **** {{(pid=73332) log_opt_values /opt/stack/data/venv/lib/python3.10/site-packages/oslo_config/cfg.py:2824}}
Nov 03 18:32:00 devstack devstack@g-api.service[73332]: DEBUG glance.common.config [None req-4ee6c781-8043-4bb1-b8c4-80d8c2b279f0 None None] database.backend = sqlalchemy {{(pid=73332) log_opt_values /opt/stack/data/venv/lib/python3.10/site-packages/oslo_config/cfg.py:2824}}
Nov 03 18:32:00 devstack devstack@g-api.service[73332]: DEBUG glance.common.config [None req-4ee6c781-8043-4bb1-b8c4-80d8c2b279f0 None None] database.connection = **** {{(pid=73332) log_opt_values /opt/stack/data/venv/lib/python3.10/site-packages/oslo_config/cfg.py:2824}}
Nov 03 18:32:00 devstack devstack@g-api.service[73332]: DEBUG glance.common.config [None req-4ee6c781-8043-4bb1-b8c4-80d8c2b279f0 None None] database.connection_debug = 0 {{(pid=73332) log_opt_values /opt/stack/data/venv/lib/python3.10/site-packages/oslo_config/cfg.py:2824}}
Nov 03 18:32:00 devstack devstack@g-api.service[73332]: DEBUG glance.common.config [None req-4ee6c781-8043-4bb1-b8c4-80d8c2b279f0 None None] database.connection_parameters = {{(pid=73332) log_opt_values /opt/stack/data/venv/lib/python3.10/site-packages/oslo_config/cfg.py:2824}}
Nov 03 18:32:00 devstack devstack@g-api.service[73332]: DEBUG glance.common.config [None req-4ee6c781-8043-4bb1-b8c4-80d8c2b279f0 None None] database.connection_recycle_time = 3600 {{(pid=73332) log_opt_values /opt/stack/data/venv/lib/python3.10/site-packages/oslo_config/cfg.py:2824}}
Nov 03 18:32:00 devstack devstack@g-api.service[73332]: DEBUG glance.common.config [None req-4ee6c781-8043-4bb1-b8c4-80d8c2b279f0 None None] database.connection_trace = False {{(pid=73332) log_opt_values /opt/stack/data/venv/lib/python3.10/site-packages/oslo_config/cfg.py:2824}}
Nov 03 18:32:00 devstack devstack@g-api.service[73332]: DEBUG glance.common.config [None req-4ee6c781-8043-4bb1-b8c4-80d8c2b279f0 None None] database.db_inc_retry_interval = True {{(pid=73332) log_opt_values /opt/stack/data/venv/lib/python3.10/site-packages/oslo_config/cfg.py:2824}}
Nov 03 18:32:00 devstack devstack@g-api.service[73331]: [pid: 73331|app: 0|req: 1/1] 127.0.0.1 () {32 vars in 396 bytes} [Mon Nov 3 18:32:00 2025] GET / => generated 1433 bytes in 5 msecs (HTTP/1.1 300) 3 headers in 106 bytes (1 switches on core 0)
Nov 03 18:32:00 devstack devstack@g-api.service[73332]: DEBUG glance.common.config [None req-4ee6c781-8043-4bb1-b8c4-80d8c2b279f0 None None] database.db_max_retries = 20 {{(pid=73332) log_opt_values /opt/stack/data/venv/lib/python3.10/site-packages/oslo_config/cfg.py:2824}}
Nov 03 18:32:00 devstack devstack@g-api.service[73332]: DEBUG glance.common.config [None req-4ee6c781-8043-4bb1-b8c4-80d8c2b279f0 None None] database.db_max_retry_interval = 10 {{(pid=73332) log_opt_values /opt/stack/data/venv/lib/python3.10/site-packages/oslo_config/cfg.py:2824}}
Nov 03 18:32:00 devstack devstack@g-api.service[73332]: DEBUG glance.common.config [None req-4ee6c781-8043-4bb1-b8c4-80d8c2b279f0 None None] database.db_retry_interval = 1 {{(pid=73332) log_opt_values /opt/stack/data/venv/lib/python3.10/site-packages/oslo_config/cfg.py:2824}}
Nov 03 18:32:00 devstack devstack@g-api.service[73332]: DEBUG glance.common.config [None req-4ee6c781-8043-4bb1-b8c4-80d8c2b279f0 None None] database.max_overflow = 50 {{(pid=73332) log_opt_values /opt/stack/data/venv/lib/python3.10/site-packages/oslo_config/cfg.py:2824}}
Nov 03 18:32:00 devstack devstack@g-api.service[73332]: DEBUG glance.common.config [None req-4ee6c781-8043-4bb1-b8c4-80d8c2b279f0 None None] database.max_pool_size = 5 {{(pid=73332) log_opt_values /opt/stack/data/venv/lib/python3.10/site-packages/oslo_config/cfg.py:2824}}
Nov 03 18:32:00 devstack devstack@g-api.service[73332]: DEBUG glance.common.config [None req-4ee6c781-8043-4bb1-b8c4-80d8c2b279f0 None None] database.max_retries = 10 {{(pid=73332) log_opt_values /opt/stack/data/venv/lib/python3.10/site-packages/oslo_config/cfg.py:2824}}
Nov 03 18:32:00 devstack devstack@g-api.service[73332]: DEBUG glance.common.config [None req-4ee6c781-8043-4bb1-b8c4-80d8c2b279f0 None None] database.mysql_sql_mode = TRADITIONAL {{(pid=73332) log_opt_values /opt/stack/data/venv/lib/python3.10/site-packages/oslo_config/cfg.py:2824}}
Nov 03 18:32:00 devstack devstack@g-api.service[73332]: DEBUG glance.common.config [None req-4ee6c781-8043-4bb1-b8c4-80d8c2b279f0 None None] database.mysql_wsrep_sync_wait = None {{(pid=73332) log_opt_values /opt/stack/data/venv/lib/python3.10/site-packages/oslo_config/cfg.py:2824}}
Nov 03 18:32:00 devstack devstack@g-api.service[73332]: DEBUG glance.common.config [None req-4ee6c781-8043-4bb1-b8c4-80d8c2b279f0 None None] database.pool_timeout = None {{(pid=73332) log_opt_values /opt/stack/data/venv/lib/python3.10/site-packages/oslo_config/cfg.py:2824}}
Nov 03 18:32:00 devstack devstack@g-api.service[73332]: DEBUG glance.common.config [None req-4ee6c781-8043-4bb1-b8c4-80d8c2b279f0 None None] database.retry_interval = 10 {{(pid=73332) log_opt_values /opt/stack/data/venv/lib/python3.10/site-packages/oslo_config/cfg.py:2824}}
Nov 03 18:32:00 devstack devstack@g-api.service[73332]: DEBUG glance.common.config [None req-4ee6c781-8043-4bb1-b8c4-80d8c2b279f0 None None] database.slave_connection = **** {{(pid=73332) log_opt_values /opt/stack/data/venv/lib/python3.10/site-packages/oslo_config/cfg.py:2824}}
Nov 03 18:32:00 devstack devstack@g-api.service[73332]: DEBUG glance.common.config [None req-4ee6c781-8043-4bb1-b8c4-80d8c2b279f0 None None] database.sqlite_synchronous = True {{(pid=73332) log_opt_values /opt/stack/data/venv/lib/python3.10/site-packages/oslo_config/cfg.py:2824}}
Nov 03 18:32:00 devstack devstack@g-api.service[73332]: DEBUG glance.common.config [None req-4ee6c781-8043-4bb1-b8c4-80d8c2b279f0 None None] database.use_db_reconnect = False {{(pid=73332) log_opt_values /opt/stack/data/venv/lib/python3.10/site-packages/oslo_config/cfg.py:2824}}
Nov 03 18:32:00 devstack devstack@g-api.service[73332]: DEBUG glance.common.config [None req-4ee6c781-8043-4bb1-b8c4-80d8c2b279f0 None None] healthcheck.allowed_source_ranges = [] {{(pid=73332) log_opt_values /opt/stack/data/venv/lib/python3.10/site-packages/oslo_config/cfg.py:2824}}
Nov 03 18:32:00 devstack devstack@g-api.service[73332]: DEBUG glance.common.config [None req-4ee6c781-8043-4bb1-b8c4-80d8c2b279f0 None None] healthcheck.backends = ['disable_by_file'] {{(pid=73332) log_opt_values /opt/stack/data/venv/lib/python3.10/site-packages/oslo_config/cfg.py:2824}}
Nov 03 18:32:00 devstack devstack@g-api.service[73332]: DEBUG glance.common.config [None req-4ee6c781-8043-4bb1-b8c4-80d8c2b279f0 None None] healthcheck.detailed = False {{(pid=73332) log_opt_values /opt/stack/data/venv/lib/python3.10/site-packages/oslo_config/cfg.py:2824}}
Nov 03 18:32:00 devstack devstack@g-api.service[73332]: DEBUG glance.common.config [None req-4ee6c781-8043-4bb1-b8c4-80d8c2b279f0 None None] healthcheck.disable_by_file_path = None {{(pid=73332) log_opt_values /opt/stack/data/venv/lib/python3.10/site-packages/oslo_config/cfg.py:2824}}
Nov 03 18:32:00 devstack devstack@g-api.service[73332]: DEBUG glance.common.config [None req-4ee6c781-8043-4bb1-b8c4-80d8c2b279f0 None None] healthcheck.ignore_proxied_requests = False {{(pid=73332) log_opt_values /opt/stack/data/venv/lib/python3.10/site-packages/oslo_config/cfg.py:2824}}
Nov 03 18:32:00 devstack devstack@g-api.service[73332]: DEBUG glance.common.config [None req-4ee6c781-8043-4bb1-b8c4-80d8c2b279f0 None None] healthcheck.path = /healthcheck {{(pid=73332) log_opt_values /opt/stack/data/venv/lib/python3.10/site-packages/oslo_config/cfg.py:2824}}
Nov 03 18:32:00 devstack devstack@g-api.service[73332]: DEBUG glance.common.config [None req-4ee6c781-8043-4bb1-b8c4-80d8c2b279f0 None None] ******************************************************************************** {{(pid=73332) log_opt_values /opt/stack/data/venv/lib/python3.10/site-packages/oslo_config/cfg.py:2828}}
Nov 03 18:32:00 devstack devstack@g-api.service[73332]: WSGI app 0 (mountpoint='') ready in 4 seconds on interpreter 0x5626475a56a0 pid: 73332 (default app)
Nov 03 18:32:02 devstack devstack@g-api.service[73331]: DEBUG glance.api.middleware.version_negotiation [None req-15f7b396-bc73-4969-9d59-1930858fd413 None None] Determining version of request: GET / Accept: application/json {{(pid=73331) process_request /opt/stack/glance/glance/api/middleware/version_negotiation.py:44}}
Nov 03 18:32:02 devstack devstack@g-api.service[73331]: DEBUG glance.api.middleware.version_negotiation [None req-15f7b396-bc73-4969-9d59-1930858fd413 None None] Using url versioning {{(pid=73331) process_request /opt/stack/glance/glance/api/middleware/version_negotiation.py:57}}
Nov 03 18:32:02 devstack devstack@g-api.service[73331]: DEBUG glance.api.middleware.version_negotiation [None req-15f7b396-bc73-4969-9d59-1930858fd413 None None] Unknown version. Returning version choices. {{(pid=73331) process_request /opt/stack/glance/glance/api/middleware/version_negotiation.py:64}}
Nov 03 18:32:02 devstack devstack@g-api.service[73331]: [pid: 73331|app: 0|req: 2/2] 127.0.0.1 () {34 vars in 513 bytes} [Mon Nov 3 18:32:02 2025] GET / => generated 1433 bytes in 2 msecs (HTTP/1.1 300) 3 headers in 106 bytes (1 switches on core 0)
Nov 03 18:32:02 devstack devstack@g-api.service[73332]: DEBUG glance.api.middleware.version_negotiation [None req-4ee6c781-8043-4bb1-b8c4-80d8c2b279f0 None None] Determining version of request: POST /v2/images Accept: */* {{(pid=73332) process_request /opt/stack/glance/glance/api/middleware/version_negotiation.py:44}}
Nov 03 18:32:02 devstack devstack@g-api.service[73332]: DEBUG glance.api.middleware.version_negotiation [None req-4ee6c781-8043-4bb1-b8c4-80d8c2b279f0 None None] Using url versioning {{(pid=73332) process_request /opt/stack/glance/glance/api/middleware/version_negotiation.py:57}}
Nov 03 18:32:02 devstack devstack@g-api.service[73332]: DEBUG glance.api.middleware.version_negotiation [None req-4ee6c781-8043-4bb1-b8c4-80d8c2b279f0 None None] Matched version: v2 {{(pid=73332) process_request /opt/stack/glance/glance/api/middleware/version_negotiation.py:69}}
Nov 03 18:32:02 devstack devstack@g-api.service[73332]: DEBUG glance.api.middleware.version_negotiation [None req-4ee6c781-8043-4bb1-b8c4-80d8c2b279f0 None None] new path /v2/images {{(pid=73332) process_request /opt/stack/glance/glance/api/middleware/version_negotiation.py:70}}
Nov 03 18:32:03 devstack devstack@g-api.service[73332]: [pid: 73332|app: 0|req: 1/3] 127.0.0.1 () {40 vars in 776 bytes} [Mon Nov 3 18:32:02 2025] POST /v2/images => generated 807 bytes in 774 msecs (HTTP/1.1 201) 6 headers in 314 bytes (1 switches on core 0)
Nov 03 18:32:03 devstack devstack@g-api.service[73331]: DEBUG glance.api.middleware.version_negotiation [None req-15f7b396-bc73-4969-9d59-1930858fd413 None None] Determining version of request: PUT /v2/images/e43ccea7-6c5e-44b4-b065-f9c236800631/file Accept: {{(pid=73331) process_request /opt/stack/glance/glance/api/middleware/version_negotiation.py:44}}
Nov 03 18:32:03 devstack devstack@g-api.service[73331]: DEBUG glance.api.middleware.version_negotiation [None req-15f7b396-bc73-4969-9d59-1930858fd413 None None] Using url versioning {{(pid=73331) process_request /opt/stack/glance/glance/api/middleware/version_negotiation.py:57}}
Nov 03 18:32:03 devstack devstack@g-api.service[73331]: DEBUG glance.api.middleware.version_negotiation [None req-15f7b396-bc73-4969-9d59-1930858fd413 None None] Matched version: v2 {{(pid=73331) process_request /opt/stack/glance/glance/api/middleware/version_negotiation.py:69}}
Nov 03 18:32:03 devstack devstack@g-api.service[73331]: DEBUG glance.api.middleware.version_negotiation [None req-15f7b396-bc73-4969-9d59-1930858fd413 None None] new path /v2/images/e43ccea7-6c5e-44b4-b065-f9c236800631/file {{(pid=73331) process_request /opt/stack/glance/glance/api/middleware/version_negotiation.py:70}}
Nov 03 18:32:04 devstack devstack@g-api.service[73331]: INFO glance.api.v2.image_data [None req-05ab9db5-b79c-40ef-92cc-78ed4ea513d6 admin admin] Unable to create trust: no such option collect_timing in group [keystone_authtoken] Use the existing user token.
Nov 03 18:32:04 devstack devstack@g-api.service[73331]: DEBUG glance.location [None req-05ab9db5-b79c-40ef-92cc-78ed4ea513d6 admin admin] Enabling in-flight format inspection for qcow2 {{(pid=73331) set_data /opt/stack/glance/glance/location.py:616}}
Nov 03 18:32:04 devstack devstack@g-api.service[73331]: DEBUG oslo_utils.imageutils.format_inspector [None req-05ab9db5-b79c-40ef-92cc-78ed4ea513d6 admin admin] Format inspector for vmdk does not match, excluding from consideration (Signature KDMV not found: b'QFI\xfb') {{(pid=73331) _process_chunk /opt/stack/data/venv/lib/python3.10/site-packages/oslo_utils/imageutils/format_inspector.py:1365}}
Nov 03 18:32:04 devstack devstack@g-api.service[73331]: DEBUG oslo_utils.imageutils.format_inspector [None req-05ab9db5-b79c-40ef-92cc-78ed4ea513d6 admin admin] Format inspector for vhdx does not match, excluding from consideration (Region signature not found at 30000) {{(pid=73331) _process_chunk /opt/stack/data/venv/lib/python3.10/site-packages/oslo_utils/imageutils/format_inspector.py:1365}}
Nov 03 18:32:05 devstack devstack@g-api.service[73331]: DEBUG glance_store._drivers.filesystem [None req-05ab9db5-b79c-40ef-92cc-78ed4ea513d6 admin admin] Wrote 21692416 bytes to /opt/stack/data/glance/images/e43ccea7-6c5e-44b4-b065-f9c236800631 with checksum 87617e24a5e30cb3b87fda8c0764838f and multihash 9a9bce0083a00939ec17c11febbfc767aa211aaa54f51e75c5a8b271a9b5637c77205a518b7a2007cb391d23cceb01e0e4e8d64832317151bc85b734b92a7be0 {{(pid=73331) add /opt/stack/data/venv/lib/python3.10/site-packages/glance_store/_drivers/filesystem.py:794}}
Nov 03 18:32:05 devstack devstack@g-api.service[73331]: INFO glance.location [None req-05ab9db5-b79c-40ef-92cc-78ed4ea513d6 admin admin] Image format matched and virtual size computed: 117440512
Nov 03 18:32:05 devstack devstack@g-api.service[73331]: DEBUG glance_store.backend [None req-05ab9db5-b79c-40ef-92cc-78ed4ea513d6 admin admin] Skipping store.set_acls... not implemented. {{(pid=73331) set_acls /opt/stack/data/venv/lib/python3.10/site-packages/glance_store/backend.py:507}}
Nov 03 18:32:05 devstack devstack@g-api.service[73331]: [pid: 73331|app: 0|req: 3/4] 127.0.0.1 () {40 vars in 869 bytes} [Mon Nov 3 18:32:03 2025] PUT /v2/images/e43ccea7-6c5e-44b4-b065-f9c236800631/file => generated 0 bytes in 1377 msecs (HTTP/1.1 204) 4 headers in 171 bytes (1 switches on core 0)
Nov 03 18:32:05 devstack devstack@g-api.service[73332]: DEBUG glance.api.middleware.version_negotiation [None req-2150be1b-8d22-4f8a-9a50-0c27098c44f4 admin admin] Determining version of request: GET /v2/images/e43ccea7-6c5e-44b4-b065-f9c236800631 Accept: */* {{(pid=73332) process_request /opt/stack/glance/glance/api/middleware/version_negotiation.py:44}}
Nov 03 18:32:05 devstack devstack@g-api.service[73332]: DEBUG glance.api.middleware.version_negotiation [None req-2150be1b-8d22-4f8a-9a50-0c27098c44f4 admin admin] Using url versioning {{(pid=73332) process_request /opt/stack/glance/glance/api/middleware/version_negotiation.py:57}}
Nov 03 18:32:05 devstack devstack@g-api.service[73332]: DEBUG glance.api.middleware.version_negotiation [None req-2150be1b-8d22-4f8a-9a50-0c27098c44f4 admin admin] Matched version: v2 {{(pid=73332) process_request /opt/stack/glance/glance/api/middleware/version_negotiation.py:69}}
Nov 03 18:32:05 devstack devstack@g-api.service[73332]: DEBUG glance.api.middleware.version_negotiation [None req-2150be1b-8d22-4f8a-9a50-0c27098c44f4 admin admin] new path /v2/images/e43ccea7-6c5e-44b4-b065-f9c236800631 {{(pid=73332) process_request /opt/stack/glance/glance/api/middleware/version_negotiation.py:70}}
Nov 03 18:32:05 devstack devstack@g-api.service[73332]: [pid: 73332|app: 0|req: 2/5] 127.0.0.1 () {36 vars in 796 bytes} [Mon Nov 3 18:32:05 2025] GET /v2/images/e43ccea7-6c5e-44b4-b065-f9c236800631 => generated 976 bytes in 22 msecs (HTTP/1.1 200) 4 headers in 157 bytes (1 switches on core 0)
Nov 03 18:32:15 devstack devstack@g-api.service[73331]: DEBUG dbcounter [-] [73331] Writing DB stats glance:INSERT=5,glance:SELECT=16,glance:UPDATE=2 {{(pid=73331) stat_writer /opt/stack/data/venv/lib/python3.10/site-packages/dbcounter.py:115}}
Nov 03 18:32:15 devstack devstack@g-api.service[73332]: DEBUG dbcounter [-] [73332] Writing DB stats glance:INSERT=9,glance:SELECT=6 {{(pid=73332) stat_writer /opt/stack/data/venv/lib/python3.10/site-packages/dbcounter.py:115}}
Nov 03 18:32:43 devstack devstack@g-api.service[73331]: DEBUG glance.api.middleware.version_negotiation [None req-05ab9db5-b79c-40ef-92cc-78ed4ea513d6 admin admin] Determining version of request: GET / Accept: application/json {{(pid=73331) process_request /opt/stack/glance/glance/api/middleware/version_negotiation.py:44}}
Nov 03 18:32:43 devstack devstack@g-api.service[73331]: DEBUG glance.api.middleware.version_negotiation [None req-05ab9db5-b79c-40ef-92cc-78ed4ea513d6 admin admin] Using url versioning {{(pid=73331) process_request /opt/stack/glance/glance/api/middleware/version_negotiation.py:57}}
Nov 03 18:32:43 devstack devstack@g-api.service[73331]: DEBUG glance.api.middleware.version_negotiation [None req-05ab9db5-b79c-40ef-92cc-78ed4ea513d6 admin admin] Unknown version. Returning version choices. {{(pid=73331) process_request /opt/stack/glance/glance/api/middleware/version_negotiation.py:64}}
Nov 03 18:32:43 devstack devstack@g-api.service[73331]: [pid: 73331|app: 0|req: 4/6] 127.0.0.1 () {34 vars in 511 bytes} [Mon Nov 3 18:32:43 2025] GET / => generated 1433 bytes in 2 msecs (HTTP/1.1 300) 3 headers in 106 bytes (1 switches on core 0)
Nov 03 18:32:43 devstack devstack@g-api.service[73332]: DEBUG glance.api.middleware.version_negotiation [None req-dea9c98f-197e-43aa-9ddc-47401b7adc86 admin admin] Determining version of request: GET /v2/images Accept: application/json {{(pid=73332) process_request /opt/stack/glance/glance/api/middleware/version_negotiation.py:44}}
Nov 03 18:32:43 devstack devstack@g-api.service[73332]: DEBUG glance.api.middleware.version_negotiation [None req-dea9c98f-197e-43aa-9ddc-47401b7adc86 admin admin] Using url versioning {{(pid=73332) process_request /opt/stack/glance/glance/api/middleware/version_negotiation.py:57}}
Nov 03 18:32:43 devstack devstack@g-api.service[73332]: DEBUG glance.api.middleware.version_negotiation [None req-dea9c98f-197e-43aa-9ddc-47401b7adc86 admin admin] Matched version: v2 {{(pid=73332) process_request /opt/stack/glance/glance/api/middleware/version_negotiation.py:69}}
Nov 03 18:32:43 devstack devstack@g-api.service[73332]: DEBUG glance.api.middleware.version_negotiation [None req-dea9c98f-197e-43aa-9ddc-47401b7adc86 admin admin] new path /v2/images {{(pid=73332) process_request /opt/stack/glance/glance/api/middleware/version_negotiation.py:70}}
Nov 03 18:32:43 devstack devstack@g-api.service[73332]: [pid: 73332|app: 0|req: 3/7] 127.0.0.1 () {36 vars in 733 bytes} [Mon Nov 3 18:32:43 2025] GET /v2/images => generated 1045 bytes in 57 msecs (HTTP/1.1 200) 4 headers in 158 bytes (1 switches on core 0)
Nov 03 18:32:49 devstack devstack@g-api.service[73331]: DEBUG glance.api.middleware.version_negotiation [None req-05ab9db5-b79c-40ef-92cc-78ed4ea513d6 admin admin] Determining version of request: GET / Accept: application/json {{(pid=73331) process_request /opt/stack/glance/glance/api/middleware/version_negotiation.py:44}}
Nov 03 18:32:49 devstack devstack@g-api.service[73331]: DEBUG glance.api.middleware.version_negotiation [None req-05ab9db5-b79c-40ef-92cc-78ed4ea513d6 admin admin] Using url versioning {{(pid=73331) process_request /opt/stack/glance/glance/api/middleware/version_negotiation.py:57}}
Nov 03 18:32:49 devstack devstack@g-api.service[73331]: DEBUG glance.api.middleware.version_negotiation [None req-05ab9db5-b79c-40ef-92cc-78ed4ea513d6 admin admin] Unknown version. Returning version choices. {{(pid=73331) process_request /opt/stack/glance/glance/api/middleware/version_negotiation.py:64}}
Nov 03 18:32:49 devstack devstack@g-api.service[73331]: [pid: 73331|app: 0|req: 5/8] 127.0.0.1 () {34 vars in 511 bytes} [Mon Nov 3 18:32:49 2025] GET / => generated 1433 bytes in 2 msecs (HTTP/1.1 300) 3 headers in 106 bytes (1 switches on core 0)
Nov 03 18:32:49 devstack devstack@g-api.service[73332]: DEBUG glance.api.middleware.version_negotiation [None req-05e3ae91-e3bd-4302-9caa-338ce96e8dfe admin admin] Determining version of request: GET /v2/images/e43ccea7-6c5e-44b4-b065-f9c236800631 Accept: */* {{(pid=73332) process_request /opt/stack/glance/glance/api/middleware/version_negotiation.py:44}}
Nov 03 18:32:49 devstack devstack@g-api.service[73332]: DEBUG glance.api.middleware.version_negotiation [None req-05e3ae91-e3bd-4302-9caa-338ce96e8dfe admin admin] Using url versioning {{(pid=73332) process_request /opt/stack/glance/glance/api/middleware/version_negotiation.py:57}}
Nov 03 18:32:49 devstack devstack@g-api.service[73332]: DEBUG glance.api.middleware.version_negotiation [None req-05e3ae91-e3bd-4302-9caa-338ce96e8dfe admin admin] Matched version: v2 {{(pid=73332) process_request /opt/stack/glance/glance/api/middleware/version_negotiation.py:69}}
Nov 03 18:32:49 devstack devstack@g-api.service[73332]: DEBUG glance.api.middleware.version_negotiation [None req-05e3ae91-e3bd-4302-9caa-338ce96e8dfe admin admin] new path /v2/images/e43ccea7-6c5e-44b4-b065-f9c236800631 {{(pid=73332) process_request /opt/stack/glance/glance/api/middleware/version_negotiation.py:70}}
Nov 03 18:32:49 devstack devstack@g-api.service[73332]: [pid: 73332|app: 0|req: 4/9] 127.0.0.1 () {36 vars in 794 bytes} [Mon Nov 3 18:32:49 2025] GET /v2/images/e43ccea7-6c5e-44b4-b065-f9c236800631 => generated 976 bytes in 42 msecs (HTTP/1.1 200) 4 headers in 157 bytes (1 switches on core 0)
Nov 03 18:32:53 devstack devstack@g-api.service[73331]: DEBUG glance.api.middleware.version_negotiation [None req-05ab9db5-b79c-40ef-92cc-78ed4ea513d6 admin admin] Determining version of request: GET / Accept: application/json {{(pid=73331) process_request /opt/stack/glance/glance/api/middleware/version_negotiation.py:44}}
Nov 03 18:32:53 devstack devstack@g-api.service[73331]: DEBUG glance.api.middleware.version_negotiation [None req-05ab9db5-b79c-40ef-92cc-78ed4ea513d6 admin admin] Using url versioning {{(pid=73331) process_request /opt/stack/glance/glance/api/middleware/version_negotiation.py:57}}
Nov 03 18:32:53 devstack devstack@g-api.service[73331]: DEBUG glance.api.middleware.version_negotiation [None req-05ab9db5-b79c-40ef-92cc-78ed4ea513d6 admin admin] Unknown version. Returning version choices. {{(pid=73331) process_request /opt/stack/glance/glance/api/middleware/version_negotiation.py:64}}
Nov 03 18:32:53 devstack devstack@g-api.service[73331]: [pid: 73331|app: 0|req: 6/10] 127.0.0.1 () {34 vars in 511 bytes} [Mon Nov 3 18:32:53 2025] GET / => generated 1433 bytes in 3 msecs (HTTP/1.1 300) 3 headers in 106 bytes (1 switches on core 0)
Nov 03 18:32:53 devstack devstack@g-api.service[73332]: DEBUG glance.api.middleware.version_negotiation [None req-f835a2ba-7f4a-42c2-a8d4-4d4212d165ba admin admin] Determining version of request: GET /v2/images/e43ccea7-6c5e-44b4-b065-f9c236800631 Accept: */* {{(pid=73332) process_request /opt/stack/glance/glance/api/middleware/version_negotiation.py:44}}
Nov 03 18:32:53 devstack devstack@g-api.service[73332]: DEBUG glance.api.middleware.version_negotiation [None req-f835a2ba-7f4a-42c2-a8d4-4d4212d165ba admin admin] Using url versioning {{(pid=73332) process_request /opt/stack/glance/glance/api/middleware/version_negotiation.py:57}}
Nov 03 18:32:53 devstack devstack@g-api.service[73332]: DEBUG glance.api.middleware.version_negotiation [None req-f835a2ba-7f4a-42c2-a8d4-4d4212d165ba admin admin] Matched version: v2 {{(pid=73332) process_request /opt/stack/glance/glance/api/middleware/version_negotiation.py:69}}
Nov 03 18:32:53 devstack devstack@g-api.service[73332]: DEBUG glance.api.middleware.version_negotiation [None req-f835a2ba-7f4a-42c2-a8d4-4d4212d165ba admin admin] new path /v2/images/e43ccea7-6c5e-44b4-b065-f9c236800631 {{(pid=73332) process_request /opt/stack/glance/glance/api/middleware/version_negotiation.py:70}}
Nov 03 18:32:53 devstack devstack@g-api.service[73332]: [pid: 73332|app: 0|req: 5/11] 127.0.0.1 () {36 vars in 794 bytes} [Mon Nov 3 18:32:53 2025] GET /v2/images/e43ccea7-6c5e-44b4-b065-f9c236800631 => generated 976 bytes in 46 msecs (HTTP/1.1 200) 4 headers in 157 bytes (1 switches on core 0)
Nov 03 18:33:03 devstack devstack@g-api.service[73332]: DEBUG dbcounter [-] [73332] Writing DB stats glance:SELECT=5 {{(pid=73332) stat_writer /opt/stack/data/venv/lib/python3.10/site-packages/dbcounter.py:115}}
Nov 03 18:34:13 devstack devstack@g-api.service[73331]: DEBUG glance.api.middleware.version_negotiation [None req-05ab9db5-b79c-40ef-92cc-78ed4ea513d6 admin admin] Determining version of request: GET / Accept: application/json {{(pid=73331) process_request /opt/stack/glance/glance/api/middleware/version_negotiation.py:44}}
Nov 03 18:34:13 devstack devstack@g-api.service[73331]: DEBUG glance.api.middleware.version_negotiation [None req-05ab9db5-b79c-40ef-92cc-78ed4ea513d6 admin admin] Using url versioning {{(pid=73331) process_request /opt/stack/glance/glance/api/middleware/version_negotiation.py:57}}
Nov 03 18:34:13 devstack devstack@g-api.service[73331]: DEBUG glance.api.middleware.version_negotiation [None req-05ab9db5-b79c-40ef-92cc-78ed4ea513d6 admin admin] Unknown version. Returning version choices. {{(pid=73331) process_request /opt/stack/glance/glance/api/middleware/version_negotiation.py:64}}
Nov 03 18:34:13 devstack devstack@g-api.service[73331]: [pid: 73331|app: 0|req: 7/12] 127.0.0.1 () {36 vars in 482 bytes} [Mon Nov 3 18:34:13 2025] GET / => generated 1433 bytes in 2 msecs (HTTP/1.1 300) 3 headers in 106 bytes (1 switches on core 0)
Nov 03 18:35:17 devstack devstack@g-api.service[73332]: DEBUG glance.api.middleware.version_negotiation [None req-9f11899e-4d2c-47e9-8a7e-5e29d8644d70 admin admin] Determining version of request: GET /v2/images/e43ccea7-6c5e-44b4-b065-f9c236800631 Accept: application/json {{(pid=73332) process_request /opt/stack/glance/glance/api/middleware/version_negotiation.py:44}}
Nov 03 18:35:17 devstack devstack@g-api.service[73332]: DEBUG glance.api.middleware.version_negotiation [None req-9f11899e-4d2c-47e9-8a7e-5e29d8644d70 admin admin] Using url versioning {{(pid=73332) process_request /opt/stack/glance/glance/api/middleware/version_negotiation.py:57}}
Nov 03 18:35:17 devstack devstack@g-api.service[73332]: DEBUG glance.api.middleware.version_negotiation [None req-9f11899e-4d2c-47e9-8a7e-5e29d8644d70 admin admin] Matched version: v2 {{(pid=73332) process_request /opt/stack/glance/glance/api/middleware/version_negotiation.py:69}}
Nov 03 18:35:17 devstack devstack@g-api.service[73332]: DEBUG glance.api.middleware.version_negotiation [None req-9f11899e-4d2c-47e9-8a7e-5e29d8644d70 admin admin] new path /v2/images/e43ccea7-6c5e-44b4-b065-f9c236800631 {{(pid=73332) process_request /opt/stack/glance/glance/api/middleware/version_negotiation.py:70}}
Nov 03 18:35:17 devstack devstack@g-api.service[73332]: [pid: 73332|app: 0|req: 6/13] 127.0.0.1 () {38 vars in 778 bytes} [Mon Nov 3 18:35:17 2025] GET /v2/images/e43ccea7-6c5e-44b4-b065-f9c236800631 => generated 976 bytes in 112 msecs (HTTP/1.1 200) 4 headers in 157 bytes (1 switches on core 0)
Nov 03 18:35:17 devstack devstack@g-api.service[73331]: DEBUG glance.api.middleware.version_negotiation [None req-05ab9db5-b79c-40ef-92cc-78ed4ea513d6 admin admin] Determining version of request: GET /v2/images/e43ccea7-6c5e-44b4-b065-f9c236800631/file Accept: application/json {{(pid=73331) process_request /opt/stack/glance/glance/api/middleware/version_negotiation.py:44}}
Nov 03 18:35:17 devstack devstack@g-api.service[73331]: DEBUG glance.api.middleware.version_negotiation [None req-05ab9db5-b79c-40ef-92cc-78ed4ea513d6 admin admin] Using url versioning {{(pid=73331) process_request /opt/stack/glance/glance/api/middleware/version_negotiation.py:57}}
Nov 03 18:35:17 devstack devstack@g-api.service[73331]: DEBUG glance.api.middleware.version_negotiation [None req-05ab9db5-b79c-40ef-92cc-78ed4ea513d6 admin admin] Matched version: v2 {{(pid=73331) process_request /opt/stack/glance/glance/api/middleware/version_negotiation.py:69}}
Nov 03 18:35:17 devstack devstack@g-api.service[73331]: DEBUG glance.api.middleware.version_negotiation [None req-05ab9db5-b79c-40ef-92cc-78ed4ea513d6 admin admin] new path /v2/images/e43ccea7-6c5e-44b4-b065-f9c236800631/file {{(pid=73331) process_request /opt/stack/glance/glance/api/middleware/version_negotiation.py:70}}
Nov 03 18:35:17 devstack devstack@g-api.service[73331]: DEBUG glance_store._drivers.filesystem [None req-874ee108-370b-4368-9331-ff4182fda556 tempest-AttachSCSIVolumeTestJSON-1334458755 tempest-AttachSCSIVolumeTestJSON-1334458755-project-admin] Found image at /opt/stack/data/glance/images/e43ccea7-6c5e-44b4-b065-f9c236800631. Returning in ChunkedFile. {{(pid=73331) get /opt/stack/data/venv/lib/python3.10/site-packages/glance_store/_drivers/filesystem.py:618}}
Nov 03 18:35:17 devstack devstack@g-api.service[73331]: DEBUG glance.image_cache [None req-874ee108-370b-4368-9331-ff4182fda556 tempest-AttachSCSIVolumeTestJSON-1334458755 tempest-AttachSCSIVolumeTestJSON-1334458755-project-admin] Tee'ing image 'e43ccea7-6c5e-44b4-b065-f9c236800631' into cache {{(pid=73331) get_caching_iter /opt/stack/glance/glance/image_cache/__init__.py:350}}
Nov 03 18:35:17 devstack devstack@g-api.service[73332]: DEBUG glance.api.middleware.version_negotiation [None req-82385789-7129-431a-b960-66d0a23537f2 tempest-AttachSCSIVolumeTestJSON-1334458755 tempest-AttachSCSIVolumeTestJSON-1334458755-project-admin] Determining version of request: POST /v2/images Accept: application/json {{(pid=73332) process_request /opt/stack/glance/glance/api/middleware/version_negotiation.py:44}}
Nov 03 18:35:17 devstack devstack@g-api.service[73332]: DEBUG glance.api.middleware.version_negotiation [None req-82385789-7129-431a-b960-66d0a23537f2 tempest-AttachSCSIVolumeTestJSON-1334458755 tempest-AttachSCSIVolumeTestJSON-1334458755-project-admin] Using url versioning {{(pid=73332) process_request /opt/stack/glance/glance/api/middleware/version_negotiation.py:57}}
Nov 03 18:35:17 devstack devstack@g-api.service[73332]: DEBUG glance.api.middleware.version_negotiation [None req-82385789-7129-431a-b960-66d0a23537f2 tempest-AttachSCSIVolumeTestJSON-1334458755 tempest-AttachSCSIVolumeTestJSON-1334458755-project-admin] Matched version: v2 {{(pid=73332) process_request /opt/stack/glance/glance/api/middleware/version_negotiation.py:69}}
Nov 03 18:35:17 devstack devstack@g-api.service[73332]: DEBUG glance.api.middleware.version_negotiation [None req-82385789-7129-431a-b960-66d0a23537f2 tempest-AttachSCSIVolumeTestJSON-1334458755 tempest-AttachSCSIVolumeTestJSON-1334458755-project-admin] new path /v2/images {{(pid=73332) process_request /opt/stack/glance/glance/api/middleware/version_negotiation.py:70}}
Nov 03 18:35:18 devstack devstack@g-api.service[73332]: [pid: 73332|app: 0|req: 7/14] 127.0.0.1 () {40 vars in 726 bytes} [Mon Nov 3 18:35:17 2025] POST /v2/images => generated 690 bytes in 769 msecs (HTTP/1.1 201) 6 headers in 314 bytes (1 switches on core 0)
Nov 03 18:35:18 devstack devstack@g-api.service[73332]: DEBUG glance.api.middleware.version_negotiation [None req-a409ba9a-a185-4275-8420-72c0ae9ad68c tempest-AttachSCSIVolumeTestJSON-1334458755 tempest-AttachSCSIVolumeTestJSON-1334458755-project-admin] Determining version of request: PUT /v2/images/3127f1ba-9449-443c-a94e-a93c0e8aa25a/file Accept: {{(pid=73332) process_request /opt/stack/glance/glance/api/middleware/version_negotiation.py:44}}
Nov 03 18:35:18 devstack devstack@g-api.service[73332]: DEBUG glance.api.middleware.version_negotiation [None req-a409ba9a-a185-4275-8420-72c0ae9ad68c tempest-AttachSCSIVolumeTestJSON-1334458755 tempest-AttachSCSIVolumeTestJSON-1334458755-project-admin] Using url versioning {{(pid=73332) process_request /opt/stack/glance/glance/api/middleware/version_negotiation.py:57}}
Nov 03 18:35:18 devstack devstack@g-api.service[73332]: DEBUG glance.api.middleware.version_negotiation [None req-a409ba9a-a185-4275-8420-72c0ae9ad68c tempest-AttachSCSIVolumeTestJSON-1334458755 tempest-AttachSCSIVolumeTestJSON-1334458755-project-admin] Matched version: v2 {{(pid=73332) process_request /opt/stack/glance/glance/api/middleware/version_negotiation.py:69}}
Nov 03 18:35:18 devstack devstack@g-api.service[73332]: DEBUG glance.api.middleware.version_negotiation [None req-a409ba9a-a185-4275-8420-72c0ae9ad68c tempest-AttachSCSIVolumeTestJSON-1334458755 tempest-AttachSCSIVolumeTestJSON-1334458755-project-admin] new path /v2/images/3127f1ba-9449-443c-a94e-a93c0e8aa25a/file {{(pid=73332) process_request /opt/stack/glance/glance/api/middleware/version_negotiation.py:70}}
Nov 03 18:35:18 devstack devstack@g-api.service[73331]: DEBUG glance.image_cache.drivers.centralized_db [None req-874ee108-370b-4368-9331-ff4182fda556 tempest-AttachSCSIVolumeTestJSON-1334458755 tempest-AttachSCSIVolumeTestJSON-1334458755-project-admin] Fetch finished, moving '/opt/stack/data/glance/cache/incomplete/e43ccea7-6c5e-44b4-b065-f9c236800631' to '/opt/stack/data/glance/cache/e43ccea7-6c5e-44b4-b065-f9c236800631' {{(pid=73331) commit /opt/stack/glance/glance/image_cache/drivers/centralized_db.py:235}}
Nov 03 18:35:18 devstack devstack@g-api.service[73331]: DEBUG glance.image_cache.drivers.centralized_db [None req-874ee108-370b-4368-9331-ff4182fda556 tempest-AttachSCSIVolumeTestJSON-1334458755 tempest-AttachSCSIVolumeTestJSON-1334458755-project-admin] Image cached successfully. {{(pid=73331) commit /opt/stack/glance/glance/image_cache/drivers/centralized_db.py:250}}
Nov 03 18:35:18 devstack devstack@g-api.service[73331]: [pid: 73331|app: 0|req: 8/15] 127.0.0.1 () {38 vars in 788 bytes} [Mon Nov 3 18:35:17 2025] GET /v2/images/e43ccea7-6c5e-44b4-b065-f9c236800631/file => generated 21692416 bytes in 903 msecs (HTTP/1.1 200) 4 headers in 191 bytes (335 switches on core 0)
Nov 03 18:35:18 devstack devstack@g-api.service[73332]: INFO glance.api.v2.image_data [None req-ab0f1b20-6b61-4caf-acfb-4fe3fa4ad57d tempest-AttachSCSIVolumeTestJSON-1334458755 tempest-AttachSCSIVolumeTestJSON-1334458755-project-admin] Unable to create trust: no such option collect_timing in group [keystone_authtoken] Use the existing user token.
Nov 03 18:35:19 devstack devstack@g-api.service[73332]: DEBUG glance.location [None req-ab0f1b20-6b61-4caf-acfb-4fe3fa4ad57d tempest-AttachSCSIVolumeTestJSON-1334458755 tempest-AttachSCSIVolumeTestJSON-1334458755-project-admin] Enabling in-flight format inspection for qcow2 {{(pid=73332) set_data /opt/stack/glance/glance/location.py:616}}
Nov 03 18:35:19 devstack devstack@g-api.service[73332]: DEBUG oslo_utils.imageutils.format_inspector [None req-ab0f1b20-6b61-4caf-acfb-4fe3fa4ad57d tempest-AttachSCSIVolumeTestJSON-1334458755 tempest-AttachSCSIVolumeTestJSON-1334458755-project-admin] Format inspector for vmdk does not match, excluding from consideration (Signature KDMV not found: b'QFI\xfb') {{(pid=73332) _process_chunk /opt/stack/data/venv/lib/python3.10/site-packages/oslo_utils/imageutils/format_inspector.py:1365}}
Nov 03 18:35:19 devstack devstack@g-api.service[73332]: DEBUG oslo_utils.imageutils.format_inspector [None req-ab0f1b20-6b61-4caf-acfb-4fe3fa4ad57d tempest-AttachSCSIVolumeTestJSON-1334458755 tempest-AttachSCSIVolumeTestJSON-1334458755-project-admin] Format inspector for vhdx does not match, excluding from consideration (Region signature not found at 30000) {{(pid=73332) _process_chunk /opt/stack/data/venv/lib/python3.10/site-packages/oslo_utils/imageutils/format_inspector.py:1365}}
Nov 03 18:35:19 devstack devstack@g-api.service[73332]: DEBUG glance_store._drivers.filesystem [None req-ab0f1b20-6b61-4caf-acfb-4fe3fa4ad57d tempest-AttachSCSIVolumeTestJSON-1334458755 tempest-AttachSCSIVolumeTestJSON-1334458755-project-admin] Wrote 21692416 bytes to /opt/stack/data/glance/images/3127f1ba-9449-443c-a94e-a93c0e8aa25a with checksum 87617e24a5e30cb3b87fda8c0764838f and multihash 9a9bce0083a00939ec17c11febbfc767aa211aaa54f51e75c5a8b271a9b5637c77205a518b7a2007cb391d23cceb01e0e4e8d64832317151bc85b734b92a7be0 {{(pid=73332) add /opt/stack/data/venv/lib/python3.10/site-packages/glance_store/_drivers/filesystem.py:794}}
Nov 03 18:35:19 devstack devstack@g-api.service[73332]: INFO glance.location [None req-ab0f1b20-6b61-4caf-acfb-4fe3fa4ad57d tempest-AttachSCSIVolumeTestJSON-1334458755 tempest-AttachSCSIVolumeTestJSON-1334458755-project-admin] Image format matched and virtual size computed: 117440512
Nov 03 18:35:19 devstack devstack@g-api.service[73332]: DEBUG glance_store.backend [None req-ab0f1b20-6b61-4caf-acfb-4fe3fa4ad57d tempest-AttachSCSIVolumeTestJSON-1334458755 tempest-AttachSCSIVolumeTestJSON-1334458755-project-admin] Skipping store.set_acls... not implemented. {{(pid=73332) set_acls /opt/stack/data/venv/lib/python3.10/site-packages/glance_store/backend.py:507}}
Nov 03 18:35:19 devstack devstack@g-api.service[73332]: [pid: 73332|app: 0|req: 8/16] 127.0.0.1 () {38 vars in 798 bytes} [Mon Nov 3 18:35:18 2025] PUT /v2/images/3127f1ba-9449-443c-a94e-a93c0e8aa25a/file => generated 0 bytes in 1141 msecs (HTTP/1.1 204) 4 headers in 171 bytes (1 switches on core 0)
Nov 03 18:35:26 devstack devstack@g-api.service[73331]: DEBUG glance.api.middleware.version_negotiation [None req-874ee108-370b-4368-9331-ff4182fda556 tempest-AttachSCSIVolumeTestJSON-1334458755 tempest-AttachSCSIVolumeTestJSON-1334458755-project-admin] Determining version of request: GET /v2/images/e43ccea7-6c5e-44b4-b065-f9c236800631 Accept: */* {{(pid=73331) process_request /opt/stack/glance/glance/api/middleware/version_negotiation.py:44}}
Nov 03 18:35:26 devstack devstack@g-api.service[73331]: DEBUG glance.api.middleware.version_negotiation [None req-874ee108-370b-4368-9331-ff4182fda556 tempest-AttachSCSIVolumeTestJSON-1334458755 tempest-AttachSCSIVolumeTestJSON-1334458755-project-admin] Using url versioning {{(pid=73331) process_request /opt/stack/glance/glance/api/middleware/version_negotiation.py:57}}
Nov 03 18:35:26 devstack devstack@g-api.service[73331]: DEBUG glance.api.middleware.version_negotiation [None req-874ee108-370b-4368-9331-ff4182fda556 tempest-AttachSCSIVolumeTestJSON-1334458755 tempest-AttachSCSIVolumeTestJSON-1334458755-project-admin] Matched version: v2 {{(pid=73331) process_request /opt/stack/glance/glance/api/middleware/version_negotiation.py:69}}
Nov 03 18:35:26 devstack devstack@g-api.service[73331]: DEBUG glance.api.middleware.version_negotiation [None req-874ee108-370b-4368-9331-ff4182fda556 tempest-AttachSCSIVolumeTestJSON-1334458755 tempest-AttachSCSIVolumeTestJSON-1334458755-project-admin] new path /v2/images/e43ccea7-6c5e-44b4-b065-f9c236800631 {{(pid=73331) process_request /opt/stack/glance/glance/api/middleware/version_negotiation.py:70}}
Nov 03 18:35:26 devstack devstack@g-api.service[73331]: WARNING keystonemiddleware.auth_token [None req-874ee108-370b-4368-9331-ff4182fda556 tempest-AttachSCSIVolumeTestJSON-1334458755 tempest-AttachSCSIVolumeTestJSON-1334458755-project-admin] A valid token was submitted as a service token, but it was not a valid service token. This is incorrect but backwards compatible behaviour. This will be removed in future releases.
Nov 03 18:35:26 devstack devstack@g-api.service[73331]: [pid: 73331|app: 0|req: 9/17] 127.0.0.1 () {42 vars in 1053 bytes} [Mon Nov 3 18:35:26 2025] GET /v2/images/e43ccea7-6c5e-44b4-b065-f9c236800631 => generated 976 bytes in 182 msecs (HTTP/1.1 200) 4 headers in 157 bytes (1 switches on core 0)
Nov 03 18:35:26 devstack devstack@g-api.service[73332]: DEBUG glance.api.middleware.version_negotiation [None req-ab0f1b20-6b61-4caf-acfb-4fe3fa4ad57d tempest-AttachSCSIVolumeTestJSON-1334458755 tempest-AttachSCSIVolumeTestJSON-1334458755-project-admin] Determining version of request: GET /v2/schemas/image Accept: */* {{(pid=73332) process_request /opt/stack/glance/glance/api/middleware/version_negotiation.py:44}}
Nov 03 18:35:26 devstack devstack@g-api.service[73332]: DEBUG glance.api.middleware.version_negotiation [None req-ab0f1b20-6b61-4caf-acfb-4fe3fa4ad57d tempest-AttachSCSIVolumeTestJSON-1334458755 tempest-AttachSCSIVolumeTestJSON-1334458755-project-admin] Using url versioning {{(pid=73332) process_request /opt/stack/glance/glance/api/middleware/version_negotiation.py:57}}
Nov 03 18:35:26 devstack devstack@g-api.service[73332]: DEBUG glance.api.middleware.version_negotiation [None req-ab0f1b20-6b61-4caf-acfb-4fe3fa4ad57d tempest-AttachSCSIVolumeTestJSON-1334458755 tempest-AttachSCSIVolumeTestJSON-1334458755-project-admin] Matched version: v2 {{(pid=73332) process_request /opt/stack/glance/glance/api/middleware/version_negotiation.py:69}}
Nov 03 18:35:26 devstack devstack@g-api.service[73332]: DEBUG glance.api.middleware.version_negotiation [None req-ab0f1b20-6b61-4caf-acfb-4fe3fa4ad57d tempest-AttachSCSIVolumeTestJSON-1334458755 tempest-AttachSCSIVolumeTestJSON-1334458755-project-admin] new path /v2/schemas/image {{(pid=73332) process_request /opt/stack/glance/glance/api/middleware/version_negotiation.py:70}}
Nov 03 18:35:26 devstack devstack@g-api.service[73332]: WARNING keystonemiddleware.auth_token [None req-ab0f1b20-6b61-4caf-acfb-4fe3fa4ad57d tempest-AttachSCSIVolumeTestJSON-1334458755 tempest-AttachSCSIVolumeTestJSON-1334458755-project-admin] A valid token was submitted as a service token, but it was not a valid service token. This is incorrect but backwards compatible behaviour. This will be removed in future releases.
Nov 03 18:35:26 devstack devstack@g-api.service[73332]: [pid: 73332|app: 0|req: 9/18] 127.0.0.1 () {42 vars in 993 bytes} [Mon Nov 3 18:35:26 2025] GET /v2/schemas/image => generated 6083 bytes in 6 msecs (HTTP/1.1 200) 4 headers in 158 bytes (1 switches on core 0)
Nov 03 18:35:26 devstack devstack@g-api.service[73331]: DEBUG glance.api.middleware.version_negotiation [None req-2a06990f-0eca-41bf-b2c5-63db45548365 tempest-TaggedBootDevicesTest-908421675 tempest-TaggedBootDevicesTest-908421675-project-member] Determining version of request: GET /v2/schemas/image Accept: */* {{(pid=73331) process_request /opt/stack/glance/glance/api/middleware/version_negotiation.py:44}}
Nov 03 18:35:26 devstack devstack@g-api.service[73331]: DEBUG glance.api.middleware.version_negotiation [None req-2a06990f-0eca-41bf-b2c5-63db45548365 tempest-TaggedBootDevicesTest-908421675 tempest-TaggedBootDevicesTest-908421675-project-member] Using url versioning {{(pid=73331) process_request /opt/stack/glance/glance/api/middleware/version_negotiation.py:57}}
Nov 03 18:35:26 devstack devstack@g-api.service[73331]: DEBUG glance.api.middleware.version_negotiation [None req-2a06990f-0eca-41bf-b2c5-63db45548365 tempest-TaggedBootDevicesTest-908421675 tempest-TaggedBootDevicesTest-908421675-project-member] Matched version: v2 {{(pid=73331) process_request /opt/stack/glance/glance/api/middleware/version_negotiation.py:69}}
Nov 03 18:35:26 devstack devstack@g-api.service[73331]: DEBUG glance.api.middleware.version_negotiation [None req-2a06990f-0eca-41bf-b2c5-63db45548365 tempest-TaggedBootDevicesTest-908421675 tempest-TaggedBootDevicesTest-908421675-project-member] new path /v2/schemas/image {{(pid=73331) process_request /opt/stack/glance/glance/api/middleware/version_negotiation.py:70}}
Nov 03 18:35:26 devstack devstack@g-api.service[73331]: [pid: 73331|app: 0|req: 10/19] 127.0.0.1 () {42 vars in 993 bytes} [Mon Nov 3 18:35:26 2025] GET /v2/schemas/image => generated 6083 bytes in 5 msecs (HTTP/1.1 200) 4 headers in 158 bytes (1 switches on core 0)
Nov 03 18:35:26 devstack devstack@g-api.service[73332]: DEBUG glance.api.middleware.version_negotiation [None req-2a06990f-0eca-41bf-b2c5-63db45548365 tempest-TaggedBootDevicesTest-908421675 tempest-TaggedBootDevicesTest-908421675-project-member] Determining version of request: GET /v2/images/e43ccea7-6c5e-44b4-b065-f9c236800631 Accept: */* {{(pid=73332) process_request /opt/stack/glance/glance/api/middleware/version_negotiation.py:44}}
Nov 03 18:35:26 devstack devstack@g-api.service[73332]: DEBUG glance.api.middleware.version_negotiation [None req-2a06990f-0eca-41bf-b2c5-63db45548365 tempest-TaggedBootDevicesTest-908421675 tempest-TaggedBootDevicesTest-908421675-project-member] Using url versioning {{(pid=73332) process_request /opt/stack/glance/glance/api/middleware/version_negotiation.py:57}}
Nov 03 18:35:26 devstack devstack@g-api.service[73332]: DEBUG glance.api.middleware.version_negotiation [None req-2a06990f-0eca-41bf-b2c5-63db45548365 tempest-TaggedBootDevicesTest-908421675 tempest-TaggedBootDevicesTest-908421675-project-member] Matched version: v2 {{(pid=73332) process_request /opt/stack/glance/glance/api/middleware/version_negotiation.py:69}}
Nov 03 18:35:26 devstack devstack@g-api.service[73332]: DEBUG glance.api.middleware.version_negotiation [None req-2a06990f-0eca-41bf-b2c5-63db45548365 tempest-TaggedBootDevicesTest-908421675 tempest-TaggedBootDevicesTest-908421675-project-member] new path /v2/images/e43ccea7-6c5e-44b4-b065-f9c236800631 {{(pid=73332) process_request /opt/stack/glance/glance/api/middleware/version_negotiation.py:70}}
Nov 03 18:35:26 devstack devstack@g-api.service[73332]: [pid: 73332|app: 0|req: 10/20] 127.0.0.1 () {42 vars in 1053 bytes} [Mon Nov 3 18:35:26 2025] GET /v2/images/e43ccea7-6c5e-44b4-b065-f9c236800631 => generated 976 bytes in 27 msecs (HTTP/1.1 200) 4 headers in 157 bytes (1 switches on core 0)
Nov 03 18:35:26 devstack devstack@g-api.service[73331]: DEBUG glance.api.middleware.version_negotiation [None req-2a06990f-0eca-41bf-b2c5-63db45548365 tempest-TaggedBootDevicesTest-908421675 tempest-TaggedBootDevicesTest-908421675-project-member] Determining version of request: GET /v2/schemas/image Accept: */* {{(pid=73331) process_request /opt/stack/glance/glance/api/middleware/version_negotiation.py:44}}
